[encoded data, 60172 characters], 0, 1374276505, '', 1);
INSERT INTO `cache_views` (`cid`, `data`, `expire`, `created`, `headers`, `serialized`) VALUES
('date_api_fields_node', 0x[encoded data, 33530 characters], 0, 1374276537, '', 1);

-- --------------------------------------------------------

--
-- Table structure for table `cache_views_data`
--

CREATE TABLE `cache_views_data` (
  `cid` varchar(255) NOT NULL DEFAULT '',
  `data` longblob,
  `expire` int(11) NOT NULL DEFAULT '0',
  `created` int(11) NOT NULL DEFAULT '0',
  `headers` text,
  `serialized` smallint(6) NOT NULL DEFAULT '1'
) ENGINE=MyISAM DEFAULT CHARSET=utf8;

-- --------------------------------------------------------

--
-- Table structure for table `casetracker_case`
--

CREATE TABLE `casetracker_case` (
  `nid` int(11) NOT NULL DEFAULT '0',
  `vid` int(11) NOT NULL DEFAULT '0',
  `pid` int(11) NOT NULL DEFAULT '0',
  `case_number` int(11) NOT NULL DEFAULT '0',
  `assign_to` int(11) NOT NULL DEFAULT '0',
  `case_priority_id` int(11) NOT NULL DEFAULT '0',
  `case_type_id` int(11) NOT NULL DEFAULT '0',
  `case_status_id` int(11) NOT NULL DEFAULT '0'
) ENGINE=MyISAM DEFAULT CHARSET=utf8;

-- --------------------------------------------------------

--
-- Table structure for table `casetracker_case_states`
--

CREATE TABLE `casetracker_case_states` (
  `csid` tinyint(4) NOT NULL,
  `case_state_name` varchar(255) NOT NULL DEFAULT '',
  `case_state_realm` varchar(255) NOT NULL DEFAULT '',
  `weight` tinyint(4) NOT NULL DEFAULT '0'
) ENGINE=MyISAM DEFAULT CHARSET=utf8;

--
-- Dumping data for table `casetracker_case_states`
--

INSERT INTO `casetracker_case_states` (`csid`, `case_state_name`, `case_state_realm`, `weight`) VALUES
(1, 'High', 'priority', -1),
(2, 'Normal', 'priority', 0),
(3, 'Low', 'priority', 1),
(4, 'Open', 'status', 0),
(5, 'Resolved', 'status', 1),
(6, 'Deferred', 'status', 2),
(7, 'Duplicate', 'status', 3),
(8, 'Closed', 'status', 4),
(9, 'Bug', 'type', 0),
(10, 'Feature Request', 'type', 1),
(11, 'General Task', 'type', 2);

-- --------------------------------------------------------

--
-- Table structure for table `casetracker_comment_status`
--

CREATE TABLE `casetracker_comment_status` (
  `cid` int(11) NOT NULL DEFAULT '0',
  `pid` int(11) NOT NULL DEFAULT '0',
  `title` varchar(250) DEFAULT NULL,
  `assign_to` int(11) NOT NULL DEFAULT '0',
  `case_priority_id` int(11) NOT NULL DEFAULT '0',
  `case_type_id` int(11) NOT NULL DEFAULT '0',
  `case_status_id` int(11) NOT NULL DEFAULT '0',
  `state` int(11) NOT NULL DEFAULT '0'
) ENGINE=MyISAM DEFAULT CHARSET=utf8;

-- --------------------------------------------------------

--
-- Table structure for table `comments`
--

CREATE TABLE `comments` (
  `cid` int(11) NOT NULL,
  `pid` int(11) NOT NULL DEFAULT '0',
  `nid` int(11) NOT NULL DEFAULT '0',
  `uid` int(11) NOT NULL DEFAULT '0',
  `subject` varchar(64) NOT NULL DEFAULT '',
  `comment` longtext NOT NULL,
  `hostname` varchar(128) NOT NULL DEFAULT '',
  `timestamp` int(11) NOT NULL DEFAULT '0',
  `status` tinyint(3) UNSIGNED NOT NULL DEFAULT '0',
  `format` smallint(6) NOT NULL DEFAULT '0',
  `thread` varchar(255) NOT NULL,
  `name` varchar(60) DEFAULT NULL,
  `mail` varchar(64) DEFAULT NULL,
  `homepage` varchar(255) DEFAULT NULL
) ENGINE=MyISAM DEFAULT CHARSET=utf8;

--
-- Dumping data for table `comments`
--

INSERT INTO `comments` (`cid`, `pid`, `nid`, `uid`, `subject`, `comment`, `hostname`, `timestamp`, `status`, `format`, `thread`, `name`, `mail`, `homepage`) VALUES
(2, 0, 20, 1, 'notifico a todos', 'notifico a todos', '200.127.206.177', 1366655143, 0, 5, '01/', 'intratec', '', ''),
(3, 0, 22, 1, 'Este grupo comparte', 'Este grupo comparte informacion del armado de la nueva intranet, recibimos sus sugerencias y observaciones.', '200.127.206.177', 1366669195, 0, 5, '01/', 'intratec', '', ''),
(4, 0, 18, 1, 'corregido sume capacitacion', 'corregido sume capacitacion en la ultima etapa, la haremos despues que veamos que anda localmente en todas las sedes.', '200.127.206.177', 1366670640, 0, 5, '01/', 'intratec', '', ''),
(5, 0, 22, 1, 'modifique los participantes', 'modifique los participantes del grupo', '200.127.206.177', 1366739379, 0, 5, '02/', 'intratec', '', ''),
(6, 0, 19, 6, 'Rafa te adjunto el xls', 'Rafa te adjunto el xls respecto al mantenimiento y diseño de la WEB de la empresa, estas condiciones fueron charladas con Marcelo en su momento. Por favor miralas y me avisas asi ya arrancamos. ', '190.104.69.201', 1366743160, 0, 5, '01/', 'angel', '', ''),
(7, 0, 18, 6, 'Rafa te paso el xls con', 'Rafa te paso el xls con algunas modificaciones le agregé los campos \"fecha de inicio\" y \"fecha finalizacion\" a cada etapa, como así tambien el campo \"Observaciones\", mejorando esto la informacion contenida.\r\nMiralo y me avisas.... ', '190.104.69.201', 1366747055, 0, 5, '02/', 'angel', '', ''),
(8, 0, 20, 6, 'Rafa: te subo el xls de', 'Rafa: te subo el xls de diseño gráfico, acordá con Miguel la fecha que te enviara las modificaciones, asi ponemos una fecha de inicio y fecha de finalizacion tentativa.', '190.104.69.201', 1366748212, 0, 5, '02/', 'angel', '', ''),
(9, 0, 20, 1, 'bueno ya le digo', 'bueno ya le digo', '190.189.46.162', 1366748919, 0, 5, '03/', 'intratec', '', ''),
(10, 0, 20, 1, 'Miguel acordó enviar los', 'Miguel acordó enviar los textos y requerimiento graficos el 03/05', '190.189.46.162', 1366749648, 0, 5, '04/', 'intratec', '', ''),
(11, 0, 20, 6, 'Rafa: te subo el xls de', 'Rafa: te subo el xls de diseño gráfico, acordá con Miguel la fecha que te enviara las modificaciones, asi ponemos una fecha de inicio y fecha de finalizacion tentativa.', '190.104.69.201', 1366749769, 0, 5, '05/', 'angel', '', ''),
(12, 0, 22, 6, 'Rafa te subo el XLS de', 'Rafa te subo el XLS de Indicadores y demas, el jueves ajustamos lo que falte y dejamos el definitivo.\r\n\r\n', '190.104.69.201', 1366749859, 0, 5, '03/', 'angel', '', ''),
(13, 0, 18, 1, 'Estimados hace un momento', 'Estimados hace un momento instalamos localmente de la aplicación Webexcalibur  en Plaza Huincul, asi que Daniel puede irla probando si quiere  usuario: daniel y la pass: francisco123 (solo tiene acceso a la b.d de Plaza Huincul de prueba), para acceder a ella entrar por la red (navegador) : 30.40.50.107. \r\nEsta versión de la aplicación no es la última, no tiene aun los reportes y un par de ajustes más, en principio no debería tirar errores asi que a probarla.\r\nAngel , podes probar el acceso por red y la velocidad ? Del mismo modo hay que tomar en cuenta que ahi adentro esta el codigo fuente de la aplicación y la base de datos, por lo que precisariamos comprobar si el usuario que NO ES administrador de esa maquina tiene acceso a la base de datos y en caso de ser asi restringirlo lo antes posible por seguridad y para proteger nuestra aplicación.\r\n\r\n', '190.189.46.162', 1366753409, 0, 5, '03/', 'intratec', '', ''),
(14, 0, 22, 1, 'Estimados aca tenemos este', 'Estimados aca tenemos este seguimiento actualizado con un par de items ya cerrados, es importante que marcenos pase los datos de referencia para crear las graficas online de los indicadores.', '190.189.46.162', 1366754807, 0, 5, '04/', 'intratec', '', ''),
(15, 13, 18, 6, 'Rafa por favor comunicate con', 'Rafa por favor comunicate con Daniel, por el tema de realizar  la carga de prueba y ponele un tiempo para cerrar la validacion. Tal cual esta en el plan.\r\n\r\ngracias.', '190.104.69.201', 1366889601, 0, 5, '03.00/', 'angel', '', ''),
(16, 15, 18, 1, 'me pasas su numero porfa?', 'me pasas su numero porfa? perdi mi agenda completa. gracias', '200.127.206.177', 1366896896, 0, 5, '03.00.00/', 'intratec', '', ''),
(17, 16, 18, 6, 'Rafa: el cel de Daniel es:', 'Rafa: el cel de Daniel es: 154136726, necesito además que termines de completar los xls, que te envié, asi ya los dejamos establecidos y los utilizamos para plan de trabajo e implementacion..  \r\n\r\n', '190.104.69.201', 1366900749, 0, 5, '03.00.00.00/', 'angel', '', ''),
(18, 0, 18, 1, 'Chino registrá acá tus', 'Chino registrá acá tus observaciones y/o conformidad con la aplicación de intratec. Después me encargo con Angel de cargarlo en el xls.', '200.127.206.177', 1366901611, 0, 5, '04/', 'intratec', '', ''),
(19, 0, 19, 1, 'Aca estan las fechas', 'Aca estan las fechas actulalizadas de inicio y cierre de este proyecto. Cuando empecemos ponemos nuestras observaciones , avances y consultas', '200.127.206.177', 1366902375, 0, 5, '02/', 'intratec', '', ''),
(20, 0, 18, 1, 'Amigo precisaría los accesos', 'Amigo precisaría los accesos remotos a los servidores de  rincon y catriel para montar las aplicaciones para las pruebas locales.', '200.127.206.177', 1366902634, 0, 5, '05/', 'intratec', '', ''),
(21, 20, 18, 6, 'Cuando trabajarían en las', 'Cuando trabajarían en las maquinas, el finde? para cargarlo mañana viernes.', '190.104.69.201', 1366904228, 0, 5, '05.00/', 'angel', '', ''),
(22, 0, 18, 1, 'si desde mañana a la tarde. y', 'si desde mañana a la tarde. y por ahi si algo falla el lunes.', '200.127.206.177', 1366906013, 0, 5, '06/', 'intratec', '', ''),
(23, 0, 18, 14, 'rafa no puedo ingresar con la', 'rafa no puedo ingresar con la clave que me mandaste\r\n recién entre pero no puedo hacer nada mas  que ver la cantidad de extintores y las empresa no puedo cargar ordenes ni extintores ', '190.104.69.201', 1366909471, 0, 5, '07/', 'daniel', '', ''),
(24, 19, 19, 6, 'No adjuntastes el xls.', 'No adjuntastes el xls.', '190.104.69.201', 1366911922, 0, 5, '02.00/', 'angel', '', ''),
(25, 0, 18, 14, 'Rafa Pude ingresar  cuando', 'Rafa Pude ingresar  cuando escribís francisco con s en lugar de c ingresa jajajaja \r\n+ Cargué los extintores  que tenía a mano use la carga rápida anduvo bien los separo por orden según su ubicación  cargué de distintas empresas y también los separa, revise las ubicaciones y estaban bien. La migración de datos esta bien\r\n + cargue un extintor que no estaba dado de alta. Me salió un cartel que decía que es obligatorio el número de interno. Tendríamos que cambiar la regla dado a que hay muchas empresas que no lo tienen numero de interno en sus equipos, también me pidió la dependencia primaria que se la avía colocado cuando quise cargarla no tenia donde o no sé bien donde cargarlo \r\n+ Para la carga de pH no discrimina si es de co2 o p.q.s. Para la carga del de co2 se debe colocar los datos de deformación, etc. ( si se quiere que haga el calco el sistema solo se debe revisar el que hay dado a que está mal según la comparación realizadas en las auditorias de iram.\r\nLas de P.Q.S está bien \r\n+ Para la carga de mantenimiento ver el listado de personal que realiza mantenimiento porque hay muchos que no van\r\n+ Cuando se cargan los códigos es complicado dado que tones que seleccionarlo con el mouse porque si presionas enter te guarda el mantenimiento.  \r\nTampoco podes editar el manteniendo si te falto agregar un repuesto o.\r\nLas cantidades se deben seleccionar luego de cargado el ítem.  Seria mas practico para mi poner la cantidad  <enter>  colocar el código <enter>  y pasa al siguiente ítem \r\nMañana la pruebo bien  y te comento  \r\n', '190.104.69.201', 1366914004, 0, 5, '08/', 'daniel', '', ''),
(26, 0, 18, 1, 'Bueno, teniamos proyectado', 'Bueno, teniamos proyectado entregar la app el martes pero tenemos dos cambios nuevos por ahora, permitir editar la carga de repuestos y modificar lo del enter, precisariamos que nos aclaren bien lo de la deformacion lo mas grafico posible si puedes chino adjunta en xls asi lo hacemos calcado, estas cosas las tiene que autorizar angel para que las sigamos armando hasta el viernes  03/05 y tendriamos todo listo.Espero sus autorizaciones y aclaraciones.', '200.127.206.177', 1366920675, 0, 5, '09/', 'intratec', '', ''),
(27, 0, 19, 1, 'cierto', 'cierto ', '200.127.206.177', 1366934008, 0, 5, '03/', 'intratec', '', ''),
(28, 26, 18, 6, 'Rafa buen día, estuve viendo', 'Rafa buen día, estuve viendo las observaciones de Daniel y realmente estas conforman parte del diseño original es parte de la funcionalidad que debe tener la pagina de carga y edicion no se agrega nada nuevo, esto entra dentro del tiempo de desarrollo. Por lo tanto entre martes y viernes esto debe estar listo. \r\n\r\n ', '190.104.69.201', 1366978053, 0, 5, '09.00/', 'angel', '', ''),
(29, 0, 18, 14, 'Amigo este es el informe de', 'Amigo este es el informe de pH de los cilindros de Co2 que tendrías que agregar \r\nEn el otro adjunto esta como se tendría que ver para completar \r\n', '190.104.69.201', 1366981689, 0, 5, '0a/', 'daniel', '', ''),
(30, 0, 18, 6, 'Resumen de planificacion:', 'Resumen de planificacion: Rafa te envio un resumen gráfico de las actividades planeadas segun las fechas acordadas, el que ya se encuentra fuera de fecha es \"Control desarrollo y mantenimiento Intranet\", tendríamos que saber si falta algo de esta actividad, y el avance de las demas..', '190.104.69.186', 1367262290, 0, 5, '0b/', 'angel', '', ''),
(31, 0, 18, 1, 'Estimados precisaría los', 'Estimados precisaría los accesos a las 3 sedes para hoy a la tarde de nuevo, pues vamos a automatizar via teamviewer el paso de archivos y parches de las ultimas actualizaciones, de esa manera lo unico que tienen que hacer los usuarios es dejar abierto el team cuando se vayan y nosotros trabajamos sin molestar a nadie.\r\nEs importante tener los accesos hoy, pues la migracion es de todas las sedes juntas asi como las pruebas de transmision la tenemos pendiente y la idea es aplicarla antes del viernes si llegamos.\r\nEspero los accesos mil gracias.', '190.189.47.116', 1367333685, 0, 5, '0c/', 'intratec', '', ''),
(32, 31, 18, 6, 'OK te aviso cuando nos', 'OK te aviso cuando nos podamos conectar ,\r\nRafa te recuerdo que te envie ayer un resumen sobre los avances, necesitamos validar la tarea \"Desarrollo de intranet\". ya que tiene fecha de finalizada.\r\n', '190.104.69.186', 1367335599, 0, 5, '0c.00/', 'angel', '', ''),
(33, 0, 18, 6, 'Rafa te paso los numeros de', 'Rafa te paso los numeros de teléfono de los supervisores para que te puedas comunicar:\r\n\r\nCatriel:  Carlos Yobanolo: cel 02995813237\r\nfijo base catriel: 4913311\r\nRDLS: Rudiferia Ricardo: 02995272075\r\nfijo RDLS: 4886120\r\n', '190.104.69.186', 1367350635, 0, 5, '0d/', 'angel', '', ''),
(34, 0, 22, 13, 'Todos los documentos que', 'Todos los documentos que estan en http://www.tecprecincsrl.com.ar/documentos_sistema_gestion\r\nsolo pueden ser accedidos por la intranet en la direccion http://intratec.tecprecincsrl.com.ar/biblioteca\r\no desde el menu pricipal de la intranet / biblioteca', '190.189.47.116', 1367493050, 0, 5, '05/', 'filoquin', '', ''),
(35, 0, 22, 6, 'Buen día, no entiendo el', 'Buen día, no entiendo el cambio de nombre para el acceso a esos documentos no olviden que  esa direccion tiene ese nombre ya que las actividades con el personal estan diagramadas así. Por favor consulten ante cualquier cambio, aunque crean que es insignificante.', '190.104.69.186', 1367497894, 0, 5, '06/', 'angel', '', ''),
(36, 0, 22, 13, 'Si queres puedo redirigir la', 'Si queres puedo redirigir la URL del anterior directorio al nuevo.\r\nejemplo si escribo \r\nhttp://www.tecprecincsrl.com.ar/documentos_sistema_gestion/xxx me envia directamente a \r\n http://intratec.tecprecincsrl.com.ar/biblioteca/xxx\r\n\r\nEsto lo relize para cumplir con dos pedidos realizados.\r\n<ul>\r\n<li> Que los documentos esten disponibles solo para los \"LOGUEADOS\" en la intranet</li>\r\n<li> Que siempre halla que pasar por la intranet para hacer algo</li>\r\n</ul>\r\n\r\nSi queres el rewite del directorio para redigirir las urls confirmame.\r\nGracias\r\n\r\nMartin', '190.189.47.116', 1367499189, 0, 5, '07/', 'filoquin', '', ''),
(37, 0, 22, 6, 'OK, Martin entendido y', 'OK, Martin entendido y aprobado, pero una cosa no debe quitar la otra.. Lo que necesito es que el menu de la intranet quede con el mismo nombre que es el que la gente identifica actualmente.\r\nTe comento ademas que esto si dios quiere sera por un tiempo mas, ya que se esta pensando en una aplicacion para la gestion integral de todos los elementos del sistema de gestion. \r\n\r\nSaludos.\r\n\r\n \r\n', '190.104.69.186', 1367500949, 0, 5, '08/', 'angel', '', ''),
(38, 0, 22, 13, 'Listo cree una redireccion', 'Listo cree una redireccion tranparente para los usuarios.\r\n\r\npero si no estan logeados les pide el usuario y pass de la intranet. \r\n\r\nCon respecto a la gestion de los documentos. Podes tambien evaluar el uso de la intranet.\r\n-Podes taxonimizar y catalogar los contenidos Creas areas y gupos de documentos\r\n-Tenes control de versiones. Cuando alguien cambia algo se puede aceder a loscambios si hay permiso\r\n-Tenes accesos granulares a los documentos por grupos y usarios especificos\r\n\r\n', '190.189.47.116', 1367504477, 0, 5, '09/', 'filoquin', '', ''),
(39, 0, 22, 6, 'Si respecto a eso era lo que', 'Si respecto a eso era lo que pretendiamos hacer. Lo vamos a tener en cuenta ahora que el acceso es seguro. \r\n\r\nGracias.', '190.104.69.186', 1367508011, 0, 5, '0a/', 'angel', '', ''),
(40, 0, 18, 1, 'Estimados, con respecto a los', 'Estimados, con respecto a los repuestos de mantenimiento seguiremos trabajando con los que corregimos con daniel en tanto no nos envien alguno nuevo proveniente de la aplicación de compras. no olvides mañana enviarnos las ultimas bases de datos de excalibur.\r\ngracias', '200.127.206.177', 1367952773, 0, 5, '0e/', 'intratec', '', ''),
(41, 0, 27, 1, 'falto agregar a martin en las', 'falto agregar a martin en las notificaciones, esperamos su autorización.', '200.127.206.177', 1368480864, 0, 5, '01/', 'intratec', '', ''),
(42, 0, 27, 13, 'http://sistema.tecprecincsrl.', 'http://sistema.tecprecincsrl.com.ar/reporte.php?reporte=lista&ot=1869\r\n\r\nconfirmame si el reporte esta ok asi\r\n\r\nGracias', '190.189.47.116', 1368539989, 0, 5, '02/', 'filoquin', '', ''),
(43, 0, 29, 13, 'Lo del orden esta en la lista', '- Lo del orden esta en la lista de features pedida por angel.\r\n- El informe de baja lo hace el sitema dice vencimiento por fecha. pero puede decir lo que quers. sino habara que agregar una opcion de texto para la baja. ahora no exite esa opcion. ', '190.189.47.116', 1369340638, 0, 5, '01/', 'filoquin', '', ''),
(44, 0, 29, 14, 'no dice nadad de que la baja', 'no dice nadad de que la baja esta dada por vida útil en el informe y además no se los pueden carga en las O/T', '190.104.70.56', 1369663257, 0, 5, '02/', 'daniel', '', ''),
(45, 0, 39, 7, '10/07/13 - se prefactura', '10/07/13 - se prefactura habilita 4502156040 - concepto pago 2da y 3ra cuota $3000 No Remunerativa - para dos personas refinería contrato 4900058521 mto RCI correspondiente a cuota mayo13 y la próxima.\r\nTambién figura un ajuste de $17709.76', '190.114.187.58', 1374499509, 0, 5, '01/', 'Beto', '', ''),
(46, 0, 42, 7, '10/07/13 - se prefactura', '10/07/13 - se prefactura habilita 4502156040 - concepto pago 2da y 3ra cuota $3000 No Remunerativa - para dos personas refinería contrato 4900058521 mto RCI correspondiente a cuota mayo13 y la próxima. También figura un ajuste de $17709.76', '190.114.187.58', 1374500451, 0, 5, '01/', 'Beto', '', ''),
(47, 0, 42, 8, 'Ok. Sería para el centro de', 'Ok. Sería para el centro de costo 04. El ajuste sería correspondiente al retroactivo del 8%?', '190.114.187.58', 1374507741, 0, 5, '02/', 'Carla', '', '');

-- --------------------------------------------------------

--
-- Table structure for table `comment_upload`
--

CREATE TABLE `comment_upload` (
  `fid` int(10) UNSIGNED NOT NULL DEFAULT '0',
  `nid` int(10) UNSIGNED NOT NULL DEFAULT '0',
  `cid` int(10) UNSIGNED NOT NULL DEFAULT '0',
  `description` varchar(255) NOT NULL DEFAULT '',
  `list` tinyint(3) UNSIGNED NOT NULL DEFAULT '0',
  `weight` tinyint(4) NOT NULL DEFAULT '0',
  `legacy_fid` int(10) UNSIGNED NOT NULL DEFAULT '0'
) ENGINE=MyISAM DEFAULT CHARSET=utf8;

--
-- Dumping data for table `comment_upload`
--

INSERT INTO `comment_upload` (`fid`, `nid`, `cid`, `description`, `list`, `weight`, `legacy_fid`) VALUES
(33, 18, 4, 'desarrollo_y_mantenimiento_de_aplicacion_de_extintores.xlsx', 1, 0, 0),
(34, 19, 6, 'desarrollo_y_mantenimiento_web.xls', 1, 0, 0),
(35, 18, 7, 'desarrollo_y_mantenimiento_de_aplicacion_de_extintores.xls', 1, 0, 0),
(36, 20, 8, 'diseno_grafico.xls', 1, 0, 0),
(37, 20, 11, 'diseno_grafico.xls', 1, 0, 0),
(38, 22, 12, 'control_intratec.xls', 1, 0, 0),
(39, 22, 14, 'control_intratec.xlsx', 1, 0, 0),
(40, 19, 27, 'copia_de_desarrollo_y_mantenimiento_web25-05.xls', 1, 0, 0),
(41, 18, 29, 'pe-op-21-anexo-1-certificado_de_prueba_hidraulica.doc', 1, 0, 0),
(42, 18, 29, 'pe-op-21-anexo-1-certificado_de_prueba_hidraulica.doc', 1, 0, 0),
(43, 18, 29, 'pe-op-21-anexo-1-certificado_de_prueba_hidraulica.doc', 1, 0, 0),
(44, 18, 29, 'prueba_hidraulica_co2.doc', 1, 0, 0),
(45, 18, 30, 'indicador_avances.xls', 1, 0, 0);

-- --------------------------------------------------------

--
-- Table structure for table `content_field_date`
--

CREATE TABLE `content_field_date` (
  `vid` int(10) UNSIGNED NOT NULL DEFAULT '0',
  `nid` int(10) UNSIGNED NOT NULL DEFAULT '0',
  `field_date_value` varchar(20) DEFAULT NULL,
  `field_date_value2` varchar(20) DEFAULT NULL
) ENGINE=MyISAM DEFAULT CHARSET=utf8;

-- --------------------------------------------------------

--
-- Table structure for table `content_node_field`
--

CREATE TABLE `content_node_field` (
  `field_name` varchar(32) NOT NULL DEFAULT '',
  `type` varchar(127) NOT NULL DEFAULT '',
  `global_settings` mediumtext NOT NULL,
  `required` tinyint(4) NOT NULL DEFAULT '0',
  `multiple` tinyint(4) NOT NULL DEFAULT '0',
  `db_storage` tinyint(4) NOT NULL DEFAULT '1',
  `module` varchar(127) NOT NULL DEFAULT '',
  `db_columns` mediumtext NOT NULL,
  `active` tinyint(4) NOT NULL DEFAULT '0',
  `locked` tinyint(4) NOT NULL DEFAULT '0'
) ENGINE=MyISAM DEFAULT CHARSET=utf8;

--
-- Dumping data for table `content_node_field`
--

INSERT INTO `content_node_field` (`field_name`, `type`, `global_settings`, `required`, `multiple`, `db_storage`, `module`, `db_columns`, `active`, `locked`) VALUES
('field_referenced_book_page', 'nodereference', 'a:3:{s:19:\"referenceable_types\";a:14:{s:4:\"book\";s:4:\"book\";s:5:\"event\";s:5:\"event\";s:8:\"imageset\";s:8:\"imageset\";s:13:\"admin_message\";i:0;s:4:\"blog\";i:0;s:22:\"casetracker_basic_case\";i:0;s:12:\"feedapi_node\";i:0;s:5:\"group\";i:0;s:4:\"page\";i:0;s:7:\"profile\";i:0;s:25:\"casetracker_basic_project\";i:0;s:8:\"shoutbox\";i:0;s:14:\"feed_ical_item\";i:0;s:9:\"feed_ical\";i:0;}s:13:\"advanced_view\";s:2:\"--\";s:18:\"advanced_view_args\";s:0:\"\";}', 0, 0, 1, 'nodereference', 'a:1:{s:3:\"nid\";a:4:{s:4:\"type\";s:3:\"int\";s:8:\"unsigned\";b:1;s:8:\"not null\";b:0;s:5:\"index\";b:1;}}', 1, 0),
('field_date', 'date', 'a:7:{s:11:\"granularity\";a:5:{s:4:\"year\";s:4:\"year\";s:5:\"month\";s:5:\"month\";s:3:\"day\";s:3:\"day\";s:4:\"hour\";s:4:\"hour\";s:6:\"minute\";s:6:\"minute\";}s:11:\"timezone_db\";s:0:\"\";s:11:\"tz_handling\";s:4:\"none\";s:6:\"todate\";s:8:\"optional\";s:6:\"repeat\";i:0;s:16:\"repeat_collapsed\";s:0:\"\";s:14:\"default_format\";s:4:\"long\";}', 1, 0, 0, 'date', 'a:2:{s:5:\"value\";a:5:{s:4:\"type\";s:7:\"varchar\";s:6:\"length\";i:20;s:8:\"not null\";b:0;s:8:\"sortable\";b:1;s:5:\"views\";b:1;}s:6:\"value2\";a:5:{s:4:\"type\";s:7:\"varchar\";s:6:\"length\";i:20;s:8:\"not null\";b:0;s:8:\"sortable\";b:1;s:5:\"views\";b:0;}}', 1, 0),
('field_due_date', 'date', 'a:7:{s:11:\"granularity\";a:3:{s:4:\"year\";s:4:\"year\";s:5:\"month\";s:5:\"month\";s:3:\"day\";s:3:\"day\";}s:11:\"timezone_db\";s:0:\"\";s:11:\"tz_handling\";s:4:\"none\";s:6:\"todate\";s:0:\"\";s:6:\"repeat\";i:0;s:16:\"repeat_collapsed\";s:0:\"\";s:14:\"default_format\";s:6:\"medium\";}', 0, 0, 1, 'date', 'a:1:{s:5:\"value\";a:5:{s:4:\"type\";s:7:\"varchar\";s:6:\"length\";i:20;s:8:\"not null\";b:0;s:8:\"sortable\";b:1;s:5:\"views\";b:1;}}', 1, 0),
('field_profile_address', 'text', 'a:4:{s:15:\"text_processing\";i:1;s:10:\"max_length\";s:0:\"\";s:14:\"allowed_values\";s:0:\"\";s:18:\"allowed_values_php\";s:0:\"\";}', 0, 0, 1, 'text', 'a:2:{s:5:\"value\";a:5:{s:4:\"type\";s:4:\"text\";s:4:\"size\";s:3:\"big\";s:8:\"not null\";b:0;s:8:\"sortable\";b:1;s:5:\"views\";b:1;}s:6:\"format\";a:4:{s:4:\"type\";s:3:\"int\";s:8:\"unsigned\";b:1;s:8:\"not null\";b:0;s:5:\"views\";b:0;}}', 1, 0),
('field_profile_organization', 'text', 'a:4:{s:15:\"text_processing\";i:0;s:10:\"max_length\";s:0:\"\";s:14:\"allowed_values\";s:0:\"\";s:18:\"allowed_values_php\";s:0:\"\";}', 0, 0, 1, 'text', 'a:1:{s:5:\"value\";a:5:{s:4:\"type\";s:4:\"text\";s:4:\"size\";s:3:\"big\";s:8:\"not null\";b:0;s:8:\"sortable\";b:1;s:5:\"views\";b:1;}}', 1, 0),
('field_profile_telephone', 'text', 'a:4:{s:15:\"text_processing\";i:0;s:10:\"max_length\";s:0:\"\";s:14:\"allowed_values\";s:0:\"\";s:18:\"allowed_values_php\";s:0:\"\";}', 0, 0, 1, 'text', 'a:1:{s:5:\"value\";a:5:{s:4:\"type\";s:4:\"text\";s:4:\"size\";s:3:\"big\";s:8:\"not null\";b:0;s:8:\"sortable\";b:1;s:5:\"views\";b:1;}}', 1, 0),
('field_profile_url', 'text', 'a:4:{s:15:\"text_processing\";i:0;s:10:\"max_length\";s:0:\"\";s:14:\"allowed_values\";s:0:\"\";s:18:\"allowed_values_php\";s:0:\"\";}', 0, 0, 1, 'text', 'a:1:{s:5:\"value\";a:5:{s:4:\"type\";s:4:\"text\";s:4:\"size\";s:3:\"big\";s:8:\"not null\";b:0;s:8:\"sortable\";b:1;s:5:\"views\";b:1;}}', 1, 0);

-- --------------------------------------------------------

--
-- Table structure for table `content_node_field_instance`
--

CREATE TABLE `content_node_field_instance` (
  `field_name` varchar(32) NOT NULL DEFAULT '',
  `type_name` varchar(32) NOT NULL DEFAULT '',
  `weight` int(11) NOT NULL DEFAULT '0',
  `label` varchar(255) NOT NULL DEFAULT '',
  `widget_type` varchar(32) NOT NULL DEFAULT '',
  `widget_settings` mediumtext NOT NULL,
  `display_settings` mediumtext NOT NULL,
  `description` mediumtext NOT NULL,
  `widget_module` varchar(127) NOT NULL DEFAULT '',
  `widget_active` tinyint(4) NOT NULL DEFAULT '0'
) ENGINE=MyISAM DEFAULT CHARSET=utf8;

--
-- Dumping data for table `content_node_field_instance`
--

INSERT INTO `content_node_field_instance` (`field_name`, `type_name`, `weight`, `label`, `widget_type`, `widget_settings`, `display_settings`, `description`, `widget_module`, `widget_active`) VALUES
('field_referenced_book_page', 'blog', 0, 'Referenced Page', 'nodereference_autocomplete', 'a:4:{s:18:\"autocomplete_match\";s:8:\"contains\";s:4:\"size\";N;s:13:\"default_value\";a:1:{i:0;a:2:{s:3:\"nid\";N;s:14:\"_error_element\";s:61:\"default_value_widget][field_referenced_book_page][0][nid][nid\";}}s:17:\"default_value_php\";N;}', 'a:5:{s:6:\"weight\";i:0;s:6:\"parent\";s:0:\"\";s:5:\"label\";a:1:{s:6:\"format\";s:6:\"inline\";}s:6:\"teaser\";a:2:{s:6:\"format\";s:7:\"default\";s:7:\"exclude\";i:0;}s:4:\"full\";a:2:{s:6:\"format\";s:7:\"default\";s:7:\"exclude\";i:0;}}', 'Type in the title of another post to add a reference.', 'nodereference', 1),
('field_date', 'event', -3, 'Date', 'date_popup', 'a:12:{s:13:\"default_value\";s:5:\"blank\";s:18:\"default_value_code\";s:0:\"\";s:14:\"default_value2\";s:4:\"same\";s:19:\"default_value_code2\";s:0:\"\";s:12:\"input_format\";s:12:\"m/d/Y - g:ia\";s:19:\"input_format_custom\";s:0:\"\";s:9:\"increment\";s:1:\"1\";s:10:\"text_parts\";a:0:{}s:10:\"year_range\";s:5:\"-3:+3\";s:14:\"label_position\";s:5:\"above\";s:20:\"default_value_custom\";s:0:\"\";s:21:\"default_value_custom2\";s:0:\"\";}', 'a:5:{s:6:\"weight\";s:2:\"-3\";s:6:\"parent\";s:0:\"\";s:5:\"label\";a:1:{s:6:\"format\";s:6:\"inline\";}s:6:\"teaser\";a:2:{s:6:\"format\";s:4:\"long\";s:7:\"exclude\";i:0;}s:4:\"full\";a:2:{s:6:\"format\";s:4:\"long\";s:7:\"exclude\";i:0;}}', '', 'date', 1),
('field_date', 'feed_ical_item', -3, 'Date', 'date_text', 'a:12:{s:13:\"default_value\";s:3:\"now\";s:18:\"default_value_code\";s:0:\"\";s:14:\"default_value2\";s:4:\"same\";s:19:\"default_value_code2\";s:0:\"\";s:12:\"input_format\";s:11:\"Y-m-d H:i:s\";s:19:\"input_format_custom\";s:0:\"\";s:9:\"increment\";i:1;s:10:\"text_parts\";a:0:{}s:10:\"year_range\";s:5:\"-3:+3\";s:14:\"label_position\";s:5:\"above\";s:20:\"default_value_custom\";s:0:\"\";s:21:\"default_value_custom2\";s:0:\"\";}', 'a:5:{s:6:\"weight\";s:2:\"-3\";s:6:\"parent\";s:0:\"\";s:5:\"label\";a:1:{s:6:\"format\";s:6:\"inline\";}s:6:\"teaser\";a:2:{s:6:\"format\";s:7:\"default\";s:7:\"exclude\";i:0;}s:4:\"full\";a:2:{s:6:\"format\";s:7:\"default\";s:7:\"exclude\";i:0;}}', '', 'date', 1),
('field_due_date', 'casetracker_basic_case', -3, 'Due Date', 'date_popup', 'a:10:{s:13:\"default_value\";s:9:\"strtotime\";s:18:\"default_value_code\";s:7:\"+5 days\";s:14:\"default_value2\";s:5:\"blank\";s:19:\"default_value_code2\";s:0:\"\";s:12:\"input_format\";s:5:\"m/d/Y\";s:19:\"input_format_custom\";s:0:\"\";s:9:\"increment\";s:1:\"5\";s:10:\"text_parts\";a:0:{}s:10:\"year_range\";s:5:\"-3:+3\";s:14:\"label_position\";s:5:\"above\";}', 'a:10:{s:6:\"weight\";s:2:\"-3\";s:6:\"parent\";s:0:\"\";s:5:\"label\";a:1:{s:6:\"format\";s:5:\"above\";}s:6:\"teaser\";a:2:{s:6:\"format\";s:7:\"default\";s:7:\"exclude\";i:1;}s:4:\"full\";a:2:{s:6:\"format\";s:7:\"default\";s:7:\"exclude\";i:1;}i:5;a:2:{s:6:\"format\";s:7:\"default\";s:7:\"exclude\";i:0;}i:4;a:2:{s:6:\"format\";s:7:\"default\";s:7:\"exclude\";i:0;}i:2;a:2:{s:6:\"format\";s:7:\"default\";s:7:\"exclude\";i:0;}i:3;a:2:{s:6:\"format\";s:7:\"default\";s:7:\"exclude\";i:0;}s:5:\"token\";a:2:{s:6:\"format\";s:7:\"default\";s:7:\"exclude\";i:0;}}', 'The due date for this case.', 'date', 1),
('field_profile_address', 'profile', 10, 'Address', 'text_textarea', 'a:2:{s:4:\"rows\";N;s:4:\"size\";N;}', 'a:8:{s:5:\"label\";a:2:{s:6:\"format\";s:5:\"above\";s:7:\"exclude\";i:0;}s:6:\"teaser\";a:2:{s:6:\"format\";s:7:\"default\";s:7:\"exclude\";i:0;}s:4:\"full\";a:2:{s:6:\"format\";s:7:\"default\";s:7:\"exclude\";i:0;}i:4;a:2:{s:6:\"format\";s:7:\"default\";s:7:\"exclude\";i:0;}i:2;a:2:{s:6:\"format\";s:7:\"default\";s:7:\"exclude\";i:0;}i:3;a:2:{s:6:\"format\";s:7:\"default\";s:7:\"exclude\";i:0;}s:5:\"token\";a:2:{s:6:\"format\";s:7:\"default\";s:7:\"exclude\";i:0;}s:6:\"weight\";i:0;}', '', 'text', 1),
('field_profile_organization', 'profile', 0, 'Organization', 'text_textfield', 'a:2:{s:4:\"rows\";N;s:4:\"size\";N;}', 'a:8:{s:5:\"label\";a:2:{s:6:\"format\";s:5:\"above\";s:7:\"exclude\";i:0;}s:6:\"teaser\";a:2:{s:6:\"format\";s:7:\"default\";s:7:\"exclude\";i:0;}s:4:\"full\";a:2:{s:6:\"format\";s:7:\"default\";s:7:\"exclude\";i:0;}i:4;a:2:{s:6:\"format\";s:7:\"default\";s:7:\"exclude\";i:0;}i:2;a:2:{s:6:\"format\";s:7:\"default\";s:7:\"exclude\";i:0;}i:3;a:2:{s:6:\"format\";s:7:\"default\";s:7:\"exclude\";i:0;}s:5:\"token\";a:2:{s:6:\"format\";s:7:\"default\";s:7:\"exclude\";i:0;}s:6:\"weight\";i:0;}', '', 'text', 1),
('field_profile_telephone', 'profile', 0, 'Telephone', 'text_textfield', 'a:2:{s:4:\"rows\";N;s:4:\"size\";N;}', 'a:8:{s:5:\"label\";a:2:{s:6:\"format\";s:5:\"above\";s:7:\"exclude\";i:0;}s:6:\"teaser\";a:2:{s:6:\"format\";s:7:\"default\";s:7:\"exclude\";i:0;}s:4:\"full\";a:2:{s:6:\"format\";s:7:\"default\";s:7:\"exclude\";i:0;}i:4;a:2:{s:6:\"format\";s:7:\"default\";s:7:\"exclude\";i:0;}i:2;a:2:{s:6:\"format\";s:7:\"default\";s:7:\"exclude\";i:0;}i:3;a:2:{s:6:\"format\";s:7:\"default\";s:7:\"exclude\";i:0;}s:5:\"token\";a:2:{s:6:\"format\";s:7:\"default\";s:7:\"exclude\";i:0;}s:6:\"weight\";i:0;}', '', 'text', 1),
('field_profile_url', 'profile', 9, 'URL', 'text_textfield', 'a:2:{s:4:\"rows\";N;s:4:\"size\";N;}', 'a:8:{s:5:\"label\";a:2:{s:6:\"format\";s:5:\"above\";s:7:\"exclude\";i:0;}s:6:\"teaser\";a:2:{s:6:\"format\";s:7:\"default\";s:7:\"exclude\";i:0;}s:4:\"full\";a:2:{s:6:\"format\";s:7:\"default\";s:7:\"exclude\";i:0;}i:4;a:2:{s:6:\"format\";s:7:\"default\";s:7:\"exclude\";i:0;}i:2;a:2:{s:6:\"format\";s:7:\"default\";s:7:\"exclude\";i:0;}i:3;a:2:{s:6:\"format\";s:7:\"default\";s:7:\"exclude\";i:0;}s:5:\"token\";a:2:{s:6:\"format\";s:7:\"default\";s:7:\"exclude\";i:0;}s:6:\"weight\";i:0;}', '', 'text', 1);

-- --------------------------------------------------------

--
-- Table structure for table `content_type_blog`
--

CREATE TABLE `content_type_blog` (
  `vid` int(10) UNSIGNED NOT NULL DEFAULT '0',
  `nid` int(10) UNSIGNED NOT NULL DEFAULT '0',
  `field_referenced_book_page_nid` int(10) UNSIGNED DEFAULT NULL
) ENGINE=MyISAM DEFAULT CHARSET=utf8;

--
-- Dumping data for table `content_type_blog`
--

INSERT INTO `content_type_blog` (`vid`, `nid`, `field_referenced_book_page_nid`) VALUES
(22, 18, NULL),
(23, 19, NULL),
(24, 20, NULL),
(26, 22, NULL),
(27, 22, NULL),
(32, 27, NULL),
(34, 29, NULL),
(35, 30, NULL),
(36, 31, NULL),
(37, 31, NULL),
(38, 31, NULL),
(39, 32, NULL),
(40, 33, NULL),
(41, 33, NULL),
(42, 31, NULL),
(43, 31, NULL),
(44, 32, NULL),
(45, 34, NULL),
(46, 35, NULL),
(47, 35, NULL),
(48, 32, NULL),
(50, 37, NULL),
(51, 37, NULL),
(53, 39, NULL),
(56, 42, NULL),
(58, 44, NULL),
(59, 45, NULL),
(60, 46, NULL),
(61, 47, NULL),
(62, 48, NULL);

-- --------------------------------------------------------

--
-- Table structure for table `content_type_casetracker_basic_case`
--

CREATE TABLE `content_type_casetracker_basic_case` (
  `vid` int(10) UNSIGNED NOT NULL DEFAULT '0',
  `nid` int(10) UNSIGNED NOT NULL DEFAULT '0',
  `field_due_date_value` varchar(20) DEFAULT NULL
) ENGINE=MyISAM DEFAULT CHARSET=utf8;

-- --------------------------------------------------------

--
-- Table structure for table `content_type_event`
--

CREATE TABLE `content_type_event` (
  `vid` int(10) UNSIGNED NOT NULL DEFAULT '0',
  `nid` int(10) UNSIGNED NOT NULL DEFAULT '0'
) ENGINE=MyISAM DEFAULT CHARSET=utf8;

-- --------------------------------------------------------

--
-- Table structure for table `content_type_feed_ical_item`
--

CREATE TABLE `content_type_feed_ical_item` (
  `vid` int(10) UNSIGNED NOT NULL DEFAULT '0',
  `nid` int(10) UNSIGNED NOT NULL DEFAULT '0'
) ENGINE=MyISAM DEFAULT CHARSET=utf8;

-- --------------------------------------------------------

--
-- Table structure for table `content_type_profile`
--

CREATE TABLE `content_type_profile` (
  `vid` int(10) UNSIGNED NOT NULL DEFAULT '0',
  `nid` int(10) UNSIGNED NOT NULL DEFAULT '0',
  `field_profile_address_value` longtext,
  `field_profile_address_format` int(10) UNSIGNED DEFAULT NULL,
  `field_profile_organization_value` longtext,
  `field_profile_telephone_value` longtext,
  `field_profile_url_value` longtext
) ENGINE=MyISAM DEFAULT CHARSET=utf8;

--
-- Dumping data for table `content_type_profile`
--

INSERT INTO `content_type_profile` (`vid`, `nid`, `field_profile_address_value`, `field_profile_address_format`, `field_profile_organization_value`, `field_profile_telephone_value`, `field_profile_url_value`) VALUES
(30, 25, 'Chacho 625 - Catriel', 5, 'TecPrecinc S.R.L.', '299-154655429', NULL);

-- --------------------------------------------------------

--
-- Table structure for table `context`
--

CREATE TABLE `context` (
  `name` varchar(255) NOT NULL DEFAULT '',
  `description` varchar(255) NOT NULL DEFAULT '',
  `tag` varchar(255) NOT NULL DEFAULT '',
  `conditions` text,
  `reactions` text,
  `condition_mode` int(11) DEFAULT '0'
) ENGINE=MyISAM DEFAULT CHARSET=utf8;

--
-- Dumping data for table `context`
--

INSERT INTO `context` (`name`, `description`, `tag`, `conditions`, `reactions`, `condition_mode`) VALUES
('spaces_dashboard-custom-2', 'Dashboard', 'Dashboard', 'a:0:{}', 'a:1:{s:5:\"block\";a:1:{s:6:\"layout\";s:7:\"columns\";}}', 0),
('spaces_dashboard-custom-1', 'Dashboard', 'Dashboard', 'a:0:{}', 'a:1:{s:5:\"block\";a:1:{s:6:\"blocks\";a:7:{s:18:\"boxes-box-38f018db\";a:4:{s:6:\"module\";s:5:\"boxes\";s:5:\"delta\";s:12:\"box-38f018db\";s:6:\"region\";s:7:\"content\";s:6:\"weight\";i:0;}s:18:\"boxes-box-9e081dde\";a:4:{s:6:\"module\";s:5:\"boxes\";s:5:\"delta\";s:12:\"box-9e081dde\";s:6:\"region\";s:7:\"content\";s:6:\"weight\";i:1;}s:30:\"views-activity_listing-block_1\";a:4:{s:6:\"module\";s:5:\"views\";s:5:\"delta\";s:24:\"activity_listing-block_1\";s:6:\"region\";s:7:\"content\";s:6:\"weight\";i:2;}s:18:\"boxes-box-b377c153\";a:4:{s:6:\"module\";s:5:\"boxes\";s:5:\"delta\";s:12:\"box-b377c153\";s:6:\"region\";s:7:\"content\";s:6:\"weight\";i:3;}s:28:\"views-groups_listing-block_2\";a:4:{s:6:\"module\";s:5:\"views\";s:5:\"delta\";s:22:\"groups_listing-block_2\";s:6:\"region\";s:5:\"right\";s:6:\"weight\";i:0;}s:24:\"atrium_shoutbox-shoutbox\";a:4:{s:6:\"module\";s:15:\"atrium_shoutbox\";s:5:\"delta\";s:8:\"shoutbox\";s:6:\"region\";s:5:\"right\";s:6:\"weight\";i:1;}s:31:\"views-casetracker_cases-block_2\";a:4:{s:6:\"module\";s:5:\"views\";s:5:\"delta\";s:25:\"casetracker_cases-block_2\";s:6:\"region\";s:5:\"right\";s:6:\"weight\";i:2;}}}}', 0);

-- --------------------------------------------------------

--
-- Table structure for table `ctools_css_cache`
--

CREATE TABLE `ctools_css_cache` (
  `cid` varchar(128) NOT NULL,
  `filename` varchar(255) DEFAULT NULL,
  `css` longtext,
  `filter` tinyint(4) DEFAULT NULL
) ENGINE=MyISAM DEFAULT CHARSET=utf8;

-- --------------------------------------------------------

--
-- Table structure for table `ctools_object_cache`
--

CREATE TABLE `ctools_object_cache` (
  `sid` varchar(64) NOT NULL,
  `name` varchar(128) NOT NULL,
  `obj` varchar(32) NOT NULL,
  `updated` int(10) UNSIGNED NOT NULL DEFAULT '0',
  `data` longtext
) ENGINE=MyISAM DEFAULT CHARSET=utf8;

-- --------------------------------------------------------

--
-- Table structure for table `date_formats`
--

CREATE TABLE `date_formats` (
  `dfid` int(10) UNSIGNED NOT NULL,
  `format` varchar(100) CHARACTER SET utf8 COLLATE utf8_bin NOT NULL,
  `type` varchar(200) NOT NULL,
  `locked` tinyint(4) NOT NULL DEFAULT '0'
) ENGINE=MyISAM DEFAULT CHARSET=utf8;

--
-- Dumping data for table `date_formats`
--

INSERT INTO `date_formats` (`dfid`, `format`, `type`, `locked`) VALUES
(1, 'Y-m-d H:i', 'short', 1),
(2, 'm/d/Y - H:i', 'short', 1),
(3, 'd/m/Y - H:i', 'short', 1),
(4, 'Y/m/d - H:i', 'short', 1),
(5, 'd.m.Y - H:i', 'short', 1),
(6, 'm/d/Y - g:ia', 'short', 1),
(7, 'd/m/Y - g:ia', 'short', 1),
(8, 'Y/m/d - g:ia', 'short', 1),
(9, 'M j Y - H:i', 'short', 1),
(10, 'j M Y - H:i', 'short', 1),
(11, 'Y M j - H:i', 'short', 1),
(12, 'M j Y - g:ia', 'short', 1),
(13, 'j M Y - g:ia', 'short', 1),
(14, 'Y M j - g:ia', 'short', 1),
(15, 'D, Y-m-d H:i', 'medium', 1),
(16, 'D, m/d/Y - H:i', 'medium', 1),
(17, 'D, d/m/Y - H:i', 'medium', 1),
(18, 'D, Y/m/d - H:i', 'medium', 1),
(19, 'F j, Y - H:i', 'medium', 1),
(20, 'j F, Y - H:i', 'medium', 1),
(21, 'Y, F j - H:i', 'medium', 1),
(22, 'D, m/d/Y - g:ia', 'medium', 1),
(23, 'D, d/m/Y - g:ia', 'medium', 1),
(24, 'D, Y/m/d - g:ia', 'medium', 1),
(25, 'F j, Y - g:ia', 'medium', 1),
(26, 'j F Y - g:ia', 'medium', 1),
(27, 'Y, F j - g:ia', 'medium', 1),
(28, 'j. F Y - G:i', 'medium', 1),
(29, 'l, F j, Y - H:i', 'long', 1),
(30, 'l, j F, Y - H:i', 'long', 1),
(31, 'l, Y,  F j - H:i', 'long', 1),
(32, 'l, F j, Y - g:ia', 'long', 1),
(33, 'l, j F Y - g:ia', 'long', 1),
(34, 'l, Y,  F j - g:ia', 'long', 1),
(35, 'l, j. F Y - G:i', 'long', 1),
(36, 'l, M j', 'day', 1),
(37, 'l, j M', 'day', 1),
(38, 'g:ia', 'time', 1),
(39, 'H:i', 'time', 1),
(40, 'g:ia D M j', 'month_within', 1),
(41, 'H:i D M j', 'month_within', 1),
(42, 'g:ia D j M', 'month_within', 1),
(43, 'H:i D j M', 'month_within', 1),
(44, 'g:ia M j, Y', 'month_after', 1),
(45, 'H:i M j, Y', 'month_after', 1),
(46, 'g:ia j M, Y', 'month_after', 1),
(47, 'H:i j M, Y', 'month_after', 1);

-- --------------------------------------------------------

--
-- Table structure for table `date_format_locale`
--

CREATE TABLE `date_format_locale` (
  `format` varchar(100) CHARACTER SET utf8 COLLATE utf8_bin NOT NULL,
  `type` varchar(200) NOT NULL,
  `language` varchar(12) NOT NULL
) ENGINE=MyISAM DEFAULT CHARSET=utf8;

-- --------------------------------------------------------

--
-- Table structure for table `date_format_types`
--

CREATE TABLE `date_format_types` (
  `type` varchar(200) NOT NULL,
  `title` varchar(255) NOT NULL,
  `locked` tinyint(4) NOT NULL DEFAULT '0'
) ENGINE=MyISAM DEFAULT CHARSET=utf8;

--
-- Dumping data for table `date_format_types`
--

INSERT INTO `date_format_types` (`type`, `title`, `locked`) VALUES
('long', 'Largo', 1),
('medium', 'Medio', 1),
('short', 'Corto', 1),
('day', 'Día', 1),
('time', 'Hora', 1),
('month_within', 'Within current month', 1),
('month_after', 'After current month', 1);

-- --------------------------------------------------------

--
-- Table structure for table `feeds_importer`
--

CREATE TABLE `feeds_importer` (
  `id` varchar(128) NOT NULL DEFAULT '',
  `config` text
) ENGINE=MyISAM DEFAULT CHARSET=utf8;

-- --------------------------------------------------------

--
-- Table structure for table `feeds_node_item`
--

CREATE TABLE `feeds_node_item` (
  `nid` int(10) UNSIGNED NOT NULL,
  `id` varchar(128) NOT NULL DEFAULT '',
  `feed_nid` int(10) UNSIGNED NOT NULL,
  `imported` int(11) NOT NULL DEFAULT '0',
  `url` text NOT NULL,
  `guid` text NOT NULL,
  `hash` varchar(32) NOT NULL DEFAULT ''
) ENGINE=MyISAM DEFAULT CHARSET=utf8;

-- --------------------------------------------------------

--
-- Table structure for table `feeds_push_subscriptions`
--

CREATE TABLE `feeds_push_subscriptions` (
  `domain` varchar(128) NOT NULL DEFAULT '',
  `subscriber_id` int(10) UNSIGNED NOT NULL DEFAULT '0',
  `timestamp` int(11) NOT NULL DEFAULT '0',
  `hub` text NOT NULL,
  `topic` text NOT NULL,
  `secret` varchar(128) NOT NULL DEFAULT '',
  `status` varchar(64) NOT NULL DEFAULT '',
  `post_fields` text
) ENGINE=MyISAM DEFAULT CHARSET=utf8;

-- --------------------------------------------------------

--
-- Table structure for table `feeds_source`
--

CREATE TABLE `feeds_source` (
  `id` varchar(128) NOT NULL DEFAULT '',
  `feed_nid` int(10) UNSIGNED NOT NULL DEFAULT '0',
  `config` text,
  `source` text NOT NULL,
  `batch` longblob
) ENGINE=MyISAM DEFAULT CHARSET=utf8;

-- --------------------------------------------------------

--
-- Table structure for table `feeds_term_item`
--

CREATE TABLE `feeds_term_item` (
  `tid` int(10) UNSIGNED NOT NULL DEFAULT '0',
  `id` varchar(128) NOT NULL DEFAULT '',
  `feed_nid` int(10) UNSIGNED NOT NULL,
  `imported` int(11) NOT NULL DEFAULT '0',
  `url` text NOT NULL,
  `guid` text NOT NULL
) ENGINE=MyISAM DEFAULT CHARSET=utf8;

-- --------------------------------------------------------

--
-- Table structure for table `files`
--

CREATE TABLE `files` (
  `fid` int(10) UNSIGNED NOT NULL,
  `uid` int(10) UNSIGNED NOT NULL DEFAULT '0',
  `filename` varchar(255) NOT NULL DEFAULT '',
  `filepath` varchar(255) NOT NULL DEFAULT '',
  `filemime` varchar(255) NOT NULL DEFAULT '',
  `filesize` int(10) UNSIGNED NOT NULL DEFAULT '0',
  `status` int(11) NOT NULL DEFAULT '0',
  `timestamp` int(10) UNSIGNED NOT NULL DEFAULT '0'
) ENGINE=MyISAM DEFAULT CHARSET=utf8;

--
-- Dumping data for table `files`
--

INSERT INTO `files` (`fid`, `uid`, `filename`, `filepath`, `filemime`, `filesize`, `status`, `timestamp`) VALUES
(28, 1, 'desarrollo_y_mantenimiento_de_aplicacion_de_extintores.xlsx', 'sites/default/files/desarrollo_y_mantenimiento_de_aplicacion_de_extintores.xlsx', 'application/vnd.openxmlformats-officedocument.spreadsheetml.sheet', 11868, 1, 1366651576),
(2, 1, 'logoi.jpg', 'sites/default/files/logoi.jpg', 'image/jpeg', 14813, 1, 1364830783),
(17, 5, 'mantenimiento_vehicular_-_indicadores.doc', 'sites/default/files/mantenimiento_vehicular_-_indicadores_0.doc', 'application/msword', 47104, 1, 1365529652),
(21, 11, 'seguimiento_de_syso_rdls.xlsx', 'sites/default/files/seguimiento_de_syso_rdls.xlsx', 'application/vnd.openxmlformats-officedocument.spreadsheetml.sheet', 31681, 1, 1366226280),
(20, 11, 'seguimiento_de_syso_ph_lll.xlsx', 'sites/default/files/seguimiento_de_syso_ph_lll.xlsx', 'application/vnd.openxmlformats-officedocument.spreadsheetml.sheet', 29746, 1, 1366226269),
(18, 3, 'indicadores_adm_12.xls', 'sites/default/files/indicadores_adm_12.xls', 'application/vnd.ms-excel', 49152, 1, 1366115809),
(23, 11, 'indicadores_operaciones_rdls_2013.xls', 'sites/default/files/indicadores_operaciones_rdls_2013.xls', 'application/vnd.ms-excel', 104960, 1, 1366308339),
(24, 11, 'indicadores_operacionesph-_lll_2013.xls', 'sites/default/files/indicadores_operacionesph-_lll_2013.xls', 'application/vnd.ms-excel', 118784, 1, 1366308345),
(25, 11, 'est_gral._acc.2011_tec_precinc_srl.xls', 'sites/default/files/est_gral._acc.2011_tec_precinc_srl.xls', 'application/vnd.ms-excel', 105984, 1, 1366309110),
(26, 11, 'estadisticas_gral_2012.xls', 'sites/default/files/estadisticas_gral_2012.xls', 'application/vnd.ms-excel', 165376, 1, 1366309128),
(22, 11, 'indicadores_operaciones_catriel_2013.xls', 'sites/default/files/indicadores_operaciones_catriel_2013.xls', 'application/vnd.ms-excel', 154112, 1, 1366308328),
(37, 6, 'diseno_grafico.xls', 'sites/default/files/diseno_grafico_0.xls', 'application/vnd.ms-excel', 31232, 1, 1366749769),
(38, 6, 'control_intratec.xls', 'sites/default/files/control_intratec.xls', 'application/vnd.ms-excel', 33792, 1, 1366749855),
(27, 11, 'estadisticas_gral_2013.xls', 'sites/default/files/estadisticas_gral_2013.xls', 'application/vnd.ms-excel', 138240, 1, 1366309145),
(16, 5, 'mantenimiento_vehicular_-_indicadores.doc', 'sites/default/files/mantenimiento_vehicular_-_indicadores.doc', 'application/msword', 47104, 1, 1365520196),
(29, 1, 'desarrollo_y_mantenimiento_web.xlsx', 'sites/default/files/desarrollo_y_mantenimiento_web.xlsx', 'application/vnd.openxmlformats-officedocument.spreadsheetml.sheet', 11375, 1, 1366652013),
(30, 1, 'diseno_grafico.xlsx', 'sites/default/files/diseno_grafico.xlsx', 'application/vnd.openxmlformats-officedocument.spreadsheetml.sheet', 11206, 1, 1366655022),
(32, 1, 'control_intratec.xlsx', 'sites/default/files/control_intratec.xlsx', 'application/vnd.openxmlformats-officedocument.spreadsheetml.sheet', 11691, 1, 1366668563),
(33, 1, 'desarrollo_y_mantenimiento_de_aplicacion_de_extintores.xlsx', 'sites/default/files/desarrollo_y_mantenimiento_de_aplicacion_de_extintores_0.xlsx', 'application/vnd.openxmlformats-officedocument.spreadsheetml.sheet', 11879, 1, 1366670592),
(34, 6, 'desarrollo_y_mantenimiento_web.xls', 'sites/default/files/desarrollo_y_mantenimiento_web.xls', 'application/vnd.ms-excel', 30720, 1, 1366743152),
(35, 6, 'desarrollo_y_mantenimiento_de_aplicacion_de_extintores.xls', 'sites/default/files/desarrollo_y_mantenimiento_de_aplicacion_de_extintores.xls', 'application/vnd.ms-excel', 33280, 1, 1366747050),
(36, 6, 'diseno_grafico.xls', 'sites/default/files/diseno_grafico.xls', 'application/vnd.ms-excel', 31232, 1, 1366748209),
(39, 1, 'control_intratec.xlsx', 'sites/default/files/control_intratec_0.xlsx', 'application/vnd.openxmlformats-officedocument.spreadsheetml.sheet', 11691, 1, 1366754782),
(40, 1, 'copia_de_desarrollo_y_mantenimiento_web25-05.xls', 'sites/default/files/copia_de_desarrollo_y_mantenimiento_web25-05.xls', 'application/vnd.ms-excel', 25088, 1, 1366934003),
(48, 5, 'indicadores_abril-mayo_2013.doc', 'sites/default/files/indicadores_abril-mayo_2013.doc', 'application/msword', 45056, 1, 1368819774),
(45, 6, 'indicador_avances.xls', 'sites/default/files/indicador_avances.xls', 'application/vnd.ms-excel', 18432, 1, 1367262280),
(43, 14, 'pe-op-21-anexo-1-certificado_de_prueba_hidraulica.doc', 'sites/default/files/pe-op-21-anexo-1-certificado_de_prueba_hidraulica_1.doc', 'application/msword', 43520, 1, 1366981607),
(44, 14, 'prueba_hidraulica_co2.doc', 'sites/default/files/prueba_hidraulica_co2.doc', 'application/msword', 45056, 1, 1366981635),
(49, 6, 'rsv_-_el_porton_-_buta_ranquil_.pdf', 'sites/default/files/rsv_-_el_porton_-_buta_ranquil_.pdf', 'application/pdf', 344259, 1, 1370605088),
(50, 6, 'rsv_nqn_-_anelo.pdf', 'sites/default/files/rsv_nqn_-_anelo.pdf', 'application/pdf', 2050059, 1, 1370605126),
(51, 6, 'rsv_-_petroleras_25_de_mayocatriel_y_rincon.pdf', 'sites/default/files/rsv_-_petroleras_25_de_mayocatriel_y_rincon.pdf', 'application/pdf', 769607, 1, 1370605145),
(52, 6, 'rsv_nqn_-_lll.pdf', 'sites/default/files/rsv_nqn_-_lll.pdf', 'application/pdf', 1791459, 1, 1370605185),
(58, 8, 'seguimiento_pac_2013.xlsx', 'sites/default/files/seguimiento_pac_2013.xlsx', 'application/vnd.openxmlformats-officedocument.spreadsheetml.sheet', 54565, 1, 1374493515),
(57, 1, 'politicavigente.pdf', 'sites/default/files/politicavigente.pdf', 'application/pdf', 563395, 1, 1374163524),
(63, 8, 'control_deudas_3000_10-09-2013.xlsx', 'sites/default/files/control_deudas_3000_10-09-2013.xlsx', 'application/vnd.openxmlformats-officedocument.spreadsheetml.sheet', 80345, 1, 1378836035),
(62, 8, 'listado_seguimiento_pagos_cuota_3.000.xlsx', 'sites/default/files/listado_seguimiento_pagos_cuota_3.000.xlsx', 'application/vnd.openxmlformats-officedocument.spreadsheetml.sheet', 21887, 1, 1378215822);

-- --------------------------------------------------------

--
-- Table structure for table `filters`
--

CREATE TABLE `filters` (
  `fid` int(11) NOT NULL,
  `format` int(11) NOT NULL DEFAULT '0',
  `module` varchar(64) NOT NULL DEFAULT '',
  `delta` tinyint(4) NOT NULL DEFAULT '0',
  `weight` tinyint(4) NOT NULL DEFAULT '0'
) ENGINE=MyISAM DEFAULT CHARSET=utf8;

--
-- Dumping data for table `filters`
--

INSERT INTO `filters` (`fid`, `format`, `module`, `delta`, `weight`) VALUES
(36, 4, 'filter', 2, 0),
(35, 4, 'filter', 3, 10),
(21, 3, 'filter', 1, -10),
(22, 3, 'messaging', 1, -9),
(31, 5, 'filter', 3, -6),
(30, 5, 'codefilter', 0, -7),
(29, 5, 'filter', 0, -8),
(28, 5, 'filter', 2, -9),
(27, 5, 'markdown', 0, -10);

-- --------------------------------------------------------

--
-- Table structure for table `filter_formats`
--

CREATE TABLE `filter_formats` (
  `format` int(11) NOT NULL,
  `name` varchar(255) NOT NULL DEFAULT '',
  `roles` varchar(255) NOT NULL DEFAULT '',
  `cache` tinyint(4) NOT NULL DEFAULT '0'
) ENGINE=MyISAM DEFAULT CHARSET=utf8;

--
-- Dumping data for table `filter_formats`
--

INSERT INTO `filter_formats` (`format`, `name`, `roles`, `cache`) VALUES
(4, 'Full HTML', ',3,4,', 1),
(3, 'Messaging plain text', ',,', 0),
(5, 'Markdown', ',1,2,3,4,', 0);

-- --------------------------------------------------------

--
-- Table structure for table `flood`
--

CREATE TABLE `flood` (
  `fid` int(11) NOT NULL,
  `event` varchar(64) NOT NULL DEFAULT '',
  `hostname` varchar(128) NOT NULL DEFAULT '',
  `timestamp` int(11) NOT NULL DEFAULT '0'
) ENGINE=MyISAM DEFAULT CHARSET=utf8;

-- --------------------------------------------------------

--
-- Table structure for table `history`
--

CREATE TABLE `history` (
  `uid` int(11) NOT NULL DEFAULT '0',
  `nid` int(11) NOT NULL DEFAULT '0',
  `timestamp` int(11) NOT NULL DEFAULT '0'
) ENGINE=MyISAM DEFAULT CHARSET=utf8;

-- --------------------------------------------------------

--
-- Table structure for table `imagecache_action`
--

CREATE TABLE `imagecache_action` (
  `actionid` int(10) UNSIGNED NOT NULL,
  `presetid` int(10) UNSIGNED NOT NULL DEFAULT '0',
  `weight` int(11) NOT NULL DEFAULT '0',
  `module` varchar(255) NOT NULL,
  `action` varchar(255) NOT NULL,
  `data` longtext NOT NULL
) ENGINE=MyISAM DEFAULT CHARSET=utf8;

-- --------------------------------------------------------

--
-- Table structure for table `imagecache_preset`
--

CREATE TABLE `imagecache_preset` (
  `presetid` int(10) UNSIGNED NOT NULL,
  `presetname` varchar(255) NOT NULL
) ENGINE=MyISAM DEFAULT CHARSET=utf8;

-- --------------------------------------------------------

--
-- Table structure for table `job_schedule`
--

CREATE TABLE `job_schedule` (
  `callback` varchar(128) NOT NULL DEFAULT '',
  `type` varchar(128) NOT NULL DEFAULT '',
  `id` int(10) UNSIGNED NOT NULL DEFAULT '0',
  `last` int(10) UNSIGNED NOT NULL DEFAULT '0',
  `period` int(10) UNSIGNED NOT NULL DEFAULT '0',
  `next` int(10) UNSIGNED NOT NULL DEFAULT '0',
  `periodic` smallint(5) UNSIGNED NOT NULL DEFAULT '0',
  `scheduled` int(10) UNSIGNED NOT NULL DEFAULT '0'
) ENGINE=MyISAM DEFAULT CHARSET=utf8;

-- --------------------------------------------------------

--
-- Table structure for table `l10n_update_file`
--

CREATE TABLE `l10n_update_file` (
  `project` varchar(50) NOT NULL,
  `language` varchar(12) NOT NULL,
  `type` varchar(50) NOT NULL DEFAULT '',
  `filename` varchar(255) NOT NULL DEFAULT '',
  `fileurl` varchar(255) NOT NULL DEFAULT '',
  `filepath` varchar(255) NOT NULL DEFAULT '',
  `timestamp` int(11) DEFAULT '0',
  `version` varchar(128) NOT NULL DEFAULT '',
  `status` int(11) NOT NULL DEFAULT '1',
  `last_checked` int(11) DEFAULT '0'
) ENGINE=MyISAM DEFAULT CHARSET=utf8;

--
-- Dumping data for table `l10n_update_file`
--

INSERT INTO `l10n_update_file` (`project`, `language`, `type`, `filename`, `fileurl`, `filepath`, `timestamp`, `version`, `status`, `last_checked`) VALUES
('admin', 'es', 'download', 'admin-6.x-2.0.es.po', 'http://ftp.drupal.org/files/translations/6.x/admin/admin-6.x-2.0.es.po', '/tmp/translation-itNkkb', 1364471067, '6.x-2.0', 1, 1364471067),
('atrium_features', 'es', 'download', 'atrium_features-6.x-1.3.es.po', 'http://ftp.drupal.org/files/translations/6.x/atrium_features/atrium_features-6.x-1.3.es.po', '/tmp/translation-YLuNlJ', 1364471069, '6.x-1.3', 1, 1364471069),
('drupal', 'es', 'download', 'drupal-6.28.es.po', 'http://ftp.drupal.org/files/translations/6.x/drupal/drupal-6.28.es.po', '/tmp/translation-2HnspI', 1364471075, '6.28', 1, 1364471075),
('boxes', 'es', 'download', 'boxes-6.x-1.1.es.po', 'http://ftp.drupal.org/files/translations/6.x/boxes/boxes-6.x-1.1.es.po', '/tmp/translation-SQhgBs', 1364471078, '6.x-1.1', 1, 1364471078),
('casetracker', 'es', 'download', 'casetracker-6.x-1.0-beta9.es.po', 'http://ftp.drupal.org/files/translations/6.x/casetracker/casetracker-6.x-1.0-beta9.es.po', '/tmp/translation-p0Gr08', 1364471086, '6.x-1.0-beta9', 1, 1364471086),
('codefilter', 'es', 'download', 'codefilter-6.x-1.0.es.po', 'http://ftp.drupal.org/files/translations/6.x/codefilter/codefilter-6.x-1.0.es.po', '/tmp/translation-sno7id', 1364471087, '6.x-1.0', 1, 1364471087),
('comment_upload', 'es', 'download', 'comment_upload-6.x-1.0-alpha6.es.po', 'http://ftp.drupal.org/files/translations/6.x/comment_upload/comment_upload-6.x-1.0-alpha6.es.po', '/tmp/translation-S24sRz', 1364471090, '6.x-1.0-alpha6', 1, 1364471090),
('cck', 'es', 'download', 'cck-6.x-2.9.es.po', 'http://ftp.drupal.org/files/translations/6.x/cck/cck-6.x-2.9.es.po', '/tmp/translation-LvXRHP', 1364471095, '6.x-2.9', 1, 1364471095),
('content_profile', 'es', 'download', 'content_profile-6.x-1.0.es.po', 'http://ftp.drupal.org/files/translations/6.x/content_profile/content_profile-6.x-1.0.es.po', '/tmp/translation-5bKzSy', 1364471098, '6.x-1.0', 1, 1364471098),
('ctools', 'es', 'download', 'ctools-6.x-1.10.es.po', 'http://ftp.drupal.org/files/translations/6.x/ctools/ctools-6.x-1.10.es.po', '/tmp/translation-PxVPXD', 1364471102, '6.x-1.10', 1, 1364471102),
('date', 'es', 'download', 'date-6.x-2.9.es.po', 'http://ftp.drupal.org/files/translations/6.x/date/date-6.x-2.9.es.po', '/tmp/translation-xqz0mJ', 1364471105, '6.x-2.9', 1, 1364471105),
('designkit', 'es', 'download', 'designkit-6.x-1.0-beta1.es.po', 'http://ftp.drupal.org/files/translations/6.x/designkit/designkit-6.x-1.0-beta1.es.po', '/tmp/translation-x7vnAT', 1364471107, '6.x-1.0-beta1', 1, 1364471107),
('diff', 'es', 'download', 'diff-6.x-2.3.es.po', 'http://ftp.drupal.org/files/translations/6.x/diff/diff-6.x-2.3.es.po', '/tmp/translation-Oohtl0', 1364471109, '6.x-2.3', 1, 1364471109),
('features', 'es', 'download', 'features-6.x-1.2.es.po', 'http://ftp.drupal.org/files/translations/6.x/features/features-6.x-1.2.es.po', '/tmp/translation-THsGih', 1364471112, '6.x-1.2', 1, 1364471112),
('feeds', 'es', 'download', 'feeds-6.x-1.0-beta13.es.po', 'http://ftp.drupal.org/files/translations/6.x/feeds/feeds-6.x-1.0-beta13.es.po', '/tmp/translation-5nv2nR', 1364471117, '6.x-1.0-beta13', 1, 1364471117),
('imageapi', 'es', 'download', 'imageapi-6.x-1.10.es.po', 'http://ftp.drupal.org/files/translations/6.x/imageapi/imageapi-6.x-1.10.es.po', '/tmp/translation-QVHUDA', 1364471120, '6.x-1.10', 1, 1364471120),
('imagecache', 'es', 'download', 'imagecache-6.x-2.0-rc1.es.po', 'http://ftp.drupal.org/files/translations/6.x/imagecache/imagecache-6.x-2.0-rc1.es.po', '/tmp/translation-syTVuU', 1364471123, '6.x-2.0-rc1', 1, 1364471123),
('imagecache_profiles', 'es', 'download', 'imagecache_profiles-6.x-1.3.es.po', 'http://ftp.drupal.org/files/translations/6.x/imagecache_profiles/imagecache_profiles-6.x-1.3.es.po', '/tmp/translation-sp0Crt', 1364471124, '6.x-1.3', 1, 1364471124),
('itweak_upload', 'es', 'download', 'itweak_upload-6.x-2.6.es.po', 'http://ftp.drupal.org/files/translations/6.x/itweak_upload/itweak_upload-6.x-2.6.es.po', '/tmp/translation-bYxyOE', 1364471126, '6.x-2.6', 1, 1364471126),
('job_scheduler', 'es', 'download', 'job_scheduler-6.x-1.0-beta3.es.po', 'http://ftp.drupal.org/files/translations/6.x/job_scheduler/job_scheduler-6.x-1.0-beta3.es.po', '/tmp/translation-jUAicH', 1364471128, '6.x-1.0-beta3', 1, 1364471128),
('jquery_ui', 'es', 'download', 'jquery_ui-6.x-1.5.es.po', 'http://ftp.drupal.org/files/translations/6.x/jquery_ui/jquery_ui-6.x-1.5.es.po', '/tmp/translation-eqOEO5', 1364471129, '6.x-1.5', 1, 1364471129),
('jquery_update', 'es', 'download', 'jquery_update-6.x-2.0-alpha1.es.po', 'http://ftp.drupal.org/files/translations/6.x/jquery_update/jquery_update-6.x-2.0-alpha1.es.po', '/tmp/translation-RUgaTa', 1364471131, '6.x-2.0-alpha1', 1, 1364471131),
('l10n_update', 'es', 'download', 'l10n_update-6.x-1.0-beta3.es.po', 'http://ftp.drupal.org/files/translations/6.x/l10n_update/l10n_update-6.x-1.0-beta3.es.po', '/tmp/translation-cpqKet', 1364471134, '6.x-1.0-beta3', 1, 1364471134),
('libraries', 'es', 'download', 'libraries-6.x-1.0.es.po', 'http://ftp.drupal.org/files/translations/6.x/libraries/libraries-6.x-1.0.es.po', '/tmp/translation-yxARHC', 1364471134, '6.x-1.0', 1, 1364471134),
('litecal', 'es', 'download', 'litecal-6.x-1.0.es.po', 'http://ftp.drupal.org/files/translations/6.x/litecal/litecal-6.x-1.0.es.po', '/tmp/translation-LMgBuS', 1364471137, '6.x-1.0', 1, 1364471137),
('markdown', 'es', 'download', 'markdown-6.x-1.3.es.po', 'http://ftp.drupal.org/files/translations/6.x/markdown/markdown-6.x-1.3.es.po', '/tmp/translation-qxYUBr', 1364471139, '6.x-1.3', 1, 1364471139),
('messaging', 'es', 'download', 'messaging-6.x-2.4.es.po', 'http://ftp.drupal.org/files/translations/6.x/messaging/messaging-6.x-2.4.es.po', '/tmp/translation-TL6M2m', 1364471140, '6.x-2.4', 1, 1364471140),
('nodeformcols', 'es', 'download', 'nodeformcols-6.x-1.6.es.po', 'http://ftp.drupal.org/files/translations/6.x/nodeformcols/nodeformcols-6.x-1.6.es.po', '/tmp/translation-tg9RWP', 1364471142, '6.x-1.6', 1, 1364471142),
('notifications', 'es', 'download', 'notifications-6.x-2.3.es.po', 'http://ftp.drupal.org/files/translations/6.x/notifications/notifications-6.x-2.3.es.po', '/tmp/translation-zwq82F', 1364471147, '6.x-2.3', 1, 1364471147),
('notifications_team', 'es', 'download', 'notifications_team-6.x-2.1-beta9.es.po', 'http://ftp.drupal.org/files/translations/6.x/notifications_team/notifications_team-6.x-2.1-beta9.es.po', '/tmp/translation-WZkzF5', 1364471148, '6.x-2.1-beta9', 1, 1364471148),
('og', 'es', 'download', 'og-6.x-2.4.es.po', 'http://ftp.drupal.org/files/translations/6.x/og/og-6.x-2.4.es.po', '/tmp/translation-lLJAdn', 1364471153, '6.x-2.4', 1, 1364471153),
('openidadmin', 'es', 'download', 'openidadmin-6.x-1.2.es.po', 'http://ftp.drupal.org/files/translations/6.x/openidadmin/openidadmin-6.x-1.2.es.po', '/tmp/translation-hQn9cH', 1364471155, '6.x-1.2', 1, 1364471155),
('parser_ical', 'es', 'download', 'parser_ical-6.x-2.0-beta1.es.po', 'http://ftp.drupal.org/files/translations/6.x/parser_ical/parser_ical-6.x-2.0-beta1.es.po', '/tmp/translation-0AROpb', 1364471159, '6.x-2.0-beta1', 1, 1364471159),
('purl', 'es', 'download', 'purl-6.x-1.0-beta13.es.po', 'http://ftp.drupal.org/files/translations/6.x/purl/purl-6.x-1.0-beta13.es.po', '/tmp/translation-FHYNNj', 1364471160, '6.x-1.0-beta13', 1, 1364471160),
('reldate', 'es', 'download', 'reldate-6.x-1.0-beta2.es.po', 'http://ftp.drupal.org/files/translations/6.x/reldate/reldate-6.x-1.0-beta2.es.po', '/tmp/translation-YVH5EQ', 1364471162, '6.x-1.0-beta2', 1, 1364471162),
('spaces', 'es', 'download', 'spaces-6.x-3.6.es.po', 'http://ftp.drupal.org/files/translations/6.x/spaces/spaces-6.x-3.6.es.po', '/tmp/translation-bhEKIF', 1364471164, '6.x-3.6', 1, 1364471164),
('strongarm', 'es', 'download', 'strongarm-6.x-2.2.es.po', 'http://ftp.drupal.org/files/translations/6.x/strongarm/strongarm-6.x-2.2.es.po', '/tmp/translation-CYnU7T', 1364471165, '6.x-2.2', 1, 1364471165),
('token', 'es', 'download', 'token-6.x-1.19.es.po', 'http://ftp.drupal.org/files/translations/6.x/token/token-6.x-1.19.es.po', '/tmp/translation-y4RFAg', 1364471168, '6.x-1.19', 1, 1364471168),
('transliteration', 'es', 'download', 'transliteration-6.x-3.1.es.po', 'http://ftp.drupal.org/files/translations/6.x/transliteration/transliteration-6.x-3.1.es.po', '/tmp/translation-PeW2PK', 1364471170, '6.x-3.1', 1, 1364471170),
('ucreate', 'es', 'download', 'ucreate-6.x-1.0-beta4.es.po', 'http://ftp.drupal.org/files/translations/6.x/ucreate/ucreate-6.x-1.0-beta4.es.po', '/tmp/translation-XEOW7W', 1364471172, '6.x-1.0-beta4', 1, 1364471172),
('views', 'es', 'download', 'views-6.x-2.16.es.po', 'http://ftp.drupal.org/files/translations/6.x/views/views-6.x-2.16.es.po', '/tmp/translation-Mv1ZR6', 1364471175, '6.x-2.16', 1, 1364471175),
('xref', 'es', 'download', 'xref-6.x-1.1.es.po', 'http://ftp.drupal.org/files/translations/6.x/xref/xref-6.x-1.1.es.po', '/tmp/translation-1BfAT7', 1364471178, '6.x-1.1', 1, 1364471178);

-- --------------------------------------------------------

--
-- Table structure for table `l10n_update_project`
--

CREATE TABLE `l10n_update_project` (
  `name` varchar(50) NOT NULL,
  `project_type` varchar(50) NOT NULL,
  `core` varchar(128) NOT NULL DEFAULT '',
  `version` varchar(128) NOT NULL DEFAULT '',
  `l10n_server` varchar(255) NOT NULL DEFAULT '',
  `l10n_path` varchar(255) NOT NULL DEFAULT '',
  `status` int(11) NOT NULL DEFAULT '1'
) ENGINE=MyISAM DEFAULT CHARSET=utf8;

--
-- Dumping data for table `l10n_update_project`
--

INSERT INTO `l10n_update_project` (`name`, `project_type`, `core`, `version`, `l10n_server`, `l10n_path`, `status`) VALUES
('admin', 'module', '6.x', '6.x-2.0', '', 'http://ftp.drupal.org/files/translations/6.x/admin/admin-6.x-2.0.%language.po', 1),
('atrium_features', 'module', '6.x', '6.x-1.3', '', 'http://ftp.drupal.org/files/translations/6.x/atrium_features/atrium_features-6.x-1.3.%language.po', 1),
('drupal', 'core', '6.x', '6.28', '', 'http://ftp.drupal.org/files/translations/6.x/drupal/drupal-6.28.%language.po', 1),
('boxes', 'module', '6.x', '6.x-1.1', '', 'http://ftp.drupal.org/files/translations/6.x/boxes/boxes-6.x-1.1.%language.po', 1),
('casetracker', 'module', '6.x', '6.x-1.0-beta9', '', 'http://ftp.drupal.org/files/translations/6.x/casetracker/casetracker-6.x-1.0-beta9.%language.po', 1),
('codefilter', 'module', '6.x', '6.x-1.0', '', 'http://ftp.drupal.org/files/translations/6.x/codefilter/codefilter-6.x-1.0.%language.po', 1),
('comment_upload', 'module', '6.x', '6.x-1.0-alpha6', '', 'http://ftp.drupal.org/files/translations/6.x/comment_upload/comment_upload-6.x-1.0-alpha6.%language.po', 1),
('cck', 'module', '6.x', '6.x-2.9', '', 'http://ftp.drupal.org/files/translations/6.x/cck/cck-6.x-2.9.%language.po', 1),
('content_profile', 'module', '6.x', '6.x-1.0', '', 'http://ftp.drupal.org/files/translations/6.x/content_profile/content_profile-6.x-1.0.%language.po', 1),
('context', 'module', '6.x', '6.x-3.1', '', 'http://ftp.drupal.org/files/translations/6.x/context/context-6.x-3.1.%language.po', 1),
('crayon', 'module', '6.x', '6.x-1.0-beta3', '', 'http://ftp.drupal.org/files/translations/6.x/crayon/crayon-6.x-1.0-beta3.%language.po', 1),
('ctools', 'module', '6.x', '6.x-1.10', '', 'http://ftp.drupal.org/files/translations/6.x/ctools/ctools-6.x-1.10.%language.po', 1),
('date', 'module', '6.x', '6.x-2.9', '', 'http://ftp.drupal.org/files/translations/6.x/date/date-6.x-2.9.%language.po', 1),
('designkit', 'module', '6.x', '6.x-1.0-beta1', '', 'http://ftp.drupal.org/files/translations/6.x/designkit/designkit-6.x-1.0-beta1.%language.po', 1),
('diff', 'module', '6.x', '6.x-2.3', '', 'http://ftp.drupal.org/files/translations/6.x/diff/diff-6.x-2.3.%language.po', 1),
('features', 'module', '6.x', '6.x-1.2', '', 'http://ftp.drupal.org/files/translations/6.x/features/features-6.x-1.2.%language.po', 1),
('feeds', 'module', '6.x', '6.x-1.0-beta13', '', 'http://ftp.drupal.org/files/translations/6.x/feeds/feeds-6.x-1.0-beta13.%language.po', 1),
('imageapi', 'module', '6.x', '6.x-1.10', '', 'http://ftp.drupal.org/files/translations/6.x/imageapi/imageapi-6.x-1.10.%language.po', 1),
('imagecache', 'module', '6.x', '6.x-2.0-rc1', '', 'http://ftp.drupal.org/files/translations/6.x/imagecache/imagecache-6.x-2.0-rc1.%language.po', 1),
('imagecache_profiles', 'module', '6.x', '6.x-1.3', '', 'http://ftp.drupal.org/files/translations/6.x/imagecache_profiles/imagecache_profiles-6.x-1.3.%language.po', 1),
('itweak_upload', 'module', '6.x', '6.x-2.6', '', 'http://ftp.drupal.org/files/translations/6.x/itweak_upload/itweak_upload-6.x-2.6.%language.po', 1),
('job_scheduler', 'module', '6.x', '6.x-1.0-beta3', '', 'http://ftp.drupal.org/files/translations/6.x/job_scheduler/job_scheduler-6.x-1.0-beta3.%language.po', 1),
('jquery_ui', 'module', '6.x', '6.x-1.5', '', 'http://ftp.drupal.org/files/translations/6.x/jquery_ui/jquery_ui-6.x-1.5.%language.po', 1),
('jquery_update', 'module', '6.x', '6.x-2.0-alpha1', '', 'http://ftp.drupal.org/files/translations/6.x/jquery_update/jquery_update-6.x-2.0-alpha1.%language.po', 1),
('l10n_update', 'module', '6.x', '6.x-1.0-beta3', '', 'http://ftp.drupal.org/files/translations/6.x/l10n_update/l10n_update-6.x-1.0-beta3.%language.po', 1),
('libraries', 'module', '6.x', '6.x-1.0', '', 'http://ftp.drupal.org/files/translations/6.x/libraries/libraries-6.x-1.0.%language.po', 1),
('litecal', 'module', '6.x', '6.x-1.0', '', 'http://ftp.drupal.org/files/translations/6.x/litecal/litecal-6.x-1.0.%language.po', 1),
('markdown', 'module', '6.x', '6.x-1.3', '', 'http://ftp.drupal.org/files/translations/6.x/markdown/markdown-6.x-1.3.%language.po', 1),
('messaging', 'module', '6.x', '6.x-2.4', '', 'http://ftp.drupal.org/files/translations/6.x/messaging/messaging-6.x-2.4.%language.po', 1),
('nodeformcols', 'module', '6.x', '6.x-1.6', '', 'http://ftp.drupal.org/files/translations/6.x/nodeformcols/nodeformcols-6.x-1.6.%language.po', 1),
('notifications', 'module', '6.x', '6.x-2.3', '', 'http://ftp.drupal.org/files/translations/6.x/notifications/notifications-6.x-2.3.%language.po', 1),
('notifications_team', 'module', '6.x', '6.x-2.1-beta9', '', 'http://ftp.drupal.org/files/translations/6.x/notifications_team/notifications_team-6.x-2.1-beta9.%language.po', 1),
('og', 'module', '6.x', '6.x-2.4', '', 'http://ftp.drupal.org/files/translations/6.x/og/og-6.x-2.4.%language.po', 1),
('openidadmin', 'module', '6.x', '6.x-1.2', '', 'http://ftp.drupal.org/files/translations/6.x/openidadmin/openidadmin-6.x-1.2.%language.po', 1),
('parser_ical', 'module', '6.x', '6.x-2.0-beta1', '', 'http://ftp.drupal.org/files/translations/6.x/parser_ical/parser_ical-6.x-2.0-beta1.%language.po', 1),
('prepopulate', 'module', '6.x', '6.x-2.2', '', 'http://ftp.drupal.org/files/translations/6.x/prepopulate/prepopulate-6.x-2.2.%language.po', 1),
('purl', 'module', '6.x', '6.x-1.0-beta13', '', 'http://ftp.drupal.org/files/translations/6.x/purl/purl-6.x-1.0-beta13.%language.po', 1),
('reldate', 'module', '6.x', '6.x-1.0-beta2', '', 'http://ftp.drupal.org/files/translations/6.x/reldate/reldate-6.x-1.0-beta2.%language.po', 1),
('spaces', 'module', '6.x', '6.x-3.6', '', 'http://ftp.drupal.org/files/translations/6.x/spaces/spaces-6.x-3.6.%language.po', 1),
('strongarm', 'module', '6.x', '6.x-2.2', '', 'http://ftp.drupal.org/files/translations/6.x/strongarm/strongarm-6.x-2.2.%language.po', 1),
('token', 'module', '6.x', '6.x-1.19', '', 'http://ftp.drupal.org/files/translations/6.x/token/token-6.x-1.19.%language.po', 1),
('transliteration', 'module', '6.x', '6.x-3.1', '', 'http://ftp.drupal.org/files/translations/6.x/transliteration/transliteration-6.x-3.1.%language.po', 1),
('ucreate', 'module', '6.x', '6.x-1.0-beta4', '', 'http://ftp.drupal.org/files/translations/6.x/ucreate/ucreate-6.x-1.0-beta4.%language.po', 1),
('views', 'module', '6.x', '6.x-2.16', '', 'http://ftp.drupal.org/files/translations/6.x/views/views-6.x-2.16.%language.po', 1),
('xref', 'module', '6.x', '6.x-1.1', '', 'http://ftp.drupal.org/files/translations/6.x/xref/xref-6.x-1.1.%language.po', 1),
('user_import', 'module', '6.x', '6.x-4.2', '', 'http://ftp.drupal.org/files/translations/6.x/user_import/user_import-6.x-4.2.%language.po', 1),
('node_access', 'module', '6.x', '6.x-1.8', '', 'http://ftp.drupal.org/files/translations/6.x/node_access/node_access-6.x-1.8.%language.po', 0),
('tagadelic', 'module', '6.x', '6.x-1.3', '', 'http://ftp.drupal.org/files/translations/6.x/tagadelic/tagadelic-6.x-1.3.%language.po', 1),
('webform', 'module', '6.x', '6.x-3.19', '', 'http://ftp.drupal.org/files/translations/6.x/webform/webform-6.x-3.19.%language.po', 1),
('webform_report', 'module', '6.x', '6.x-2.1', '', 'http://ftp.drupal.org/files/translations/6.x/webform_report/webform_report-6.x-2.1.%language.po', 1);

-- --------------------------------------------------------

--
-- Table structure for table `languages`
--

CREATE TABLE `languages` (
  `language` varchar(12) NOT NULL DEFAULT '',
  `name` varchar(64) NOT NULL DEFAULT '',
  `native` varchar(64) NOT NULL DEFAULT '',
  `direction` int(11) NOT NULL DEFAULT '0',
  `enabled` int(11) NOT NULL DEFAULT '0',
  `plurals` int(11) NOT NULL DEFAULT '0',
  `formula` varchar(128) NOT NULL DEFAULT '',
  `domain` varchar(128) NOT NULL DEFAULT '',
  `prefix` varchar(128) NOT NULL DEFAULT '',
  `weight` int(11) NOT NULL DEFAULT '0',
  `javascript` varchar(32) NOT NULL DEFAULT ''
) ENGINE=MyISAM DEFAULT CHARSET=utf8;

--
-- Dumping data for table `languages`
--

INSERT INTO `languages` (`language`, `name`, `native`, `direction`, `enabled`, `plurals`, `formula`, `domain`, `prefix`, `weight`, `javascript`) VALUES
('es', 'Spanish', 'Español', 0, 1, 2, '($n!=1)', '', 'es', 0, '89215ef11396578ac833a829edf80d88');

-- --------------------------------------------------------

--
-- Table structure for table `locales_source`
--

CREATE TABLE `locales_source` (
  `lid` int(11) NOT NULL,
  `location` varchar(255) NOT NULL DEFAULT '',
  `textgroup` varchar(255) NOT NULL DEFAULT 'default',
  `source` blob NOT NULL,
  `version` varchar(20) NOT NULL DEFAULT 'none'
) ENGINE=MyISAM DEFAULT CHARSET=utf8;

--
-- Dumping data for table `locales_source`
--

INSERT INTO `locales_source` (`lid`, `location`, `textgroup`, `source`, `version`) VALUES
(1, '/install.php?locale=es&profile=openatrium&op=start&id=2', 'default', 0x47726f7570207370616365, '6.28'),
(2, '/install.php?locale=es&profile=openatrium&op=start&id=2', 'default', 0x53657473206120737061636520617320746865206163746976652073706163652e, '6.28'),
(3, '', 'default', 0x4163636f756e742073657474696e6773, '6.28'),
(1235, '', 'default', 0x4d79206163636f756e74, '6.28'),
(4, '', 'default', 0x47726f757073, '6.28'),
(1246, '', 'default', 0x5465787420746f20646973706c617920666f7220616e6f6e796d6f7573207573657273, 'none'),
(5, '', 'default', 0x636f6e74657874, '6.28'),
(4825, '', 'default', 0x436f6d6d656e7420666f726d, '6.28'),
(6, '', 'default', 0x436f6e74657874, '6.28'),
(4932, '', 'default', 0x47656e6572616c20666f726d, '6.28'),
(7, '/install.php?locale=es&profile=openatrium&op=start&id=2', 'default', 0x636f6e7465787473, '6.28'),
(8, '', 'default', 0x436f6e7465787473, '6.28'),
(4922, '', 'default', 0x4c6f6164696e67, 'none'),
(9, '; profiles/openatrium/modules/contrib/features/features.js', 'default', 0x45646974, '6.28'),
(1449, '', 'default', 0x53697a65, '6.28'),
(10, '', 'default', 0x456e61626c65, '6.28'),
(4824, '', 'default', 0x4c6f67696e, '6.28'),
(11, '', 'default', 0x44697361626c65, '6.28'),
(4823, '', 'default', 0x41636365737320636f6e74726f6c, '6.28'),
(12, '', 'default', 0x526576657274, '6.28'),
(1875, '', 'default', 0x4578697374696e672073797374656d2070617468, 'none'),
(13, 'casetracker.module:684', 'default', 0x44656c657465, '6.28'),
(1413, '', 'default', 0x64656e79, 'none'),
(14, '', 'default', 0x436c6f6e65, '6.28'),
(4864, '', 'default', 0x4e6f726d616c206d656e75206974656d, 'none'),
(15, '', 'default', 0x496d706f7274, '6.28'),
(1478, '', 'default', 0x50726576696577, '6.28'),
(16, '', 'default', 0x4578706f7274, '6.28'),
(1477, '', 'default', 0x4f75746c696e65, 'none'),
(17, '', 'default', 0x4164642061206e65772040706c7567696e, '6.28'),
(5798, '', 'default', 0x4d616b65207468697320636f6e74656e74207265757361626c65, 'none'),
(18, '', 'default', 0x456469742040706c7567696e20257469746c65, '6.28'),
(19, '', 'default', 0x436c6f6e652040706c7567696e20257469746c65, '6.28'),
(5797, '', 'default', 0x4d697373696e672f64656c6574656420636f6e74656e74, 'none'),
(20, '', 'default', 0x496d706f72742040706c7567696e, '6.28'),
(21, '', 'default', 0x4578706f72742040706c7567696e20257469746c65, '6.28'),
(22, '', 'default', 0x41726520796f75207375726520796f752077616e7420746f2072657665727420257469746c653f, '6.28'),
(23, '', 'default', 0x5468697320616374696f6e2077696c6c207065726d616e656e746c792072656d6f766520616e7920637573746f6d697a6174696f6e73206d61646520746f2074686973206974656d2e, '6.28'),
(5796, '', 'default', 0x4966206e6f20766f636162756c61726965732061726520636865636b65642c207465726d732066726f6d20616c6c20766f636162756c61726965732077696c6c2062652061636365707465642e, 'none'),
(24, '', 'default', 0x546865206974656d20686173206265656e2072657665727465642e, '6.28'),
(25, '', 'default', 0x41726520796f75207375726520796f752077616e7420746f2064656c65746520257469746c653f, '6.28'),
(1545, '', 'default', 0x536176652063617465676f72696573, 'none'),
(26, '', 'default', 0x5468697320616374696f6e2077696c6c207065726d616e656e746c792072656d6f76652074686973206974656d2066726f6d20796f75722064617461626173652e2e, '6.28'),
(5795, '', 'default', 0x4c696d697420746f20746865736520766f636162756c6172696573, 'none'),
(27, '', 'default', 0x546865206974656d20686173206265656e2064656c657465642e, '6.28'),
(5158, '', 'default', 0x47726561746572207468616e206f7220657175616c20746f, 'none'),
(28, '', 'default', 0x257469746c6520686173206265656e20637265617465642e, '6.28'),
(5794, '', 'default', 0x436f6e666967757265207374796c65, 'none'),
(29, '', 'default', 0x257469746c6520636f756c64206e6f7420626520637265617465642e, '6.28'),
(30, '', 'default', 0x257469746c6520686173206265656e20757064617465642e, '6.28'),
(31, '', 'default', 0x257469746c6520636f756c64206e6f7420626520757064617465642e, '6.28'),
(5793, '', 'default', 0x546865206578706f727420646566696e6974696f6e206f6620407461626c65206973206d697373696e672074686520227072696d617279206b6579222070726f70657274792e, 'none'),
(32, '', 'default', 0x596f752063616e20696d706f727420616e206578706f7274656420646566696e6974696f6e2062792070617374696e6720746865206578706f72746564206f626a65637420636f646520696e746f20746865206669656c642062656c6f772e, '6.28'),
(5792, '', 'default', 0x4e6f206974656d20666f756e642e, 'none'),
(33, '', 'default', 0x40706c7567696e20257469746c652077617320656e61626c65642e, '6.28'),
(34, '', 'default', 0x40706c7567696e20257469746c65207761732064697361626c65642e, '6.28'),
(5791, '', 'default', 0x436f6e66696775726174696f6e206572726f722e204e6f2068616e646c657220666f756e642e, 'none'),
(35, '', 'default', 0x417574686f72, '6.28'),
(36, '/install.php?locale=es&profile=openatrium&op=start&id=2', 'default', 0x5370616365732066656174757265, '6.28'),
(37, '/install.php?locale=es&profile=openatrium&op=start&id=2', 'default', 0x4163636573732077696c6c206265206772616e7465642069662074686520676976656e206665617475726520697320656e61626c656420696e207468652063757272656e742073706163652e, '6.28'),
(38, '', 'default', 0x436f6d6d656e74, '6.28'),
(1617, '', 'default', 0x486f73746e616d65, '6.28'),
(39, '', 'default', 0x446973706c61792074686520636f6d6d656e742077697468207374616e6461726420636f6d6d656e7420766965772e, '6.28'),
(40, '', 'default', 0x446973706c61792074686520636f6d6d656e74206173205253532e, '6.28'),
(8024, '', 'default', 0x4c696e6b20746f20636f6e746163742070616765, 'none'),
(41, '', 'default', 0x4e6f6465, '6.28'),
(42, '', 'default', 0x446973706c617920746865206e6f64652077697468207374616e64617264206e6f646520766965772e, '6.28'),
(7713, '', 'default', 0x4361706974616c697a65206669727374206c6574746572, 'none'),
(43, '', 'default', 0x4e6f64652049442066726f6d2055524c, '6.28'),
(8087, '', 'default', 0x446973706c61792025646973706c617920686173206e6f2061636365737320636f6e74726f6c2062757420646f6573206e6f7420636f6e7461696e20612066696c74657220666f72207075626c6973686564206e6f6465732e, 'none'),
(44, '', 'default', 0x5461786f6e6f6d79207465726d, '6.28'),
(1476, '', 'default', 0x63617465676f7279, '6.28'),
(45, '', 'default', 0x5461786f6e6f6d79205465726d2049442066726f6d2055524c, '6.28'),
(8505, '', 'default', 0x5472616e736c617465206c696e6b, 'none'),
(46, '', 'default', 0x557365722049442066726f6d2055524c, '6.28'),
(47, '', 'default', 0x557365722049442066726f6d206c6f6767656420696e2075736572, '6.28'),
(8176, '', 'default', 0x52616e646f6d697a652074686520646973706c6179206f726465722e, '6.28'),
(48, '', 'default', 0x55736572, '6.28'),
(1534, '', 'default', 0x616374696f6e, 'none'),
(49, '', 'default', 0x446174652062726f77736572, '6.28'),
(50, '', 'default', 0x44617465206261636b2f6e657874206e617669676174696f6e20746f2061747461636820746f206f7468657220646973706c6179732e20526571756972657320746865204461746520617267756d656e742e, '6.28'),
(6301, '', 'default', 0x53656c656374207468652074797065206f6620646174652076616c756520746f206265207573656420696e2064656661756c74732c2073756d6d61726965732c20616e64206e617669676174696f6e2e20466f72206578616d706c652c2061206772616e756c6172697479206f6620276d6f6e7468272077696c6c20736574207468652064656661756c74206461746520746f207468652063757272656e74206d6f6e74682c2073756d6d6172697a65206279206d6f6e746820696e2073756d6d6172792076696577732c20616e64206c696e6b20746f20746865206e65787420616e642070726576696f7573206d6f6e7468207768656e207573696e672064617465206e617669676174696f6e2e, 'none'),
(51, '', 'default', 0x446174652062726f77736572207374796c65, '6.28'),
(52, '', 'default', 0x43726561746573206261636b2f6e657874206e617669676174696f6e2e, '6.28'),
(6300, '', 'default', 0x44617465202821626173655f7461626c6529, '6.28'),
(53, '', 'default', 0x47726f7570206e6f646573, '6.28'),
(7292, '', 'default', 0x47726f75703a204465736372697074696f6e, '6.28'),
(54, '/install.php?locale=es&profile=openatrium&op=start&id=2', 'default', 0x43757272656e742067726f7570206e6f64652066726f6d20636f6e74657874, '6.28'),
(55, '/install.php?locale=es&profile=openatrium&op=start&id=2', 'default', 0x5573657220696e2063757272656e74207573657227732067726f757073, '6.28'),
(56, '', 'default', 0x44656661756c7473, '6.28'),
(1230, '', 'default', 0x50616765206e6f7420666f756e64, '6.28'),
(57, '', 'default', 0x44656661756c742073657474696e677320666f72207468697320766965772e, '6.28'),
(58, '', 'default', 0x50616765, '6.28'),
(1217, '', 'default', 0x525353, '6.28'),
(59, '', 'default', 0x446973706c6179207468652076696577206173206120706167652c207769746820612055524c20616e64206d656e75206c696e6b732e, '6.28'),
(60, '', 'default', 0x426c6f636b, '6.28'),
(1218, '', 'default', 0x46756c6c2076696577, 'none'),
(61, '', 'default', 0x446973706c6179207468652076696577206173206120626c6f636b2e, '6.28'),
(62, '', 'default', 0x4174746163686d656e74, '6.28'),
(1528, '', 'default', 0x53657474696e677320666f722040726f6c65, '6.28'),
(63, '', 'default', 0x4174746163686d656e747320616464656420746f206f7468657220646973706c61797320746f2061636869657665206d756c7469706c6520766965777320696e207468652073616d6520766965772e, '6.28'),
(7982, '', 'default', 0x546865206461746520746865206f726967696e616c2066656564206974656d2077617320706f737465642e20285769746820736f6d652066656564732c20746869732077696c6c2062652074686520646174652069742077617320696d706f727465642e29, 'none'),
(64, '', 'default', 0x46656564, '6.28'),
(65, '', 'default', 0x446973706c6179207468652076696577206173206120666565642c207375636820617320616e2052535320666565642e, '6.28'),
(66, '', 'default', 0x556e666f726d6174746564, '6.28'),
(7604, '', 'default', 0x506c7572616c, '6.28'),
(67, '', 'default', 0x446973706c61797320726f7773206f6e6520616674657220616e6f746865722e, '6.28'),
(7981, '', 'default', 0x5468652061637475616c20636f6e74656e74206f662074686520696d706f72746564206974656d2e, 'none'),
(68, '', 'default', 0x48544d4c204c697374, '6.28'),
(69, '', 'default', 0x446973706c61797320726f777320617320616e2048544d4c206c6973742e, '6.28'),
(7980, '', 'default', 0x54686520617574686f72206f6620746865206f726967696e616c20696d706f72746564206974656d2e, 'none'),
(70, '', 'default', 0x47726964, '6.28'),
(7613, '', 'default', 0x476c6f62616c, '6.28'),
(71, '', 'default', 0x446973706c61797320726f777320696e206120677269642e, '6.28'),
(72, '', 'default', 0x5461626c65, '6.28'),
(1697, '', 'default', 0x4d6f6e, '6.28'),
(73, '', 'default', 0x446973706c61797320726f777320696e2061207461626c652e, '6.28'),
(74, 'casetracker.module:84;108;142', 'default', 0x4c697374, '6.28'),
(1410, '', 'default', 0x64697361626c6564, '6.28'),
(75, '', 'default', 0x446973706c617973207468652064656661756c742073756d6d6172792061732061206c6973742e, '6.28'),
(7979, '', 'default', 0x546865206c696e6b20746f20746865206f726967696e616c20736f757263652055524c206f6620746865206974656d2e, 'none'),
(76, '', 'default', 0x446973706c617973207468652073756d6d61727920756e666f726d61747465642c2077697468206f7074696f6e20666f72206f6e6520616674657220616e6f74686572206f7220696e6c696e652e, '6.28'),
(77, '', 'default', 0x5253532046656564, '6.28'),
(7603, '', 'default', 0x4e657720636f6d6d656e7473, '6.28'),
(78, '', 'default', 0x47656e65726174657320616e2052535320666565642066726f6d206120766965772e, '6.28'),
(7978, '', 'default', 0x546865207469746c65206f66207468652061676772656761746f72206974656d2e, 'none'),
(79, '', 'default', 0x4669656c6473, '6.28'),
(4417, '', 'default', 0x5769646765742074797065, 'none'),
(80, '', 'default', 0x446973706c61797320746865206669656c6473207769746820616e206f7074696f6e616c2074656d706c6174652e, '6.28'),
(81, '', 'default', 0x466978656420656e747279, '6.28'),
(82, '', 'default', 0x50485020436f6465, '6.28'),
(4906, '', 'default', 0x446f75626c65, 'none'),
(83, '', 'default', 0x4e756d65726963, '6.28'),
(7717, '', 'default', 0x416c742074657874, '6.28'),
(84, '', 'default', 0x4e6f6e65, '6.28'),
(4404, '', 'default', 0x446973706c61792073657474696e6773, 'none'),
(85, '', 'default', 0x57696c6c20626520617661696c61626c6520746f20616c6c2075736572732e, '6.28'),
(7977, '', 'default', 0x41676772656761746f72206974656d732061726520696d706f727465642066726f6d2065787465726e616c2052535320616e642041746f6d206e6577732066656564732e, 'none'),
(86, '', 'default', 0x526f6c65, '6.28'),
(4863, '', 'default', 0x457869737473, '6.28'),
(87, '', 'default', 0x4163636573732077696c6c206265206772616e74656420746f207573657273207769746820616e79206f66207468652073706563696669656420726f6c65732e, '6.28'),
(88, '', 'default', 0x5065726d697373696f6e, '6.28'),
(2149, '', 'default', 0x406d6f64756c65206d6f64756c65, '6.28'),
(89, '', 'default', 0x4163636573732077696c6c206265206772616e74656420746f20757365727320776974682074686520737065636966696564207065726d697373696f6e20737472696e672e, '6.28'),
(7679, '', 'default', 0x53686f7720416c6c, 'none'),
(90, '', 'default', 0x4e6f2063616368696e67206f6620566965777320646174612e, '6.28'),
(91, '', 'default', 0x54696d652d6261736564, '6.28'),
(92, '', 'default', 0x53696d706c652074696d652d62617365642063616368696e67206f6620646174612e, '6.28'),
(7974, '', 'default', 0x7365745f646973706c617928292063616c6c6564207769746820696e76616c696420646973706c61792069642040646973706c61792e, 'none'),
(93, '', 'default', 0x4a756d70206d656e75, '6.28'),
(94, '', 'default', 0x5075747320616c6c206f662074686520726573756c747320696e746f20612073656c65637420626f7820616e6420616c6c6f777320746865207573657220746f20676f20746f206120646966666572656e7420706167652062617365642075706f6e2074686520726573756c74732e, '6.28'),
(8452, '', 'default', 0x486f73746e616d65206f662075736572207468617420706f737465642074686520636f6d6d656e742e, '6.28'),
(95, 'content.module:80', 'default', 0x6669656c6473, '6.28'),
(7586, '', 'default', 0x557064617465642064617465, '6.28'),
(96, '', 'default', 0x4669656c64, '6.28'),
(4406, 'content_admin.inc:16;87;232;310;533', 'default', 0x4c6162656c, '6.28'),
(97, '', 'default', 0x6669656c64, '6.28'),
(7642, '', 'default', 0x546865206e6f6465207468652075706c6f616465642066696c6520697320617474616368656420746f, '6.28'),
(98, '', 'default', 0x417267756d656e7473, '6.28'),
(4866, '', 'default', 0x4f70657261746f72, '6.28'),
(99, '', 'default', 0x617267756d656e7473, '6.28'),
(7614, '', 'default', 0x44697374696e6374, '6.28'),
(100, '', 'default', 0x417267756d656e74, '6.28'),
(4865, '', 'default', 0x446f776e, '6.28'),
(101, '', 'default', 0x536f7274206372697465726961, '6.28'),
(7605, '', 'default', 0x426173652070617468, 'none'),
(102, '', 'default', 0x736f7274206372697465726961, '6.28'),
(103, '', 'default', 0x536f727420637269746572696f6e, '6.28'),
(7976, '; profiles/openatrium/modules/contrib/views/js/tabs.js', 'default', 0x6a517565727920554920546162733a204e6f7420656e6f75676820617267756d656e747320746f20616464207461622e, 'none'),
(104, '', 'default', 0x736f727420637269746572696f6e, '6.28'),
(105, '', 'default', 0x46696c74657273, '6.28'),
(1744, '', 'default', 0x4f7074696f6e616c, '6.28'),
(106, '', 'default', 0x66696c74657273, '6.28'),
(7587, '', 'default', 0x44656661756c74206c616e6775616765, 'none'),
(107, '', 'default', 0x46696c746572, '6.28'),
(1621, '', 'default', 0x4c6f636174696f6e, '6.28'),
(108, '', 'default', 0x66696c746572, '6.28'),
(7975, '; profiles/openatrium/modules/contrib/views/js/tabs.js', 'default', 0x6a517565727920554920546162733a204d69736d61746368696e6720667261676d656e74206964656e7469666965722e, 'none'),
(109, '', 'default', 0x52656c6174696f6e7368697073, '6.28'),
(4897, '', 'default', 0x426173696320696e666f726d6174696f6e, 'none'),
(110, '', 'default', 0x72656c6174696f6e7368697073, '6.28'),
(7606, '', 'default', 0x5472616e736c6174696f6e73, 'none'),
(111, '', 'default', 0x52656c6174696f6e73686970, '6.28'),
(7607, '', 'default', 0x537469636b79, '6.28'),
(112, '', 'default', 0x44656661756c74, '6.28'),
(1483, '', 'default', 0x53756e646179, 'none'),
(113, '/install.php?locale=es&profile=openatrium&op=start&id=2', 'default', 0x4e6f2067726f757073, '6.28'),
(114, '', 'default', 0x4d792067726f757073, '6.28'),
(1221, '', 'default', 0x55736572206c6f67696e, '6.28'),
(115, '/install.php?locale=es&profile=openatrium&op=start&id=2', 'default', 0x4e6f742061206d656d626572206f6620616e792067726f7570732e, '6.28'),
(116, '', 'default', 0x6d6f7265, '6.28'),
(1208, 'casetracker.module:477;726', 'default', 0x5072696f72697479, '6.28'),
(117, '/install.php?locale=es&profile=openatrium&op=start&id=2', 'default', 0x526563656e7420706f73747320696e206d792067726f757073, '6.28'),
(118, '/install.php?locale=es&profile=openatrium&op=start&id=2', 'default', 0x546865726520617265206e6f20706f73747320696e20796f75722067726f7570732e, '6.28'),
(119, '', 'default', 0x536561726368, '6.28'),
(1244, '', 'default', 0x4f7665727772697465207468652076616c756520746f20646973706c617920666f7220616e6f6e796d6f7573207573657273, 'none'),
(120, '/install.php?locale=es&profile=openatrium&op=start&id=2', 'default', 0x4e6f20706f73747320666f756e642e, '6.28'),
(121, '/install.php?locale=es&profile=openatrium&op=start&id=2', 'default', 0x526563656e7420706f737473206163726f73732077686f6c652073697465, '6.28'),
(122, '/install.php?locale=es&profile=openatrium&op=start&id=2', 'default', 0x556e7265616420706f73747320696e206d792067726f757073, '6.28'),
(123, '/install.php?locale=es&profile=openatrium&op=start&id=2', 'default', 0x546865726520617265206e6f206e657720706f73747320696e20796f75722067726f7570732e, '6.28'),
(124, '/install.php?locale=es&profile=openatrium&op=start&id=2', 'default', 0x506f737473206279207465726d, '6.28'),
(125, '', 'default', 0x436f6e74656e74, '6.28'),
(1411, '', 'default', 0x436f6e6669726d, '6.28'),
(126, '; misc/drupal.js', 'default', 0x556e737065636966696564206572726f72, 'none'),
(127, 'misc/drupal.js', 'default', 0x416e206572726f72206f636375727265642e205c6e407572695c6e4074657874, 'none'),
(128, 'misc/drupal.js', 'default', 0x416e206572726f72206f636375727265642e205c6e407572695c6e286e6f20696e666f726d6174696f6e20617661696c61626c65292e, 'none'),
(129, 'misc/drupal.js', 'default', 0x416e2048545450206572726f722040737461747573206f636375727265642e205c6e40757269, 'none'),
(130, '; profiles/openatrium/modules/contrib/og/og.js', 'default', 0x47726f7570206e6f6465, '6.28'),
(7095, '', 'default', 0x4f722073756273637269626520746f20746865736520706572736f6e616c697a65642c2073697465776964652066656564733a, '6.28'),
(131, '; profiles/openatrium/modules/contrib/og/og.js', 'default', 0x4d6179206e6f7420626520706f7374656420696e746f20612067726f75702e, '6.28'),
(132, 'profiles/openatrium/modules/contrib/og/og.js', 'default', 0x5374616e646172642067726f757020706f7374, 'none'),
(133, 'profiles/openatrium/modules/contrib/og/og.js', 'default', 0x57696b692067726f757020706f7374, 'none'),
(134, '', 'default', 0x44697361626c6564, '6.28'),
(135, '', 'default', 0x456e61626c6564, '6.28'),
(1418, '', 'default', 0x436f6d6d656e7473, '6.28'),
(136, 'casetracker.module:515', 'default', 0x65646974, '6.28'),
(137, 'casetracker.module:507;990', 'default', 0x4f7065726174696f6e73, '6.28'),
(1412, 'content_admin.inc:452; profiles/openatrium/modules/contrib/itweak_upload/itweak_upload.js', 'default', 0x52656d6f7665, '6.28'),
(138, 'casetracker.module:684; profiles/openatrium/modules/contrib/itweak_upload/itweak_upload.js', 'default', 0x43616e63656c, '6.28'),
(1209, 'casetracker.module:725', 'default', 0x4c6173742075706461746564, 'none'),
(139, 'casetracker.module:724;989;1307', 'default', 0x5469746c65, '6.28'),
(1205, '', 'default', 0x5061676573, '6.28'),
(140, '', 'default', 0x53617665, '6.28'),
(1212, '', 'default', 0x48656c70, '6.28'),
(1219, '', 'default', 0x41646472657373, '6.28'),
(1242, '', 'default', 0x4c696e6b2074686973206669656c6420746f206974732075736572, 'none'),
(141, '', 'default', 0x5468697320616374696f6e2063616e6e6f7420626520756e646f6e652e, '6.28'),
(142, '', 'default', 0x4465736372697074696f6e, '6.28'),
(143, '', 'default', 0x526573657420746f2064656661756c7473, '6.28'),
(144, '', 'default', 0x557064617465206f7074696f6e73, '6.28'),
(145, '', 'default', 0x557064617465, '6.28'),
(1481, '', 'default', 0x536d616c6c, 'none'),
(1482, '', 'default', 0x4c61726765, 'none'),
(146, '', 'default', 0x5375626a656374, '6.28'),
(1408, '', 'default', 0x636c6f736564, 'none'),
(1409, '', 'default', 0x416374696f6e73, '6.28'),
(1405, '', 'default', 0x5265706c696573, '6.28'),
(1406, '', 'default', 0x436c6f736564, '6.28'),
(1407, '', 'default', 0x57726f6e6720757365726e616d65206f722070617373776f72642e, 'none'),
(147, '', 'default', 0x54696d65, '6.28'),
(148, '', 'default', 0x5468652075706461746520686173206265656e20706572666f726d65642e, '6.28'),
(149, 'casetracker.module:465;727', 'default', 0x537461747573, '6.28'),
(1401, '', 'default', 0x4372656174652061206e65772075736572206163636f756e742e, 'none'),
(150, '', 'default', 0x4d657373616765, '6.28'),
(1451, '', 'default', 0x4e6f206c6f67206d6573736167657320617661696c61626c652e, 'none'),
(151, 'casetracker.module:489;728', 'default', 0x54797065, '6.28'),
(1245, '', 'default', 0x49662073656c65637465642c20796f752077696c6c207365652061206669656c6420746f20656e74657220746865207465787420746f2075736520666f7220616e6f6e796d6f75732075736572732e, 'none'),
(152, '', 'default', 0x5265736574, '6.28'),
(153, '', 'default', 0x486561646572, '6.28'),
(1591, '', 'default', 0x4c6566742073696465626172, '6.28'),
(154, '', 'default', 0x4f76657276696577, '6.28'),
(155, 'casetracker.module:630', 'default', 0x737461747573, '6.28'),
(156, 'casetracker.module:630', 'default', 0x74797065, '6.28'),
(157, '', 'default', 0x53686f77206f6e6c79206974656d73207768657265, '6.28'),
(158, '', 'default', 0x3c7374726f6e673e25613c2f7374726f6e673e206973203c7374726f6e673e25623c2f7374726f6e673e, 'none'),
(159, '', 'default', 0x526566696e65, 'none'),
(160, '', 'default', 0x556e646f, 'none'),
(161, '', 'default', 0x4e6f206974656d732073656c65637465642e, 'none'),
(162, '', 'default', 0x41726520796f75207375726520796f752077616e7420746f2064656c657465207468657365206974656d733f, '6.28'),
(163, '', 'default', 0x44656c65746520616c6c, '6.28'),
(1404, '', 'default', 0x636f6e74656e74, '6.28'),
(1541, '', 'default', 0x53656e7420656d61696c20746f2025726563697069656e74, 'none'),
(164, '', 'default', 0x56616c7565, '6.28'),
(165, '', 'default', 0x41646d696e6973746572, '6.28'),
(166, '', 'default', 0x476c6f62616c2073657474696e6773, '6.28'),
(1640, '', 'default', 0x566f7465, 'none'),
(167, '', 'default', 0x466f6f746572, '6.28'),
(1593, '', 'default', 0x546865206d656e75206974656d2063616e20626520637573746f6d697a656420616e6420636f6e66696775726564206f6e6c79206f6e636520746865206d656e75206d6f64756c6520686173206265656e203c6120687265663d22406d6f64756c65732d70616765223e656e61626c65643c2f613e2e, 'none'),
(168, '', 'default', 0x54616773, '6.28'),
(1423, '', 'default', 0x426c6f636b207469746c65, '6.28'),
(169, '', 'default', 0x4175746f636f6d706c657465207461786f6e6f6d79, '6.28'),
(1890, '', 'default', 0x53656e6420796f757273656c66206120636f70792e, 'none'),
(170, '', 'default', 0x556e6b6e6f776e, '6.28'),
(1529, '', 'default', 0x5065726d69747465642066696c6520657874656e73696f6e73, '6.28'),
(171, '', 'default', 0x4461696c79, '6.28'),
(172, '', 'default', 0x5765656b6c79, '6.28'),
(173, 'casetracker.module:1335', 'default', 0x47656e6572616c2073657474696e6773, '6.28'),
(174, '', 'default', 0x626c6f636b6564, '6.28'),
(175, '', 'default', 0x616374697665, '6.28'),
(176, 'content_admin.inc:318', 'default', 0x4669656c642074797065, 'none'),
(177, '', 'default', 0x436f6e74656e742074797065, '6.28'),
(4409, '', 'default', 0x496e636c756465, 'none'),
(178, '', 'default', 0x4e756d626572, '6.28'),
(179, '', 'default', 0x4c6f6e67, '6.28'),
(180, '', 'default', 0x53686f7274, '6.28'),
(181, '', 'default', 0x4576656e7473, '6.28'),
(182, '', 'default', 0x4d6574686f64, '6.28'),
(5933, '', 'default', 0x4166726963612f41736d657261, 'none'),
(183, '', 'default', 0x44656661756c742073657474696e6773, '6.28'),
(184, '', 'default', 0x4e6f74696669636174696f6e73, '6.28'),
(1225, '', 'default', 0x5468656d652073657474696e6773, 'none'),
(1226, '', 'default', 0x696d616765, 'none'),
(1227, '', 'default', 0x4e657773, 'none'),
(1228, 'casetracker.module:73;177;716;979,  casetracker.info:0;0', 'default', 0x4361736520547261636b6572, '6.28'),
(185, '', 'default', 0x4e6f7420666f756e64, 'none'),
(186, 'notifications_content/notifications_content.module:473', 'default', 0x446967657374206c696e65, 'none'),
(187, 'notifications_content/notifications_content.module:492,504,529', 'default', 0x52656164206d6f7265205b6e6f64652d75726c5d, '6.28'),
(188, '', 'default', 0x4d6573736167696e67, '6.28'),
(6910, '', 'default', 0x44657374696e6174696f6e, 'none'),
(189, '', 'default', 0x4c6f6767696e67, '6.28'),
(190, 'notifications.admin.inc:61', 'default', 0x4c696d69747320666f722071756575652070726f63657373696e67, '6.28'),
(191, 'notifications.admin.inc:63', 'default', 0x54686573652061726520746865206c696d69747320666f7220656163682063726f6e2072756e206f6e2071756575652070726f63657373696e672e205468652070726f636573732077696c6c2073746f70207768656e206974206669727374206d6565747320616e79206f66207468656d2e2053657420746f203020666f72206e6f206c696d69742e, '6.28'),
(192, 'notifications.admin.inc:73', 'default', 0x4e756d626572206f66206d657373616765732073656e74, '6.28'),
(193, 'notifications.admin.inc:79', 'default', 0x54696d6520287365636f6e647329, '6.28'),
(194, 'notifications.admin.inc:85', 'default', 0x54696d65202825206f662063726f6e2074696d6529, '6.28'),
(195, 'notifications.admin.inc:89', 'default', 0x4d6178696d756d2070657263656e74616765206f662063726f6e2074696d65207468652070726f63657373206d6179207573652e, '6.28'),
(196, 'casetracker.module:186', 'default', 0x47656e6572616c, '6.28'),
(197, '', 'default', 0x53656e64206d6574686f64, '6.28'),
(6921, '', 'default', 0x534d545020736572766572, 'none'),
(6922, '', 'default', 0x576562, 'none'),
(6923, '', 'default', 0x4465627567206d6f6465, 'none'),
(6924, '', 'default', 0x4172726179, 'none'),
(6925, '', 'default', 0x427574746f6e73, 'none'),
(198, '', 'default', 0x4e6f7469667920706f73746572206f66206f776e20706f737473, '6.28'),
(199, '', 'default', 0x4e6f7469666965732061206e6f646520706f737465722061626f7574207468656972206f776e20706f7374732e202055736566756c207072696e636970616c6c7920647572696e672074657374696e672e202044656661756c74206973204f46462e, '6.28'),
(200, 'notifications.admin.inc:20', 'default', 0x496d6d6564696174652073656e64696e67, '6.28'),
(201, 'notifications.admin.inc:23', 'default', 0x4e6f74696669636174696f6e732061726520757375616c6c792071756575656420746f2062652073656e74206f6e2063726f6e2070726f63657373206c617465722e20436865636b696e672074686973206f7074696f6e2077696c6c20636175736520696d6d656469617465206e6f74696669636174696f6e7320746f2062652073656e7420726967687420617761792c20696e7374656164206f66206265696e67207175657565642e20546869732077696c6c2070726f64756365206d6f72652074696d656c79206e6f74696669636174696f6e7320666f722073697465732077697468206120736d616c6c206e756d626572206f662075736572732e204e6f74207265636f6d6d656e64656420666f7220736974657320776974682061206c61726765206e756d626572206f662075736572732e2054686973206d6179206e6f7420776f726b20666f7220414a415820666f726d7320616e64206e6f74696669636174696f6e732077696c6c2062652071756575656420616e797761792e, '6.28'),
(202, 'notifications.admin.inc:26', 'default', 0x4e6f74696669636174696f6e732053656e646572, '6.28'),
(203, 'notifications.admin.inc:29', 'default', 0x4e6f206f6e652028416c6c206e6f74696669636174696f6e732077696c6c2061707065617220617320636f6d696e672066726f6d2074686520776562207369746529, '6.28'),
(204, 'notifications.admin.inc:30', 'default', 0x55736572206e616d652c2073697465206461746120284f6e6c79207468652075736572206e616d652077696c6c206265207573656429, '6.28'),
(205, 'notifications.admin.inc:31', 'default', 0x46756c6c20757365722064617461202855736572206e616d6520616e6420617661696c61626c65207573657220696e666f726d6174696f6e29, '6.28'),
(206, 'notifications.admin.inc:34', 'default', 0x55736520746865207369746520696e666f726d6174696f6e206173207468652073656e64657220666f72206e6f74696669636174696f6e206d65737361676573206f7220757365206163636f756e7420646174612066726f6d2074686520757365722063617573696e6720746865206576656e742e205741524e494e473a2053656c656374696e6720746865206c617374206f7074696f6e202846756c6c2075736572206461746129206d617920756e646973636c6f7365207072697661746520696e666f726d6174696f6e20746f207375627363726962657273206c696b6520746865207573657220652d6d61696c20616464726573732e, 'none'),
(207, 'notifications.admin.inc:43', 'default', 0x496620656e61626c656420616c6c206e6f74696669636174696f6e732077696c6c206265206c6f6767656420616e64206b65707420666f7220746865207370656369666965642074696d6520616674657220746865792772652070726f6365737365642e, '6.28'),
(208, 'notifications.admin.inc:52; notifications.module:323', 'default', 0x44656661756c742073656e6420696e74657276616c, '6.28'),
(209, '', 'default', 0x4e756d626572206f6620726f7773, '6.28'),
(210, 'notifications.admin.inc:100', 'default', 0x44696765737420666f726d617473, 'none'),
(211, 'notifications.admin.inc:102', 'default', 0x546865736520617265207468652064696765737420666f726d61747320617661696c61626c6520666f72206561636820696e74657276616c2e, 'none'),
(212, '', 'default', 0x4d696e75746573, 'none'),
(213, '', 'default', 0x486f757273, 'none'),
(214, '', 'default', 0x44617973, 'none'),
(215, 'notifications.admin.inc:119', 'default', 0x53656e6420696e74657276616c73, 'none'),
(216, 'notifications.admin.inc:122', 'default', 0x546f2064656c65746520616e20696e74657276616c2c20736574207468652074696d6520756e697420616e6420746865206e616d6520656d7074792e204966207468652074696d65206973206e656761746976652c206e6f74696669636174696f6e732077696c6c206e657665722062652073656e742e, 'none'),
(217, '', 'default', 0x5468652074696d6520696e74657276616c7320666f7220796f757220737562736372697074696f6e732068617665206265656e2075706461746564, 'none'),
(218, '', 'default', 0x446973706c6179206e616d65, 'none'),
(219, '', 'default', 0x446967657374, 'none'),
(220, 'notifications.admin.inc:235', 'default', 0x456e61626c6564206576656e7473, '6.28'),
(221, 'notifications.admin.inc:238', 'default', 0x436865636b20746865206576656e747320666f72207768696368206e6f74696669636174696f6e732073686f756c64206265207472696767657265642e, '6.28'),
(222, 'notifications.admin.inc:251', 'default', 0x596f75206e65656420746f20656e61626c6520736f6d6520706c75672d696e7320746f2070726f76696465206e6f74696669636174696f6e73206576656e74732e, 'none'),
(223, 'notifications.admin.inc:303,339', 'default', 0x546f74616c3a20256e756d626572, '6.28'),
(224, '', 'default', 0x537562736372697074696f6e732062792074797065, '6.28'),
(225, '', 'default', 0x537562736372697074696f6e732062792073656e64206d6574686f64, '6.28'),
(226, '', 'default', 0x53656e6420696e74657276616c, '6.28'),
(6934, '', 'default', 0x53756273637269626572, '6.28'),
(227, 'notifications.admin.inc:340', 'default', 0x4e6f74696669636174696f6e7320696e207175657565, '6.28'),
(228, 'notifications.admin.inc:355', 'default', 0x50726f63657373206c6f67, 'none'),
(229, 'notifications.admin.inc:407', 'default', 0x52756e2070726f63657373, '6.28'),
(230, 'notifications.admin.inc:408', 'default', 0x52756e206e6f726d616c2071756575652070726f63657373696e672c2073616d652061732063726f6e2072756e2e, '6.28'),
(231, 'notifications.admin.inc:413', 'default', 0x50726f6365737320696d6d656469617465, '6.28'),
(232, 'notifications.admin.inc:414', 'default', 0x50726f63657373206f6e6c7920726f7773206d61726b656420666f7220696d6d6564696174652073656e64696e672e, '6.28'),
(233, 'notifications.admin.inc:419', 'default', 0x436c65616e207175657565, '6.28'),
(234, 'notifications.admin.inc:420', 'default', 0x44656c65746520616c6c206c6f67732c2070726f63657373656420726f777320616e642072656c61746564206461746120696e2071756575652e, '6.28'),
(235, 'notifications.admin.inc:425', 'default', 0x5265736574207175657565, '6.28'),
(236, 'notifications.admin.inc:426', 'default', 0x44656c65746520616c6c206e6f74696669636174696f6e7320696e2071756575652e, '6.28'),
(237, 'notifications.admin.inc:431', 'default', 0x52756e2074657374, '6.28'),
(238, 'notifications.admin.inc:432', 'default', 0x546573742072756e2071756575652070726f63657373696e672c20776974686f7574207570646174696e67206e6f722073656e64696e67206d657373616765732e, '6.28'),
(239, 'notifications.admin.inc:448', 'default', 0x54686520717565756520686173206265656e2072657365742e, '6.28'),
(240, 'notifications.admin.inc:482', 'default', 0x4e6f20656c656d656e7473, 'none'),
(241, '', 'default', 0x6e6f74696669636174696f6e73, 'none'),
(6960, '', 'default', 0x456d61696c20616464726573736573206f7220757365726e616d6573, 'none'),
(242, 'notifications.cron.inc:168', 'default', 0x526561636865642070726f63657373696e67206c696d6974206f6e2071756575652070726f63657373696e673a20256e616d65203d202576616c7565, 'none'),
(243, '', 'default', 0x64726f70, '6.28'),
(244, '', 'default', 0x596f7520646f6e27742068617665207065726d697373696f6e7320746f206d616e61676520746865736520737562736372697074696f6e73, 'none'),
(245, '', 'default', 0x6d6574686f64, '6.28'),
(246, '', 'default', 0x696e74657276616c, '6.28'),
(247, '', 'default', 0x4163746976617465, '6.28'),
(248, '', 'default', 0x44656163746976617465, '6.28'),
(249, 'notifications.manage.inc:268', 'default', 0x4368616e67652073656e64206d6574686f6420746f, '6.28'),
(250, 'notifications.manage.inc:277', 'default', 0x4368616e67652073656e6420696e74657276616c20746f, '6.28'),
(251, '', 'default', 0x56616c69646174696f6e206572726f722e20596f7520646f6e27742068617665207065726d697373696f6e20746f2064656c65746520736f6d65206f6620746865736520737562736372697074696f6e73, 'none'),
(252, '', 'default', 0x596f7520646f6e27742068617665207065726d697373696f6e20746f206d616e61676520616c6c20746865736520737562736372697074696f6e73, 'none'),
(253, '', 'default', 0x54686520737562736372697074696f6e732068617665206265656e2064656c657465642e, 'none'),
(254, '', 'default', 0x4e6f20737562736372697074696f6e7320617661696c61626c652e, '6.28'),
(255, '', 'default', 0x4e6f6465207469746c65206d69736d617463682e20506c6561736520636865636b20796f75722073656c656374696f6e2e, 'none'),
(256, '', 'default', 0x466f756e64206e6f2076616c696420706f737420776974682074686174207469746c653a20257469746c65, 'none'),
(257, '', 'default', 0x596f7520686176652025636f756e74204073746174757320737562736372697074696f6e732e, '6.28'),
(258, '', 'default', 0x596f7520646f6e2774206861766520616e7920737562736372697074696f6e73207965742e, '6.28'),
(259, '', 'default', 0x596f75722064656661756c742073656e64696e67206d6574686f6420666f72206e657720737562736372697074696f6e73206973204073656e645f6d6574686f64, '6.28'),
(260, '', 'default', 0x596f75722064656661756c742073656e64696e6720696e74657276616c20666f72206e657720737562736372697074696f6e73206973204073656e645f696e74657276616c, 'none'),
(261, '', 'default', 0x43757272656e7420737461747573, '6.28'),
(262, '', 'default', 0x41646d696e697374657220796f757220737562736372697074696f6e73, '6.28'),
(263, 'notifications.pages.inc:45', 'default', 0x4564697420796f7572206e6f74696669636174696f6e732073657474696e6773, '6.28'),
(264, '', 'default', 0x54656d706f726172696c792064697361626c6520616c6c20796f757220737562736372697074696f6e73, '6.28'),
(265, '', 'default', 0x456e61626c6520616c6c20796f757220737562736372697074696f6e73, 'none'),
(266, '', 'default', 0x43616e63656c20616c6c20796f757220737562736372697074696f6e73, '6.28'),
(267, '', 'default', 0x596f752063616e, '6.28'),
(268, '', 'default', 0x43726561746520407479706520737562736372697074696f6e, 'none'),
(269, '', 'default', 0x486f77206f6674656e20616e64206279207768696368206368616e6e656c20646f20796f752077616e7420746f20676574206e6f74696669636174696f6e7320666f72207468697320737562736372697074696f6e2e, 'none'),
(270, '', 'default', 0x43726561746520737562736372697074696f6e, 'none'),
(271, 'notifications.pages.inc:135', 'default', 0x596f75206d7573742073657420612076616c756520666f722074686973206669656c642e, 'none'),
(272, 'notifications.pages.inc:144', 'default', 0x596f75206d7573742070726f766964652076616c69642076616c75657320666f7220616c6c206669656c64732e, 'none'),
(273, '', 'default', 0x596f757220737562736372697074696f6e20686173206265656e20637265617465642e, 'none'),
(274, '', 'default', 0x596f757220737562736372697074696f6e2063616e6e6f7420626520637265617465642e, 'none'),
(275, '', 'default', 0x596f757220737562736372697074696f6e20776173206163746976617465642e, 'none'),
(276, '', 'default', 0x436f6e6669726d20796f757220737562736372697074696f6e, 'none'),
(277, '', 'default', 0x537562736372697074696f6e2074797065206f7220706172616d6574657273206e6f7420616c6c6f776564, 'none'),
(278, '', 'default', 0x537562736372696265, 'none'),
(279, '', 'default', 0x596f757220737562736372697074696f6e207761732063616e63656c6c6564, 'none'),
(280, '', 'default', 0x596f757220737562736372697074696f6e20686173206265656e2072656d6f7665642e, 'none'),
(281, '', 'default', 0x416c6c20796f757220737562736372697074696f6e732068617665206265656e2072656d6f7665642e, 'none'),
(282, '', 'default', 0x596f7520646f6e2774206861766520616e7920737562736372697074696f6e206f6e207468697320736974652e, 'none'),
(283, '', 'default', 0x41726520796f75207375726520796f752077616e7420746f2064656c657465207468697320737562736372697074696f6e3f, '6.28'),
(284, '', 'default', 0x41726520796f75207375726520796f752077616e7420746f2072656d6f766520616c6c20796f757220737562736372697074696f6e73206f6e207468697320736974653f, 'none'),
(285, '', 'default', 0x556e737562736372696265, '6.28'),
(286, '', 'default', 0x596f752063616e2074656d706f726172696c792064697361626c65207468697320737562736372697074696f6e20666f72206e6f742067657474696e67206e6f74696669636174696f6e732e, '6.28'),
(287, '', 'default', 0x41726520796f75207375726520796f752077616e7420746f20656e61626c6520616c6c20796f757220737562736372697074696f6e733f, 'none'),
(288, 'notifications.pages.inc:433', 'default', 0x596f752077696c6c20676574206e6f74696669636174696f6e7320616761696e20666f7220616c6c206f66207468656d2e, 'none'),
(289, '', 'default', 0x41726520796f75207375726520796f752077616e7420746f2064697361626c6520616c6c20796f757220737562736372697074696f6e733f, 'none'),
(290, 'notifications.pages.inc:439', 'default', 0x596f752077696c6c2073746f702067657474696e67206e6f74696669636174696f6e7320756e74696c20796f7520656e61626c65207468656d20616761696e2e, 'none'),
(291, '', 'default', 0x416c6c20796f757220737562736372697074696f6e732068617665206265656e20656e61626c65642e, 'none'),
(292, '', 'default', 0x416c6c20796f757220737562736372697074696f6e732068617665206265656e2064697361626c65642e, 'none'),
(293, '', 'default', 0x217479706520737562736372697074696f6e, '6.28'),
(294, 'notifications.module:319', 'default', 0x4d6573736167696e6720616e64204e6f74696669636174696f6e732073657474696e6773, '6.28'),
(295, '', 'default', 0x44656661756c742073656e6420696e74657276616c20666f7220737562736372697074696f6e732e, '6.28'),
(296, '', 'default', 0x4d6573736167657320636f6d696e672066726f6d207573657220737562736372697074696f6e7320616e642073797374656d206576656e7473, 'none'),
(297, 'notifications.module:1091', 'default', 0x4e6f74696669636174696f6e73206576656e74, 'none'),
(298, 'notifications.module:1092', 'default', 0x436f6d6d6f6e20706172747320666f7220616c6c204e6f74696669636174696f6e73206d6573736167657320666f7220612073696e676c65206576656e742e20546869732069732075736566756c20666f7220646566696e696e67206120636f6d6d6f6e2068656164657220616e642f6f7220666f6f74657220666f7220616c6c207468657365206d657373616765732e, 'none'),
(299, 'notifications.module:1096', 'default', 0x4e6f74696669636174696f6e7320646967657374, 'none'),
(300, 'notifications.module:1097', 'default', 0x446570656e64696e67206f6e20796f75722073657474696e677320666f7220656163682053656e6420696e74657276616c2c204e6f74696669636174696f6e73206d61792062652064696765737465642c20746869732069732067726f7570656420616e642073756d6d6172697a656420696e20612073696e676c65206d6573736167652e205468657365206172652074686520636f6d6d6f6e20706172747320666f72204e6f74696669636174696f6e7320646967657374732e, 'none'),
(301, 'notifications.module:1115', 'default', 0x4c696e6520666f72206469676573746564206576656e7473, 'none'),
(302, 'notifications.module:1116', 'default', 0x47726f757020636c6f73696e67, 'none'),
(303, 'notifications.module:1126', 'default', 0x4576656e74206e6f74696669636174696f6e20666f72205b757365725d2066726f6d205b736974652d6e616d655d, '6.28'),
(304, 'notifications.module:1127', 'default', 0x4772656574696e6773205b757365725d2c, '6.28'),
(305, 'notifications.module:1128', 'default', 0x41206974656d20746f20776869636820796f7520617265207375627363726962656420686173206265656e2075706461746564, '6.28'),
(306, '', 'default', 0x5468697320697320616e206175746f6d61746963206d6573736167652066726f6d205b736974652d6e616d655d, '6.28'),
(6961, '', 'default', 0x456e74657220757020746f20256d617820656d61696c20616464726573736573206f7220757365726e616d65732e205365706172617465206d756c7469706c652061646472657373657320627920636f6d6d6173206f72206e6577206c696e65732e204561636820706572736f6e2077696c6c207265636569766520616e20696e7669746174696f6e206d6573736167652066726f6d20796f752e, 'none'),
(307, '', 'default', 0x546f206d616e61676520796f757220737562736372697074696f6e732c2062726f77736520746f205b737562736372697074696f6e732d6d616e6167655d, '6.28'),
(308, 'notifications.module:1132', 'default', 0x596f752063616e20756e737562736372696265206174205b756e7375627363726962652d75726c5d, '6.28'),
(309, '', 'default', 0x5b736974652d6e616d655d20737562736372697074696f6e2075706461746520666f72205b757365725d, 'none'),
(310, '', 'default', 0x4772656574696e67732c205b757365725d2e0a0a54686573652061726520796f7572206d65737361676573, 'none'),
(311, '', 'default', 0x41205b747970655d20686173206265656e20757064617465643a205b7469746c655d0a0a5b6576656e745f6c6973745d, 'none'),
(312, '', 'default', 0x5468652075726c20666f72207468652063757272656e74207573657220746f206d616e61676520737562736372697074696f6e732e, '6.28'),
(313, '', 'default', 0x5468652075726c20746f20616c6c6f772061207573657220746f2064656c65746520616c6c20746865697220737562736372697074696f6e732e, '6.28'),
(314, '', 'default', 0x5468652075726c20666f722064697361626c696e67206120737065636966696320737562736372697074696f6e2e, '6.28'),
(315, 'notifications.module:1209', 'default', 0x4c697374206f66206576656e747320666f72206d6573736167652064696765737473, '6.28'),
(316, 'notifications.module:1210', 'default', 0x44657461696c656420696e666f726d6174696f6e20666f72206576656e74, '6.28'),
(317, 'notifications.module:1387', 'default', 0x50726f6475636573206f6e65206c696e6520706572206576656e742c2067726f75706564206279206f626a656374, '6.28'),
(318, 'notifications.module:1393', 'default', 0x416464732066756c6c20696e666f726d6174696f6e20666f722065616368206576656e74, '6.28'),
(319, '', 'default', 0x496d6d6564696174656c79, '6.28'),
(320, '', 'default', 0x457665727920686f7572, '6.28'),
(321, 'notifications.module:1409', 'default', 0x5477696365206120646179, '6.28'),
(322, '', 'default', 0x696e616374697665, '6.28'),
(323, 'notifications.module:1734', 'default', 0x40747970653a202176616c756573, 'none'),
(324, '', 'default', 0x537562736372697074696f6e20256964206f66207479706520257479706520746f3a202176616c756573, 'none'),
(325, '', 'default', 0x4e6f7420617661696c61626c65, 'none'),
(326, 'notifications.module:274', 'default', 0x61646d696e6973746572206e6f74696669636174696f6e73, '6.28'),
(327, '', 'default', 0x6d61696e7461696e206f776e20737562736372697074696f6e73, '6.28'),
(328, '', 'default', 0x6d616e616765206f776e20737562736372697074696f6e73, '6.28'),
(329, '', 'default', 0x6d616e61676520616c6c20737562736372697074696f6e73, '6.28'),
(330, '', 'default', 0x4d6573736167696e672026204e6f74696669636174696f6e73, '6.28'),
(331, '', 'default', 0x41646d696e697374657220616e6420636f6e666967757265206d6573736167696e6720616e64206e6f74696669636174696f6e73, '6.28'),
(332, '', 'default', 0x4d616e61676520737562736372697074696f6e73, '6.28'),
(333, '', 'default', 0x4d616e616765206578697374696e6720737562736372697074696f6e7320616e642071756575652e, '6.28'),
(334, '', 'default', 0x537562736372697074696f6e73206f766572766965772e, '6.28'),
(335, '', 'default', 0x41646d696e697374657220737562736372697074696f6e732e, '6.28'),
(336, '', 'default', 0x5175657565, '6.28'),
(337, 'notifications.module:68', 'default', 0x4e6f74696669636174696f6e732071756575652e, '6.28'),
(338, 'notifications.module:77', 'default', 0x4e6f74696669636174696f6e732053657474696e6773, '6.28'),
(339, 'notifications.module:78', 'default', 0x536974652073657474696e677320666f722075736572206e6f74696669636174696f6e732e, '6.28'),
(340, 'notifications.module:91', 'default', 0x496e74657276616c73, '6.28'),
(341, '', 'default', 0x4564697420737562736372697074696f6e, '6.28'),
(342, '', 'default', 0x537562736372697074696f6e73, '6.28'),
(6933, '', 'default', 0x686173, 'none'),
(343, '', 'default', 0x55706461746520737562736372697074696f6e73, 'none'),
(344, '', 'default', 0x4e6f6465207469746c65206175746f636f6d706c657465, '6.28'),
(345, 'notifications.info:0', 'default', 0x546865206261736963206e6f74696669636174696f6e73206672616d65776f726b, '6.28'),
(346, '', 'default', 0x4175746f737562736372696265, 'none'),
(347, 'notifications_autosubscribe/notifications_autosubscribe.module:78', 'default', 0x436865636b696e67207468697320626f7820616c6c6f777320796f7520746f206175746f6d61746963616c6c792073756273637269626520746f20616e792074687265616420796f7520637265617465206f7220706f7374206120636f6d6d656e7420746f2e, 'none'),
(348, '', 'default', 0x53657420616c6c20757365727320746f20226175746f737562736372696265222062792064656661756c74, 'none'),
(349, 'notifications_autosubscribe/notifications_autosubscribe.module:88', 'default', 0x496620636865636b656420746865206f7074696f6e2077696c6c2062652027656e61626c6564272062792064656661756c7420666f722075736572206163636f756e742073657474696e67732e205468697320776f6e2774206368616e6765206578697374696e672073657474696e677320666f722075736572732077686f206861766520616c726561647920646566696e65642069742e, 'none'),
(350, 'notifications_autosubscribe/notifications_autosubscribe.module:110', 'default', 0x596f75206172652063757272656e746c792073657420746f2072656365697665206e6f74696669636174696f6e7320666f72207265706c69657320746f20636f6e74656e7420776869636820796f75206372656174652e20546f206368616e676520746869732064656661756c742c20756e636865636b20746865206175746f737562736372696265206f7074696f6e20696e20796f75722075736572206163636f756e742073657474696e67732e, 'none'),
(351, 'notifications_autosubscribe/notifications_autosubscribe.module:0', 'default', 0x6e6f74696669636174696f6e735f6175746f737562736372696265, 'none'),
(352, 'notifications_autosubscribe/notifications_autosubscribe.info:0', 'default', 0x4e6f74696669636174696f6e73204175746f737562736372696265, 'none'),
(353, 'notifications_autosubscribe/notifications_autosubscribe.info:0', 'default', 0x50726f7669646573206175746f6d61746963206e6f74696669636174696f6e732e, '6.28'),
(354, '', 'default', 0x456e61626c656420737562736372697074696f6e207479706573, '6.28'),
(6959, '', 'default', 0x537562736372697074696f6e2073617665642e, 'none'),
(355, '', 'default', 0x436865636b2074686520737562736372697074696f6e20747970657320746861742077696c6c20626520656e61626c65642e20596f752063616e207573652074686520676c6f62616c2073657474696e67732068657265206f722073657420646966666572656e74206f7074696f6e7320666f72206561636820636f6e74656e7420747970652e204f6e2074686973207365636f6e6420636173652074686573652077696c6c206265207468652064656661756c747320666f72206e657720636f6e74656e742074797065732e, '6.28'),
(6958, '', 'default', 0x4661636573, 'none'),
(356, 'notifications_content/notifications_content.pages.inc:24; notifications_ui/notifications_ui.pages.inc:82', 'default', 0x55736520676c6f62616c2073657474696e6773206f6e2074686973207061676520666f7220616c6c20636f6e74656e74207479706573, '6.28'),
(357, 'notifications_content/notifications_content.pages.inc:25; notifications_ui/notifications_ui.pages.inc:83', 'default', 0x53657420757020666f72206561636820636f6e74656e742074797065206f6e203c6120687265663d2240636f6e74656e742d747970652d73657474696e6773223e41646d696e697374657220436f6e74656e742054797065733c2f613e2e, '6.28'),
(358, 'notifications_content/notifications_content.pages.inc:30', 'default', 0x476c6f62616c206f7074696f6e73, '6.28'),
(359, '', 'default', 0x446566696e652074686520617661696c61626c6520737562736372697074696f6e20747970657320746861742077696c6c20626520656e61626c656420676c6f62616c6c79, '6.28'),
(360, '', 'default', 0x596f7520617265206e6f742063757272656e746c79207375627363726962656420746f20616e79206163746976652074687265616473, 'none'),
(6932, '', 'default', 0x3d, '6.28'),
(361, '', 'default', 0x596f75206172652063757272656e746c79207375627363726962656420746f2074686520666f6c6c6f77696e6720746872656164733a, 'none'),
(6957, '', 'default', 0x4f7267616e69632067726f75707320636f6e66696775726174696f6e, '6.28'),
(362, '', 'default', 0x546865726520617265206e6f2061637469766520636f6e74656e742074797065732e, 'none'),
(6931, '', 'default', 0x43757272656e74, '6.28'),
(363, '', 'default', 0x546865726520617265206e6f2061637469766520617574686f7220737562736372697074696f6e732e, 'none'),
(364, '', 'default', 0x596f757220737562736372697074696f6e732068617665206265656e20757064617465642e, 'none'),
(6956, '', 'default', 0x41646d696e697374657220746865207375697465206f66204f7267616e69632067726f757073206d6f64756c65732e, '6.28'),
(365, '', 'default', 0x436f6e74656e7420737562736372697074696f6e732061726520737562736372697074696f6e7320746f206e6f64657320746861742077696c6c2070726f64756365206e6f74696669636174696f6e73207768656e2061206e6f646520697320706f73746564206f722075706461746564206f72207768656e206120636f6d6d656e7420697320706f7374656420666f722074686174206e6f6465732e204e6f74696669636174696f6e732077696c6c2062652073656e74206f6e6c7920666f72207075626c697368656420636f6e74656e7420736f20696620796f75206e65656420746f206265206e6f746966696564206f6620756e7075626c697368656420636f6e74656e742077616974696e6720666f7220617070726f76616c20796f75206265747465722075736520547269676765727320616e6420416374696f6e73206f7220736f6d65206f74686572206d6f64756c6520666f7220746861742e, '6.28'),
(366, 'notifications_content/notifications_content.module:82', 'default', 0x4f6e2074686973207061676520796f752063616e20736574207768696368206f662074686520617661696c61626c6520737562736372697074696f6e2074797065732061726520616c6c6f7765642e20416c7465726e61746976656c7920796f752063616e2073656c65637420746865203c693e53657420757020666f72206561636820636f6e74656e7420747970653c2f693e206f7074696f6e20616e642075736520746865203c6120687265663d2240636f6e74656e742d747970652d73657474696e6773223e41646d696e697374657220436f6e74656e742074797065733c2f613e20706167652e2054686573652073657474696e67732077696c6c20626520636f6d62696e65642077697468207065726d697373696f6e7320616e64206f74686572206f7074696f6e732028536565207573657220696e74657266616365206f7074696f6e7320696620656e61626c65642920746f2064657465726d696e6520776869636820737562736372697074696f6e732077696c6c2062652066696e616c6c7920617661696c61626c6520666f722075736572732e, 'none'),
(367, 'notifications_content/notifications_content.module:89', 'default', 0x546869732069732074686520666f726d617420666f722065616368206469676573742067726f75702e2041206d657373616765206d617920636f6e73697374206f6e206f6e65206f72206d616e79206f662074686573652067726f7570733a, 'none'),
(368, 'notifications_content/notifications_content.module:91,477; notifications_lite/notifications_lite.module:203', 'default', 0x47726f7570207469746c65, 'none'),
(369, 'notifications_content/notifications_content.module:92,93', 'default', 0x446967657374206c696e652e, 'none');
INSERT INTO `locales_source` (`lid`, `location`, `textgroup`, `source`, `version`) VALUES
(370, 'notifications_content/notifications_content.module:95,478; notifications_lite/notifications_lite.module:204', 'default', 0x47726f757020666f6f746572, 'none'),
(371, '', 'default', 0x537562736372697074696f6e2073657474696e6773, '6.28'),
(6964, '', 'default', 0x596f75206d6179206e6f742073706563696679206d6f7265207468616e20256d617820656d61696c20616464726573736573206f7220757365726e616d65732e, 'none'),
(372, '', 'default', 0x416c6c6f77656420737562736372697074696f6e207479706573, '6.28'),
(6955, '', 'default', 0x4f7267616e69632067726f757073, '6.28'),
(373, '', 'default', 0x456e61626c6520646966666572656e7420737562736372697074696f6e206f7074696f6e7320666f72207468697320636f6e74656e7420747970652e, '6.28'),
(6954, '', 'default', 0x47726f7570206163746976697479, 'none'),
(374, 'notifications_content/notifications_content.module:139', 'default', 0x546f20656e61626c65207468657365206f7074696f6e7320636865636b20746865203c6120687265663d22406e6f74696669636174696f6e732d73657474696e6773223e4e6f74696669636174696f6e7320636f6e74656e742073657474696e67733c2f613e, 'none'),
(375, 'notifications_content/notifications_content.module:164', 'default', 0x446f206e6f742073656e64206e6f74696669636174696f6e7320666f722074686973207570646174652e, '6.28'),
(376, 'notifications_content/notifications_content.module:192', 'default', 0x436f6e74656e7420747970653a204074797065, 'none'),
(377, 'notifications_content/notifications_content.module:195', 'default', 0x417574686f723a20406e616d65, 'none'),
(378, 'notifications_content/notifications_content.module:198', 'default', 0x5468726561643a20407469746c65, 'none'),
(379, '', 'default', 0x546872656164, '6.28'),
(6962, '', 'default', 0x506572736f6e616c206d657373616765, 'none'),
(6963, '', 'default', 0x4f7074696f6e616c2e20456e7465722061206d6573736167652077686963682077696c6c206265636f6d652070617274206f662074686520696e7669746174696f6e20656d61696c2e, 'none'),
(380, 'notifications_content/notifications_content.module:211', 'default', 0x53756273637269626520746f20616c6c206368616e67657320616e6420636f6d6d656e747320666f722061207468726561642e, '6.28'),
(381, 'notifications_content/notifications_content.module:220', 'default', 0x53756273637269626520746f20616c6c20636f6e74656e74206f66206120676976656e20747970652e, '6.28'),
(382, 'notifications_content/notifications_content.module:229', 'default', 0x53756273637269626520746f20616c6c20636f6e74656e74207375626d6974746564206279206120757365722e, '6.28'),
(383, 'notifications_content/notifications_content.module:234', 'default', 0x436f6e74656e74207479706520616e6420417574686f72, '6.28'),
(384, 'notifications_content/notifications_content.module:238', 'default', 0x53756273637269626520746f20616c6c20636f6e74656e74206f66206120676976656e2074797065207375626d6974746564206279206120757365722e, '6.28'),
(385, '', 'default', 0x4e6f64652074797065, '6.28'),
(4836, '', 'default', 0x7374796c65, 'none'),
(386, 'notifications_content/notifications_content.module:327,533', 'default', 0x4e657720636f6e74656e74206f662074797065205b747970652d6e616d655d20686173206265656e207375626d6974746564, '6.28'),
(387, 'notifications_content/notifications_content.module:328', 'default', 0x5b747970652d6e616d655d205b7469746c655d206279205b617574686f722d6e616d655d, '6.28'),
(388, '', 'default', 0x4e6f6465206372656174696f6e, '6.28'),
(6953, '', 'default', 0x53656e6420696e7669746174696f6e, 'none'),
(389, 'notifications_content/notifications_content.module:339,347', 'default', 0x5b747970652d6e616d655d3a205b7469746c655d, '6.28'),
(390, 'notifications_content/notifications_content.module:340', 'default', 0x546865205b747970652d6e616d655d20686173206265656e2075706461746564, '6.28'),
(391, 'notifications_content/notifications_content.module:342', 'default', 0x4e6f646520757064617465, '6.28'),
(392, 'notifications_content/notifications_content.module:348', 'default', 0x4e657720636f6d6d656e74206279205b636f6d6d656e742d617574686f722d6e616d655d3a205b636f6d6d656e742d7469746c655d, '6.28'),
(393, 'notifications_content/notifications_content.module:350', 'default', 0x4e6f646520636f6d6d656e74, '6.28'),
(394, 'notifications_content/notifications_content.module:405', 'default', 0x55736572206e616d65206e6f7420666f756e642e, 'none'),
(395, 'notifications_content/notifications_content.module:415', 'default', 0x546865203c656d3e4865616465723c2f656d3e20616e64203c656d3e466f6f7465723c2f656d3e2077696c6c2062652074616b656e2066726f6d204e6f74696669636174696f6e206576656e74732e, 'none'),
(396, 'notifications_content/notifications_content.module:416', 'default', 0x546865203c656d3e446967657374206c696e653c2f656d3e2077696c6c2062652075736564207768656e20636f6d706f73696e672053686f72742064696765737473206f6e2077686963682065616368206576656e742077696c6c206265206a7573742061206c696e652e, 'none'),
(397, 'notifications_content/notifications_content.module:420', 'default', 0x4e6f74696669636174696f6e7320666f72206e6f6465206576656e7473, 'none'),
(398, 'notifications_content/notifications_content.module:421', 'default', 0x44656661756c747320666f7220616c6c206e6f74696669636174696f6e732072656c6174656420746f206e6f6465206576656e74732e, 'none'),
(399, 'notifications_content/notifications_content.module:427', 'default', 0x4e6f74696669636174696f6e7320666f72206e6f6465206372656174696f6e, 'none'),
(400, 'notifications_content/notifications_content.module:428', 'default', 0x4e6f74696669636174696f6e732070726f6475636564207768656e2061206e6577206e6f646520697320637265617465642e, 'none'),
(401, 'notifications_content/notifications_content.module:434', 'default', 0x4e6f74696669636174696f6e7320666f72206e6f64652075706461746573, 'none'),
(402, 'notifications_content/notifications_content.module:435', 'default', 0x4e6f74696669636174696f6e732070726f6475636564207768656e2061206e6f646520697320757064617465642e, 'none'),
(403, 'notifications_content/notifications_content.module:441', 'default', 0x4e6f74696669636174696f6e7320666f72206e6f646520636f6d6d656e7473, 'none'),
(404, 'notifications_content/notifications_content.module:442', 'default', 0x4e6f74696669636174696f6e732070726f6475636564207768656e206120636f6d6d656e7420697320706f7374656420746f2061206e6f64652e, 'none'),
(405, 'notifications_content/notifications_content.module:449', 'default', 0x47726f757073206469676573747320706572206e6f6465, 'none'),
(406, 'notifications_content/notifications_content.module:450', 'default', 0x47726f7570206f66206576656e747320646967657374656420666f722065616368206e6f64652e, 'none'),
(407, 'notifications_content/notifications_content.module:455', 'default', 0x47726f757073206469676573747320706572206e6f64652074797065, 'none'),
(408, 'notifications_content/notifications_content.module:456', 'default', 0x47726f7570206f66206576656e747320646967657374656420666f722065616368206e6f646520747970652e, 'none'),
(409, 'notifications_content/notifications_content.module:489', 'default', 0x55706461746520666f72205b747970652d6e616d655d3a205b7469746c655d, '6.28'),
(410, 'notifications_content/notifications_content.module:501', 'default', 0x4e6577205b747970652d6e616d655d3a205b7469746c655d, '6.28'),
(411, 'notifications_content/notifications_content.module:513', 'default', 0x436f6d6d656e7420666f72205b747970652d6e616d655d3a205b7469746c655d, '6.28'),
(412, 'notifications_content/notifications_content.module:515', 'default', 0x436f6d6d656e74206279205b636f6d6d656e742d617574686f722d6e616d655d3a205b636f6d6d656e742d7469746c655d, '6.28'),
(413, 'notifications_content/notifications_content.module:517,521', 'default', 0x52656164206d6f7265205b636f6d6d656e742d75726c5d, '6.28'),
(414, 'notifications_content/notifications_content.module:520', 'default', 0x4e657720436f6d6d656e74206f6e205b7469746c655d206279205b636f6d6d656e742d617574686f722d6e616d655d207469746c6564205b636f6d6d656e742d7469746c655d, '6.28'),
(415, 'notifications_content/notifications_content.module:528', 'default', 0x5570646174657320666f72205b747970652d6e616d655d3a205b7469746c655d, 'none'),
(416, 'notifications_content/notifications_content.module:573', 'default', 0x5468697320706f7374, 'none'),
(417, 'notifications_content/notifications_content.module:581', 'default', 0x506f737473206f662074797065204074797065, 'none'),
(418, 'notifications_content/notifications_content.module:589', 'default', 0x506f73747320627920406e616d65, 'none'),
(419, '', 'default', 0x416c6c20706f73747320627920406e616d65, 'none'),
(420, 'notifications_content/notifications_content.module:618', 'default', 0x407479706520706f73747320627920406e616d65, 'none'),
(421, 'notifications_content/notifications_content.module:801', 'default', 0x546865206e6f6465207465617365722e, '6.28'),
(422, '', 'default', 0x546865206e6f646520626f64792e, '6.28'),
(6952, '', 'default', 0x44656c6574652067726f75702061646d696e6973747261746f72, 'none'),
(423, 'notifications_content/notifications_content.module:803', 'default', 0x546865206e6f646520766965772075726c20666f722072656164206d6f7265206c696e6b732e, 'none'),
(424, '', 'default', 0x556e66696c7465726564206e6f6465207465617365722e205741524e494e47202d20726177207573657220696e7075742e, '6.28'),
(425, '', 'default', 0x556e66696c7465726564206e6f646520626f64792e205741524e494e47202d20726177207573657220696e7075742e, '6.28'),
(6951, '', 'default', 0x4372656174652067726f75702061646d696e6973747261746f72, '6.28'),
(426, '', 'default', 0x54686520636f6d6d656e7420766965772075726c2e, '6.28'),
(6950, '', 'default', 0x4f504d4c, '6.28'),
(427, '', 'default', 0x54686520636f6d6d656e74207265706c792075726c2e, '6.28'),
(428, '', 'default', 0x73756273637269626520746f20636f6e74656e74, '6.28'),
(6930, '', 'default', 0x4372656174696f6e2064617465, '6.28'),
(429, '', 'default', 0x73756273637269626520746f20636f6e74656e742074797065, '6.28'),
(430, 'notifications_content/notifications_content.module:73', 'default', 0x73756273637269626520746f20617574686f72, '6.28'),
(431, 'notifications_content/notifications_content.module:73', 'default', 0x736b6970206e6f74696669636174696f6e73, '6.28'),
(432, '', 'default', 0x436f6e74656e7420737562736372697074696f6e73, '6.28'),
(433, 'notifications_content/notifications_content.module:0', 'default', 0x6e6f74696669636174696f6e735f636f6e74656e74, '6.28'),
(434, '', 'default', 0x436f6e74656e74206e6f74696669636174696f6e7320756e696e7374616c6c6174696f6e2073637269707420636f6d706c6574652e, 'none'),
(435, 'notifications_content/notifications_content.install:42', 'default', 0x506c656173652c20636865636b20616c6c20796f7572204e6f74696669636174696f6e7320636f6e74656e742073657474696e677320616e64206e6f746520746865206e6577206f7074696f6e732e, 'none'),
(436, '', 'default', 0x436f6e74656e74204e6f74696669636174696f6e73, 'none'),
(6949, '', 'default', 0x47726f757020737065636966696320626c6f636b7320617265206f6e6c792076697369626c65206f6e2067726f757020706167657320616e64206e6f74206f6e2073797374656d77696465207061676573206c696b652074686520686f6d652070616765206f722061646d696e2070616765732e, 'none'),
(437, '', 'default', 0x416c6c6f777320757365727320746f2073756273637269626520746f20636f6e74656e742072656c61746564206576656e74732e, '6.28'),
(6948, '', 'default', 0x496e76697465206f6e6c79, '6.28'),
(438, 'notifications_lite/notifications_lite.module:139', 'default', 0x4d65737361676520666f72205b757365725d, 'none'),
(439, 'notifications_lite/notifications_lite.module:141', 'default', 0x4e6f74696669636174696f6e73206c697465206d657373616765, 'none'),
(440, 'notifications_lite/notifications_lite.module:179', 'default', 0x53696d706c65206e6f74696669636174696f6e73, 'none'),
(441, 'notifications_lite/notifications_lite.module:180', 'default', 0x546865207375626a65637420616e64206d61696e20626f64792077696c6c2062652070726f766964656420627920746865206576656e7420697473656c66, 'none'),
(442, 'notifications_lite/notifications_lite.module:181', 'default', 0x53696d706c65206e6f74696669636174696f6e7320747269676765726564206279206f74686572206d6f64756c6573207573696e6720746865204e6f74696669636174696f6e73204c69746520415049206d6f64756c652e, 'none'),
(443, 'notifications_lite/notifications_lite.module:186', 'default', 0x47726f7570206f662073696d706c65206e6f74696669636174696f6e73, 'none'),
(444, 'notifications_lite/notifications_lite.module:187', 'default', 0x53696d706c65206e6f74696669636174696f6e7320646967657374656420776974682073686f727420666f726d61742e, 'none'),
(445, 'notifications_lite/notifications_lite.module:188', 'default', 0x4576657279206c696e65206f6620746865206469676573742077696c6c2062652061207365706172617465206d6573736167652e, 'none'),
(446, 'notifications_lite/notifications_lite.module:214', 'default', 0x4772656574696e67732c205b757365725d2e, 'none'),
(447, 'notifications_lite/notifications_lite.module:222', 'default', 0x47656e65726963206d65737361676573, 'none'),
(448, 'notifications_lite/notifications_lite.module:0', 'default', 0x6e6f74696669636174696f6e735f6c697465, 'none'),
(449, '', 'default', 0x4e6f74696669636174696f6e73204c697465, 'none'),
(450, 'notifications_lite/notifications_lite.info:0', 'default', 0x45787472612053696d706c65204e6f74696669636174696f6e73204150492e20456e61626c65206f6e6c79207768656e207265717569726564206279206f74686572206d6f64756c65732e, '6.28'),
(451, '', 'default', 0x5465726d3a20256e616d65, 'none'),
(452, '', 'default', 0x53756273637269626520746f20636f6e74656e74207461676765642077697468206120676976656e207461786f6e6f6d79207465726d2e, 'none'),
(6947, '', 'default', 0x41646d696e207370656369666965732077686574686572206f72206e6f7420612067726f7570206170706561727320696e20746865207075626c6963206c697374696e67732e, '6.28'),
(453, 'notifications_tags/notifications_tags.module:116', 'default', 0x506f73747320746167676564207769746820256e616d65, 'none'),
(454, 'notifications_tags/notifications_tags.module:148', 'default', 0x5465726d206e616d65206e6f7420666f756e642e, 'none'),
(455, '', 'default', 0x54616720737562736372697074696f6e73, 'none'),
(456, 'notifications_tags/notifications_tags.module:172', 'default', 0x416c6c6f77656420766f636162756c6172696573, 'none'),
(457, '', 'default', 0x53656c65637420766f636162756c617269657320746f20776869636820737562736372697074696f6e732073686f756c64206265203c656d3e616c6c6f7765643c2f656d3e2e, 'none'),
(6946, '', 'default', 0x537562736372697074696f6e2073656e6420696e74657276616c2e, '6.28'),
(458, 'notifications_tags/notifications_tags.module:180', 'default', 0x4c696d69742074686520646973706c61796564207461786f6e6f6d79207465726d73, 'none'),
(459, '', 'default', 0x496620636865636b65642c2074686520646973706c61796564207461786f6e6f6d79207465726d7320696e205573657220496e7465726661636520666f726d2077696c6c206265206c696d6974656420746f2073756273637269626564207465726d73206f6e6c792e205768656e20796f75206861766520746f6f206d616e79207461786f6e6f6d79207465726d732063617573696e672074686520546167732074616220746f2072756e206f7574206f66206d656d6f727920756e646572204e6f74696669636174696f6e732055492c20656e61626c696e6720746869732073657474696e672063616e20666978207468652070726f626c656d206279206f6e6c7920646973706c6179696e67207468652073756273637269626564207461786f6e6f6d79207465726d732e204e6f7465207468617420696620796f7520656e61626c6520746869732073657474696e672c20796f752077696c6c206861766520746f2070726f7669646520796f757220757365727320616e20616c7465726e61746976652077617920746f2073756273637269626520746f207461786f6e6f6d79206974656d732c20737563682061732070726f766964696e67206c696e6b73206c696b653a206e6f74696669636174696f6e732f7375627363726962652f25757365722f7461786f6e6f6d792f7469642f25746964202e20546865206c696e6b2077696c6c206272696e6720757020746865207374616e6461726420737562736372697074696f6e20636f6e6669726d6174696f6e206469616c6f672e, 'none'),
(6944, '', 'default', 0x537562736372697074696f6e2073656e64206d6574686f642e, '6.28'),
(460, '', 'default', 0x5465726d, '6.28'),
(4854, '', 'default', 0x5465726d204944, '6.28'),
(461, '', 'default', 0x73756273637269626520746f207461786f6e6f6d79207465726d73, 'none'),
(6929, '', 'default', 0x53656e646572, '6.28'),
(462, 'notifications_tags/notifications_tags.module:0', 'default', 0x6e6f74696669636174696f6e735f74616773, 'none'),
(463, 'notifications_tags/notifications_tags.info:0', 'default', 0x5461786f6e6f6d79204e6f74696669636174696f6e73, 'none'),
(464, '', 'default', 0x416c6c6f777320757365727320746f2073756273637269626520746f207461786f6e6f6d79207465726d732e, '6.28'),
(465, '', 'default', 0x41646420737562736372697074696f6e, 'none'),
(6945, '', 'default', 0x537562736372697074696f6e20747970652e, '6.28'),
(466, '', 'default', 0x56697369626c6520737562736372697074696f6e207479706573, 'none'),
(6943, '', 'default', 0x3c3e, '6.28'),
(467, '', 'default', 0x436865636b2074686520737562736372697074696f6e20747970657320746865205549206d6f64756c652073686f756c642073686f772e204966206e6f7420636865636b6564206e6f206f7074696f6e7320666f72207468697320737562736372697074696f6e20747970652077696c6c20626520646973706c6179656420617420616c6c2e, 'none'),
(468, '', 'default', 0x3c7374726f6e673e5461623c2f7374726f6e673e2e20412066756c6c2074616220666f7220736f6d6520737562736372697074696f6e2074797065732077696c6c20626520646973706c6179656420666f72206561636820656e61626c656420737562736372697074696f6e2074797065207768656e20617661696c61626c652e, 'none'),
(6942, '', 'default', 0x50726f766964652064656661756c7420617267756d656e74, '6.28'),
(469, '', 'default', 0x3c7374726f6e673e4372656174653c2f7374726f6e673e2e204120637265617465206c696e6b20616e64206120637573746f6d207061676520666f7220616464696e6720737562736372697074696f6e732077696c6c20626520617661696c61626c6520666f72206561636820656e61626c656420737562736372697074696f6e20747970652e, 'none'),
(470, '', 'default', 0x55736572206163636f756e74207061676573, 'none'),
(6941, '', 'default', 0x446973706c617920656d7074792074657874, '6.28'),
(471, '', 'default', 0x436865636b20656c656d656e747320746f20646973706c6179206f6e2075736572206163636f756e74207061676573, 'none'),
(472, '', 'default', 0x4d616e616765206f776e20737562736372697074696f6e73, 'none'),
(473, '', 'default', 0x436865636b20656c656d656e747320746f20646973706c6179206f6e2075736572206163636f756e74207461627320666f72207369746520757365727320746f206d616e616765207468656972206f776e20737562736372697074696f6e73, 'none'),
(6940, '', 'default', 0x486964652076696577202f2050616765206e6f7420666f756e64202834303429, '6.28'),
(474, '', 'default', 0x53756273637269626520746f206f74686572207573657273, 'none'),
(475, '', 'default', 0x436865636b20656c656d656e747320746f20646973706c6179206f6e2075736572206163636f756e74207461627320666f72206f7468657220757365727320746f2073756273637269626520746f207468656d, 'none'),
(6939, '', 'default', 0x446973706c617920616c6c2076616c756573, '6.28'),
(476, '', 'default', 0x53756273637269626520746f20636f6e74656e74, 'none'),
(477, 'notifications_ui/notifications_ui.pages.inc:76', 'default', 0x596f752063616e207573652074686520676c6f62616c2073657474696e67732068657265206f722073657420646966666572656e74206f7074696f6e7320666f72206561636820636f6e74656e7420747970652e204f6e2074686973207365636f6e6420636173652074686573652077696c6c206265207468652064656661756c747320666f72206e657720636f6e74656e742074797065732e, 'none'),
(478, 'notifications_ui/notifications_ui.pages.inc:91', 'default', 0x436865636b20656c656d656e747320746f20646973706c6179206f6e2065616368206e6f646520666f7220757365727320746f20737562736372696265202f20756e7375627363726962652e, 'none'),
(479, 'notifications_ui/notifications_ui.pages.inc:102', 'default', 0x53686f772075736572206163636f756e742070616765, 'none'),
(480, '', 'default', 0x53686f772063726561746520737562736372697074696f6e2070616765, 'none'),
(481, 'notifications_ui/notifications_ui.module:14', 'default', 0x5468657365206172652055492073657474696e6773206f6e6c7920616e642077696c6c20646566696e65207768696368206f7074696f6e732077696c6c2062652076697369626c6520666f7220656e6420757365727320616e6420686f772074686579276c6c20626520646973706c617965642e205768696368206f7074696f6e732077696c6c2062652066696e616c6c7920617661696c61626c652077696c6c2062652064657465726d696e65642062793a, 'none'),
(482, '', 'default', 0x456e61626c656420737562736372697074696f6e207479706573206f6e20746865206f74686572204e6f74696669636174696f6e732073657474696e6773207061676573, 'none'),
(483, 'notifications_ui/notifications_ui.module:17', 'default', 0x5065726d697373696f6e73207468617420796f752063616e20636f6e666967757265206f6e203c6120687265663d224061646d696e69737465722d7065726d697373696f6e73223e41646d696e6973746572207065726d697373696f6e733c2f613e2e, 'none'),
(484, 'notifications_ui/notifications_ui.module:18', 'default', 0x54686520656e61626c6564206f7074696f6e73206f6e207468697320706167652e, 'none'),
(485, '', 'default', 0x537562736372697074696f6e73205549, 'none'),
(486, '', 'default', 0x456e61626c6520646966666572656e7420646973706c6179206f7074696f6e7320666f7220737562736372697074696f6e7320746f207468697320636f6e74656e7420747970652e, 'none'),
(487, 'notifications_ui/notifications_ui.module:173', 'default', 0x546f20656e61626c65207468657365206f7074696f6e7320636865636b20746865203c6120687265663d22406e6f74696669636174696f6e732d75692d73657474696e6773223e4e6f74696669636174696f6e732055492073657474696e67733c2f613e, 'none'),
(488, '', 'default', 0x6f72206372656174652061206e657720737562736372697074696f6e, 'none'),
(489, 'notifications_ui/notifications_ui.module:251', 'default', 0x537562736372697074696f6e732028256e756d62657229, 'none'),
(490, 'notifications_ui/notifications_ui.module:358', 'default', 0x556e7375627363726962652066726f6d3a20216e616d65, 'none'),
(491, 'notifications_ui/notifications_ui.module:363', 'default', 0x53756273637269626520746f3a20216e616d65, 'none'),
(492, '', 'default', 0x3c7374726f6e673e496e206e6f646520666f726d3c2f7374726f6e673e2e204120737562736372697074696f6e7320737562666f726d2077696c6c20626520617661696c61626c65207768656e206372656174696e67206f722065646974696e67206e6f6465732e, 'none'),
(493, '', 'default', 0x3c7374726f6e673e496e20636f6d6d656e7420666f726d3c2f7374726f6e673e2e204120737562736372697074696f6e7320737562666f726d2077696c6c20626520617661696c61626c65207768656e20706f7374696e6720636f6d6d656e74732e, 'none'),
(6938, '', 'default', 0x46696c74657220746865207669657720746f207468652063757272656e746c79206c6f6767656420696e20757365722e, '6.28'),
(494, '', 'default', 0x3c7374726f6e673e46756c6c206e6f6465206c696e6b733c2f7374726f6e673e2e20537562736372697074696f6e206c696e6b732077696c6c20626520646973706c6179656420666f722066756c6c206e6f64652070616765732e, 'none'),
(495, '', 'default', 0x3c7374726f6e673e546561736572206e6f6465206c696e6b733c2f7374726f6e673e2e20537562736372697074696f6e206c696e6b732077696c6c20626520646973706c6179656420666f72206e6f646520746561736572732e, 'none'),
(496, '', 'default', 0x3c7374726f6e673e466f726d206f6e206e6f64652070616765733c2f7374726f6e673e2e204120636f6c6c61707369626c6520737562736372697074696f6e7320666f726d2077696c6c20626520646973706c6179656420666f722066756c6c206e6f64652070616765732e, 'none'),
(497, '', 'default', 0x3c7374726f6e673e496e20626c6f636b3c2f7374726f6e673e2e204f7074696f6e732077696c6c20626520646973706c61796564206f6e2074686520537562736372697074696f6e7320626c6f636b207768656e2076696577696e672061206e6f64652e, 'none'),
(498, 'notifications_ui/notifications_ui.module:642', 'default', 0x4c696e6b73206f6e2075736572206163636f756e7420746162, 'none'),
(499, '', 'default', 0x446973706c617920696e20626c6f636b, 'none'),
(500, '', 'default', 0x4120737562736372697074696f6e20686173206265656e2063726561746564, 'none'),
(501, '', 'default', 0x40636f756e7420737562736372697074696f6e732068617665206265656e2063726561746564, 'none'),
(502, '', 'default', 0x4120737562736372697074696f6e20686173206265656e2064656c65746564, 'none'),
(503, '', 'default', 0x40636f756e7420737562736372697074696f6e732068617665206265656e2064656c65746564, 'none'),
(6937, '', 'default', 0x537562736372697074696f6e206279207468652063757272656e742075736572, '6.28'),
(504, '', 'default', 0x5573657220696e74657266616365, '6.28'),
(6328, '', 'default', 0x436f6c6f7273, '6.28'),
(505, '', 'default', 0x456e61626c657320736974652073657474696e677320666f72207573657220737562736372697074696f6e732e, 'none'),
(506, 'notifications_ui/notifications_ui.module:0', 'default', 0x6e6f74696669636174696f6e735f7569, 'none'),
(507, 'notifications_ui/notifications_ui.install:39', 'default', 0x506c656173652c20636865636b20616c6c20796f7572204e6f74696669636174696f6e732055492073657474696e677320616e64206e6f746520746865206e6577206f7074696f6e732e, 'none'),
(508, 'notifications_ui/notifications_ui.info:0', 'default', 0x4e6f74696669636174696f6e73205549, 'none'),
(509, 'notifications_ui/notifications_ui.info:0', 'default', 0x50726f766964657320616e20554920746f206e6f74696669636174696f6e73, '6.28'),
(510, '', 'default', 0x53656e6420496e74657276616c, '6.28'),
(6935, '', 'default', 0x44656c657465206c696e6b, '6.28'),
(6936, '', 'default', 0x4e6f74696669636174696f6e7320737562736372697074696f6e732e, '6.28'),
(511, '', 'default', 0x537562736372697074696f6e2074797065, 'none'),
(512, 'notifications_views/notifications_views.module:26', 'default', 0x4d6573736167696e672073746f72652e, '6.28'),
(513, 'notifications_views/notifications_views.module:33', 'default', 0x4d514944, '6.28'),
(514, '', 'default', 0x5468757273646179, '6.28'),
(515, '', 'default', 0x216c6f6e672d6d6f6e74682d6e616d65204d61726368, '6.28'),
(516, '', 'default', 0x467269646179, '6.28'),
(517, '', 'default', 0x44656661756c742074696d65207a6f6e65, '6.28'),
(518, '/install.php?locale=es&profile=openatrium', 'default', 0x4166726963612f416269646a616e, '6.28'),
(519, '', 'default', 0x2174696d657a6f6e65, '6.28'),
(520, '/install.php?locale=es&profile=openatrium', 'default', 0x4166726963612f4163637261, '6.28'),
(521, '/install.php?locale=es&profile=openatrium', 'default', 0x4166726963612f41646469735f4162616261, '6.28'),
(522, '', 'default', 0x4166726963612f416c6769657273, '6.28'),
(523, '/install.php?locale=es&profile=openatrium', 'default', 0x4166726963612f41736d617261, '6.28'),
(524, '/install.php?locale=es&profile=openatrium', 'default', 0x4166726963612f42616d616b6f, '6.28'),
(525, '', 'default', 0x4166726963612f42616e677569, '6.28'),
(526, '/install.php?locale=es&profile=openatrium', 'default', 0x4166726963612f42616e6a756c, '6.28'),
(527, '/install.php?locale=es&profile=openatrium', 'default', 0x4166726963612f426973736175, '6.28'),
(528, '', 'default', 0x4166726963612f426c616e74797265, '6.28'),
(529, '', 'default', 0x4166726963612f4272617a7a6176696c6c65, '6.28'),
(530, '', 'default', 0x4166726963612f42756a756d62757261, '6.28'),
(531, '', 'default', 0x4166726963612f436169726f, '6.28'),
(532, '/install.php?locale=es&profile=openatrium', 'default', 0x4166726963612f43617361626c616e6361, '6.28'),
(533, '', 'default', 0x4166726963612f4365757461, '6.28'),
(534, '/install.php?locale=es&profile=openatrium', 'default', 0x4166726963612f436f6e616b7279, '6.28'),
(535, '/install.php?locale=es&profile=openatrium', 'default', 0x4166726963612f44616b6172, '6.28'),
(536, '', 'default', 0x4166726963612f4461725f65735f53616c61616d, '6.28'),
(537, '', 'default', 0x4166726963612f446a69626f757469, '6.28'),
(538, '', 'default', 0x4166726963612f446f75616c61, '6.28'),
(539, '/install.php?locale=es&profile=openatrium', 'default', 0x4166726963612f456c5f416169756e, '6.28'),
(540, '/install.php?locale=es&profile=openatrium', 'default', 0x4166726963612f46726565746f776e, '6.28'),
(541, '', 'default', 0x4166726963612f4761626f726f6e65, '6.28'),
(542, '', 'default', 0x4166726963612f486172617265, '6.28'),
(543, '', 'default', 0x4166726963612f4a6f68616e6e657362757267, '6.28'),
(544, '/install.php?locale=es&profile=openatrium', 'default', 0x4166726963612f4a756261, '6.28'),
(545, '', 'default', 0x4166726963612f4b616d70616c61, '6.28'),
(546, '', 'default', 0x4166726963612f4b686172746f756d, '6.28'),
(547, '', 'default', 0x4166726963612f4b6967616c69, '6.28'),
(548, '', 'default', 0x4166726963612f4b696e7368617361, '6.28'),
(549, '', 'default', 0x4166726963612f4c61676f73, '6.28'),
(550, '', 'default', 0x4166726963612f4c6962726576696c6c65, '6.28'),
(551, '/install.php?locale=es&profile=openatrium', 'default', 0x4166726963612f4c6f6d65, '6.28'),
(552, '', 'default', 0x4166726963612f4c75616e6461, '6.28'),
(553, '', 'default', 0x4166726963612f4c7562756d6261736869, '6.28'),
(554, '', 'default', 0x4166726963612f4c7573616b61, '6.28'),
(555, '', 'default', 0x4166726963612f4d616c61626f, '6.28'),
(556, '', 'default', 0x4166726963612f4d617075746f, '6.28'),
(557, '', 'default', 0x4166726963612f4d6173657275, '6.28'),
(558, '', 'default', 0x4166726963612f4d626162616e65, '6.28'),
(559, '', 'default', 0x4166726963612f4d6f67616469736875, '6.28'),
(560, '/install.php?locale=es&profile=openatrium', 'default', 0x4166726963612f4d6f6e726f766961, '6.28'),
(561, '', 'default', 0x4166726963612f4e6169726f6269, '6.28'),
(562, '', 'default', 0x4166726963612f4e646a616d656e61, '6.28'),
(563, '', 'default', 0x4166726963612f4e69616d6579, '6.28'),
(564, '/install.php?locale=es&profile=openatrium', 'default', 0x4166726963612f4e6f75616b63686f7474, '6.28'),
(565, '/install.php?locale=es&profile=openatrium', 'default', 0x4166726963612f4f75616761646f75676f75, '6.28'),
(566, '', 'default', 0x4166726963612f506f72746f2d4e6f766f, '6.28'),
(567, '/install.php?locale=es&profile=openatrium', 'default', 0x4166726963612f53616f5f546f6d65, '6.28'),
(568, '', 'default', 0x4166726963612f547269706f6c69, '6.28'),
(569, '', 'default', 0x4166726963612f54756e6973, '6.28'),
(570, '', 'default', 0x4166726963612f57696e64686f656b, '6.28'),
(571, '', 'default', 0x416d65726963612f4164616b, '6.28'),
(572, '', 'default', 0x416d65726963612f416e63686f72616765, '6.28'),
(573, '', 'default', 0x416d65726963612f416e6775696c6c61, '6.28'),
(574, '', 'default', 0x416d65726963612f416e7469677561, '6.28'),
(575, '', 'default', 0x416d65726963612f417261677561696e61, '6.28'),
(576, '/install.php?locale=es&profile=openatrium', 'default', 0x416d65726963612f417267656e74696e612f4275656e6f735f4169726573, '6.28'),
(577, '/install.php?locale=es&profile=openatrium', 'default', 0x416d65726963612f417267656e74696e612f436174616d61726361, '6.28'),
(578, '/install.php?locale=es&profile=openatrium', 'default', 0x416d65726963612f417267656e74696e612f436f72646f6261, '6.28'),
(579, '/install.php?locale=es&profile=openatrium', 'default', 0x416d65726963612f417267656e74696e612f4a756a7579, '6.28'),
(580, '/install.php?locale=es&profile=openatrium', 'default', 0x416d65726963612f417267656e74696e612f4c615f52696f6a61, '6.28'),
(581, '/install.php?locale=es&profile=openatrium', 'default', 0x416d65726963612f417267656e74696e612f4d656e646f7a61, '6.28'),
(582, '/install.php?locale=es&profile=openatrium', 'default', 0x416d65726963612f417267656e74696e612f52696f5f47616c6c65676f73, '6.28'),
(583, '/install.php?locale=es&profile=openatrium', 'default', 0x416d65726963612f417267656e74696e612f53616c7461, '6.28'),
(584, '/install.php?locale=es&profile=openatrium', 'default', 0x416d65726963612f417267656e74696e612f53616e5f4a75616e, '6.28'),
(585, '/install.php?locale=es&profile=openatrium', 'default', 0x416d65726963612f417267656e74696e612f53616e5f4c756973, '6.28'),
(586, '/install.php?locale=es&profile=openatrium', 'default', 0x416d65726963612f417267656e74696e612f547563756d616e, '6.28'),
(587, '/install.php?locale=es&profile=openatrium', 'default', 0x416d65726963612f417267656e74696e612f55736875616961, '6.28'),
(588, '', 'default', 0x416d65726963612f4172756261, '6.28'),
(589, '', 'default', 0x416d65726963612f4173756e63696f6e, '6.28'),
(590, '/install.php?locale=es&profile=openatrium', 'default', 0x416d65726963612f4174696b6f6b616e, '6.28'),
(591, '/install.php?locale=es&profile=openatrium', 'default', 0x416d65726963612f4261686961, '6.28'),
(592, '/install.php?locale=es&profile=openatrium', 'default', 0x416d65726963612f42616869615f42616e6465726173, '6.28'),
(593, '', 'default', 0x416d65726963612f4261726261646f73, '6.28'),
(594, '', 'default', 0x416d65726963612f42656c656d, '6.28'),
(595, '', 'default', 0x416d65726963612f42656c697a65, '6.28'),
(596, '/install.php?locale=es&profile=openatrium', 'default', 0x416d65726963612f426c616e632d5361626c6f6e, '6.28'),
(597, '', 'default', 0x416d65726963612f426f615f5669737461, '6.28'),
(598, '', 'default', 0x416d65726963612f426f676f7461, '6.28'),
(599, '', 'default', 0x416d65726963612f426f697365, '6.28'),
(600, '', 'default', 0x416d65726963612f43616d6272696467655f426179, '6.28'),
(601, '/install.php?locale=es&profile=openatrium', 'default', 0x416d65726963612f43616d706f5f4772616e6465, '6.28'),
(602, '', 'default', 0x416d65726963612f43616e63756e, '6.28'),
(603, '', 'default', 0x416d65726963612f43617261636173, '6.28'),
(604, '', 'default', 0x416d65726963612f436179656e6e65, '6.28'),
(605, '', 'default', 0x416d65726963612f4361796d616e, '6.28'),
(606, '', 'default', 0x416d65726963612f4368696361676f, '6.28'),
(607, '', 'default', 0x416d65726963612f436869687561687561, '6.28'),
(608, '', 'default', 0x416d65726963612f436f7374615f52696361, '6.28'),
(609, '/install.php?locale=es&profile=openatrium', 'default', 0x416d65726963612f43726573746f6e, '6.28'),
(610, '', 'default', 0x416d65726963612f437569616261, '6.28'),
(611, '', 'default', 0x416d65726963612f4375726163616f, '6.28'),
(612, '/install.php?locale=es&profile=openatrium', 'default', 0x416d65726963612f44616e6d61726b736861766e, '6.28'),
(613, '', 'default', 0x416d65726963612f446177736f6e, '6.28'),
(614, '', 'default', 0x416d65726963612f446177736f6e5f437265656b, '6.28'),
(615, '', 'default', 0x416d65726963612f44656e766572, '6.28'),
(616, '', 'default', 0x416d65726963612f446574726f6974, '6.28'),
(617, '', 'default', 0x416d65726963612f446f6d696e696361, '6.28'),
(618, '', 'default', 0x416d65726963612f45646d6f6e746f6e, '6.28'),
(619, '', 'default', 0x416d65726963612f456972756e657065, '6.28'),
(620, '', 'default', 0x416d65726963612f456c5f53616c7661646f72, '6.28'),
(621, '', 'default', 0x416d65726963612f466f7274616c657a61, '6.28'),
(622, '', 'default', 0x416d65726963612f476c6163655f426179, '6.28'),
(623, '', 'default', 0x416d65726963612f476f6474686162, '6.28'),
(624, '', 'default', 0x416d65726963612f476f6f73655f426179, '6.28'),
(625, '', 'default', 0x416d65726963612f4772616e645f5475726b, '6.28'),
(626, '', 'default', 0x416d65726963612f4772656e616461, '6.28'),
(627, '', 'default', 0x416d65726963612f47756164656c6f757065, '6.28'),
(628, '', 'default', 0x416d65726963612f47756174656d616c61, '6.28'),
(629, '', 'default', 0x416d65726963612f47756179617175696c, '6.28'),
(630, '', 'default', 0x416d65726963612f477579616e61, '6.28'),
(631, '', 'default', 0x416d65726963612f48616c69666178, '6.28'),
(632, '', 'default', 0x416d65726963612f486176616e61, '6.28'),
(633, '', 'default', 0x416d65726963612f4865726d6f73696c6c6f, '6.28'),
(634, '', 'default', 0x416d65726963612f496e6469616e612f496e6469616e61706f6c6973, '6.28'),
(635, '', 'default', 0x416d65726963612f496e6469616e612f4b6e6f78, '6.28'),
(636, '', 'default', 0x416d65726963612f496e6469616e612f4d6172656e676f, '6.28'),
(637, '/install.php?locale=es&profile=openatrium', 'default', 0x416d65726963612f496e6469616e612f50657465727362757267, '6.28'),
(638, '/install.php?locale=es&profile=openatrium', 'default', 0x416d65726963612f496e6469616e612f54656c6c5f43697479, '6.28'),
(639, '', 'default', 0x416d65726963612f496e6469616e612f5665766179, '6.28'),
(640, '/install.php?locale=es&profile=openatrium', 'default', 0x416d65726963612f496e6469616e612f56696e63656e6e6573, '6.28'),
(641, '/install.php?locale=es&profile=openatrium', 'default', 0x416d65726963612f496e6469616e612f57696e616d6163, '6.28'),
(642, '', 'default', 0x416d65726963612f496e7576696b, '6.28'),
(643, '', 'default', 0x416d65726963612f4971616c756974, '6.28'),
(644, '', 'default', 0x416d65726963612f4a616d61696361, '6.28'),
(645, '', 'default', 0x416d65726963612f4a756e656175, '6.28'),
(646, '', 'default', 0x416d65726963612f4b656e7475636b792f4c6f75697376696c6c65, '6.28'),
(647, '', 'default', 0x416d65726963612f4b656e7475636b792f4d6f6e746963656c6c6f, '6.28'),
(648, '/install.php?locale=es&profile=openatrium', 'default', 0x416d65726963612f4b72616c656e64696a6b, '6.28'),
(649, '', 'default', 0x416d65726963612f4c615f50617a, '6.28'),
(650, '', 'default', 0x416d65726963612f4c696d61, '6.28'),
(651, '', 'default', 0x416d65726963612f4c6f735f416e67656c6573, '6.28'),
(652, '/install.php?locale=es&profile=openatrium', 'default', 0x416d65726963612f4c6f7765725f5072696e636573, '6.28'),
(653, '', 'default', 0x416d65726963612f4d616365696f, '6.28'),
(654, '', 'default', 0x416d65726963612f4d616e61677561, '6.28'),
(655, '', 'default', 0x416d65726963612f4d616e617573, '6.28'),
(656, '/install.php?locale=es&profile=openatrium', 'default', 0x416d65726963612f4d617269676f74, '6.28'),
(657, '', 'default', 0x416d65726963612f4d617274696e69717565, '6.28'),
(658, '/install.php?locale=es&profile=openatrium', 'default', 0x416d65726963612f4d6174616d6f726f73, '6.28'),
(659, '', 'default', 0x416d65726963612f4d617a61746c616e, '6.28'),
(660, '', 'default', 0x416d65726963612f4d656e6f6d696e6565, '6.28'),
(661, '', 'default', 0x416d65726963612f4d6572696461, '6.28'),
(662, '/install.php?locale=es&profile=openatrium', 'default', 0x416d65726963612f4d65746c616b61746c61, '6.28'),
(663, '', 'default', 0x416d65726963612f4d657869636f5f43697479, '6.28'),
(664, '', 'default', 0x416d65726963612f4d697175656c6f6e, '6.28'),
(665, '/install.php?locale=es&profile=openatrium', 'default', 0x416d65726963612f4d6f6e63746f6e, '6.28'),
(666, '', 'default', 0x416d65726963612f4d6f6e746572726579, '6.28'),
(667, '', 'default', 0x416d65726963612f4d6f6e7465766964656f, '6.28'),
(668, '', 'default', 0x416d65726963612f4d6f6e747265616c, '6.28'),
(669, '', 'default', 0x416d65726963612f4d6f6e74736572726174, '6.28'),
(670, '', 'default', 0x416d65726963612f4e6173736175, '6.28'),
(671, '', 'default', 0x416d65726963612f4e65775f596f726b, '6.28'),
(672, '', 'default', 0x416d65726963612f4e697069676f6e, '6.28'),
(673, '', 'default', 0x416d65726963612f4e6f6d65, '6.28'),
(674, '', 'default', 0x416d65726963612f4e6f726f6e6861, '6.28'),
(675, '/install.php?locale=es&profile=openatrium', 'default', 0x416d65726963612f4e6f7274685f44616b6f74612f4265756c6168, '6.28'),
(676, '/install.php?locale=es&profile=openatrium', 'default', 0x416d65726963612f4e6f7274685f44616b6f74612f43656e746572, '6.28'),
(677, '/install.php?locale=es&profile=openatrium', 'default', 0x416d65726963612f4e6f7274685f44616b6f74612f4e65775f53616c656d, '6.28'),
(678, '/install.php?locale=es&profile=openatrium', 'default', 0x416d65726963612f4f6a696e616761, '6.28'),
(679, '', 'default', 0x416d65726963612f50616e616d61, '6.28'),
(680, '', 'default', 0x416d65726963612f50616e676e697274756e67, '6.28'),
(681, '', 'default', 0x416d65726963612f506172616d617269626f, '6.28'),
(682, '', 'default', 0x416d65726963612f50686f656e6978, '6.28'),
(683, '', 'default', 0x416d65726963612f506f72742d61752d5072696e6365, '6.28'),
(684, '', 'default', 0x416d65726963612f506f72745f6f665f537061696e, '6.28'),
(685, '', 'default', 0x416d65726963612f506f72746f5f56656c686f, '6.28'),
(686, '', 'default', 0x416d65726963612f50756572746f5f5269636f, '6.28'),
(687, '', 'default', 0x416d65726963612f5261696e795f5269766572, '6.28'),
(688, '', 'default', 0x416d65726963612f52616e6b696e5f496e6c6574, '6.28'),
(689, '', 'default', 0x416d65726963612f526563696665, '6.28'),
(690, '', 'default', 0x416d65726963612f526567696e61, '6.28'),
(691, '/install.php?locale=es&profile=openatrium', 'default', 0x416d65726963612f5265736f6c757465, '6.28'),
(692, '', 'default', 0x416d65726963612f52696f5f4272616e636f, '6.28'),
(693, '/install.php?locale=es&profile=openatrium', 'default', 0x416d65726963612f53616e74615f49736162656c, '6.28'),
(694, '/install.php?locale=es&profile=openatrium', 'default', 0x416d65726963612f53616e746172656d, '6.28'),
(695, '', 'default', 0x416d65726963612f53616e746961676f, '6.28'),
(696, '', 'default', 0x416d65726963612f53616e746f5f446f6d696e676f, '6.28'),
(697, '', 'default', 0x416d65726963612f53616f5f5061756c6f, '6.28'),
(698, '', 'default', 0x416d65726963612f53636f726573627973756e64, '6.28'),
(699, '', 'default', 0x416d65726963612f53686970726f636b, '6.28'),
(700, '/install.php?locale=es&profile=openatrium', 'default', 0x416d65726963612f5369746b61, '6.28'),
(701, '/install.php?locale=es&profile=openatrium', 'default', 0x416d65726963612f53745f4261727468656c656d79, '6.28'),
(702, '', 'default', 0x416d65726963612f53745f4a6f686e73, '6.28'),
(703, '', 'default', 0x416d65726963612f53745f4b69747473, '6.28'),
(704, '', 'default', 0x416d65726963612f53745f4c75636961, '6.28'),
(705, '', 'default', 0x416d65726963612f53745f54686f6d6173, '6.28'),
(706, '', 'default', 0x416d65726963612f53745f56696e63656e74, '6.28'),
(707, '', 'default', 0x416d65726963612f53776966745f43757272656e74, '6.28'),
(708, '', 'default', 0x416d65726963612f54656775636967616c7061, '6.28'),
(709, '', 'default', 0x416d65726963612f5468756c65, '6.28'),
(710, '', 'default', 0x416d65726963612f5468756e6465725f426179, '6.28'),
(711, '', 'default', 0x416d65726963612f54696a75616e61, '6.28'),
(712, '/install.php?locale=es&profile=openatrium', 'default', 0x416d65726963612f546f726f6e746f, '6.28'),
(713, '', 'default', 0x416d65726963612f546f72746f6c61, '6.28'),
(714, '', 'default', 0x416d65726963612f56616e636f75766572, '6.28'),
(715, '', 'default', 0x416d65726963612f5768697465686f727365, '6.28'),
(716, '', 'default', 0x416d65726963612f57696e6e69706567, '6.28'),
(717, '', 'default', 0x416d65726963612f59616b75746174, '6.28'),
(718, '', 'default', 0x416d65726963612f59656c6c6f776b6e696665, '6.28'),
(719, '', 'default', 0x416e74617263746963612f4361736579, '6.28'),
(720, '', 'default', 0x416e74617263746963612f4461766973, '6.28'),
(721, '', 'default', 0x416e74617263746963612f44756d6f6e7444557276696c6c65, '6.28'),
(722, '/install.php?locale=es&profile=openatrium', 'default', 0x416e74617263746963612f4d6163717561726965, '6.28'),
(723, '', 'default', 0x416e74617263746963612f4d6177736f6e, '6.28'),
(724, '', 'default', 0x416e74617263746963612f4d634d7572646f, '6.28'),
(725, '', 'default', 0x416e74617263746963612f50616c6d6572, '6.28'),
(726, '/install.php?locale=es&profile=openatrium', 'default', 0x416e74617263746963612f526f7468657261, '6.28'),
(727, '', 'default', 0x416e74617263746963612f536f7574685f506f6c65, '6.28'),
(728, '', 'default', 0x416e74617263746963612f53796f7761, '6.28'),
(729, '', 'default', 0x416e74617263746963612f566f73746f6b, '6.28'),
(730, '', 'default', 0x4172637469632f4c6f6e67796561726279656e, '6.28'),
(731, '', 'default', 0x417369612f4164656e, '6.28'),
(732, '', 'default', 0x417369612f416c6d617479, '6.28'),
(733, '', 'default', 0x417369612f416d6d616e, '6.28'),
(734, '', 'default', 0x417369612f416e61647972, '6.28'),
(735, '', 'default', 0x417369612f4171746175, '6.28'),
(736, '', 'default', 0x417369612f4171746f6265, '6.28'),
(737, '', 'default', 0x417369612f4173686761626174, '6.28'),
(738, '', 'default', 0x417369612f42616768646164, '6.28'),
(739, '', 'default', 0x417369612f4261687261696e, '6.28'),
(740, '', 'default', 0x417369612f42616b75, '6.28'),
(741, '', 'default', 0x417369612f42616e676b6f6b, '6.28'),
(742, '', 'default', 0x417369612f426569727574, '6.28'),
(743, '', 'default', 0x417369612f426973686b656b, '6.28'),
(744, '', 'default', 0x417369612f4272756e6569, '6.28'),
(745, '/install.php?locale=es&profile=openatrium', 'default', 0x417369612f43686f6962616c73616e, '6.28'),
(746, '/install.php?locale=es&profile=openatrium', 'default', 0x417369612f43686f6e6771696e67, '6.28'),
(747, '', 'default', 0x417369612f436f6c6f6d626f, '6.28'),
(748, '', 'default', 0x417369612f44616d6173637573, '6.28'),
(749, '', 'default', 0x417369612f4468616b61, '6.28'),
(750, '', 'default', 0x417369612f44696c69, '6.28'),
(751, '', 'default', 0x417369612f4475626169, '6.28'),
(752, '', 'default', 0x417369612f44757368616e6265, '6.28'),
(753, '', 'default', 0x417369612f47617a61, '6.28'),
(754, '', 'default', 0x417369612f48617262696e, '6.28'),
(755, '/install.php?locale=es&profile=openatrium', 'default', 0x417369612f486562726f6e, '6.28'),
(756, '/install.php?locale=es&profile=openatrium', 'default', 0x417369612f486f5f4368695f4d696e68, '6.28'),
(757, '', 'default', 0x417369612f486f6e675f4b6f6e67, '6.28'),
(758, '', 'default', 0x417369612f486f7664, '6.28'),
(759, '', 'default', 0x417369612f49726b7574736b, '6.28'),
(760, '', 'default', 0x417369612f4a616b61727461, '6.28'),
(761, '', 'default', 0x417369612f4a61796170757261, '6.28'),
(762, '', 'default', 0x417369612f4a65727573616c656d, '6.28'),
(763, '', 'default', 0x417369612f4b6162756c, '6.28'),
(764, '', 'default', 0x417369612f4b616d636861746b61, '6.28'),
(765, '', 'default', 0x417369612f4b617261636869, '6.28'),
(766, '', 'default', 0x417369612f4b617368676172, '6.28'),
(767, '/install.php?locale=es&profile=openatrium', 'default', 0x417369612f4b6174686d616e6475, '6.28'),
(768, '/install.php?locale=es&profile=openatrium', 'default', 0x417369612f4b6f6c6b617461, '6.28'),
(769, '', 'default', 0x417369612f4b7261736e6f796172736b, '6.28'),
(770, '', 'default', 0x417369612f4b75616c615f4c756d707572, '6.28'),
(771, '', 'default', 0x417369612f4b756368696e67, '6.28'),
(772, '', 'default', 0x417369612f4b7577616974, '6.28'),
(773, '/install.php?locale=es&profile=openatrium', 'default', 0x417369612f4d61636175, '6.28'),
(774, '', 'default', 0x417369612f4d61676164616e, '6.28'),
(775, '/install.php?locale=es&profile=openatrium', 'default', 0x417369612f4d616b6173736172, '6.28'),
(776, '', 'default', 0x417369612f4d616e696c61, '6.28'),
(777, '', 'default', 0x417369612f4d7573636174, '6.28'),
(778, '', 'default', 0x417369612f4e69636f736961, '6.28'),
(779, '/install.php?locale=es&profile=openatrium', 'default', 0x417369612f4e6f766f6b757a6e6574736b, '6.28'),
(780, '', 'default', 0x417369612f4e6f766f7369626972736b, '6.28'),
(781, '', 'default', 0x417369612f4f6d736b, '6.28'),
(782, '/install.php?locale=es&profile=openatrium', 'default', 0x417369612f4f72616c, '6.28'),
(783, '', 'default', 0x417369612f50686e6f6d5f50656e68, '6.28'),
(784, '/install.php?locale=es&profile=openatrium', 'default', 0x417369612f506f6e7469616e616b, '6.28'),
(785, '', 'default', 0x417369612f50796f6e6779616e67, '6.28'),
(786, '', 'default', 0x417369612f5161746172, '6.28'),
(787, '/install.php?locale=es&profile=openatrium', 'default', 0x417369612f51797a796c6f726461, '6.28'),
(788, '', 'default', 0x417369612f52616e676f6f6e, '6.28'),
(789, '', 'default', 0x417369612f526979616468, '6.28'),
(790, '/install.php?locale=es&profile=openatrium', 'default', 0x417369612f53616b68616c696e, '6.28'),
(791, '', 'default', 0x417369612f53616d61726b616e64, '6.28'),
(792, '', 'default', 0x417369612f53656f756c, '6.28'),
(793, '', 'default', 0x417369612f5368616e67686169, '6.28'),
(794, '', 'default', 0x417369612f53696e6761706f7265, '6.28'),
(795, '', 'default', 0x417369612f546169706569, '6.28'),
(796, '', 'default', 0x417369612f546173686b656e74, '6.28'),
(797, '', 'default', 0x417369612f5462696c697369, '6.28'),
(798, '', 'default', 0x417369612f54656872616e, '6.28'),
(799, '', 'default', 0x417369612f5468696d706875, '6.28'),
(800, '', 'default', 0x417369612f546f6b796f, '6.28'),
(801, '', 'default', 0x417369612f556c61616e626161746172, '6.28'),
(802, '', 'default', 0x417369612f5572756d7169, '6.28'),
(803, '', 'default', 0x417369612f5669656e7469616e65, '6.28'),
(804, '', 'default', 0x417369612f566c616469766f73746f6b, '6.28'),
(805, '', 'default', 0x417369612f59616b7574736b, '6.28'),
(806, '', 'default', 0x417369612f59656b61746572696e62757267, '6.28'),
(807, '', 'default', 0x417369612f5965726576616e, '6.28'),
(808, '', 'default', 0x41746c616e7469632f417a6f726573, '6.28'),
(809, '', 'default', 0x41746c616e7469632f4265726d756461, '6.28'),
(810, '', 'default', 0x41746c616e7469632f43616e617279, '6.28'),
(811, '', 'default', 0x41746c616e7469632f436170655f5665726465, '6.28'),
(812, '/install.php?locale=es&profile=openatrium', 'default', 0x41746c616e7469632f4661726f65, '6.28'),
(813, '', 'default', 0x41746c616e7469632f4d616465697261, '6.28'),
(814, '/install.php?locale=es&profile=openatrium', 'default', 0x41746c616e7469632f5265796b6a6176696b, '6.28'),
(815, '', 'default', 0x41746c616e7469632f536f7574685f47656f72676961, '6.28'),
(816, '/install.php?locale=es&profile=openatrium', 'default', 0x41746c616e7469632f53745f48656c656e61, '6.28'),
(817, '', 'default', 0x41746c616e7469632f5374616e6c6579, '6.28'),
(818, '', 'default', 0x4175737472616c69612f4164656c61696465, '6.28'),
(819, '', 'default', 0x4175737472616c69612f4272697362616e65, '6.28'),
(820, '', 'default', 0x4175737472616c69612f42726f6b656e5f48696c6c, '6.28'),
(821, '/install.php?locale=es&profile=openatrium', 'default', 0x4175737472616c69612f437572726965, '6.28'),
(822, '', 'default', 0x4175737472616c69612f44617277696e, '6.28'),
(823, '/install.php?locale=es&profile=openatrium', 'default', 0x4175737472616c69612f4575636c61, '6.28'),
(824, '', 'default', 0x4175737472616c69612f486f62617274, '6.28'),
(825, '', 'default', 0x4175737472616c69612f4c696e64656d616e, '6.28'),
(826, '', 'default', 0x4175737472616c69612f4c6f72645f486f7765, '6.28'),
(827, '', 'default', 0x4175737472616c69612f4d656c626f75726e65, '6.28'),
(828, '', 'default', 0x4175737472616c69612f5065727468, '6.28'),
(829, '', 'default', 0x4175737472616c69612f5379646e6579, '6.28'),
(830, '', 'default', 0x4575726f70652f416d7374657264616d, '6.28'),
(831, '', 'default', 0x4575726f70652f416e646f727261, '6.28'),
(832, '', 'default', 0x4575726f70652f417468656e73, '6.28'),
(833, '', 'default', 0x4575726f70652f42656c6772616465, '6.28'),
(834, '', 'default', 0x4575726f70652f4265726c696e, '6.28'),
(835, '', 'default', 0x4575726f70652f4272617469736c617661, '6.28'),
(836, '', 'default', 0x4575726f70652f4272757373656c73, '6.28'),
(837, '', 'default', 0x4575726f70652f427563686172657374, '6.28'),
(838, '', 'default', 0x4575726f70652f4275646170657374, '6.28'),
(839, '', 'default', 0x4575726f70652f43686973696e6175, '6.28'),
(840, '', 'default', 0x4575726f70652f436f70656e686167656e, '6.28'),
(841, '', 'default', 0x4575726f70652f4475626c696e, '6.28'),
(842, '', 'default', 0x4575726f70652f47696272616c746172, '6.28'),
(843, '/install.php?locale=es&profile=openatrium', 'default', 0x4575726f70652f477565726e736579, '6.28'),
(844, '', 'default', 0x4575726f70652f48656c73696e6b69, '6.28'),
(845, '/install.php?locale=es&profile=openatrium', 'default', 0x4575726f70652f49736c655f6f665f4d616e, '6.28'),
(846, '', 'default', 0x4575726f70652f497374616e62756c, '6.28'),
(847, '/install.php?locale=es&profile=openatrium', 'default', 0x4575726f70652f4a6572736579, '6.28'),
(848, '', 'default', 0x4575726f70652f4b616c696e696e67726164, '6.28'),
(849, '', 'default', 0x4575726f70652f4b696576, '6.28'),
(850, '', 'default', 0x4575726f70652f4c6973626f6e, '6.28'),
(851, '', 'default', 0x4575726f70652f4c6a75626c6a616e61, '6.28'),
(852, '', 'default', 0x4575726f70652f4c6f6e646f6e, '6.28'),
(853, '', 'default', 0x4575726f70652f4c7578656d626f757267, '6.28'),
(854, '', 'default', 0x4575726f70652f4d6164726964, '6.28'),
(855, '', 'default', 0x4575726f70652f4d616c7461, '6.28'),
(856, '/install.php?locale=es&profile=openatrium', 'default', 0x4575726f70652f4d6172696568616d6e, '6.28'),
(857, '', 'default', 0x4575726f70652f4d696e736b, '6.28'),
(858, '', 'default', 0x4575726f70652f4d6f6e61636f, '6.28'),
(859, '', 'default', 0x4575726f70652f4d6f73636f77, '6.28'),
(860, '', 'default', 0x4575726f70652f4f736c6f, '6.28'),
(861, '', 'default', 0x4575726f70652f5061726973, '6.28'),
(862, '/install.php?locale=es&profile=openatrium', 'default', 0x4575726f70652f506f64676f72696361, '6.28');
INSERT INTO `locales_source` (`lid`, `location`, `textgroup`, `source`, `version`) VALUES
(863, '', 'default', 0x4575726f70652f507261677565, '6.28'),
(864, '', 'default', 0x4575726f70652f52696761, '6.28'),
(865, '', 'default', 0x4575726f70652f526f6d65, '6.28'),
(866, '', 'default', 0x4575726f70652f53616d617261, '6.28'),
(867, '', 'default', 0x4575726f70652f53616e5f4d6172696e6f, '6.28'),
(868, '', 'default', 0x4575726f70652f536172616a65766f, '6.28'),
(869, '', 'default', 0x4575726f70652f53696d6665726f706f6c, '6.28'),
(870, '', 'default', 0x4575726f70652f536b6f706a65, '6.28'),
(871, '', 'default', 0x4575726f70652f536f666961, '6.28'),
(872, '', 'default', 0x4575726f70652f53746f636b686f6c6d, '6.28'),
(873, '', 'default', 0x4575726f70652f54616c6c696e6e, '6.28'),
(874, '', 'default', 0x4575726f70652f546972616e65, '6.28'),
(875, '', 'default', 0x4575726f70652f557a68676f726f64, '6.28'),
(876, '', 'default', 0x4575726f70652f566164757a, '6.28'),
(877, '', 'default', 0x4575726f70652f5661746963616e, '6.28'),
(878, '', 'default', 0x4575726f70652f5669656e6e61, '6.28'),
(879, '', 'default', 0x4575726f70652f56696c6e697573, '6.28'),
(880, '/install.php?locale=es&profile=openatrium', 'default', 0x4575726f70652f566f6c676f67726164, '6.28'),
(881, '', 'default', 0x4575726f70652f576172736177, '6.28'),
(882, '', 'default', 0x4575726f70652f5a6167726562, '6.28'),
(883, '', 'default', 0x4575726f70652f5a61706f726f7a687965, '6.28'),
(884, '', 'default', 0x4575726f70652f5a7572696368, '6.28'),
(885, '', 'default', 0x496e6469616e2f416e74616e616e617269766f, '6.28'),
(886, '', 'default', 0x496e6469616e2f436861676f73, '6.28'),
(887, '', 'default', 0x496e6469616e2f4368726973746d6173, '6.28'),
(888, '', 'default', 0x496e6469616e2f436f636f73, '6.28'),
(889, '', 'default', 0x496e6469616e2f436f6d6f726f, '6.28'),
(890, '', 'default', 0x496e6469616e2f4b65726775656c656e, '6.28'),
(891, '', 'default', 0x496e6469616e2f4d616865, '6.28'),
(892, '', 'default', 0x496e6469616e2f4d616c6469766573, '6.28'),
(893, '', 'default', 0x496e6469616e2f4d6175726974697573, '6.28'),
(894, '', 'default', 0x496e6469616e2f4d61796f747465, '6.28'),
(895, '', 'default', 0x496e6469616e2f5265756e696f6e, '6.28'),
(896, '', 'default', 0x506163696669632f41706961, '6.28'),
(897, '', 'default', 0x506163696669632f4175636b6c616e64, '6.28'),
(898, '', 'default', 0x506163696669632f4368617468616d, '6.28'),
(899, '/install.php?locale=es&profile=openatrium', 'default', 0x506163696669632f436875756b, '6.28'),
(900, '', 'default', 0x506163696669632f456173746572, '6.28'),
(901, '', 'default', 0x506163696669632f4566617465, '6.28'),
(902, '', 'default', 0x506163696669632f456e64657262757279, '6.28'),
(903, '', 'default', 0x506163696669632f46616b616f666f, '6.28'),
(904, '', 'default', 0x506163696669632f46696a69, '6.28'),
(905, '', 'default', 0x506163696669632f46756e6166757469, '6.28'),
(906, '', 'default', 0x506163696669632f47616c617061676f73, '6.28'),
(907, '', 'default', 0x506163696669632f47616d62696572, '6.28'),
(908, '', 'default', 0x506163696669632f47756164616c63616e616c, '6.28'),
(909, '', 'default', 0x506163696669632f4775616d, '6.28'),
(910, '', 'default', 0x506163696669632f486f6e6f6c756c75, '6.28'),
(911, '', 'default', 0x506163696669632f4a6f686e73746f6e, '6.28'),
(912, '', 'default', 0x506163696669632f4b69726974696d617469, '6.28'),
(913, '', 'default', 0x506163696669632f4b6f73726165, '6.28'),
(914, '', 'default', 0x506163696669632f4b77616a616c65696e, '6.28'),
(915, '', 'default', 0x506163696669632f4d616a75726f, '6.28'),
(916, '', 'default', 0x506163696669632f4d6172717565736173, '6.28'),
(917, '', 'default', 0x506163696669632f4d6964776179, '6.28'),
(918, '', 'default', 0x506163696669632f4e61757275, '6.28'),
(919, '', 'default', 0x506163696669632f4e697565, '6.28'),
(920, '', 'default', 0x506163696669632f4e6f72666f6c6b, '6.28'),
(921, '', 'default', 0x506163696669632f4e6f756d6561, '6.28'),
(922, '', 'default', 0x506163696669632f5061676f5f5061676f, '6.28'),
(923, '', 'default', 0x506163696669632f50616c6175, '6.28'),
(924, '', 'default', 0x506163696669632f506974636169726e, '6.28'),
(925, '/install.php?locale=es&profile=openatrium', 'default', 0x506163696669632f506f686e706569, '6.28'),
(926, '', 'default', 0x506163696669632f506f72745f4d6f7265736279, '6.28'),
(927, '', 'default', 0x506163696669632f5261726f746f6e6761, '6.28'),
(928, '', 'default', 0x506163696669632f53616970616e, '6.28'),
(929, '', 'default', 0x506163696669632f546168697469, '6.28'),
(930, '', 'default', 0x506163696669632f546172617761, '6.28'),
(931, '', 'default', 0x506163696669632f546f6e676174617075, '6.28'),
(932, '', 'default', 0x506163696669632f57616b65, '6.28'),
(933, '', 'default', 0x506163696669632f57616c6c6973, '6.28'),
(934, '', 'default', 0x555443, '6.28'),
(935, '', 'default', 0x53656c656374207468652064656661756c7420736974652074696d65207a6f6e652e20496620696e20646f7562742c2063686f6f7365207468652074696d657a6f6e65207468617420697320636c6f7365737420746f20796f7572206c6f636174696f6e20776869636820686173207468652073616d652072756c657320666f72206461796c6967687420736176696e672074696d652e, '6.28'),
(936, '', 'default', 0x50617373776f7264, '6.28'),
(937, '', 'default', 0x436f6e6669726d2070617373776f7264, '6.28'),
(938, '', 'default', 0x50617373776f726420737472656e6774683a, '6.28'),
(939, '', 'default', 0x4c6f77, '6.28'),
(940, '', 'default', 0x4d656469756d, '6.28'),
(941, '', 'default', 0x48696768, '6.28'),
(942, '', 'default', 0x4974206973207265636f6d6d656e64656420746f2063686f6f736520612070617373776f7264207468617420636f6e7461696e73206174206c656173742073697820636861726163746572732e2049742073686f756c6420696e636c756465206e756d626572732c2070756e6374756174696f6e2c20616e6420626f746820757070657220616e64206c6f77657263617365206c6574746572732e, '6.28'),
(943, '', 'default', 0x5468652070617373776f726420646f6573206e6f7420696e636c75646520656e6f75676820766172696174696f6e20746f206265207365637572652e205472793a, '6.28'),
(944, '', 'default', 0x416464696e6720626f746820757070657220616e64206c6f77657263617365206c6574746572732e, '6.28'),
(945, '', 'default', 0x416464696e67206e756d626572732e, '6.28'),
(946, '', 'default', 0x416464696e672070756e6374756174696f6e2e, '6.28'),
(947, '', 'default', 0x4974206973207265636f6d6d656e64656420746f2063686f6f736520612070617373776f726420646966666572656e742066726f6d2074686520757365726e616d652e, '6.28'),
(948, '', 'default', 0x596573, '6.28'),
(949, '', 'default', 0x4e6f, '6.28'),
(950, '', 'default', 0x50617373776f726473206d617463683a, '6.28'),
(951, '', 'default', 0x54657374696e6720636c65616e2055524c732e2e2e, 'none'),
(952, '', 'default', 0x596f75722073657276657220686173206265656e207375636365737366756c6c792074657374656420746f20737570706f7274207468697320666561747572652e, 'none'),
(953, '', 'default', 0x596f75722073797374656d20636f6e66696775726174696f6e20646f6573206e6f742063757272656e746c7920737570706f7274207468697320666561747572652e20546865203c6120687265663d22687474703a2f2f64727570616c2e6f72672f6e6f64652f3135333635223e68616e64626f6f6b2070616765206f6e20436c65616e2055524c733c2f613e20686173206164646974696f6e616c2074726f75626c6573686f6f74696e6720696e666f726d6174696f6e2e, 'none'),
(954, '', 'default', 0x436c65616e2055524c20636865636b, '6.28'),
(955, '', 'default', 0x50617373776f7264206669656c642069732072657175697265642e, '6.28'),
(956, '', 'default', 0x53746f7265732064657461696c732061626f75742062617463686573202870726f63657373657320746861742072756e20696e206d756c7469706c652048545450207265717565737473292e, '6.28'),
(957, '', 'default', 0x546875, '6.28'),
(958, '', 'default', 0x4163636f756e742064657461696c7320666f722021757365726e616d652061742021736974652028617070726f76656429, '6.28'),
(959, '', 'default', 0x21757365726e616d652c0a0a596f7572206163636f756e7420617420217369746520686173206265656e206163746976617465642e0a0a596f75206d6179206e6f77206c6f6720696e20627920636c69636b696e67206f6e2074686973206c696e6b206f7220636f7079696e6720616e642070617374696e6720697420696e20796f75722062726f777365723a0a0a216c6f67696e5f75726c0a0a546869732069732061206f6e652d74696d65206c6f67696e2c20736f2069742063616e2062652075736564206f6e6c79206f6e63652e0a0a4166746572206c6f6767696e6720696e2c20796f752077696c6c206265207265646972656374656420746f2021656469745f75726920736f20796f752063616e206368616e676520796f75722070617373776f72642e0a0a4f6e636520796f7520686176652073657420796f7572206f776e2070617373776f72642c20796f752077696c6c2062652061626c6520746f206c6f6720696e20746f20216c6f67696e5f75726920696e2074686520667574757265207573696e673a0a0a757365726e616d653a2021757365726e616d650a, '6.28'),
(960, '', 'default', 0x426f6f6b2070616765, '6.28'),
(961, '', 'default', 0x41203c656d3e626f6f6b20706167653c2f656d3e20697320612070616765206f6620636f6e74656e742c206f7267616e697a656420696e746f206120636f6c6c656374696f6e206f662072656c6174656420656e747269657320636f6c6c6563746976656c79206b6e6f776e2061732061203c656d3e626f6f6b3c2f656d3e2e2041203c656d3e626f6f6b20706167653c2f656d3e206175746f6d61746963616c6c7920646973706c617973206c696e6b7320746f2061646a6163656e742070616765732c2070726f766964696e6720612073696d706c65206e617669676174696f6e2073797374656d20666f72206f7267616e697a696e6720616e6420726576696577696e67207374727563747572656420636f6e74656e742e, '6.28'),
(1251, '', 'default', 0x4e6565642068656c703f, '6.28'),
(962, '', 'default', 0x426f6479, '6.28'),
(1204, '', 'default', 0x496d61676573, '6.28'),
(963, '', 'default', 0x53746f72652061206461746520696e2074686520646174616261736520617320616e2049534f20646174652c207265636f6d6d656e64656420666f7220686973746f726963616c206f72207061727469616c2064617465732e, '6.28'),
(964, '', 'default', 0x53746f72652061206461746520696e2074686520646174616261736520617320612074696d657374616d702c206465707265636174656420666f726d617420746f2073757070706f7274206c656761637920646174612e, '6.28'),
(6084, '', 'default', 0x446566696e65732043434b20646174652f74696d65206669656c647320616e6420776964676574732e, '6.28'),
(965, '', 'default', 0x53746f72652061206461746520696e207468652064617461626173652061732061206461746574696d65206669656c642c207265636f6d6d656e64656420666f7220636f6d706c65746520646174657320616e642074696d65732074686174206d6179206e6565642074696d657a6f6e6520636f6e76657273696f6e2e, '6.28'),
(6083, '', 'default', 0x2174696d652066726f6d206e6f77, 'none'),
(966, '', 'default', 0x53656c656374204c697374, '6.28'),
(6000, '', 'default', 0x5965617273206261636b20616e6420666f7277617264206d75737420626520696e2074686520666f726d6174202d393a2b392e, 'none'),
(967, '', 'default', 0x53656c656374204c697374207769746820526570656174206f7074696f6e73, '6.28'),
(968, '', 'default', 0x54657874204669656c64207769746820637573746f6d20696e70757420666f726d6174, '6.28'),
(6136, '', 'default', 0x416c6c2064617465206669656c6473207573696e6720746865206a7363616c656e646172207769646765742068617665206265656e206368616e67656420746f207573652074686520746578742077696467657420696e73746561642c2073696e636520746865206a7363616c656e64617220776964676574206973206e6f206c6f6e67657220737570706f727465642e20456e61626c6520746865204461746520506f707570206d6f64756c6520746f206d616b652061206a517565727920706f7075702063616c656e64617220617661696c61626c6520616e64206564697420746865206669656c642073657474696e677320746f2073656c6563742069742e, 'none'),
(969, '', 'default', 0x54657874204669656c64207769746820526570656174206f7074696f6e73, '6.28'),
(970, '', 'default', 0x54657874204669656c642077697468204461746520506f702d75702063616c656e646172, '6.28'),
(971, '', 'default', 0x54657874204669656c642077697468204461746520506f702d757020616e6420526570656174206f7074696f6e73, '6.28'),
(6237, '', 'default', 0x436f6d706c65746520646f63756d656e746174696f6e20666f7220746865204461746520616e64204461746520415049206d6f64756c657320697320617661696c61626c65206174203c6120687265663d22406c696e6b223e687474703a2f2f64727570616c2e6f72672f6e6f64652f39323436303c2f613e2e, '6.28'),
(972, '', 'default', 0x41732054696d652041676f, '6.28'),
(5987, '', 'default', 0x5669657773205549, 'none'),
(973, '', 'default', 0x4e6f6465206d6f64756c6520666f726d2e, '6.28'),
(4613, '', 'default', 0x4c6f63616c65206d6f64756c6520666f726d2e, 'none'),
(974, '', 'default', 0x5265766973696f6e20696e666f726d6174696f6e, '6.28'),
(2739, '', 'default', 0x4e6f746966792075736572206f66206e6577206163636f756e74, 'none'),
(975, '', 'default', 0x417574686f72696e6720696e666f726d6174696f6e, '6.28'),
(1772, '', 'default', 0x417574686f726564206f6e, '6.28'),
(976, '', 'default', 0x5075626c697368696e67206f7074696f6e73, '6.28'),
(1857, '', 'default', 0x437265617465206e6577207265766973696f6e, '6.28'),
(977, '', 'default', 0x436f6d6d656e742073657474696e6773, '6.28'),
(2025, '', 'default', 0x48697473, 'none'),
(978, '', 'default', 0x436f6d6d656e74206d6f64756c6520666f726d2e, '6.28'),
(4635, '', 'default', 0x5472616e736c6174696f6e206d6f64756c6520666f726d2e, 'none'),
(979, '', 'default', 0x4d656e752073657474696e6773, '6.28'),
(1984, '', 'default', 0x546865206465736372697074696f6e20646973706c61796564207768656e20686f766572696e67206f7665722061206d656e75206974656d2e, '6.28'),
(980, '', 'default', 0x4d656e75206d6f64756c6520666f726d2e, '6.28'),
(981, '', 'default', 0x426f6f6b, '6.28'),
(1243, '', 'default', 0x546869732077696c6c206f7665727269646520616e79206f74686572206c696e6b20796f752068617665207365742e, '6.28'),
(982, '', 'default', 0x426f6f6b206d6f64756c6520666f726d2e, '6.28'),
(4636, '', 'default', 0x50617468206d6f64756c6520666f726d2e, 'none'),
(983, '', 'default', 0x46696c65206174746163686d656e7473, '6.28'),
(1776, '', 'default', 0x4368616e676573206d61646520746f20746865206174746163686d656e747320617265206e6f74207065726d616e656e7420756e74696c20796f752073617665207468697320706f73742e2054686520666972737420226c6973746564222066696c652077696c6c20626520696e636c7564656420696e205253532066656564732e, '6.28'),
(984, '', 'default', 0x55706c6f6164206d6f64756c6520666f726d2e, '6.28'),
(4640, '', 'default', 0x5570646174657320666f722043434b2d72656c61746564206d6f64756c657320617265206e6f742072756e20756e74696c20746865206d6f64756c65732061726520656e61626c6564206f6e20746865203c6120687265663d224061646d696e2d6d6f64756c65732d70617468223e61646d696e6973746572206d6f64756c657320706167653c2f613e2e205768656e20796f7520656e61626c65207468656d2c20796f75276c6c206e65656420746f2072657475726e20746f203c6120687265663d22407570646174652d706870223e7570646174652e7068703c2f613e20616e642072756e207468652072656d61696e696e6720757064617465732e, 'none'),
(985, '/install.php?locale=es&profile=openatrium&id=3&op=do', 'default', 0x7075726c2e, '6.28'),
(986, '/install.php?locale=es&profile=openatrium&id=3&op=do', 'default', 0x54686520737472696e6720746f206465746563742066726f6d20696e636f6d696e672055524c7320616e6420746f20757365207768656e20726577726974696e67206f7574676f696e672055524c732e, '6.28'),
(987, '/install.php?locale=es&profile=openatrium&id=3&op=do', 'default', 0x5468652070726f76696465722028757375616c6c792061206d6f64756c652773206e616d6529206f6620746865207072656669782f696420706169722e, '6.28'),
(988, '/install.php?locale=es&profile=openatrium&id=3&op=do', 'default', 0x54686520494420676976656e206279207468652070726f766964657220746f206173736f63696174652077697468206120636f72726573706f6e64696e67207072656669782e2054686973206d6967687420626520612067726f75705f6e696420286f67292c2061206c616e677561676520636f646520286931386e29206f7220736f6d65206f7468657220756e69717565206964656e7469666965722074686174207468652070726f766964657220697320696e746572657374656420696e206173736f63696174696e672077697468207468652055524c207072656669782e, '6.28'),
(989, '/install.php?locale=es&profile=openatrium&id=3&op=do', 'default', 0x4f626a656374206f7665727269646573207065722073706163652e, '6.28'),
(990, '/install.php?locale=es&profile=openatrium&id=3&op=do', 'default', 0x54686520737061636520747970652e, '6.28'),
(991, '/install.php?locale=es&profile=openatrium&id=3&op=do', 'default', 0x5468652073706163652069642e, '6.28'),
(992, '/install.php?locale=es&profile=openatrium&id=3&op=do', 'default', 0x546865206f76657272696465206f626a65637420747970652e, '6.28'),
(993, '/install.php?locale=es&profile=openatrium&id=3&op=do', 'default', 0x546865206f76657272696465206f626a6563742069642e, '6.28'),
(994, '/install.php?locale=es&profile=openatrium&id=3&op=do', 'default', 0x53657269616c697a65642073746f72616765206f662073706163652d7370656369666963206f766572726964652076616c7565732e, '6.28'),
(995, '/install.php?locale=es&profile=openatrium&id=3&op=do', 'default', 0x53706163657320707265736574732e, '6.28'),
(996, '/install.php?locale=es&profile=openatrium&id=3&op=do', 'default', 0x5468652070726573657420737472696e67206964656e7469666965722e, '6.28'),
(997, '', 'default', 0x5468652068756d616e2d7265616461626c65206e616d6520666f722074686973207072657365742e, '6.28'),
(7386, '', 'default', 0x54797065206f66207573657220617267756d656e7420746f20616c6c6f77, 'none'),
(998, '', 'default', 0x546865206465736372697074696f6e20666f722074686973207072657365742e, '6.28'),
(7385, '', 'default', 0x42726f6b656e, 'none'),
(999, '/install.php?locale=es&profile=openatrium&id=3&op=do', 'default', 0x546865207370616365207479706520666f72207768696368207468697320707265736574206170706c6965732e, '6.28'),
(1000, '/install.php?locale=es&profile=openatrium&id=3&op=do', 'default', 0x412073657269616c697a6564206172726179207468617420726570726573656e7473207468697320707265736574277320646566696e6974696f6e2e, '6.28'),
(1001, '', 'default', 0x41207370656369616c206361636865207573656420746f2073746f7265206f626a65637473207468617420617265206265696e67206564697465643b2069742073657276657320746f207361766520737461746520696e20616e206f7264696e6172696c792073746174656c65737320656e7669726f6e6d656e742e, '6.28'),
(5164, '', 'default', 0x4368616f7320746f6f6c73, 'none'),
(1002, '', 'default', 0x546865207072696d617279206964656e74696669657220666f7220616e20696d61676563616368655f7072657365742e, '6.28'),
(6762, '', 'default', 0x416e20756e6b6e6f776e206572726f72206f63637572656420747279696e6720746f207665726966792025702069732061206469726563746f727920616e64206973207772697461626c652e, 'none'),
(1003, '', 'default', 0x546865207072696d617279206964656e74696669657220666f722061206e6f64652e, '6.28'),
(6701, '', 'default', 0x696d6167656361636865, 'none'),
(1004, '', 'default', 0x546865207072696d617279206964656e74696669657220666f7220616e20696d61676563616368655f616374696f6e2e, '6.28'),
(1005, '/install.php?locale=es&profile=openatrium&id=3&op=do', 'default', 0x54686520776569676874206f662074686520616374696f6e20696e20746865207072657365742e, '6.28'),
(1006, '', 'default', 0x546865206d6f64756c65207468617420646566696e65642074686520616374696f6e2e, '6.28'),
(6761, '', 'default', 0x416e20756e6b6e6f776e206572726f72206f6363757265642e, 'none'),
(1007, '', 'default', 0x54686520756e69717565204944206f662074686520616374696f6e20746f2062652065786563757465642e, '6.28'),
(1008, '', 'default', 0x54686520636f6e66696775726174696f6e206461746120666f722074686520616374696f6e2e, '6.28'),
(6760, '', 'default', 0x496d6167654361636865204469726563746f7279, 'none'),
(1009, '', 'default', 0x5065722d757365722074696d657a6f6e65206e616d652e, '6.28'),
(6212, '', 'default', 0x64617465206d6f64756c652063616e6e6f74206265207570646174656420756e74696c20616674657220566965777320686173206265656e20757064617465642e20506c656173652072657475726e20746f203c6120687265663d22407570646174652d706870223e7570646174652e7068703c2f613e20616e642072756e207468652072656d61696e696e6720757064617465732e, 'none'),
(1010, '', 'default', 0x4e6f6465207265666572656e6365, '6.28'),
(1011, '', 'default', 0x53746f726520746865204944206f6620612072656c61746564206e6f646520617320616e20696e74656765722076616c75652e, '6.28'),
(4538, 'nodereference.module:51', 'default', 0x436f6e74656e7420747970657320746861742063616e206265207265666572656e636564, 'none'),
(1012, '', 'default', 0x53656c656374206c697374, '6.28'),
(4438, '', 'default', 0x446973706c6179206669656c6473, '6.28'),
(1013, '', 'default', 0x436865636b20626f7865732f726164696f20627574746f6e73, '6.28'),
(4565, '', 'default', 0x446566696e65732073656c656374696f6e2c20636865636b20626f7820616e6420726164696f20627574746f6e207769646765747320666f72207465787420616e64206e756d65726963206669656c64732e, '6.28'),
(1014, '', 'default', 0x4175746f636f6d706c6574652074657874206669656c64, '6.28'),
(4541, '', 'default', 0x4e6f64657265666572656e6365206175746f636f6d706c657465, '6.28'),
(1015, '', 'default', 0x5469746c6520286c696e6b29, '6.28'),
(4542, '', 'default', 0x4e6f6465205265666572656e6365, 'none'),
(1016, '', 'default', 0x5469746c6520286e6f206c696e6b29, '6.28'),
(1017, '', 'default', 0x46756c6c206e6f6465, '6.28'),
(4463, '', 'default', 0x53656172636820496e646578, '6.28'),
(1018, '', 'default', 0x546561736572, '6.28'),
(4411, '', 'default', 0x5669657720617267756d656e7473, 'none'),
(1019, '', 'default', 0x54657874, '6.28'),
(4410, '', 'default', 0x4578636c756465, 'none'),
(1020, '', 'default', 0x53746f7265207465787420696e207468652064617461626173652e, '6.28'),
(1021, '', 'default', 0x54657874206669656c64, '6.28'),
(4437, '', 'default', 0x50485020636f6465, 'none'),
(1022, '', 'default', 0x54657874206172656120286d756c7469706c6520726f777329, '6.28'),
(4566, '', 'default', 0x446566696e65732073696d706c652074657874206669656c642074797065732e, '6.28'),
(1023, 'text.module:35', 'default', 0x506c61696e2074657874, '6.28'),
(4422, '', 'default', 0x4261736963, '6.28'),
(1024, '', 'default', 0x5472696d6d6564, '6.28'),
(4471, '', 'default', 0x5573656420696e, 'none'),
(1025, '', 'default', 0x53696e676c65206f6e2f6f666620636865636b626f78, '6.28'),
(4564, '', 'default', 0x4f7074696f6e2057696467657473, 'none'),
(1026, '/install.php?locale=es&profile=openatrium&id=3&op=do', 'default', 0x5363686564756c65206f66206a6f627320746f2062652065786563757465642e, '6.28'),
(1027, '', 'default', 0x50726f66696c65, '6.28'),
(1231, '', 'default', 0x507269766174652067726f7570, '6.28'),
(1028, '', 'default', 0x4120757365722070726f66696c65206275696c7420617320636f6e74656e742e, '6.28'),
(4801, '', 'default', 0x55736520636f6e74656e7420747970657320666f7220757365722070726f66696c65732e, '6.28'),
(1029, '/install.php?locale=es&profile=openatrium&id=3&op=do', 'default', 0x53656c656374207468652074797065206f66206576656e742e, '6.28'),
(1030, '/install.php?locale=es&profile=openatrium&id=3&op=do', 'default', 0x53746f7265732075706c6f616465642066696c6520696e666f726d6174696f6e20616e64207461626c65206173736f63696174696f6e732e, '6.28'),
(1031, '/install.php?locale=es&profile=openatrium&id=3&op=do', 'default', 0x5072696d617279204b65793a20546865207b66696c65737d2e6669642e, '6.28'),
(1032, '/install.php?locale=es&profile=openatrium&id=3&op=do', 'default', 0x546865207b6e6f64657d2e6e6964206f662074686520636f6d6d656e74207468652075706c6f616465642066696c6573206973206173736f63696174656420776974682e, '6.28'),
(1033, '/install.php?locale=es&profile=openatrium&id=3&op=do', 'default', 0x546865207b636f6d6d656e747d2e636964206173736f6369617465642077697468207468652075706c6f616465642066696c652e, '6.28'),
(1034, '', 'default', 0x4465736372697074696f6e206f66207468652075706c6f616465642066696c652e, '6.28'),
(4395, '', 'default', 0x446973706c6179206173206174746163686d656e74, '6.28'),
(1035, '/install.php?locale=es&profile=openatrium&id=3&op=do', 'default', 0x57686574686572207468652066696c652073686f756c642062652076697369626c79206c6973746564206f6e2074686520636f6d6d656e743a20796573283129206f72206e6f2830292e, '6.28'),
(1036, '/install.php?locale=es&profile=openatrium&id=3&op=do', 'default', 0x576569676874206f6620746869732075706c6f616420696e2072656c6174696f6e20746f206f746865722075706c6f616473202d2064657465726d696e657320746865206f726465722e, '6.28'),
(1037, '/install.php?locale=es&profile=openatrium&id=3&op=do', 'default', 0x5468652066696c652049442066726f6d207468652044727570616c20352076657273696f6e2c206966206170706c696361626c652e, '6.28'),
(1038, '/install.php?locale=es&profile=openatrium&id=3&op=do', 'default', 0x4164646564207065726d697373696f6e732022257065726d732220746f20726f6c652025726f6c652e, '6.28'),
(1039, '', 'default', 0x50617468, '6.28'),
(1491, '', 'default', 0x566f636162756c6172696573, '6.28'),
(1040, '/install.php?locale=es&profile=openatrium&id=3&op=finished', 'default', 0x506174682070616972, '6.28'),
(1041, '/install.php?locale=es&profile=openatrium&id=3&op=finished', 'default', 0x537562646f6d61696e, '6.28'),
(1042, '', 'default', 0x446f6d61696e, '6.28'),
(7376, '', 'default', 0x50726f7669646572, '6.28'),
(1043, '', 'default', 0x46696c6520657874656e73696f6e, '6.28'),
(7379, '', 'default', 0x446179, '6.28'),
(1044, '/install.php?locale=es&profile=openatrium&id=3&op=finished', 'default', 0x55736572206167656e74, '6.28'),
(1045, '/install.php?locale=es&profile=openatrium&id=3&op=finished', 'default', 0x517565727920737472696e67, '6.28'),
(1046, '/install.php?locale=es&profile=openatrium&id=3&op=finished', 'default', 0x55736572207370616365, '6.28'),
(1047, '', 'default', 0x5661726961626c65, '6.28'),
(1455, '', 'default', 0x5468657265206172652063757272656e746c79206e6f20706f73747320696e20746869732063617465676f72792e, 'none'),
(1048, '/install.php?locale=es&profile=openatrium&id=3&op=finished', 'default', 0x426f786573, '6.28'),
(1049, '/install.php?locale=es&profile=openatrium&id=3&op=finished', 'default', 0x536574207468697320636f6e74657874206f6e20746865206261736973206f66206f746865722061637469766520636f6e74657874732e20507574206561636820636f6e74657874206f6e2061207365706172617465206c696e652e20596f752063616e2075736520746865203c636f64653e2a3c2f636f64653e2063686172616374657220617320612077696c646361726420616e64203c636f64653e7e3c2f636f64653e20746f206578636c756465206f6e65206f72206d6f726520636f6e74657874732e, '6.28'),
(1050, '/install.php?locale=es&profile=openatrium&id=3&op=finished', 'default', 0x536574207468697320636f6e74657874207768656e2076696577696e672061206e6f64652070616765206f72207573696e6720746865206164642f6564697420666f726d206f66206f6e65206f6620746865736520636f6e74656e742074797065732e, '6.28'),
(1051, '/install.php?locale=es&profile=openatrium&id=3&op=finished', 'default', 0x536974657769646520636f6e74657874, '6.28'),
(1052, '/install.php?locale=es&profile=openatrium&id=3&op=finished', 'default', 0x53686f756c64207468697320636f6e7465787420616c77617973206265207365743f204966203c7374726f6e673e747275653c2f7374726f6e673e2c207468697320636f6e746578742077696c6c20626520616374697665206163726f737320796f757220656e7469726520736974652e, '6.28'),
(1053, '/install.php?locale=es&profile=openatrium&id=3&op=finished', 'default', 0x536574207468697320636f6e74657874207768656e20616e79206f66207468652070617468732061626f7665206d6174636820746865207061676520706174682e2050757420656163682070617468206f6e2061207365706172617465206c696e652e20596f752063616e207573652074686520222a222063686172616374657220617320612077696c646361726420616e64203c636f64653e7e3c2f636f64653e20746f206578636c756465206f6e65206f72206d6f72652070617468732e2055736520266c743b66726f6e742667743b20666f722074686520736974652066726f6e7420706167652e, '6.28'),
(1054, '/install.php?locale=es&profile=openatrium&id=3&op=finished', 'default', 0x5573657220726f6c65, '6.28'),
(1055, '/install.php?locale=es&profile=openatrium&id=3&op=finished', 'default', 0x536574207468697320636f6e74657874207768656e207468652063757272656e74207573657220686173206f6e65206f66207468652073656c656374656420726f6c652873292e, '6.28'),
(1056, '/install.php?locale=es&profile=openatrium&id=3&op=finished', 'default', 0x557365722070616765, '6.28'),
(1057, '/install.php?locale=es&profile=openatrium&id=3&op=finished', 'default', 0x536574207468697320636f6e74657874207768656e2076696577696e672061207573657220706167652e, '6.28'),
(1058, '', 'default', 0x4d656e75, '6.28'),
(1501, '', 'default', 0x726573756c7473, '6.28'),
(1059, '/install.php?locale=es&profile=openatrium&id=3&op=finished', 'default', 0x536574207468697320636f6e74657874207768656e20616e79206f66207468652073656c6563746564206d656e75206974656d732062656c6f6e6720746f207468652063757272656e7420616374697665206d656e7520747261696c2e, '6.28'),
(1060, '', 'default', 0x5669657773, '6.28'),
(4834, '', 'default', 0x416363657373, '6.28'),
(1061, '/install.php?locale=es&profile=openatrium&id=3&op=finished', 'default', 0x536574207468697320636f6e74657874207768656e20646973706c6179696e67207468652070616765206f66206f6e65206f662074686573652076696577732e, '6.28'),
(1062, '/install.php?locale=es&profile=openatrium&id=3&op=finished', 'default', 0x536574207468697320636f6e74657874207768656e2061206e6f646520696e207468652073656c656374656420626f6f6b206973207669657765642e, '6.28'),
(1063, '/install.php?locale=es&profile=openatrium&id=3&op=finished', 'default', 0x426f6f6b20726f6f74, '6.28'),
(1064, '/install.php?locale=es&profile=openatrium&id=3&op=finished', 'default', 0x536574207468697320636f6e74657874207768656e2076696577696e672061206e6f64652077686f736520726f6f7420626f6f6b206973206f66207468652073656c656374656420747970652e, '6.28'),
(1065, '', 'default', 0x4c616e6775616765, '6.28'),
(1414, '', 'default', 0x52656164206d6f7265, '6.28'),
(1066, '/install.php?locale=es&profile=openatrium&id=3&op=finished', 'default', 0x536574207468697320636f6e74657874207768656e2076696577696e6720746865207369746520696e207468652073656c6563746564206c616e67756167652e, '6.28'),
(1067, '', 'default', 0x5461786f6e6f6d79, '6.28'),
(1425, '', 'default', 0x63726f6e, '6.28'),
(1068, '/install.php?locale=es&profile=openatrium&id=3&op=finished', 'default', 0x536574207468697320636f6e74657874207768656e2076696577696e672061206e6f64652077697468207468652073656c6563746564207461786f6e6f6d79207465726d732e, '6.28'),
(1069, '', 'default', 0x426c6f636b73, '6.28'),
(2090, '', 'default', 0x436f6e666967757265207768617420626c6f636b20636f6e74656e74206170706561727320696e20796f75722073697465277320736964656261727320616e64206f7468657220726567696f6e732e, '6.28'),
(1070, '/install.php?locale=es&profile=openatrium&id=3&op=finished', 'default', 0x436f6e74726f6c20626c6f636b207669736962696c697479207573696e6720636f6e746578742e, '6.28'),
(1071, '', 'default', 0x42726561646372756d62, '6.28'),
(4851, '', 'default', 0x4e6f6465207265766973696f6e204944, 'none'),
(1072, '/install.php?locale=es&profile=openatrium&id=3&op=finished', 'default', 0x536574207468652062726561646372756d6220747261696c20746f207468652073656c6563746564206d656e75206974656d2e, '6.28'),
(1073, '', 'default', 0x5468656d65, '6.28'),
(1213, '', 'default', 0x556e61737369676e6564, '6.28'),
(1074, '/install.php?locale=es&profile=openatrium&id=3&op=finished', 'default', 0x436f6e74726f6c207468656d65207661726961626c6573207573696e6720636f6e746578742e, '6.28'),
(1075, '', 'default', 0x4465627567, '6.28'),
(6918, '', 'default', 0x4c6561766520626c616e6b20696620796f757220534d54502073657276657220646f6573206e6f7420726571756972652061757468656e7469636174696f6e2e, 'none'),
(1076, '/install.php?locale=es&profile=openatrium&id=3&op=finished', 'default', 0x4465627567206f7574707574207265616374696f6e20666f722053696d706c65546573742e, '6.28'),
(1077, '/install.php?locale=es&profile=openatrium&id=3&op=finished', 'default', 0x436f6e74726f6c206d656e752061637469766520636c617373207573696e6720636f6e746578742e, '6.28'),
(1078, '/install.php?locale=es&profile=openatrium&id=3&op=finished', 'default', 0x496e7472616e6574, '6.28'),
(1079, '', 'default', 0x44617368626f617264, '6.28'),
(1247, '', 'default', 0x53756273637269626564207573657220256e616d6520746f202567726f75702e, '6.28'),
(1080, '', 'default', 0x426c6f67, '6.28'),
(1233, '', 'default', 0x4f7267616e697a6174696f6e, '6.28'),
(1081, '/install.php?locale=es&profile=openatrium&id=3&op=finished', 'default', 0x43617365747261636b6572, '6.28'),
(1082, '', 'default', 0x43616c656e646172, '6.28'),
(1234, '', 'default', 0x54656c6570686f6e65, '6.28'),
(1083, '', 'default', 0x4d656d62657273, '6.28'),
(1241, '', 'default', 0x536974652073657474696e6773, '6.28'),
(1084, '', 'default', 0x53686f7574626f78, '6.28'),
(1236, '', 'default', 0x5072696e74, '6.28'),
(1085, '', 'default', 0x426c6f6720656e747279, '6.28'),
(1253, '', 'default', 0x557365206162736f6c757465206c696e6b2028626567696e7320776974682022687474703a2f2f2229, 'none'),
(1086, '', 'default', 0x4120626c6f67206973206120726567756c61726c792075706461746564206a6f75726e616c206f72206469617279206d616465207570206f6620696e646976696475616c20706f7374732073686f776e20696e207265766572736564206368726f6e6f6c6f676963616c206f726465722e2045616368206d656d626572206f66207468652073697465206d61792063726561746520616e64206d61696e7461696e206120626c6f672e, '6.28'),
(1250, '', 'default', 0x74776974746572, 'none'),
(1087, '', 'default', 0x4576656e74, '6.28'),
(1214, '', 'default', 0x596f7520617265206e6f7420617574686f72697a656420746f20616363657373207468697320706167652e, '6.28'),
(1088, '', 'default', 0x412063616c656e646172206576656e74207769746820737461727420616e64206f7074696f6e616c20656e642074696d65732e, '6.28'),
(1089, '', 'default', 0x6943616c2046656564, '6.28'),
(1090, '', 'default', 0x412066656564207573656420746f20616767726567617465206576656e74732066726f6d2065787465726e616c206943616c2063616c656e646172732e, '6.28'),
(1091, '', 'default', 0x6943616c204576656e74, '6.28'),
(1337, '', 'default', 0x43686f6f73652061207374617274206461746520616e6420616e20656e64206461746520666f7220796f7572206576656e742e20496620796f7572206576656e7420646f65736e2774206c617374206c6f6e676572207468616e2061206461792c206c65617665206f75742074686520656e6420646174652e, 'none'),
(1092, '', 'default', 0x416e206576656e7420616767726567617465642066726f6d20616e2065787465726e616c206943616c20666565642e, '6.28'),
(1093, '', 'default', 0x412062617369632070726f66696c652074686174206d656d626572732063616e2075736520746f20736861726520696e666f726d6174696f6e2061626f7574207468656d73656c7665732e, '6.28'),
(1376, '', 'default', 0x4d696772617465642070726f66696c6520666f722075736572203c7374726f6e673e21757365726e616d653c2f7374726f6e673e, 'none'),
(1094, 'casetracker.module:504', 'default', 0x4e616d65, '6.28'),
(1095, '', 'default', 0x412073686f7574626f7820666f7220696e666f726d616c206d65737361676520626c617374732e, '6.28'),
(1380, '', 'default', 0x5468652073686f7574626f7820676976657320796f7572207465616d206120737061636520746f206d6963726f626c6f672e, 'none'),
(1096, '', 'default', 0x43617365, '6.28'),
(1232, '', 'default', 0x4f70656e4944, '6.28'),
(1097, '/install.php?locale=es&profile=openatrium&id=3&op=finished', 'default', 0x4f70656e2061206e657720636173652061737369676e656420746f206120706172746963756c61722070726f6a6563742e, '6.28'),
(1098, 'casetracker.module:425', 'default', 0x50726f6a656374, '6.28'),
(1210, '', 'default', 0x446f776e6c6f6164, '6.28'),
(1099, '', 'default', 0x43726561746520612070726f6a65637420666f72207573652077697468204361736520547261636b65722e, '6.28'),
(1349, '', 'default', 0x53686f7720636c6f736564206361736573, '6.28'),
(1100, '', 'default', 0x47726f7570, '6.28'),
(1101, '', 'default', 0x412067726f757020737061636520666f72206d656d6265727320746f20636f6f7264696e6174652c20636f6c6c61626f7261746520616e642073686172652069646561732e, '6.28'),
(1367, '', 'default', 0x4120707269766174652067726f75702069732061636365737369626c65206f6e6c7920746f20757365727320616464656420746f20746861742067726f7570206279206f6e65206f66207468652067726f75702773206d616e61676572732e, '6.28'),
(1102, '', 'default', 0x76696577, '6.28'),
(1103, '', 'default', 0x456e676c697368, '6.28'),
(1104, '', 'default', 0x5370616e697368, '6.28'),
(1105, '', 'default', 0x5361766520636f6e66696775726174696f6e, '6.28'),
(1106, '', 'default', 0x41646d696e697374726174696f6e, '6.28'),
(1107, '', 'default', 0x53657474696e6773, '6.28'),
(1108, '', 'default', 0x4c61796f7574, '6.28'),
(1109, '', 'default', 0x486f72697a6f6e74616c, 'none'),
(1110, '', 'default', 0x566572746963616c, 'none'),
(1111, '', 'default', 0x41646420626c6f636b, '6.28'),
(1112, '', 'default', 0x506572666f726d616e6365, '6.28'),
(1113, '', 'default', 0x43726561746520636f6e74656e74, '6.28'),
(1114, '', 'default', 0x506f736974696f6e, '6.28'),
(1115, '', 'default', 0x436f6c6c6170736564, '6.28'),
(1116, '', 'default', 0x4c6f676f7574, '6.28'),
(1117, '', 'default', 0x546f70206c656674, 'none'),
(1118, '', 'default', 0x546f70207269676874, 'none'),
(1119, '', 'default', 0x426f74746f6d207269676874, 'none'),
(1120, '', 'default', 0x426f74746f6d206c656674, 'none'),
(1121, '', 'default', 0x5377697463682075736572, 'none'),
(1122, '', 'default', 0x446576656c, 'none'),
(1123, '', 'default', 0x4578656375746520504850, 'none'),
(1124, '', 'default', 0x52656275696c64, 'none'),
(1125, '', 'default', 0x41646d696e, '6.28'),
(1126, '', 'default', 0x41646d696e697374726174696f6e206d656e75, '6.28'),
(1127, '', 'default', 0x5769706520616e642072656275696c64, 'none'),
(1128, '', 'default', 0x4d79204163636f756e74, '6.28'),
(1129, '', 'default', 0x7573652061646d696e20746f6f6c626172, '6.28'),
(1130, '', 'default', 0x55492068656c7065727320666f722044727570616c2061646d696e7320616e64206d616e61676572732e, '6.28'),
(1131, '', 'default', 0x4f7468657220746f6f6c73, 'none'),
(1132, '', 'default', 0x53686f772071756572796c6f67, 'none'),
(1133, '', 'default', 0x486964652071756572796c6f67, 'none'),
(1134, '', 'default', 0x43686f6f7365206120626c6f636b, 'none'),
(1135, '', 'default', 0x456e61626c65206f7468657220626c6f636b7320666f722075736520696e207468652061646d696e20746f6f6c6261722e, 'none'),
(1136, '', 'default', 0x41646d696e69737472617469766520626c6f636b73, 'none'),
(1137, '', 'default', 0x4f7468657220626c6f636b73, 'none'),
(1138, '', 'default', 0x5468656d65207377697463686572, '6.28'),
(1139, '', 'default', 0x537769746368207468656d65, 'none'),
(1140, '', 'default', 0x41646d696e697374726174696f6e20746f6f6c73, '6.28'),
(1141, '', 'default', 0x52656d656d6265722066726f6d2070726576696f75732070616765, 'none'),
(1142, '', 'default', 0x41646d696e697374726174697665206c696e6b732e, 'none'),
(1143, '', 'default', 0x4f76657272696464656e, '6.28'),
(4855, '', 'default', 0x4e6f726d616c, '6.28'),
(1144, '', 'default', 0x55524c, '6.28'),
(1145, '', 'default', 0x456e746572206120666565642055524c2e, '6.28'),
(6511, '', 'default', 0x457870697265206e6f646573, 'none'),
(1146, '', 'default', 0x4c69746563616c, '6.28'),
(1147, '', 'default', 0x4c69746563616c2e, '6.28'),
(6904, '', 'default', 0x41206c69746520636c65616e2063616c656e6461722055492e, '6.28'),
(1148, '', 'default', 0x41726368697665, '6.28'),
(1215, '', 'default', 0x50696374757265, '6.28'),
(1149, '', 'default', 0x4172636869766520626c6f636b, '6.28'),
(1282, '', 'default', 0x41747269756d3a2041646d696e206c696e6b73, '6.28'),
(1150, '', 'default', 0x46696c6573, '6.28'),
(1216, '', 'default', 0x4163636573732064656e696564, '6.28'),
(1151, '', 'default', 0x506f737473, '6.28'),
(1224, '', 'default', 0x4d656d62657273686970, '6.28'),
(1152, '', 'default', 0x546865726520617265206e6f2066696c65732074616767656420776974682074686973207465726d2e, '6.28'),
(1153, '', 'default', 0x5468657265206973206e6f20636f6e74656e742074616767656420776974682074686973207465726d2e, '6.28'),
(1281, '', 'default', 0x41747269756d3a2055736572206163636f756e74, '6.28'),
(1154, '', 'default', 0x4c61746573742066696c6573, '6.28'),
(1155, '', 'default', 0x4e6f20726563656e7420616374697669747920666f756e642e, '6.28'),
(1306, '', 'default', 0x53686f77207468697320636f6e74656e74207479706520696e2061637469766974792073747265616d732c20757064617465206c697374732c206574632e, '6.28'),
(1156, '', 'default', 0x4e6f20726563656e742066696c657320666f756e642e, '6.28'),
(1157, '', 'default', 0x526563656e74206163746976697479, '6.28'),
(1229, '', 'default', 0x40747970652073657474696e6773, '6.28'),
(1158, '', 'default', 0x55736572206163746976697479, '6.28'),
(1237, '', 'default', 0x4e6f206974656d7320666f756e642e, 'none'),
(1159, '', 'default', 0x557365722773206163746976697479, '6.28'),
(1305, '', 'default', 0x53686f7720696e20726563656e74206163746976697479207669657773, '6.28'),
(1160, '/install.php?locale=es&profile=openatrium&id=4&op=do', 'default', 0x4e6f20726563656e7420636f6d6d656e747320666f756e642e, '6.28'),
(1161, '', 'default', 0x526563656e7420636f6d6d656e7473, '6.28'),
(1162, '', 'default', 0x426c6f6720746561736572, '6.28'),
(1163, '', 'default', 0x426c6f672074656173657220286c69737429, '6.28'),
(1313, '', 'default', 0x54686520626c6f67206c65747320796f7572207465616d20636f6d6d756e696361746520627920706f7374696e67207570646174657320616e642064697363757373696e67206973737565732e204974206973206120677265617420706c61636520666f722073686172696e672070726f67726573732c2064697363757373696e67206368616c6c656e6765732c20616e64206578706c6f72696e672069646561732e, '6.28'),
(1164, '', 'default', 0x4c6174657374206368616e676573, '6.28'),
(1165, '', 'default', 0x4e6f20617263686976656420626f6f6b7320666f756e642e, '6.28'),
(1324, '', 'default', 0x4372656174652061206e657720626f6f6b206f722063686f6f736520616e206578697374696e67206f6e6520666f7220796f757220706167652e, '6.28'),
(1166, '', 'default', 0x4e6f20726563656e74207570646174657320666f756e642e, '6.28'),
(1167, '', 'default', 0x506167653a20417263686976656420626f6f6b73, '6.28'),
(1168, '', 'default', 0x506167653a204c6174657374206368616e676573, '6.28'),
(1323, '', 'default', 0x5469707320666f7220616464696e6720262065646974696e6720626f6f6b2070616765733a, '6.28'),
(1169, '', 'default', 0x4665656473, '6.28'),
(1223, '', 'default', 0x4163746976697479, '6.28'),
(1170, '', 'default', 0x426c6f636b3a205570636f6d696e67206576656e7473, '6.28'),
(1336, '', 'default', 0x46696c6c20696e2061207469746c6520616e64206465736372697074696f6e20666f7220796f7572206576656e742e, 'none'),
(1171, '', 'default', 0x4e6f207570636f6d696e67206576656e747320666f756e642e, '6.28'),
(1172, '', 'default', 0x506167653a205570636f6d696e67206576656e7473, '6.28'),
(1335, '', 'default', 0x5469707320666f7220616464696e6720616e642065646974696e67206576656e74733a, 'none'),
(1173, '', 'default', 0x5570636f6d696e67206576656e7473, '6.28'),
(1220, '', 'default', 0x2174696d652061676f, 'none'),
(1174, '', 'default', 0x416374697665207573657273, '6.28'),
(1238, '', 'default', 0x54776974746572, 'none'),
(1175, '', 'default', 0x426c6f636b6564207573657273, '6.28'),
(1252, '', 'default', 0x437573746f6d697a652064617368626f617264, '6.28'),
(1176, '', 'default', 0x4d656d626572206469726563746f7279, '6.28'),
(1373, '', 'default', 0x557365722061646420666f726d, '6.28'),
(1177, '/install.php?locale=es&profile=openatrium&id=4&op=do', 'default', 0x50726f66696c65206669656c6473, '6.28'),
(1178, 'casetracker.module:307;717', 'default', 0x416c6c206361736573, '6.28'),
(1179, 'casetracker.module:1113;1146', 'default', 0x4c6174657374206361736573, '6.28'),
(1180, '', 'default', 0x4d79206361736573, '6.28'),
(1353, '', 'default', 0x46696c6c20696e2061206465736372697074697665207469746c6520616e642073756d6d617279206f66207468652069737375652e, 'none'),
(1181, '', 'default', 0x4e6577657374206361736573, '6.28'),
(1182, 'casetracker.module:957', 'default', 0x4e6f20636173657320666f756e642e, '6.28'),
(1183, '/install.php?locale=es&profile=openatrium&id=4&op=do', 'default', 0x50726f6a656374206361736573, '6.28'),
(1184, '', 'default', 0x50726f6a65637420636173657320286e657765737429, '6.28'),
(1185, '', 'default', 0x546865726520617265206e6f2063617365732061737369676e656420746f20796f752e, '6.28'),
(1352, '', 'default', 0x43686f6f7365207468652070726f6a656374207468617420796f75722063617365206170706c69657320746f2e, 'none'),
(1186, '/install.php?locale=es&profile=openatrium&id=4&op=do', 'default', 0x55736572206361736573, '6.28'),
(1187, '/install.php?locale=es&profile=openatrium&id=4&op=do', 'default', 0x56696577206d6f7265, '6.28'),
(1188, '', 'default', 0x41726368697665642070726f6a65637473, '6.28'),
(1189, '/install.php?locale=es&profile=openatrium&id=4&op=do', 'default', 0x426c6f636b3a2050726f6a65637473, '6.28'),
(1190, '', 'default', 0x4e6f2061726368697665642070726f6a6563747320666f756e642e, '6.28'),
(1351, '', 'default', 0x5469707320666f7220616464696e6720616e642065646974696e672063617365733a, 'none'),
(1191, 'casetracker.module:1028', 'default', 0x4e6f2070726f6a6563747320666f756e642e, '6.28'),
(1240, '', 'default', 0x4d756c74696c616e6775616765, '6.28'),
(1192, 'casetracker.module:101', 'default', 0x50726f6a65637473, '6.28'),
(1211, '', 'default', 0x44617465, '6.28'),
(1193, '', 'default', 0x41726368697665642067726f757073, '6.28'),
(1194, '', 'default', 0x426c6f636b3a204d792067726f75707320287369646562617229, '6.28'),
(1195, '/install.php?locale=es&profile=openatrium&id=4&op=do', 'default', 0x426c6f636b3a20557365722067726f757073, '6.28'),
(1196, '', 'default', 0x4469726563746f7279, '6.28'),
(1239, '', 'default', 0x416464204074797065, '6.28'),
(1197, '', 'default', 0x4e6f2061726368697665642067726f75707320666f756e642e, '6.28'),
(1371, '', 'default', 0x412073696d706c652070726f66696c652077697468206120626c6f672c2063616c656e64617220616e642064617368626f6172642e, '6.28'),
(1198, '', 'default', 0x4e6f2067726f75707320666f756e642e, '6.28'),
(1222, '', 'default', 0x4665617475726573, '6.28'),
(1199, '', 'default', 0x506167653a2041726368697665642067726f757073, '6.28'),
(1370, '', 'default', 0x41646420746f2067726f7570, '6.28'),
(1200, '', 'default', 0x506167653a2047726f7570206469726563746f7279, '6.28'),
(1201, '', 'default', 0x506167653a204d792067726f757073, '6.28'),
(1369, '', 'default', 0x41747269756d2047726f757073, '6.28'),
(1202, '/install.php?locale=es&profile=openatrium&id=4&op=do', 'default', 0x557365722067726f757073, '6.28'),
(1203, 'casetracker.module:307;715;979', 'default', 0x486f6d65, '6.28'),
(1206, '', 'default', 0x557365726e616d65, '6.28'),
(1207, '', 'default', 0x446576656c6f706d656e74, '6.28'),
(1248, '', 'default', 0x4e6f2068656c7020697320617661696c61626c6520666f72206d6f64756c6520256d6f64756c652e, 'none'),
(1249, '', 'default', 0x54686520726571756573746564207061676520636f756c64206e6f7420626520666f756e642e, '6.28'),
(1254, '', 'default', 0x496620796f752077616e7420746f20757365207468697320617320696e20226f75747075742074686973206669656c64206173206c696e6b2220696e20226c696e6b2070617468222c20796f75206d75737420656e61626c652074686973206f7074696f6e2e, 'none'),
(1255, '', 'default', 0x446f63756d656e746174696f6e202620737570706f7274, '6.28'),
(1256, '', 'default', 0x637573746f6d697a696e67207468652064617368626f617264, '6.28'),
(1257, '', 'default', 0x596f752063616e2072656d6f7665207468697320626c6f636b2062792021637573746f6d697a655f64617368626f6172642e, '6.28'),
(1258, '', 'default', 0x53697465206d6f6465, '6.28'),
(1259, '', 'default', 0x43686f6f73652074686520616363657373206c6576656c20666f722074686520736974652e, '6.28'),
(1260, '', 'default', 0x5072697661746520616363657373206f6e6c79, '6.28'),
(1261, '', 'default', 0x5075626c6963206163636573732c206f70656e20726567697374726174696f6e, '6.28'),
(1262, '', 'default', 0x5075626c6963206163636573732c206d6f6465726174656420726567697374726174696f6e, '6.28'),
(1263, '', 'default', 0x43686f6f73652074686520616363657373206d6f646520666f7220746865206d656d626572206469726563746f727920616e642070726f66696c65732e2041646d696e6973747261746f727320616e64206d616e61676572732077696c6c2062652061626c6520746f2073656520616c6c206d656d62657273207265676172646c657373206f6620746869732073657474696e672e, '6.28'),
(1264, '', 'default', 0x55736572732063616e207669657720616c6c206d656d62657273, '6.28'),
(1265, '', 'default', 0x55736572732063616e206f6e6c792076696577206d656d6265727320746861742062656c6f6e6720746f2074686569722067726f757073, '6.28'),
(1266, '', 'default', 0x43686f6f736520746865206e6f74696669636174696f6e7320554920666f72207468697320736974652e, '6.28'),
(1267, '', 'default', 0x536d616c6c207465616d3a20617574686f727320737562736372696265206f746865727320746f20746865697220706f737473, '6.28'),
(1268, '', 'default', 0x436f6d6d756e6974793a2075736572732073756273637269626520746f20706f737473206f6e207468656972206f776e, '6.28'),
(1269, '', 'default', 0x416c6c207468656d65732c20696e636c7564696e672074686f736520696e636f6d70617469626c6520776974682041747269756d2c206172652073686f776e2061626f76652e, 'none'),
(1270, '', 'default', 0x5468656d6573207468617420617265206e6f7420636f6d70617469626c6520776974682041747269756d2068617665206265656e2068696464656e2e, '6.28'),
(1271, '', 'default', 0x53686f77206f6e6c7920636f6d70617469626c65207468656d6573, 'none'),
(1272, '', 'default', 0x53686f7720616c6c207468656d6573, '6.28'),
(1273, '', 'default', 0x32207765656b732061676f, '6.28'),
(1274, '', 'default', 0x31206d6f6e74682061676f, '6.28'),
(1275, '', 'default', 0x36206d6f6e74682061676f, '6.28'),
(1276, '', 'default', 0x41726520796f75207375726520796f752077616e7420746f206172636869766520257469746c653f, '6.28'),
(1277, '', 'default', 0x54686520407479706520407469746c6520686173206265656e2061726368697665642e, 'none'),
(1278, '', 'default', 0x41726520796f75207375726520796f752077616e7420746f207265616374697661746520257469746c653f, 'none'),
(1279, '', 'default', 0x52656163746976617465, 'none'),
(1280, '', 'default', 0x54686520407479706520407469746c6520686173206265656e2072656163746976617465642e, 'none'),
(1283, '', 'default', 0x41747269756d3a2043726561746520636f6e74656e74, '6.28'),
(1284, '', 'default', 0x41747269756d3a2053656172636820666f726d, '6.28'),
(1285, '', 'default', 0x41747269756d3a2055736572206c696e6b73, '6.28'),
(1286, '', 'default', 0x41747269756d3a2048656c70, '6.28'),
(1287, '', 'default', 0x57656c636f6d652028666f722061646d696e7329, '6.28'),
(1288, '', 'default', 0x57656c636f6d652028666f72206d656d6265727329, '6.28'),
(1289, '', 'default', 0x557365722064617368626f617264, '6.28'),
(1290, '', 'default', 0x596f7572206368616e67657320636f756c64206e6f7420626520736176656420626563617573652075736572207065726d697373696f6e73206172652063757272656e746c79206265696e672072656275696c742e20506c656173652074727920616761696e20696e206120666577206d696e757465732e, 'none'),
(1291, '', 'default', 0x436c6f736520636f6d6d656e7420746872656164, '6.28'),
(1292, '', 'default', 0x52656f70656e20636f6d6d656e7420746872656164, '6.28'),
(1293, '', 'default', 0x5072696e7420656e746972652073656374696f6e, '6.28'),
(1294, '', 'default', 0x506c656173652061646420796f757220666972737420407479706520746f2067657420737461727465642e, '6.28'),
(1295, '', 'default', 0x54686572652069732063757272656e746c79206e6f20636f6e74656e7420746f207669657720696e20746869732073656374696f6e2e, '6.28'),
(1296, '', 'default', 0x54686973202174797065206973203c7374726f6e673e61726368697665643c2f7374726f6e673e2e20596f75206d6179206e6f7420616464206f7220616c74657220616e79206f662069747320636f6e74656e742e, '6.28'),
(1297, '', 'default', 0x546f207265616374697661746520746869732021747970652c20216c696e6b2e, '6.28'),
(1298, '', 'default', 0x496e666f726d6174696f6e20616e642068656c702061626f7574207573696e672074686520736974652e, '6.28'),
(1299, '', 'default', 0x5265616374697661746520636f6e6669726d6174696f6e20666f7220756e7075626c6973686564206e6f6465732e, 'none'),
(1300, '', 'default', 0x41747269756d, '6.28'),
(1301, '', 'default', 0x546865206d6f64756c6520256d6f64756c65206170706561727320746f206861766520616e20696e76616c696420736368656d615f76657273696f6e20656e747279, 'none'),
(1302, '', 'default', 0x41637469766974792075706c6f6164, '6.28'),
(1303, '', 'default', 0x41747269756d20757064617465207479706573, '6.28'),
(1304, '', 'default', 0x41666665637473206f6e6c7920636f6e74656e742074797065732064657369676e61746564206173207570646174652074797065732e, '6.28'),
(1307, '', 'default', 0x406e756d2064617973, 'none'),
(1308, '', 'default', 0x217573657220636f6d6d656e746564206f6e20217469746c65, '6.28'),
(1309, '', 'default', 0x2175736572207570646174656420217469746c65, '6.28'),
(1310, '', 'default', 0x217573657220706f7374656420217469746c65, '6.28'),
(1311, '', 'default', 0x21757365722075706c6f6164656420217469746c65, '6.28'),
(1312, '', 'default', 0x5265666572656e6365642050616765, '6.28');
INSERT INTO `locales_source` (`lid`, `location`, `textgroup`, `source`, `version`) VALUES
(1314, '', 'default', 0x546f207374617274206120636f6e766572736174696f6e206e6176696761746520746f2074686520626c6f6720616e6420636c69636b20746865202241646420626c6f6720706f73742220627574746f6e2e20596f752077696c6c206e65656420746f20656e7465722061207469746c6520616e6420736f6d6520626f647920636f6e74656e7420746f20796f757220706f73742e205468656e20636c69636b202253617665222e, 'none'),
(1315, '', 'default', 0x506f737420616e20656e74727920746f2074686520626c6f67206f6620746869732067726f75702e2054686520706f73742077696c6c206265207368617265642077696c6c20616c6c207465616d206d656d62657273206f6e2074686520626c6f672c20616e6420746865792077696c6c2062652061626c6520746f207265706c7920746f2069742e20596f752063616e206f7074696f6e616c6c79206e6f74696679206f746865722067726f7570206d656d6265727320627920636865636b696e67207468656972206e616d6520696e20746865206e6f74696669636174696f6e73206669656c642e, '6.28'),
(1316, '', 'default', 0x41747269756d20426c6f67, '6.28'),
(1317, '', 'default', 0x54686520626c6f67206c65747320796f752068617665206120636f6e766572736174696f6e206f6e206120746f706963207769746820796f7572207465616d2e, '6.28'),
(1318, '', 'default', 0x4f766572766965772070616765, 'none'),
(1319, '', 'default', 0x43686f6f736520746865207061676520746f20646973706c6179207768656e20612075736572206669727374207669657773207468697320666561747572652e, 'none'),
(1320, '', 'default', 0x526563656e742075706461746573, 'none'),
(1321, '', 'default', 0x426f6f6b2d656e61626c6564207479706573, '6.28'),
(1322, '', 'default', 0x41666665637473206f6e6c7920626f6f6b2d656e61626c656420636f6e74656e742074797065732e, '6.28'),
(1325, '', 'default', 0x53656c656374206120706f736974696f6e20666f7220796f7572207061676520696e2074686520626f6f6b27732068696572617263687920616e64203c7374726f6e673e7765696768743c2f7374726f6e673e20796f7572207061676520686967686572206f72206c6f77657220696620796f7520776f756c64206c696b6520746f206d6f7665206974206265666f7265206f72206166746572206f746865722070616765732061726f756e642069742e, '6.28'),
(1326, '', 'default', 0x436f6e736964657220616464696e672061203c7374726f6e673e6c6f67206d6573736167653c2f7374726f6e673e207768656e2065646974696e67206578697374696e6720706167657320736f206f74686572732063616e20676574206120717569636b2073756d6d617279206f66206368616e67657320796f752068617665206d6164652e, '6.28'),
(1327, '', 'default', 0x546865206e6f7465626f6f6b2073656374696f6e2070726f766964657320612077617920666f7220796f7520746f2073746f726520616e6420736861726520696e666f726d6174696f6e207769746820796f75722067726f7570206d656d626572732e20576974682074686520626f6f6b206665617475726520796f752063616e3a, '6.28'),
(1328, '', 'default', 0x216164645f626f6f6b5f706167657320616e64206f7267616e697a65207468656d2068696572617263686963616c6c7920696e746f20646966666572656e7420626f6f6b732e, '6.28'),
(1329, '', 'default', 0x41646420626f6f6b207061676573, '6.28'),
(1330, '', 'default', 0x4174746163682066696c657320746f20706167657320746f207368617265207468656d2077697468206f74686572732e, '6.28'),
(1331, '', 'default', 0x547261636b206368616e6765732074686174206f74686572732068617665206d61646520616e6420726576657274206368616e676573206173206e65636573736172792e, '6.28'),
(1332, '', 'default', 0x216172636869766520626f6f6b73207468617420617265206e6f206c6f6e676572206f6620696e74657265737420746f207468652067726f75702e20417263686976656420626f6f6b732063616e206265207265616374697661746564206c61746572206966206e65656465642e, '6.28'),
(1333, '', 'default', 0x41747269756d204e6f7465626f6f6b, '6.28'),
(1334, '', 'default', 0x546865206e6f7465626f6f6b2066656174757265206c65747320796f752073746f726520616e6420736861726520696e666f726d6174696f6e20616e64206174746163686d656e74732e, '6.28'),
(1338, '', 'default', 0x5469707320666f7220616464696e6720616e642065646974696e67206943616c2066656564733a, 'none'),
(1339, '', 'default', 0x4164642061207469746c6520666f7220796f7572206665656420736f20796f752063616e206964656e7469667920697420717569636b6c79206c617465722e, 'none'),
(1340, '', 'default', 0x456e746572207468652055524c206f6620616e206943616c20666565642e20466565642055524c73206f6674656e20626567696e2077697468203c7374726f6e673e77656263616c3a2f2f3c2f7374726f6e673e20616e64206f6674656e20656e64207769746820612066696c656e616d65206c696b65203c7374726f6e673e6d795f63616c656e6461722e6963733c2f7374726f6e673e2e, 'none'),
(1341, '', 'default', 0x5468652063616c656e64617220646973706c617973206576656e747320616e642063616c656e646172206665656473207375626d697474656420627920796f75722067726f75702e, 'none'),
(1342, '', 'default', 0x216164645f6576656e747320746f207468652063616c656e64617220746f206c6574206f7468657273206b6e6f772061626f75742077686174277320636f6d696e672075702e, 'none'),
(1343, '', 'default', 0x416464206576656e7473, 'none'),
(1344, '', 'default', 0x216164645f666565647320746f206175746f6d61746963616c6c7920706f70756c61746520796f75722063616c656e6461722077697468206576656e74732066726f6d2065787465726e616c20736f75726365732e, 'none'),
(1345, '', 'default', 0x416464206943616c206665656473, 'none'),
(1346, '', 'default', 0x4d696e692063616c656e646172, '6.28'),
(1347, '', 'default', 0x41747269756d2043616c656e646172, '6.28'),
(1348, '', 'default', 0x5468652063616c656e646172206c65747320796f75207368617265206576656e747320616e64206d656574696e6773207769746820796f7572207465616d2e, '6.28'),
(1350, '', 'default', 0x46696c746572206f757420636c6f7365642063617365732e, '6.28'),
(1354, '', 'default', 0x43686f6f73652061207374617475732c207072696f7269747920616e64207479706520666f722074686520636173652e2041737369676e20746865206361736520746f2061207573657220616e6420636f6e7369646572206e6f74696679696e6720616e79206f74686572732077686f206d6967687420626520696e746572657374656420696e2074686520636173652e, 'none'),
(1355, '', 'default', 0x50726f6a656374732063616e206265207573656420746f206f7267616e697a6520636173657320616e6420636f6c6c656374207265736f757263657320616e6420646f63756d656e746174696f6e732061626f7574206f6e676f696e6720776f726b2e20596f752063616e206f7267616e697a65203c7374726f6e673e626f6f6b2070616765733c2f7374726f6e673e20696e20612068696572617263687920756e64657220656163682070726f6a65637420616e64207669657720616c6c206f662074686520636173657320746861742062656c6f6e6720746f2061206365727461696e2070726f6a65637420696e20746865206361736520747261636b65722e, 'none'),
(1356, '', 'default', 0x546865206361736520747261636b657220676976657320796f7520612077617920746f20747261636b2070726f6772657373206f6e20796f7572203c7374726f6e673e70726f6a656374733c2f7374726f6e673e20616e642061737369676e203c7374726f6e673e63617365733c2f7374726f6e673e20746f20796f757273656c6620616e64206f74686572732e, 'none'),
(1357, '', 'default', 0x216164645f70726f6a6563747320746f206b65657020796f7572206361736573206f7267616e697a65642e, 'none'),
(1358, '', 'default', 0x4164642070726f6a65637473, 'none'),
(1359, '', 'default', 0x216164645f636173657320746f2061737369676e207461736b73206f722061737369676e6d656e747320746f20796f757273656c6620616e64206f746865727320666f7220636f6d706c6574696f6e2e, 'none'),
(1360, '', 'default', 0x416464206361736573, 'none'),
(1361, '', 'default', 0x43617365732063616e206265203c7374726f6e673e726561737369676e65643c2f7374726f6e673e2c203c7374726f6e673e706f7374706f6e65643c2f7374726f6e673e2c20616e64203c7374726f6e673e636c6f7365643c2f7374726f6e673e2c20616d6f6e67206f7468657220616374696f6e732e, 'none'),
(1362, '', 'default', 0x54686520686973746f7279206f6620612063617365202d2077686f2069742773206265656e2061737369676e656420746f2c206974732073746174757320616e6420697473207072696f72697479202d2063616e20626520747261636b65642076696577696e672069747320636f6d6d656e74207468726561642e, 'none'),
(1363, '', 'default', 0x41747269756d3a204361736520547261636b65722066696c746572, '6.28'),
(1364, '', 'default', 0x41737369676e656420746f202175736572, 'none'),
(1365, '', 'default', 0x41747269756d204361736520547261636b6572, '6.28'),
(1366, '', 'default', 0x5468652063617365747261636b6572206c65747320796f752061737369676e207461736b7320746f20796f757273656c6620616e64206f746865727320616e6420747261636b207468652070726f6772657373206f6e20612070726f6a6563742e20, '6.28'),
(1368, '', 'default', 0x41207075626c69632067726f75702069732061636365737369626c6520746f20616c6c207573657273206f6e2074686520736974652e2055736572732063616e206a6f696e20616e64206c65617665207075626c69632067726f75707320667265656c792e, '6.28'),
(1372, '', 'default', 0x53696d706c652070726f66696c65, '6.28'),
(1374, '', 'default', 0x416464206578697374696e67207573657273, '6.28'),
(1375, '', 'default', 0x41747269756d204d656d62657273, '6.28'),
(1377, '', 'default', 0x45646974206d792070726f66696c65, '6.28'),
(1378, '', 'default', 0x41747269756d2050726f66696c65, 'none'),
(1379, '', 'default', 0x412070726f66696c65206c65747320796f7520736861726520706572736f6e616c20696e666f726d6174696f6e2061626f757420796f757273656c66207769746820796f7572207465616d2e, '6.28'),
(1381, '', 'default', 0x53686f7574732063616e206265207573656420746f2074656c6c206f7468657273207768617420796f7527726520757020746f2c206c696e6b20746f207765627369746573206f6620696e7465726573742c206f7220636f766572206f746865722072616e646f6d207374756666207468617420636f6d657320757020647572696e6720746865206461792e, 'none'),
(1382, '', 'default', 0x3c7374726f6e673e4b65657020796f75722073686f7574732073686f72743c2f7374726f6e673e20616e6420746f2074686520706f696e742e20496620612073686f7574207374617274732067657474696e67206c6f6e672c20636f6e7369646572207573696e67206120626c6f6720706f7374206f7220646f63756d656e7420746f206361707475726520796f75722074686f75676874732e, 'none'),
(1383, '', 'default', 0x3c7374726f6e673e55524c733c2f7374726f6e673e2077696c6c206175746f6d61746963616c6c79206265206c696e6b656420696e20796f757220706f7374732e, 'none'),
(1384, '', 'default', 0x41747269756d2053686f7574626f78, '6.28'),
(1385, '', 'default', 0x5468652073686f7574626f782070726f76696465732061207465616d206d6963726f626c6f672e, '6.28'),
(1386, '', 'default', 0x5573657220637265617465642077697468206e616d6520256e616d652c207061737320257061737320616e64206d61696c20256d61696c, 'none'),
(1387, '', 'default', 0x5472616e736c6174696f6e20697320617661696c61626c65, 'none'),
(1388, '', 'default', 0x41207472616e736c6174696f6e2066696c6520686173206265656e20666f756e643a202566696c6570617468, 'none'),
(1389, '', 'default', 0x57652063616e6e6f7420636f6e6e656374207769746820746865207472616e736c6174696f6e2073657276657220617420257365727665722e, 'none'),
(1390, '', 'default', 0x5468652063686f73656e206c616e677561676528256c616e67756167652920697320617661696c61626c6520666f7220646f776e6c6f6164696e6720617420746865207472616e736c6174696f6e207365727665722e2049742077696c6c20626520646f776e6c6f61646564206175746f6d61746963616c6c792066726f6d20257365727665722e, 'none'),
(1391, '', 'default', 0x5468652063686f73656e206c616e677561676528256c616e677561676529206973206e6f7420737570706f7274656420627920746865207472616e736c6174696f6e2073657276657220257365727665722e, 'none'),
(1392, '', 'default', 0x416c7465726e61746976656c7920796f752063616e20646f776e6c6f61642061207472616e736c6174696f6e2066696c6520616e642064726f7020697420696e746f202566696c65706174682e, 'none'),
(1393, '', 'default', 0x4572726f7220406e756d6265723a20256d657373616765, 'none'),
(1394, '', 'default', 0x41747269756d207472616e736c6174696f6e, 'none'),
(1395, '', 'default', 0x50726f7669646573206175746f6d6174696320646f776e6c6f61647320616e64207570646174657320666f722041747269756d207472616e736c6174696f6e73, '6.28'),
(1396, '', 'default', 0x75736572, '6.28'),
(1397, '', 'default', 0x46696c7465722048544d4c2074616773, 'none'),
(1398, '', 'default', 0x53686f77206f6e20657665727920706167652065786365707420746865206c69737465642070616765732e, '6.28'),
(1399, '', 'default', 0x53686f77206f6e206f6e6c7920746865206c69737465642070616765732e, '6.28'),
(1400, 'casetracker.module:516', 'default', 0x64656c657465, '6.28'),
(1402, '', 'default', 0x52657175657374206e65772070617373776f72642076696120652d6d61696c2e, 'none'),
(1403, '', 'default', 0x452d6d61696c, '6.28'),
(1415, '', 'default', 0x4c6f67, 'none'),
(1416, '', 'default', 0x5253532066656564, 'none'),
(1417, '', 'default', 0x4578706c616e6174696f6e206f72207375626d697373696f6e2067756964656c696e6573, '6.28'),
(1419, '', 'default', 0x4d6f7265, 'none'),
(1420, '', 'default', 0x6e6f74207665726966696564, 'none'),
(1421, '', 'default', 0x6e6577, '6.28'),
(1422, '', 'default', 0x6572726f72, '6.28'),
(1424, '', 'default', 0x546865207469746c65206f662074686520626c6f636b2061732073686f776e20746f2074686520757365722e, '6.28'),
(1426, '', 'default', 0x426c7565204c61676f6f6e202844656661756c7429, 'none'),
(1427, '', 'default', 0x417368, 'none'),
(1428, '', 'default', 0x417175616d6172696e65, 'none'),
(1429, '', 'default', 0x42656c6769616e2043686f636f6c617465, 'none'),
(1430, '', 'default', 0x426c75656d6172696e65, 'none'),
(1431, '', 'default', 0x43697472757320426c617374, 'none'),
(1432, '', 'default', 0x436f6c6420446179, 'none'),
(1433, '', 'default', 0x477265656e6265616d, 'none'),
(1434, '', 'default', 0x4d65646974657272616e6f, 'none'),
(1435, '', 'default', 0x4d657263757279, 'none'),
(1436, '', 'default', 0x4e6f637475726e616c, 'none'),
(1437, '', 'default', 0x4f6c69766961, 'none'),
(1438, '', 'default', 0x50696e6b20506c6173746963, 'none'),
(1439, '', 'default', 0x5368696e7920546f6d61746f, 'none'),
(1440, '', 'default', 0x5465616c20546f70, 'none'),
(1441, 'content_admin.inc:42', 'default', 0x436f6e74656e74207479706573, '6.28'),
(1442, '', 'default', 0x486f6d6570616765, 'none'),
(1443, '', 'default', 0x43617465676f72696573, 'none'),
(1444, '', 'default', 0x56657273696f6e, '6.28'),
(1445, '', 'default', 0x75706461746564, '6.28'),
(1446, '', 'default', 0x417661696c61626c65207661726961626c6573206172653a, '6.28'),
(1447, '', 'default', 0x416476616e636564206f7074696f6e73, '6.28'),
(1448, '', 'default', 0x52656c65617365206e6f746573, 'none'),
(1450, '', 'default', 0x64656661756c74, 'none'),
(1452, '', 'default', 0x2d204e6f6e65202d, '6.28'),
(1453, 'casetracker.module:634', 'default', 0x576569676874, '6.28'),
(1454, '', 'default', 0x54686520636f6e66696775726174696f6e206f7074696f6e732068617665206265656e2073617665642e, '6.28'),
(1456, '', 'default', 0x48656c702074657874, '6.28'),
(1457, '', 'default', 0x52656c61746564207465726d73, '6.28'),
(1458, '', 'default', 0x53796e6f6e796d73, '6.28'),
(1459, '', 'default', 0x4d756c7469706c652073656c656374, '6.28'),
(1460, '', 'default', 0x5265717569726564, '6.28'),
(1461, '', 'default', 0x726f6f74, '6.28'),
(1462, '', 'default', 0x506172656e74, '6.28'),
(1463, '', 'default', 0x506172656e7473, '6.28'),
(1464, '', 'default', 0x5061676573206174206120676976656e206c6576656c20617265206f7264657265642066697273742062792077656967687420616e64207468656e206279207469746c652e, '6.28'),
(1465, '', 'default', 0x6e6f6e65, '6.28'),
(1466, '', 'default', 0x43617465676f7279, 'none'),
(1467, '', 'default', 0x41646420636f6e7461696e6572, 'none'),
(1468, '', 'default', 0x4164642063617465676f7279, 'none'),
(1469, '', 'default', 0x6564697420636f6e7461696e6572, 'none'),
(1470, '', 'default', 0xe280b920, 'none'),
(1471, '', 'default', 0x476f20746f2070726576696f75732070616765, '6.28'),
(1472, '', 'default', 0x7570, 'none'),
(1473, '', 'default', 0x476f20746f20706172656e742070616765, 'none'),
(1474, '', 'default', 0x20e280ba, 'none'),
(1475, '', 'default', 0x476f20746f206e6578742070616765, '6.28'),
(1479, '', 'default', 0x53657373696f6e206f70656e656420666f7220256e616d652e, '6.28'),
(1480, '', 'default', 0x757365726e616d65, 'none'),
(1484, '', 'default', 0x4d6f6e646179, '6.28'),
(1485, '', 'default', 0x54756573646179, '6.28'),
(1486, '', 'default', 0x5765646e6573646179, '6.28'),
(1487, '', 'default', 0x5361747572646179, 'none'),
(1488, '', 'default', 0x56696577, '6.28'),
(1489, '', 'default', 0x486973746f7279, 'none'),
(1490, '', 'default', 0x54686520636f6e66696775726174696f6e206f7074696f6e732068617665206265656e20726573657420746f2074686569722064656661756c742076616c7565732e, 'none'),
(1492, '', 'default', 0x4d6f64756c6573, '6.28'),
(1493, '', 'default', 0x436c65617220696e646578, '6.28'),
(1494, '', 'default', 0x6564697420666f72756d, 'none'),
(1495, '', 'default', 0x466f72756d206e616d65, 'none'),
(1496, '', 'default', 0x666f72756d, 'none'),
(1497, '', 'default', 0x41726520796f75207375726520796f752077616e7420746f2064656c6574652074686520666f72756d20256e616d653f, 'none'),
(1498, '', 'default', 0x54686520666f72756d20257465726d20616e6420616c6c207375622d666f72756d7320616e64206173736f63696174656420706f7374732068617665206265656e2064656c657465642e, 'none'),
(1499, '', 'default', 0x666f72756d3a2064656c6574656420257465726d20616e6420616c6c20697473207375622d666f72756d7320616e64206173736f63696174656420706f7374732e, 'none'),
(1500, '', 'default', 0x526567696f6e, '6.28'),
(1502, '', 'default', 0x736561726368, '6.28'),
(1503, '', 'default', 0x436f7265202d206f7074696f6e616c, '6.28'),
(1504, '', 'default', 0x6e65766572, 'none'),
(1505, '', 'default', 0x54686520757365726e616d6520256e616d6520646f6573206e6f742065786973742e, 'none'),
(1506, '', 'default', 0x6d61696c, 'none'),
(1507, '', 'default', 0x416464206974656d, '6.28'),
(1508, '', 'default', 0x616374696f6e73, '6.28'),
(1509, '', 'default', 0x61676772656761746f72, 'none'),
(1510, '', 'default', 0x72656164206d6f7265, 'none'),
(1511, '', 'default', 0x55706461746520696e74657276616c, 'none'),
(1512, '', 'default', 0x5468652066756c6c792d7175616c69666965642055524c206f662074686520666565642e, 'none'),
(1513, '', 'default', 0x41646420666f72756d, 'none'),
(1514, '', 'default', 0x70617468, 'none'),
(1515, '', 'default', 0x416464207465726d, '6.28'),
(1516, '', 'default', 0x53637265656e73686f7420666f7220257468656d65207468656d65, '6.28'),
(1517, '', 'default', 0x6e6f2073637265656e73686f74, 'none'),
(1518, '', 'default', 0x54696d657374616d70, 'none'),
(1519, '', 'default', 0x4b6579776f726473, '6.28'),
(1520, '', 'default', 0x416363657373206c6f672073657474696e6773, 'none'),
(1521, '', 'default', 0x456e61626c6520616363657373206c6f67, 'none'),
(1522, '', 'default', 0x4469736361726420616363657373206c6f6773206f6c646572207468616e, 'none'),
(1523, '', 'default', 0x5072657669657720636f6d6d656e74, '6.28'),
(1524, '', 'default', 0x556e61737369676e, 'none'),
(1525, '', 'default', 0x506c6561736520636f6e746163742074686520736974652061646d696e6973747261746f722e, 'none'),
(1526, '', 'default', 0x53746174697374696373, 'none'),
(1527, '', 'default', 0x416476616e63656420736561726368, 'none'),
(1530, '', 'default', 0x457874656e73696f6e73207468617420757365727320696e207468697320726f6c652063616e2075706c6f61642e20536570617261746520657874656e73696f6e732077697468206120737061636520616e6420646f206e6f7420696e636c75646520746865206c656164696e6720646f742e, '6.28'),
(1531, '', 'default', 0x6e2f61, 'none'),
(1532, '', 'default', 0x55706c6f6164, '6.28'),
(1533, '', 'default', 0x44617461626173652074797065, 'none'),
(1535, '', 'default', 0x436f6e74696e7565, '6.28'),
(1536, '', 'default', 0x436f6e666967757265, '6.28'),
(1537, '', 'default', 0x66696c65, '6.28'),
(1538, '', 'default', 0x4572726f72, '6.28'),
(1539, '', 'default', 0x436f6e74616374, '6.28'),
(1540, '', 'default', 0x43726561746564, '6.28'),
(1542, '', 'default', 0x556e61626c6520746f2073656e6420656d61696c20746f2025726563697069656e74, 'none'),
(1543, '', 'default', 0x546865207375626a656374206f6620746865206d6573736167652e, 'none'),
(1544, '', 'default', 0x437265617465, 'none'),
(1546, '', 'default', 0x436f6e74656e74206d616e6167656d656e74, '6.28'),
(1547, '', 'default', 0x4d656e75206974656d, '6.28'),
(1548, '', 'default', 0x457870616e646564, '6.28'),
(1549, '', 'default', 0x54686520706174682074686973206d656e75206974656d206c696e6b7320746f2e20546869732063616e20626520616e20696e7465726e616c2044727570616c2070617468207375636820617320256164642d6e6f6465206f7220616e2065787465726e616c2055524c2073756368206173202564727570616c2e20456e746572202566726f6e7420746f206c696e6b20746f207468652066726f6e7420706167652e, '6.28'),
(1550, '', 'default', 0x49662073656c656374656420616e642074686973206d656e75206974656d20686173206368696c6472656e2c20746865206d656e752077696c6c20616c776179732061707065617220657870616e6465642e, '6.28'),
(1551, '', 'default', 0x506172656e74206974656d, '6.28'),
(1552, '', 'default', 0x4f7074696f6e616c2e20496e20746865206d656e752c207468652068656176696572206974656d732077696c6c2073696e6b20616e6420746865206c696768746572206974656d732077696c6c20626520706f736974696f6e6564206e65617265722074686520746f702e, '6.28'),
(1553, '', 'default', 0x5175657374696f6e, 'none'),
(1554, '', 'default', 0x416464206368696c642070616765, '6.28'),
(1555, '', 'default', 0x5072696e7465722d667269656e646c792076657273696f6e, '6.28'),
(1556, '', 'default', 0x52656d6f76652066726f6d206f75746c696e65, 'none'),
(1557, '', 'default', 0x556e6b6e6f776e206578706f727420666f726d61742e, 'none'),
(1558, '', 'default', 0x416c6c, '6.28'),
(1559, '', 'default', 0x416374697665, '6.28'),
(1560, '', 'default', 0x506f7374, '6.28'),
(1561, '', 'default', 0x4c61737420706f7374, '6.28'),
(1562, '', 'default', 0x50616765207469746c65, '6.28'),
(1563, '', 'default', 0x3120686f7572, '6.28'),
(1564, '', 'default', 0x40636f756e7420686f757273, '6.28'),
(1565, '', 'default', 0x3120646179, '6.28'),
(1566, '', 'default', 0x40636f756e742064617973, '6.28'),
(1567, '', 'default', 0x436f6e66696775726174696f6e2073617665642e, 'none'),
(1568, '', 'default', 0x466f6f746572206d657373616765, '6.28'),
(1569, '', 'default', 0x4c6f676f, '6.28'),
(1570, '', 'default', 0x4d697373696f6e, '6.28'),
(1571, '', 'default', 0x53656172636820626f78, '6.28'),
(1572, '', 'default', 0x53697465206e616d65, '6.28'),
(1573, '', 'default', 0x5369746520736c6f67616e, '6.28'),
(1574, '', 'default', 0x706870, '6.28'),
(1575, '', 'default', 0x557365722073657474696e6773, '6.28'),
(1576, '', 'default', 0x5075626c696320726567697374726174696f6e73, '6.28'),
(1577, '', 'default', 0x4f6e6c7920736974652061646d696e6973747261746f72732063616e20637265617465206e65772075736572206163636f756e74732e, '6.28'),
(1578, '', 'default', 0x44727570616c, '6.28'),
(1579, '', 'default', 0x55726c, 'none'),
(1580, '', 'default', 0x504850, '6.28'),
(1581, '', 'default', 0x486f7374, 'none'),
(1582, '', 'default', 0x417661696c61626c652075706461746573, '6.28'),
(1583, '', 'default', 0x4d616e75616c2075706461746520636865636b, '6.28'),
(1584, '', 'default', 0x4e65766572, 'none'),
(1585, '', 'default', 0x436865636b206d616e75616c6c79, 'none'),
(1586, '', 'default', 0x557020746f2064617465, '6.28'),
(1587, '', 'default', 0x55706461746520617661696c61626c65, 'none'),
(1588, '', 'default', 0x44727570616c20636f72652075706461746520737461747573, '6.28'),
(1589, '', 'default', 0x4f7574206f662064617465, '6.28'),
(1590, '', 'default', 0x55706461746520737461747573, 'none'),
(1592, '', 'default', 0x52696768742073696465626172, '6.28'),
(1594, '', 'default', 0x526563697069656e7473, 'none'),
(1595, '', 'default', 0x53656c6563746564, 'none'),
(1596, '', 'default', 0x536574207468697320746f203c656d3e5965733c2f656d3e20696620796f7520776f756c64206c696b6520746869732063617465676f727920746f2062652073656c65637465642062792064656661756c742e, 'none'),
(1597, '', 'default', 0x596f75206d75737420656e74657220612063617465676f72792e, 'none'),
(1598, '', 'default', 0x596f75206d75737420656e746572206f6e65206f72206d6f726520726563697069656e74732e, 'none'),
(1599, '', 'default', 0x43617465676f7279202563617465676f727920686173206265656e2061646465642e, 'none'),
(1600, '', 'default', 0x43617465676f7279202563617465676f727920686173206265656e20757064617465642e, 'none'),
(1601, '', 'default', 0x41726520796f75207375726520796f752077616e7420746f2064656c657465202563617465676f72793f, 'none'),
(1602, '', 'default', 0x43617465676f7279202563617465676f727920686173206265656e2064656c657465642e, 'none'),
(1603, '', 'default', 0x486f75726c79207468726573686f6c64, 'none'),
(1604, '', 'default', 0x596f752063616e6e6f742073656e64206d6f7265207468616e20256e756d626572206d657373616765732070657220686f75722e20506c656173652074727920616761696e206c617465722e, 'none'),
(1605, '', 'default', 0x596f7572206e616d65, '6.28'),
(1606, '', 'default', 0x596f757220652d6d61696c2061646472657373, 'none'),
(1607, '', 'default', 0x53656e6420652d6d61696c, '6.28'),
(1608, '', 'default', 0x596f75206d7573742073656c65637420612076616c69642063617465676f72792e, 'none'),
(1609, '', 'default', 0x596f75206d75737420656e74657220612076616c696420652d6d61696c20616464726573732e, 'none'),
(1610, '', 'default', 0x5b2163617465676f72795d20217375626a656374, 'none'),
(1611, '', 'default', 0x546f, 'none'),
(1612, '', 'default', 0x46726f6d, '6.28'),
(1613, '', 'default', 0x437573746f6d, '6.28'),
(1614, '', 'default', 0x5468726f74746c65, 'none'),
(1615, '', 'default', 0x5669736962696c697479, 'none'),
(1616, '', 'default', 0x526f6c6573, '6.28'),
(1618, '', 'default', 0x5075626c6973686564, '6.28'),
(1619, '', 'default', 0x496e70757420666f726d6174, '6.28'),
(1620, '', 'default', 0x5369676e6174757265, '6.28'),
(1622, '', 'default', 0x4c6f63616c65, 'none'),
(1623, 'content_admin.inc:110', 'default', 0x5469746c65206669656c64206c6162656c, '6.28'),
(1624, '', 'default', 0x426f6479206669656c64206c6162656c, '6.28'),
(1625, '', 'default', 0x50726f6d6f74656420746f2066726f6e742070616765, '6.28'),
(1626, '', 'default', 0x537469636b7920617420746f70206f66206c69737473, '6.28'),
(1627, '', 'default', 0x5265766973696f6e73, '6.28'),
(1628, '', 'default', 0x4c6f67206d657373616765, '6.28'),
(1629, '', 'default', 0x506f6c6c206475726174696f6e, 'none'),
(1630, '', 'default', 0x4578706c616e6174696f6e, 'none'),
(1631, '', 'default', 0x53656c656374696f6e206f7074696f6e73, 'none'),
(1632, '', 'default', 0x566f636162756c617279206e616d65, '6.28'),
(1633, '', 'default', 0x5465726d206e616d65, '6.28'),
(1634, '', 'default', 0x526f6c65206e616d65, '6.28'),
(1635, '', 'default', 0x452d6d61696c2061646472657373, '6.28'),
(1636, '', 'default', 0x5468656d6520636f6e66696775726174696f6e, 'none'),
(1637, '', 'default', 0x4c61737420616363657373, '6.28'),
(1638, '', 'default', 0x54696d65207a6f6e65, '6.28'),
(1639, '', 'default', 0x5365766572697479, '6.28'),
(1641, '', 'default', 0x436f756e74, 'none'),
(1642, '', 'default', 0x525353202d20626c6f6773, 'none'),
(1643, '', 'default', 0x5365617263682073657474696e6773, '6.28'),
(1644, '', 'default', 0x4d6f6465, 'none'),
(1645, '', 'default', 0x4f504d4c2066656564, 'none'),
(1646, '', 'default', 0x636f6e666967757265, '6.28'),
(1647, '', 'default', 0x4e756d626572206f66206e657773206974656d7320696e20626c6f636b, 'none'),
(1648, '', 'default', 0x5669657720746869732066656564277320726563656e74206e6577732e, 'none'),
(1649, '', 'default', 0x5669657720746869732063617465676f7279277320726563656e74206e6577732e, 'none'),
(1650, '', 'default', 0x46656564206f76657276696577, 'none'),
(1651, '', 'default', 0x4974656d73, 'none'),
(1652, '', 'default', 0x4c61737420757064617465, 'none'),
(1653, '', 'default', 0x4e65787420757064617465, 'none'),
(1654, '', 'default', 0x2574696d65206c656674, 'none'),
(1655, '', 'default', 0x72656d6f7665206974656d73, 'none'),
(1656, '', 'default', 0x757064617465206974656d73, 'none'),
(1657, '', 'default', 0x43617465676f7279206f76657276696577, 'none'),
(1658, '', 'default', 0x43617465676f72697a65, 'none'),
(1659, '', 'default', 0x596f7520617265206e6f7420616c6c6f77656420746f2063617465676f72697a6520746869732066656564206974656d2e, 'none'),
(1660, '', 'default', 0x5468652063617465676f726965732068617665206265656e2073617665642e, 'none'),
(1661, '', 'default', 0x55524c3a, 'none'),
(1662, '', 'default', 0x557064617465643a, 'none'),
(1663, '', 'default', 0x626c6f67206974, 'none'),
(1664, '', 'default', 0x436f6d6d656e74206f6e2074686973206e657773206974656d20696e20796f757220706572736f6e616c20626c6f672e, 'none'),
(1665, '', 'default', 0x25616765206f6c64, 'none'),
(1666, '', 'default', 0x2561676f2061676f, 'none'),
(1667, '', 'default', 0x417574686f726564206279, '6.28'),
(1668, '', 'default', 0x4974656d732073686f776e20696e20736f757263657320616e642063617465676f72696573207061676573, 'none'),
(1669, '', 'default', 0x412066656564207769746820746869732055524c202575726c20616c7265616479206578697374732e20506c6561736520656e746572206120756e697175652055524c2e, 'none'),
(1670, '', 'default', 0x546865206665656420256665656420686173206265656e20757064617465642e, 'none'),
(1671, '', 'default', 0x466565642025666565642064656c657465642e, 'none'),
(1672, '', 'default', 0x546865206665656420256665656420686173206265656e2064656c657465642e, 'none'),
(1673, '', 'default', 0x466565642025666565642061646465642e, 'none'),
(1674, '', 'default', 0x546865206665656420256665656420686173206265656e2061646465642e, 'none'),
(1675, '', 'default', 0x546865206e657773206974656d732066726f6d2025736974652068617665206265656e2072656d6f7665642e, 'none'),
(1676, '', 'default', 0x61646d696e6973746572206e657773206665656473, 'none'),
(1677, '', 'default', 0x616363657373206e657773206665656473, 'none'),
(1678, '', 'default', 0x526561642066756c6c2061727469636c6520746f2076696577206174746163686d656e74732e, '6.28'),
(1679, '', 'default', 0x31206174746163686d656e74, '6.28'),
(1680, '', 'default', 0x40636f756e74206174746163686d656e7473, '6.28'),
(1681, '', 'default', 0x54686973206669656c642069732072657175697265642e, '6.28'),
(1682, '', 'default', 0x44657461696c73, '6.28'),
(1683, '', 'default', 0x4c617374207265706c79, 'none'),
(1684, '', 'default', 0x53797374656d, 'none'),
(1685, '', 'default', 0x556e6c696d69746564, '6.28'),
(1686, '', 'default', 0x53656e64, 'none'),
(1687, '', 'default', 0x436f6465, '6.28'),
(1688, '', 'default', 0x4e6f20706f73747320617661696c61626c652e, 'none'),
(1689, '', 'default', 0x526563697069656e74, 'none'),
(1690, '', 'default', 0x416464206120726f6c6520746f207468652073656c6563746564207573657273, '6.28'),
(1691, '', 'default', 0x52656d6f7665206120726f6c652066726f6d207468652073656c6563746564207573657273, '6.28'),
(1692, '', 'default', 0x7365637572697479, 'none'),
(1693, '', 'default', 0x6e6f6465, '6.28'),
(1694, '', 'default', 0x526563656e7420706f737473, '6.28'),
(1695, '', 'default', 0x546f6e6761, 'none'),
(1696, '', 'default', 0x4e6176616a6f, 'none'),
(1698, '', 'default', 0x547565, '6.28'),
(1699, '', 'default', 0x576564, '6.28'),
(1700, '', 'default', 0x467269, '6.28'),
(1701, '', 'default', 0x536174, '6.28'),
(1702, '', 'default', 0x53756e, '6.28'),
(1703, '', 'default', 0x4d6179, '6.28'),
(1704, '', 'default', 0x616d, '6.28'),
(1705, '', 'default', 0x706d, '6.28'),
(1706, '', 'default', 0x466f72756d, 'none'),
(1707, '', 'default', 0x4f74686572, '6.28'),
(1708, '', 'default', 0x5465787420636f6c6f72, 'none'),
(1709, '', 'default', 0x4e617669676174696f6e, '6.28'),
(1710, '', 'default', 0x436f6c6f72, 'none'),
(1711, '', 'default', 0x5468656d652d73706563696669632073657474696e6773, 'none'),
(1712, '', 'default', 0x54686573652073657474696e6773206f6e6c7920657869737420666f722074686520257468656d65207468656d6520616e6420616c6c20746865207374796c6573206261736564206f6e2069742e, 'none'),
(1713, '', 'default', 0x61636365737320636f6e74656e74, '6.28'),
(1714, '', 'default', 0x416c6c6f77, 'none'),
(1715, '', 'default', 0x44656e79, 'none'),
(1716, '', 'default', 0x5369676e617475726573, '6.28'),
(1717, '', 'default', 0x4c6f6720696e, '6.28'),
(1718, '', 'default', 0x557064617465642055524c20666f72206665656420257469746c6520746f202575726c2e, 'none'),
(1719, '', 'default', 0x4a756d7020746f2074686520666972737420636f6d6d656e74206f66207468697320706f7374696e672e, '6.28'),
(1720, '', 'default', 0x4a756d7020746f20746865206669727374206e657720636f6d6d656e74206f66207468697320706f7374696e672e, '6.28'),
(1721, '', 'default', 0x416464206e657720636f6d6d656e74, '6.28'),
(1722, '', 'default', 0x4164642061206e657720636f6d6d656e7420746f207468697320706167652e, '6.28'),
(1723, '', 'default', 0x536861726520796f75722074686f756768747320616e64206f70696e696f6e732072656c6174656420746f207468697320706f7374696e672e, '6.28'),
(1724, '', 'default', 0x4e6f207465726d7320617661696c61626c652e, '6.28'),
(1725, '', 'default', 0x7265736574, 'none'),
(1726, '', 'default', 0x537472696e67, '6.28'),
(1727, '', 'default', 0x5573657273, '6.28'),
(1728, '', 'default', 0x4e6f7420696e7374616c6c6564, 'none'),
(1729, '', 'default', 0x4d696e696d756d206361636865206c69666574696d65, '6.28'),
(1730, '', 'default', 0x5265666572726572, '6.28'),
(1731, '', 'default', 0x3120766f7465, 'none'),
(1732, '', 'default', 0x40636f756e7420766f746573, 'none'),
(1733, '', 'default', 0x53697465206d61696e74656e616e6365, '6.28'),
(1734, '', 'default', 0x4f6e6c696e65, 'none'),
(1735, '', 'default', 0x4f66662d6c696e65, 'none'),
(1736, '', 'default', 0x5768656e2073657420746f20224f6e6c696e65222c20616c6c2076697369746f72732077696c6c2062652061626c6520746f2062726f77736520796f75722073697465206e6f726d616c6c792e205768656e2073657420746f20224f66662d6c696e65222c206f6e6c79207573657273207769746820746865202261646d696e6973746572207369746520636f6e66696775726174696f6e22207065726d697373696f6e2077696c6c2062652061626c6520746f2061636365737320796f7572207369746520746f20706572666f726d206d61696e74656e616e63653b20616c6c206f746865722076697369746f72732077696c6c20736565207468652073697465206f66662d6c696e65206d65737361676520636f6e666967757265642062656c6f772e20417574686f72697a65642075736572732063616e206c6f6720696e20647572696e6720224f66662d6c696e6522206d6f6465206469726563746c792076696120746865203c6120687265663d2240757365722d6c6f67696e223e75736572206c6f67696e3c2f613e20706167652e, 'none'),
(1737, '', 'default', 0x53697465206f66662d6c696e65206d657373616765, 'none'),
(1738, '', 'default', 0x40736974652069732063757272656e746c7920756e646572206d61696e74656e616e63652e2057652073686f756c64206265206261636b2073686f72746c792e205468616e6b20796f7520666f7220796f75722070617469656e63652e, 'none'),
(1739, '', 'default', 0x4d65737361676520746f2073686f772076697369746f7273207768656e20746865207369746520697320696e206f66662d6c696e65206d6f64652e, 'none'),
(1740, '', 'default', 0x44656661756c742066726f6e742070616765, '6.28'),
(1741, '', 'default', 0x546f70207061676573, 'none'),
(1742, 'casetracker.module:458;1344;1406', 'default', 0x416e6f6e796d6f7573, '6.28'),
(1743, '', 'default', 0x556e696e7374616c6c, '6.28'),
(1745, '', 'default', 0x526563656e742068697473, 'none'),
(1746, '', 'default', 0x54686520636f6d6d656e74206e6f206c6f6e676572206578697374732e, 'none'),
(1747, '', 'default', 0x54686520636f6d6d656e7420616e6420616c6c20697473207265706c6965732068617665206265656e2064656c657465642e, 'none'),
(1748, '', 'default', 0x446f206e6f7420646973706c6179, '6.28'),
(1749, '', 'default', 0x53686f772069662074686520666f6c6c6f77696e672050485020636f64652072657475726e73203c636f64653e545255453c2f636f64653e20285048502d6d6f64652c2065787065727473206f6e6c79292e, '6.28'),
(1750, '', 'default', 0x507265666f726d6174746564, '6.28'),
(1751, '', 'default', 0x566f746573, 'none'),
(1752, '', 'default', 0x536176652073657474696e6773, '6.28'),
(1753, '', 'default', 0x4f7065726174696f6e, 'none'),
(1754, '', 'default', 0x7265706c79, '6.28'),
(1755, '', 'default', 0x53657373696f6e20636c6f73656420666f7220256e616d652e, '6.28'),
(1756, '', 'default', 0x547261636b6572, 'none'),
(1757, '', 'default', 0x596f75206861766520746f207370656369667920612076616c696420646174652e, 'none'),
(1758, '', 'default', 0x5365727665722073657474696e6773, 'none'),
(1759, '', 'default', 0x546865206e616d6520256e616d65206973206120726573657276656420757365726e616d652e, 'none'),
(1760, '', 'default', 0x546865206669656c6420256669656c642069732072657175697265642e, 'none'),
(1761, '', 'default', 0x31206e6577, 'none'),
(1762, '', 'default', 0x40636f756e74206e6577, 'none'),
(1763, '', 'default', 0x4164642072756c65, 'none'),
(1764, '', 'default', 0x44656c6574652072756c65, '6.28'),
(1765, '', 'default', 0x4e61757275, 'none'),
(1766, '', 'default', 0x5461626c6520707265666978, 'none'),
(1767, '', 'default', 0x446174616261736520757365726e616d65, 'none'),
(1768, '', 'default', 0x44617461626173652070617373776f7264, 'none'),
(1769, '', 'default', 0x4461746162617365206e616d65, 'none'),
(1770, '', 'default', 0x4164642075736572, '6.28'),
(1771, '', 'default', 0x466f726d617474696e672067756964656c696e6573, '6.28'),
(1773, '', 'default', 0x466f726d61743a202574696d652e204c6561766520626c616e6b20746f20757365207468652074696d65206f6620666f726d207375626d697373696f6e2e, '6.28'),
(1774, '', 'default', 0x4c6561766520626c616e6b20666f722025616e6f6e796d6f75732e, '6.28'),
(1775, '', 'default', 0x4174746163686d656e7473, '6.28'),
(1777, '', 'default', 0x46696c65206174746163686d656e7473206172652064697361626c65642e205468652066696c65206469726563746f726965732068617665206e6f74206265656e2070726f7065726c7920636f6e666967757265642e, 'none'),
(1778, '', 'default', 0x506c6561736520766973697420746865203c6120687265663d224061646d696e2d66696c652d73797374656d223e66696c652073797374656d20636f6e66696775726174696f6e20706167653c2f613e2e, 'none'),
(1779, '', 'default', 0x456e61626c65206f722064697361626c6520706167652063616368696e6720666f7220616e6f6e796d6f757320757365727320616e64207365742043535320616e64204a532062616e647769647468206f7074696d697a6174696f6e206f7074696f6e732e, '6.28'),
(1780, '', 'default', 0x456e746572206f6e65207061676520706572206c696e652061732044727570616c2070617468732e2054686520272a272063686172616374657220697320612077696c64636172642e204578616d706c65207061746873206172652025626c6f6720666f722074686520626c6f67207061676520616e642025626c6f672d77696c646361726420666f7220657665727920706572736f6e616c20626c6f672e202566726f6e74206973207468652066726f6e7420706167652e, '6.28'),
(1781, '', 'default', 0x5379736c6f67, 'none'),
(1782, '', 'default', 0x546865206d6178696d756d20616c6c6f77656420696d6167652073697a6520657870726573736564206173205749445448784845494748542028652e672e2036343078343830292e2053657420746f203020666f72206e6f207265737472696374696f6e2e, 'none'),
(1783, '', 'default', 0x5468652025726f6c652066696c652073697a65206c696d6974206d7573742062652061206e756d62657220616e642067726561746572207468616e207a65726f2e, 'none'),
(1784, '', 'default', 0x5468652025726f6c65206d6178696d756d2066696c652073697a65207065722075706c6f61642069732067726561746572207468616e2074686520746f74616c2066696c652073697a6520616c6c6f776564207065722075736572, 'none'),
(1785, '', 'default', 0x4d6178696d756d207265736f6c7574696f6e20666f722075706c6f6164656420696d61676573, '6.28'),
(1786, '', 'default', 0x574944544878484549474854, '6.28'),
(1787, '', 'default', 0x4d6178696d756d2066696c652073697a65207065722075706c6f6164, '6.28'),
(1788, '', 'default', 0x546f74616c2066696c652073697a65207065722075736572, '6.28'),
(1789, '', 'default', 0x546865206d6178696d756d2073697a65206f6620616c6c2066696c6573206120757365722063616e2068617665206f6e2074686520736974652028696e206d6567616279746573292e, 'none'),
(1790, '', 'default', 0x5b3c6120687265663d22406c696e6b223e6d6f72652068656c702e2e2e3c2f613e5d, '6.28'),
(1791, '', 'default', 0x417261626963, 'none'),
(1792, '', 'default', 0x4672656e6368, 'none'),
(1793, '', 'default', 0x4974616c69616e, 'none'),
(1794, '', 'default', 0x4a6170616e657365, 'none'),
(1795, '', 'default', 0x4b6f7265616e, 'none'),
(1796, '', 'default', 0x45646974207465726d, '6.28'),
(1797, '', 'default', 0x546865206974656d732068617665206265656e2064656c657465642e, '6.28'),
(1798, '', 'default', 0x412076616c696420652d6d61696c20616464726573732e20416c6c20652d6d61696c732066726f6d207468652073797374656d2077696c6c2062652073656e7420746f207468697320616464726573732e2054686520652d6d61696c2061646472657373206973206e6f74206d616465207075626c696320616e642077696c6c206f6e6c79206265207573656420696620796f75207769736820746f20726563656976652061206e65772070617373776f7264206f72207769736820746f2072656365697665206365727461696e206e657773206f72206e6f74696669636174696f6e7320627920652d6d61696c2e, '6.28'),
(1799, '', 'default', 0x54686520652d6d61696c20616464726573732025656d61696c20697320616c726561647920726567697374657265642e203c6120687265663d224070617373776f7264223e4861766520796f7520666f72676f7474656e20796f75722070617373776f72643f3c2f613e, 'none'),
(1800, '', 'default', 0x54686520652d6d61696c20616464726573732025656d61696c20686173206265656e2064656e696564206163636573732e, 'none'),
(1801, '', 'default', 0x52656d6f7665206974656d73, 'none'),
(1802, '', 'default', 0x416c6c6f7765642048544d4c2074616773, 'none'),
(1803, '', 'default', 0x536f7572636573, 'none'),
(1804, '', 'default', 0x217469746c652063617465676f7279206c6174657374206974656d73, 'none'),
(1805, '', 'default', 0x217469746c652066656564206c6174657374206974656d73, 'none'),
(1806, '', 'default', 0x412063617465676f7279206e616d6564202563617465676f727920616c7265616479206578697374732e20506c6561736520656e746572206120756e69717565207469746c652e, 'none'),
(1807, '', 'default', 0x5468652063617465676f7279202563617465676f727920686173206265656e20757064617465642e, 'none'),
(1808, '', 'default', 0x43617465676f7279202563617465676f72792064656c657465642e, 'none'),
(1809, '', 'default', 0x5468652063617465676f7279202563617465676f727920686173206265656e2064656c657465642e, 'none'),
(1810, '', 'default', 0x43617465676f7279202563617465676f72792061646465642e, 'none'),
(1811, '', 'default', 0x5468652063617465676f7279202563617465676f727920686173206265656e2061646465642e, 'none'),
(1812, '', 'default', 0x61676772656761746f72202d20407469746c65, 'none'),
(1813, '', 'default', 0x31206974656d, 'none'),
(1814, '', 'default', 0x40636f756e74206974656d73, 'none'),
(1815, '', 'default', 0x416464206d656e75, '6.28'),
(1816, '', 'default', 0x41726520796f75207375726520796f752077616e7420746f2064656c6574652074686520637573746f6d206d656e75206974656d20256974656d3f, 'none'),
(1817, '', 'default', 0x546865206d656e75206974656d20257469746c6520686173206265656e2064656c657465642e, 'none'),
(1818, '', 'default', 0x44656c65746564206d656e75206974656d20257469746c652e, 'none'),
(1819, '', 'default', 0x6d656e75, '6.28'),
(1820, '', 'default', 0xe280b92070726576696f7573, '6.28'),
(1821, '', 'default', 0x6e65787420e280ba, '6.28'),
(1822, '', 'default', 0x757064617465, '6.28'),
(1823, 'casetracker.module:920', 'default', 0x5669657720757365722070726f66696c652e, '6.28'),
(1824, '', 'default', 0x6c6f636b6564, '6.28'),
(1825, '', 'default', 0x5469746c6573206f6e6c79, 'none'),
(1826, '', 'default', 0x46756c6c2074657874, 'none'),
(1827, '', 'default', 0x546869732063616e6e6f7420626520756e646f6e652e, 'none'),
(1828, '', 'default', 0x55706c6f61642070696374757265, '6.28'),
(1829, '', 'default', 0x4d6573736167653a, 'none'),
(1830, '', 'default', 0x4c616e67756167652066696c65, 'none'),
(1831, '', 'default', 0x7075626c6973686564, '6.28'),
(1832, '', 'default', 0x4176657261676520706167652067656e65726174696f6e2074696d65, 'none'),
(1833, '', 'default', 0x546865206368616e6765732068617665206265656e2073617665642e, '6.28'),
(1834, '', 'default', 0x53686f77206f6e6c79207573657273207768657265, '6.28'),
(1835, '', 'default', 0x4d656d62657220666f72, '6.28'),
(1836, '', 'default', 0x4074696d652061676f, '6.28'),
(1837, '', 'default', 0x4e6f20757365727320617661696c61626c652e, 'none'),
(1838, '', 'default', 0x4e6f2075736572732073656c65637465642e, 'none'),
(1839, '', 'default', 0x4465746563746564206d616c6963696f757320617474656d707420746f20616c7465722070726f7465637465642075736572206669656c64732e, 'none'),
(1840, '; misc/tableselect.js', 'default', 0x53656c65637420616c6c20726f777320696e2074686973207461626c65, 'none'),
(1841, '; misc/tableselect.js', 'default', 0x446573656c65637420616c6c20726f777320696e2074686973207461626c65, 'none'),
(1842, '', 'default', 0x53656172636820726573756c7473, '6.28'),
(1843, '', 'default', 0x596f757220736561726368207969656c646564206e6f20726573756c7473, 'none'),
(1844, '', 'default', 0x506c6561736520656e74657220736f6d65206b6579776f7264732e, 'none'),
(1845, '', 'default', 0x52657175657374206e65772070617373776f7264, '6.28'),
(1846, '', 'default', 0x56697369746f72732063616e20637265617465206163636f756e747320616e64206e6f2061646d696e6973747261746f7220617070726f76616c2069732072657175697265642e, '6.28'),
(1847, '', 'default', 0x44656c65746564, '6.28'),
(1848, '', 'default', 0x4c616e677561676573, '6.28'),
(1849, '', 'default', 0x546f70696373, 'none'),
(1850, '', 'default', 0x546f706963, 'none'),
(1851, '', 'default', 0x546865206d6178696d756d2073697a65206f6620612066696c65206120757365722063616e2075706c6f61642028696e206d6567616279746573292e, 'none'),
(1852, '', 'default', 0x45646974206d656e75, '6.28'),
(1853, '', 'default', 0x44656c657465206d656e75, 'none'),
(1854, '', 'default', 0x45646974206d656e75206974656d, '6.28'),
(1855, '', 'default', 0x5265736574206d656e75206974656d, 'none'),
(1856, '', 'default', 0x44656c657465206d656e75206974656d, 'none'),
(1858, '', 'default', 0x4c6f63616c652073657474696e6773, '6.28'),
(1859, '', 'default', 0x436f6e66696775726520626c6f636b, '6.28'),
(1860, '', 'default', 0x486f77206d616e7920636f6e74656e74206974656d7320746f20646973706c617920696e202264617922206c6973742e, 'none'),
(1861, '', 'default', 0x4a616e, '6.28'),
(1862, '', 'default', 0x466562, '6.28'),
(1863, '', 'default', 0x4d6172, '6.28'),
(1864, '', 'default', 0x417072, '6.28'),
(1865, '', 'default', 0x4a756e, '6.28'),
(1866, '', 'default', 0x4a756c, '6.28'),
(1867, '', 'default', 0x417567, '6.28'),
(1868, '', 'default', 0x536570, '6.28'),
(1869, '', 'default', 0x4f6374, '6.28'),
(1870, '', 'default', 0x4e6f76, '6.28'),
(1871, '', 'default', 0x446563, '6.28'),
(1872, '', 'default', 0x4d697373696f6e2073746174656d656e74, '6.28'),
(1873, '', 'default', 0x436f6e666967757265207065726d697373696f6e73, '6.28'),
(1874, '', 'default', 0x4e6f6e652e, '6.28'),
(1876, '', 'default', 0x5061746820616c696173, 'none'),
(1877, '', 'default', 0x5370656369667920746865206578697374696e67207061746820796f75207769736820746f20616c6961732e20466f72206578616d706c653a206e6f64652f32382c20666f72756d2f312c207461786f6e6f6d792f7465726d2f312b322e, 'none'),
(1878, '', 'default', 0x5370656369667920616e20616c7465726e61746976652070617468206279207768696368207468697320646174612063616e2062652061636365737365642e20466f72206578616d706c652c2074797065202261626f757422207768656e2077726974696e6720616e2061626f757420706167652e2055736520612072656c6174697665207061746820616e6420646f6e277420616464206120747261696c696e6720736c617368206f72207468652055524c20616c69617320776f6e277420776f726b2e, 'none'),
(1879, '', 'default', 0x47726561746572207468616e, '6.28'),
(1880, '', 'default', 0x4c657373207468616e, '6.28'),
(1881, '', 'default', 0x43686f696365, 'none'),
(1882, '', 'default', 0x4c6f67206f7574, '6.28'),
(1883, '', 'default', 0x4e756d626572206f6620646179277320746f7020766965777320746f20646973706c6179, 'none'),
(1884, '', 'default', 0x4e756d626572206f6620616c6c2074696d6520766965777320746f20646973706c6179, 'none'),
(1885, '', 'default', 0x4e756d626572206f66206d6f737420726563656e7420766965777320746f20646973706c6179, 'none'),
(1886, '', 'default', 0x5468652073657474696e67732068617665206e6f74206265656e2073617665642062656361757365206f6620746865206572726f72732e, '6.28'),
(1887, '', 'default', 0x5370616d206c696e6b20646574657272656e74, 'none'),
(1888, '', 'default', 0x70726f66696c65, 'none'),
(1889, '', 'default', 0x466972737420646179206f66207765656b, 'none'),
(1891, '', 'default', 0x216e616d652028216e616d652d75726c29206861732073656e7420796f752061206d6573736167652076696120796f757220636f6e7461637420666f726d202821666f726d2d75726c292061742021736974652e, 'none'),
(1892, '', 'default', 0x496620796f7520646f6e27742077616e7420746f2072656365697665207375636820652d6d61696c732c20796f752063616e206368616e676520796f75722073657474696e6773206174202175726c2e, 'none'),
(1893, '', 'default', 0x256e616d652d66726f6d2073656e7420256e616d652d746f20616e20652d6d61696c2e, 'none'),
(1894, '', 'default', 0x546865206d65737361676520686173206265656e2073656e742e, 'none'),
(1895, '', 'default', 0x216e616d652073656e742061206d657373616765207573696e672074686520636f6e7461637420666f726d2061742021666f726d2e, 'none'),
(1896, '', 'default', 0x256e616d652d66726f6d2073656e7420616e20652d6d61696c20726567617264696e67202563617465676f72792e, 'none'),
(1897, '', 'default', 0x596f7572206d65737361676520686173206265656e2073656e742e, 'none'),
(1898, '', 'default', 0x437265617465206e6577206163636f756e74, '6.28'),
(1899, '', 'default', 0x726f6c65, '6.28'),
(1900, '', 'default', 0x41726520796f75207375726520796f752077616e7420746f2064656c6574652074686520626c6f636b20256e616d653f, 'none'),
(1901, '', 'default', 0x54686520626c6f636b20256e616d6520686173206265656e2072656d6f7665642e, 'none'),
(1902, '', 'default', 0x6c697374207465726d73, '6.28'),
(1903, '', 'default', 0x616464207465726d73, '6.28'),
(1904, '', 'default', 0x43726561746564206e6577207465726d20257465726d2e, '6.28'),
(1905, '', 'default', 0x41726520796f75207375726520796f752077616e7420746f2064656c65746520746865207465726d20257469746c653f, '6.28'),
(1906, '', 'default', 0x44656c65746564207465726d20256e616d652e, '6.28'),
(1907, '', 'default', 0x7761726e696e67, '6.28'),
(1908, '', 'default', 0x4e6f207374617469737469637320617661696c61626c652e, 'none'),
(1909, '', 'default', 0x4c6173742072756e202174696d652061676f, '6.28'),
(1910, '', 'default', 0x4e657665722072756e, '6.28'),
(1911, '', 'default', 0x5369746520696e666f726d6174696f6e, '6.28'),
(1912, '', 'default', 0x426c6f636b6564, '6.28'),
(1913, '', 'default', 0x637269746963616c, '6.28'),
(1914, '', 'default', 0x44656661756c74207065726d69747465642066696c6520657874656e73696f6e73, '6.28'),
(1915, '', 'default', 0x4f7074696d697a65204a6176615363726970742066696c6573, '6.28'),
(1916, '', 'default', 0x526573756c7473, '6.28'),
(1917, '', 'default', 0x4f6c64657220706f6c6c73, 'none'),
(1918, '', 'default', 0x5669657720746865206c697374206f6620706f6c6c73206f6e207468697320736974652e, 'none'),
(1919, '', 'default', 0x506f6c6c2073657474696e6773, 'none'),
(1920, '', 'default', 0x596f75206d7573742066696c6c20696e206174206c656173742074776f2063686f696365732e, 'none'),
(1921, '', 'default', 0x6f70656e, 'none'),
(1922, '', 'default', 0x54686973207461626c65206c6973747320616c6c20746865207265636f7264656420766f74657320666f72207468697320706f6c6c2e20496620616e6f6e796d6f75732075736572732061726520616c6c6f77656420746f20766f74652c20746865792077696c6c206265206964656e746966696564206279207468652049502061646472657373206f662074686520636f6d707574657220746865792075736564207768656e207468657920766f7465642e, 'none'),
(1923, '', 'default', 0x56697369746f72, 'none'),
(1924, '', 'default', 0x43616e63656c20796f757220766f7465, 'none'),
(1925, '', 'default', 0x56696577207468652063757272656e7420706f6c6c20726573756c74732e, 'none'),
(1926, '', 'default', 0x766f7465206f6e20706f6c6c73, 'none'),
(1927, '', 'default', 0x63616e63656c206f776e20766f7465, 'none'),
(1928, '', 'default', 0x696e737065637420616c6c20766f746573, 'none'),
(1929, '', 'default', 0x4c697374207465726d73, '6.28'),
(1930, '', 'default', 0x44656c6574696e672061207465726d2077696c6c2064656c65746520616c6c20697473206368696c6472656e2069662074686572652061726520616e792e205468697320616374696f6e2063616e6e6f7420626520756e646f6e652e, '6.28'),
(1931, '', 'default', 0x506172656e74207465726d73, '6.28'),
(1932, '', 'default', 0x53796e646963617465, '6.28'),
(1933, '', 'default', 0x53796e64696361746520636f6e74656e74, 'none'),
(1934, '', 'default', 0x426c6f6773, 'none'),
(1935, '', 'default', 0x426f6f6b73, '6.28'),
(1936, '', 'default', 0x54686520666565642066726f6d202573697465207365656d7320746f2062652062726f6b656e2c2064756520746f20616e206572726f722022256572726f7222206f6e206c696e6520256c696e652e, 'none'),
(1937, '', 'default', 0x54686520666565642066726f6d202573697465207365656d7320746f2062652062726f6b656e2c2062656361757365206f66206572726f722022256572726f7222206f6e206c696e6520256c696e652e, 'none'),
(1938, '', 'default', 0x466f72756d73, 'none'),
(1939, '', 'default', 0x61646d696e6973746572207461786f6e6f6d79, '6.28'),
(1940, '', 'default', 0x6163636573732061646d696e697374726174696f6e207061676573, '6.28');
INSERT INTO `locales_source` (`lid`, `location`, `textgroup`, `source`, `version`) VALUES
(1941, '', 'default', 0x61646d696e69737465722066696c74657273, '6.28'),
(1942, '', 'default', 0x76696577207265766973696f6e73, '6.28'),
(1943, '', 'default', 0x5265766973696f6e7320666f7220257469746c65, '6.28'),
(1944, '', 'default', 0x21646174652062792021757365726e616d65, '6.28'),
(1945, '', 'default', 0x726576657274, '6.28'),
(1946, '', 'default', 0x5265766973696f6e, '6.28'),
(1947, '', 'default', 0x63757272656e74207265766973696f6e, '6.28'),
(1948, '', 'default', 0x216461746574696d6520e280942021757365726e616d65, 'none'),
(1949, '', 'default', 0x546865207370656369666965642070617373776f72647320646f206e6f74206d617463682e, '6.28'),
(1950, '', 'default', 0x547261636b, 'none'),
(1951, '', 'default', 0x4e6f20666f72756d7320646566696e6564, 'none'),
(1952, '', 'default', 0x5468697320746f70696320686173206265656e206d6f766564, 'none'),
(1953, '', 'default', 0x55736572206d616e6167656d656e74, '6.28'),
(1954, '', 'default', 0x5065726d697373696f6e73, '6.28'),
(1955, '', 'default', 0x652d6d61696c, 'none'),
(1956, '', 'default', 0x43726f6e, 'none'),
(1957, '', 'default', 0x7065726d697373696f6e, '6.28'),
(1958, '', 'default', 0x596f757220766f746520776173207265636f726465642e, 'none'),
(1959, '', 'default', 0x416c6c6f777320796f7572207369746520746f206361707475726520766f746573206f6e20646966666572656e7420746f7069637320696e2074686520666f726d206f66206d756c7469706c652063686f696365207175657374696f6e732e, '6.28'),
(1960, '', 'default', 0x4c696e6b20636f6c6f72, 'none'),
(1961, '', 'default', 0x596f75722070617373776f726420616e64206675727468657220696e737472756374696f6e732068617665206265656e2073656e7420746f20796f757220652d6d61696c20616464726573732e, 'none'),
(1962, '', 'default', 0x46696a69, 'none'),
(1963, '', 'default', 0x4c656e677468206f66207472696d6d656420706f737473, '6.28'),
(1964, '', 'default', 0x3230302063686172616374657273, '6.28'),
(1965, '', 'default', 0x3430302063686172616374657273, '6.28'),
(1966, '', 'default', 0x3630302063686172616374657273, '6.28'),
(1967, '', 'default', 0x3830302063686172616374657273, '6.28'),
(1968, '', 'default', 0x313030302063686172616374657273, '6.28'),
(1969, '', 'default', 0x313230302063686172616374657273, '6.28'),
(1970, '', 'default', 0x313430302063686172616374657273, '6.28'),
(1971, '', 'default', 0x313630302063686172616374657273, '6.28'),
(1972, '', 'default', 0x313830302063686172616374657273, '6.28'),
(1973, '', 'default', 0x323030302063686172616374657273, '6.28'),
(1974, '', 'default', 0x546865206d6178696d756d206e756d626572206f662063686172616374657273207573656420696e20746865207472696d6d65642076657273696f6e206f66206120706f73742e2044727570616c2077696c6c2075736520746869732073657474696e6720746f2064657465726d696e65206174207768696368206f6666736574206c6f6e6720706f7374732073686f756c64206265207472696d6d65642e20546865207472696d6d65642076657273696f6e206f66206120706f7374206973207479706963616c6c792075736564206173206120746561736572207768656e20646973706c6179696e672074686520706f7374206f6e20746865206d61696e20706167652c20696e20584d4c2066656564732c206574632e20546f2064697361626c6520746561736572732c2073657420746f2027556e6c696d69746564272e204e6f7465207468617420746869732073657474696e672077696c6c206f6e6c7920616666656374206e6577206f72207570646174656420636f6e74656e7420616e642077696c6c206e6f7420616666656374206578697374696e6720746561736572732e, '6.28'),
(1975, '', 'default', 0x53797374656d2064656661756c74, 'none'),
(1976, '', 'default', 0x4e6f74207075626c6973686564, '6.28'),
(1977, '', 'default', 0x46696c652073657474696e6773, 'none'),
(1978, '', 'default', 0x44656661756c7420657874656e73696f6e7320746861742075736572732063616e2075706c6f61642e20536570617261746520657874656e73696f6e732077697468206120737061636520616e6420646f206e6f7420696e636c75646520746865206c656164696e6720646f742e, '6.28'),
(1979, '', 'default', 0x44656661756c74206d6178696d756d2066696c652073697a65207065722075706c6f6164, '6.28'),
(1980, '', 'default', 0x4d42, '6.28'),
(1981, '', 'default', 0x44656661756c7420746f74616c2066696c652073697a65207065722075736572, '6.28'),
(1982, '', 'default', 0x596f7572205048502073657474696e6773206c696d697420746865206d6178696d756d2066696c652073697a65207065722075706c6f616420746f202573697a652e, '6.28'),
(1983, '', 'default', 0x446570656e64696e67206f6e20796f75722073657276657220656e7669726f6e6d656e742c2074686573652073657474696e6773206d6179206265206368616e67656420696e207468652073797374656d2d77696465207068702e696e692066696c652c2061207068702e696e692066696c6520696e20796f75722044727570616c20726f6f74206469726563746f72792c20696e20796f75722044727570616c207369746527732073657474696e67732e7068702066696c652c206f7220696e20746865202e68746163636573732066696c6520696e20796f75722044727570616c20726f6f74206469726563746f72792e, 'none'),
(1985, '', 'default', 0x584d4c2066656564, 'none'),
(1986, '', 'default', 0x436f6c6f7220736368656d65, 'none'),
(1987, '', 'default', 0x47726179, 'none'),
(1988, '', 'default', 0x417474616368206e65772066696c65, '6.28'),
(1989, '', 'default', 0x417474616368, '6.28'),
(1990, '', 'default', 0x4c6973742066696c65732062792064656661756c74, '6.28'),
(1991, '', 'default', 0x46696c652073797374656d2070617468, '6.28'),
(1992, '', 'default', 0x40747970653a2064656c6574656420257469746c652e, '6.28'),
(1993, '', 'default', 0x3c6120687265663d22406c696e6b22207469746c653d22407469746c65223e6d6f72653c2f613e, 'none'),
(1994, '', 'default', 0x526564697265637420746f2055524c, '6.28'),
(1995, '', 'default', 0x64657461696c73, 'none'),
(1996, '', 'default', 0x54686520757365726e616d6520256e616d6520686173206e6f74206265656e20616374697661746564206f7220697320626c6f636b65642e, '6.28'),
(1997, '', 'default', 0x4c6f67696e20617474656d7074206661696c656420666f722025757365722e, '6.28'),
(1998, '', 'default', 0x5265766973696f6e206f6620257469746c652066726f6d202564617465, '6.28'),
(1999, '', 'default', 0x54686520757365726e616d65206f6620746865207573657220746f20776869636820796f7520776f756c64206c696b6520746f2061737369676e206f776e6572736869702e, 'none'),
(2000, '', 'default', 0x506c6561736520656e74657220612076616c696420757365726e616d652e, 'none'),
(2001, '', 'default', 0x506c6561736520656e74657220612076616c696420656d61696c2061646472657373206f722025617574686f722e, 'none'),
(2002, '', 'default', 0x4d616e6167652074686520616374696f6e7320646566696e656420666f7220796f757220736974652e, '6.28'),
(2003, '', 'default', 0x44656c65746520616374696f6e, 'none'),
(2004, '', 'default', 0x416374696f6e7320617661696c61626c6520746f2044727570616c3a, 'none'),
(2005, '', 'default', 0x54686520616374696f6e20686173206265656e207375636365737366756c6c792073617665642e, 'none'),
(2006, '', 'default', 0x44656c6574656420616374696f6e2025616964202825616374696f6e29, 'none'),
(2007, '', 'default', 0x416374696f6e202725616374696f6e272061646465642e, 'none'),
(2008, '', 'default', 0x52656d6f7665206f727068616e656420616374696f6e73, 'none'),
(2009, '', 'default', 0x61646d696e697374657220616374696f6e73, '6.28'),
(2010, '', 'default', 0x5468656d6573, '6.28'),
(2011, '', 'default', 0x53746f7279, 'none'),
(2012, '', 'default', 0x4a504547207175616c697479, 'none'),
(2013, '', 'default', 0x25, 'none'),
(2014, '', 'default', 0x61646d696e6973746572206e6f646573, '6.28'),
(2015, '', 'default', 0x61646d696e697374657220636f6d6d656e7473, '6.28'),
(2016, '', 'default', 0x44656c65746520636f6d6d656e7473, 'none'),
(2017, '', 'default', 0x6e6f74207075626c6973686564, '6.28'),
(2018, '', 'default', 0x6279, 'none'),
(2019, '', 'default', 0x54686520636f6d6d656e74732068617665206265656e2064656c657465642e, 'none'),
(2020, '', 'default', 0x5075626c697368656420636f6d6d656e7473, 'none'),
(2021, '', 'default', 0x53514c, '6.28'),
(2022, '', 'default', 0x596f757220636f6d6d656e7420686173206265656e2071756575656420666f72206d6f6465726174696f6e20627920736974652061646d696e6973747261746f727320616e642077696c6c206265207075626c697368656420616674657220617070726f76616c2e, 'none'),
(2023, '', 'default', 0x216e616d65206669656c642069732072657175697265642e, '6.28'),
(2024, '', 'default', 0x50726f746563746564, '6.28'),
(2026, '', 'default', 0x6e6f7420737469636b79, '6.28'),
(2027, '', 'default', 0x737469636b79, '6.28'),
(2028, '', 'default', 0x6e6f742070726f6d6f746564, '6.28'),
(2029, '', 'default', 0x70726f6d6f746564, '6.28'),
(2030, '', 'default', 0x44656661756c74206f7074696f6e73, '6.28'),
(2031, '', 'default', 0x52656164206f6e6c79, '6.28'),
(2032, '', 'default', 0x436f6e746163742073657474696e6773, 'none'),
(2033, '', 'default', 0x52657365742070617373776f7264, '6.28'),
(2034, '', 'default', 0x50726f63657373696e67, '6.28'),
(2035, '', 'default', 0x46696e6973686564, 'none'),
(2036, '', 'default', 0x4c696e6520627265616b20636f6e766572746572, '6.28'),
(2037, '', 'default', 0x54656d706f72617279206469726563746f7279, '6.28'),
(2038, '', 'default', 0x64617465, '6.28'),
(2039, '', 'default', 0x46696c652075706c6f6164206572726f722e20436f756c64206e6f74206d6f76652075706c6f616465642066696c652e, 'none'),
(2040, '', 'default', 0x75706c6f61642066696c6573, '6.28'),
(2041, '', 'default', 0x5369746520636f6e66696775726174696f6e, '6.28'),
(2042, '', 'default', 0x54686520737065636966696564206461746520697320696e76616c69642e, 'none'),
(2043, '', 'default', 0x43686f69636520406e, 'none'),
(2044, '', 'default', 0x536c6f67616e, '6.28'),
(2045, '', 'default', 0x5468697320746578742077696c6c20626520646973706c617965642061742074686520626f74746f6d206f66206561636820706167652e2055736566756c20666f7220616464696e67206120636f70797269676874206e6f7469636520746f20796f75722070616765732e, '6.28'),
(2046, '', 'default', 0x416e6f6e796d6f75732075736572, '6.28'),
(2047, '', 'default', 0x546865206e616d65207573656420746f20696e64696361746520616e6f6e796d6f75732075736572732e, '6.28'),
(2048, '', 'default', 0x54686520686f6d65207061676520646973706c61797320636f6e74656e742066726f6d20746869732072656c61746976652055524c2e20496620756e737572652c207370656369667920226e6f6465222e, '6.28'),
(2049, '', 'default', 0x4765742068656c70, '6.28'),
(2050, '', 'default', 0x506c6561736520776169742e2e2e, '6.28'),
(2051, '', 'default', 0x41737369676e, 'none'),
(2052, '', 'default', 0x4e6f74207472616e736c61746564, 'none'),
(2053, '', 'default', 0x6973, '6.28'),
(2054, '', 'default', 0x417070726f76616c207175657565, 'none'),
(2055, '', 'default', 0x446973706c6179206f6e2073657061726174652070616765, '6.28'),
(2056, '', 'default', 0x4c6f636174696f6e206f6620636f6d6d656e74207375626d697373696f6e20666f726d, '6.28'),
(2057, '', 'default', 0x476f20746f2066697273742070616765, '6.28'),
(2058, '', 'default', 0x476f20746f206c6173742070616765, '6.28'),
(2059, '', 'default', 0x476f20746f207061676520406e756d626572, '6.28'),
(2060, '', 'default', 0x5461626c656c6573732c207265636f6c6f7261626c652c206d756c74692d636f6c756d6e2c20666c756964207769647468207468656d65202864656661756c74292e, 'none'),
(2061, '', 'default', 0x476f20746f2070726576696f757320666f72756d20746f706963, 'none'),
(2062, '', 'default', 0x476f20746f206e65787420666f72756d20746f706963, 'none'),
(2063, '', 'default', 0x456e74657220746865207465726d7320796f75207769736820746f2073656172636820666f722e, '6.28'),
(2064, '', 'default', 0x556e6465726c696e6564, '6.28'),
(2065, '', 'default', 0x53697465206275696c64696e67, '6.28'),
(2066, '', 'default', 0x4e6f207072696d617279206c696e6b73, '6.28'),
(2067, '', 'default', 0x536f7572636520666f7220746865207072696d617279206c696e6b73, '6.28'),
(2068, '', 'default', 0x53656c65637420776861742073686f756c6420626520646973706c6179656420617320746865207072696d617279206c696e6b732e, '6.28'),
(2069, '', 'default', 0x4e6f207365636f6e64617279206c696e6b73, '6.28'),
(2070, '', 'default', 0x536f7572636520666f7220746865207365636f6e64617279206c696e6b73, '6.28'),
(2071, '', 'default', 0x4e6f20636f6e74656e7420747970657320617661696c61626c652e, 'none'),
(2072, '', 'default', 0x44656c65746520726f6c65, '6.28'),
(2073, '', 'default', 0x526f6c65207370656369666963207669736962696c6974792073657474696e6773, '6.28'),
(2074, '', 'default', 0x4d656e75206974656d73207468617420617265206e6f7420656e61626c65642077696c6c206e6f74206265206c697374656420696e20616e79206d656e752e, '6.28'),
(2075, '', 'default', 0x456e74657220746865206e616d6520666f7220796f7572206e6577206d656e752e2052656d656d62657220746f20656e61626c6520746865206e65776c79206372656174656420626c6f636b20696e20746865203c6120687265663d2240626c6f636b73223e626c6f636b732061646d696e697374726174696f6e20706167653c2f613e2e, '6.28'),
(2076, '', 'default', 0x546f207265617272616e6765206d656e75206974656d732c2067726162206120647261672d616e642d64726f702068616e646c6520756e64657220746865203c656d3e4d656e75206974656d3c2f656d3e20636f6c756d6e20616e64206472616720746865206974656d7320286f722067726f7570206f66206974656d732920746f2061206e6577206c6f636174696f6e20696e20746865206c6973742e20284772616220612068616e646c6520627920636c69636b696e6720616e6420686f6c64696e6720746865206d6f757365207768696c6520686f766572696e67206f76657220612068616e646c652069636f6e2e292052656d656d626572207468617420796f7572206368616e6765732077696c6c206e6f7420626520736176656420756e74696c20796f7520636c69636b20746865203c656d3e5361766520636f6e66696775726174696f6e3c2f656d3e20627574746f6e2061742074686520626f74746f6d206f662074686520706167652e, '6.28'),
(2077, '', 'default', 0x4c697374206d656e7573, '6.28'),
(2078, '', 'default', 0x437573746f6d697a65206d656e75, 'none'),
(2079, '', 'default', 0x4c697374206974656d73, '6.28'),
(2080, '', 'default', 0x4c616e6775616765207377697463686572, '6.28'),
(2081, '', 'default', 0x456e676c697368206e616d65, '6.28'),
(2082, '', 'default', 0x4e6174697665206e616d65, '6.28'),
(2083, '', 'default', 0x426c6f636b206465736372697074696f6e, '6.28'),
(2084, '', 'default', 0x466f726d206e616d65, 'none'),
(2085, '', 'default', 0x546865207469746c65206f6620746865206e6577206669656c642e20546865207469746c652077696c6c2062652073686f776e20746f2074686520757365722e20416e206578616d706c65207469746c6520697320224661766f7269746520636f6c6f72222e, 'none'),
(2086, '', 'default', 0x416e206f7074696f6e616c206578706c616e6174696f6e20746f20676f207769746820746865206e6577206669656c642e20546865206578706c616e6174696f6e2077696c6c2062652073686f776e20746f2074686520757365722e, 'none'),
(2087, '', 'default', 0x546f20656e61626c652062726f7773696e672074686973206669656c642062792076616c75652c20656e7465722061207469746c6520666f722074686520726573756c74696e6720706167652e2054686520776f7264203c636f64653e2576616c75653c2f636f64653e2077696c6c20626520737562737469747574656420776974682074686520636f72726573706f6e64696e672076616c75652e20416e206578616d706c652070616765207469746c65206973202250656f706c652077686f7365206661766f7269746520636f6c6f72206973202576616c7565222e2054686973206973206f6e6c79206170706c696361626c6520666f722061207075626c6963206669656c642e, 'none'),
(2088, '', 'default', 0x546f20656e61626c652062726f7773696e672074686973206669656c642062792076616c75652c20656e7465722061207469746c6520666f722074686520726573756c74696e6720706167652e20416e206578616d706c652070616765207469746c65206973202250656f706c652077686f2061726520656d706c6f796564222e2054686973206973206f6e6c79206170706c696361626c6520666f722061207075626c6963206669656c642e, 'none'),
(2089, '', 'default', 0x53617665206669656c64, 'none'),
(2091, '', 'default', 0x44656c65746520626c6f636b, '6.28'),
(2092, '', 'default', 0x5361766520626c6f636b73, '6.28'),
(2093, '', 'default', 0x54686520626c6f636b2073657474696e67732068617665206265656e20757064617465642e, '6.28'),
(2094, '', 'default', 0x426c6f636b2073706563696669632073657474696e6773, '6.28'),
(2095, '', 'default', 0x4f76657272696465207468652064656661756c74207469746c6520666f722074686520626c6f636b2e20557365203c656d3e266c743b6e6f6e652667743b3c2f656d3e20746f20646973706c6179206e6f207469746c652c206f72206c6561766520626c616e6b20746f20757365207468652064656661756c7420626c6f636b207469746c652e, '6.28'),
(2096, '', 'default', 0x27256e616d652720626c6f636b, '6.28'),
(2097, '', 'default', 0x55736572207370656369666963207669736962696c6974792073657474696e6773, '6.28'),
(2098, '', 'default', 0x437573746f6d207669736962696c6974792073657474696e6773, '6.28'),
(2099, '', 'default', 0x55736572732063616e6e6f7420636f6e74726f6c2077686574686572206f72206e6f74207468657920736565207468697320626c6f636b2e, '6.28'),
(2100, '', 'default', 0x53686f77207468697320626c6f636b2062792064656661756c742c20627574206c657420696e646976696475616c20757365727320686964652069742e, '6.28'),
(2101, '', 'default', 0x48696465207468697320626c6f636b2062792064656661756c7420627574206c657420696e646976696475616c2075736572732073686f772069742e, '6.28'),
(2102, '', 'default', 0x416c6c6f7720696e646976696475616c20757365727320746f20637573746f6d697a6520746865207669736962696c697479206f66207468697320626c6f636b20696e207468656972206163636f756e742073657474696e67732e, '6.28'),
(2103, '', 'default', 0x53686f7720626c6f636b20666f7220737065636966696320726f6c6573, '6.28'),
(2104, '', 'default', 0x53686f77207468697320626c6f636b206f6e6c7920666f72207468652073656c656374656420726f6c652873292e20496620796f752073656c656374206e6f20726f6c65732c2074686520626c6f636b2077696c6c2062652076697369626c6520746f20616c6c2075736572732e, '6.28'),
(2105, '', 'default', 0x50616765207370656369666963207669736962696c6974792073657474696e6773, '6.28'),
(2106, '', 'default', 0x496620746865205048502d6d6f64652069732063686f73656e2c20656e7465722050485020636f6465206265747765656e20257068702e204e6f7465207468617420657865637574696e6720696e636f7272656374205048502d636f64652063616e20627265616b20796f75722044727570616c20736974652e, '6.28'),
(2107, '', 'default', 0x53686f7720626c6f636b206f6e207370656369666963207061676573, '6.28'),
(2108, '', 'default', 0x5361766520626c6f636b, '6.28'),
(2109, '', 'default', 0x506c6561736520656e737572652074686174206561636820626c6f636b206465736372697074696f6e20697320756e697175652e, 'none'),
(2110, '', 'default', 0x54686520626c6f636b20636f6e66696775726174696f6e20686173206265656e2073617665642e, '6.28'),
(2111, '', 'default', 0x54686520626c6f636b20686173206265656e20637265617465642e, '6.28'),
(2112, '', 'default', 0x41206272696566206465736372697074696f6e206f6620796f757220626c6f636b2e2055736564206f6e20746865203c6120687265663d22406f76657276696577223e626c6f636b206f7665727669657720706167653c2f613e2e, '6.28'),
(2113, '', 'default', 0x426c6f636b20626f6479, '6.28'),
(2114, '', 'default', 0x54686520636f6e74656e74206f662074686520626c6f636b2061732073686f776e20746f2074686520757365722e, '6.28'),
(2115, '', 'default', 0x426c6f636b20636f6e66696775726174696f6e, '6.28'),
(2116, '', 'default', 0x61646d696e697374657220626c6f636b73, '6.28'),
(2117, '', 'default', 0x7573652050485020666f7220626c6f636b207669736962696c697479, '6.28'),
(2118, '', 'default', 0x436f6e74726f6c732074686520626f78657320746861742061726520646973706c617965642061726f756e6420746865206d61696e20636f6e74656e742e, '6.28'),
(2119, '', 'default', 0x436f7265202d207265717569726564, '6.28'),
(2120, '', 'default', 0x4d656e7573, '6.28'),
(2121, '', 'default', 0x41726520796f75207375726520796f752077616e7420746f20726573657420746865206974656d20256974656d20746f206974732064656661756c742076616c7565733f, 'none'),
(2122, '', 'default', 0x416e7920637573746f6d697a6174696f6e732077696c6c206265206c6f73742e205468697320616374696f6e2063616e6e6f7420626520756e646f6e652e, 'none'),
(2123, '', 'default', 0x546865206d656e75206974656d2077617320726573657420746f206974732064656661756c742073657474696e67732e, 'none'),
(2124, '', 'default', 0x61646d696e6973746572206d656e75, '6.28'),
(2125, '', 'default', 0x416c6c6f77732061646d696e6973747261746f727320746f20637573746f6d697a65207468652073697465206e617669676174696f6e206d656e752e, '6.28'),
(2126, '', 'default', 0x41646420766f636162756c617279, '6.28'),
(2127, '', 'default', 0x4564697420766f636162756c617279, '6.28'),
(2128, '', 'default', 0x6564697420766f636162756c617279, '6.28'),
(2129, '', 'default', 0x4465736372697074696f6e206f662074686520766f636162756c6172793b2063616e2062652075736564206279206d6f64756c65732e, '6.28'),
(2130, '', 'default', 0x43726561746564206e657720766f636162756c61727920256e616d652e, '6.28'),
(2131, '', 'default', 0x5570646174656420766f636162756c61727920256e616d652e, '6.28'),
(2132, '', 'default', 0x41726520796f75207375726520796f752077616e7420746f2064656c6574652074686520766f636162756c61727920257469746c653f, 'none'),
(2133, '', 'default', 0x44656c6574696e67206120766f636162756c6172792077696c6c2064656c65746520616c6c20746865207465726d7320696e2069742e205468697320616374696f6e2063616e6e6f7420626520756e646f6e652e, 'none'),
(2134, '', 'default', 0x44656c6574656420766f636162756c61727920256e616d652e, 'none'),
(2135, '', 'default', 0x546865206e616d65206f662074686973207465726d2e, '6.28'),
(2136, '', 'default', 0x4120636f6d6d612d736570617261746564206c697374206f66207465726d732064657363726962696e67207468697320636f6e74656e742e204578616d706c653a2066756e6e792c2062756e676565206a756d70696e672c2022436f6d70616e792c20496e632e222e, '6.28'),
(2137, '', 'default', 0x54686520256e616d6520766f636162756c6172792063616e206e6f74206265206d6f64696669656420696e2074686973207761792e, 'none'),
(2138, '', 'default', 0x217469746c653a20217265717569726564, '6.28'),
(2139, 'content_admin.inc:286', 'default', 0x416464206669656c64, 'none'),
(2140, '', 'default', 0x546865207570646174652068617320656e636f756e746572656420616e206572726f722e, 'none'),
(2141, '', 'default', 0x31206974656d207375636365737366756c6c792070726f6365737365643a, 'none'),
(2142, '', 'default', 0x40636f756e74206974656d73207375636365737366756c6c792070726f6365737365643a, 'none'),
(2143, '', 'default', 0x5468656d652d656e67696e652d73706563696669632073657474696e6773, 'none'),
(2144, '', 'default', 0x54686573652073657474696e6773206f6e6c7920657869737420666f7220616c6c207468652074656d706c6174657320616e64207374796c6573206261736564206f6e207468652025656e67696e65207468656d6520656e67696e652e, 'none'),
(2145, '', 'default', 0x5573652061646d696e697374726174696f6e207468656d6520666f7220636f6e74656e742065646974696e67, 'none'),
(2146, '', 'default', 0x557365207468652061646d696e697374726174696f6e207468656d65207768656e2065646974696e67206578697374696e6720706f737473206f72206372656174696e67206e6577206f6e65732e, 'none'),
(2147, '', 'default', 0x5075626c697368, '6.28'),
(2148, '', 'default', 0x556e7075626c697368, '6.28'),
(2150, '', 'default', 0x696e636f6d70617469626c65, 'none'),
(2151, '', 'default', 0x496e636f6d70617469626c65207769746820746869732076657273696f6e206f662044727570616c20636f7265, 'none'),
(2152, '', 'default', 0x546869732076657273696f6e20697320696e636f6d70617469626c652077697468207468652021636f72655f76657273696f6e2076657273696f6e206f662044727570616c20636f72652e, 'none'),
(2153, '', 'default', 0x496e636f6d70617469626c65207769746820746869732076657273696f6e206f6620504850, 'none'),
(2154, '', 'default', 0x54686973206d6f64756c65207265717569726573205048502076657273696f6e20407068705f726571756972656420616e6420697320696e636f6d70617469626c652077697468205048502076657273696f6e20217068705f76657273696f6e2e, 'none'),
(2155, '', 'default', 0x4d7920626c6f67, 'none'),
(2156, '', 'default', 0x496e70757420666f726d617473, '6.28'),
(2157, '', 'default', 0x416e6f6e796d6f757320636f6d6d656e74696e67, '6.28'),
(2158, '', 'default', 0x416e6f6e796d6f757320706f7374657273206d6179206e6f7420656e74657220746865697220636f6e7461637420696e666f726d6174696f6e, '6.28'),
(2159, '', 'default', 0x416e6f6e796d6f757320706f7374657273206d6179206c6561766520746865697220636f6e7461637420696e666f726d6174696f6e, '6.28'),
(2160, '', 'default', 0x416e6f6e796d6f757320706f7374657273206d757374206c6561766520746865697220636f6e7461637420696e666f726d6174696f6e, '6.28'),
(2161, '', 'default', 0x54686973206f7074696f6e20697320656e61626c6564207768656e20616e6f6e796d6f75732075736572732068617665207065726d697373696f6e20746f20706f737420636f6d6d656e7473206f6e20746865203c6120687265663d224075726c223e7065726d697373696f6e7320706167653c2f613e2e, '6.28'),
(2162, '', 'default', 0x446973706c61792062656c6f7720706f7374206f7220636f6d6d656e7473, '6.28'),
(2163, '', 'default', 0x44656661756c7420636f6d6d656e742073657474696e67, '6.28'),
(2164, '', 'default', 0x526561642f5772697465, '6.28'),
(2165, '', 'default', 0x5573657273207769746820746865203c656d3e61646d696e697374657220636f6d6d656e74733c2f656d3e207065726d697373696f6e2077696c6c2062652061626c6520746f206f7665727269646520746869732073657474696e672e, '6.28'),
(2166, '', 'default', 0x54686520636f6e74656e74206f662074686973206669656c64206973206b657074207072697661746520616e642077696c6c206e6f742062652073686f776e207075626c69636c792e, 'none'),
(2167, '', 'default', 0x596f7572207369676e61747572652077696c6c206265207075626c69636c7920646973706c617965642061742074686520656e64206f6620796f757220636f6d6d656e74732e, 'none'),
(2168, '', 'default', 0x706172656e74, 'none'),
(2169, '', 'default', 0x466c6174206c697374202d20636f6c6c6170736564, '6.28'),
(2170, '', 'default', 0x466c6174206c697374202d20657870616e646564, '6.28'),
(2171, '', 'default', 0x5468726561646564206c697374202d20636f6c6c6170736564, '6.28'),
(2172, '', 'default', 0x5468726561646564206c697374202d20657870616e646564, '6.28'),
(2173, '', 'default', 0x44617465202d206e6577657374206669727374, '6.28'),
(2174, '', 'default', 0x44617465202d206f6c64657374206669727374, '6.28'),
(2175, '', 'default', 0x3120636f6d6d656e74, '6.28'),
(2176, '', 'default', 0x40636f756e7420636f6d6d656e7473, '6.28'),
(2177, '', 'default', 0x31206e657720636f6d6d656e74, '6.28'),
(2178, '', 'default', 0x40636f756e74206e657720636f6d6d656e7473, '6.28'),
(2179, '', 'default', 0x61636365737320636f6d6d656e7473, '6.28'),
(2180, '', 'default', 0x706f737420636f6d6d656e7473, '6.28'),
(2181, '', 'default', 0x706f737420636f6d6d656e747320776974686f757420617070726f76616c, '6.28'),
(2182, '', 'default', 0x54686520656d61696c206164647265737320746f20776869636820746865206d6573736167652073686f756c642062652073656e74204f5220656e7465722025617574686f7220696620796f7520776f756c64206c696b6520746f2073656e6420616e20652d6d61696c20746f2074686520617574686f72206f6620746865206f726967696e616c20706f73742e, 'none'),
(2183, 'content_admin.inc:118', 'default', 0x5361766520636f6e74656e742074797065, '6.28'),
(2184, '', 'default', 0x53686f77206465736372697074696f6e73, 'none'),
(2185, '', 'default', 0x5375627469746c65, '6.28'),
(2186, '', 'default', 0x4c616e677561676520636f6465, '6.28'),
(2187, '', 'default', 0x5361766520726f6c65, '6.28'),
(2188, '', 'default', 0x426c7565, 'none'),
(2189, '', 'default', 0x6465627567, '6.28'),
(2190, '', 'default', 0x66696c652073797374656d, 'none'),
(2191, '', 'default', 0x45736361706520616c6c2074616773, 'none'),
(2192, '', 'default', 0x537472697020646973616c6c6f7765642074616773, 'none'),
(2193, '', 'default', 0x696e70757420666f726d617473, '6.28'),
(2194, '', 'default', 0x546865726520617265206e6f206d656e75206974656d73207965742e, '6.28'),
(2195, '', 'default', 0x4d656e75206c696e6b207469746c65, '6.28'),
(2196, '', 'default', 0x546865206c696e6b207465787420636f72726573706f6e64696e6720746f2074686973206974656d20746861742073686f756c642061707065617220696e20746865206d656e752e, '6.28'),
(2197, '', 'default', 0x546865206d6178696d756d20646570746820666f7220616e206974656d20616e6420616c6c20697473206368696c6472656e20697320666978656420617420216d617864657074682e20536f6d65206d656e75206974656d73206d6179206e6f7420626520617661696c61626c6520617320706172656e74732069662073656c656374696e67207468656d20776f756c64206578636565642074686973206c696d69742e, '6.28'),
(2198, '', 'default', 0x546865206d656e752073797374656d2073746f7265732073797374656d207061746873206f6e6c792c206275742077696c6c20757365207468652055524c20616c69617320666f7220646973706c61792e20256c696e6b5f7061746820686173206265656e2073746f72656420617320256e6f726d616c5f70617468, 'none'),
(2199, '', 'default', 0x54686520706174682027406c696e6b5f70617468272069732065697468657220696e76616c6964206f7220796f7520646f206e6f7420686176652061636365737320746f2069742e, '6.28'),
(2200, '', 'default', 0x54686572652077617320616e206572726f7220736176696e6720746865206d656e75206c696e6b2e, 'none'),
(2201, '', 'default', 0x4d656e75206e616d65, '6.28'),
(2202, '', 'default', 0x546865206d616368696e652d7265616461626c65206e616d65206f662074686973206d656e752e205468697320746578742077696c6c206265207573656420666f7220636f6e737472756374696e67207468652055524c206f6620746865203c656d3e6d656e75206f766572766965773c2f656d3e207061676520666f722074686973206d656e752e2054686973206e616d65206d75737420636f6e7461696e206f6e6c79206c6f77657263617365206c6574746572732c206e756d626572732c20616e642068797068656e732c20616e64206d75737420626520756e697175652e, '6.28'),
(2203, '', 'default', 0x41726520796f75207375726520796f752077616e7420746f2064656c6574652074686520637573746f6d206d656e7520257469746c653f, 'none'),
(2204, '', 'default', 0x546865206d656e75206e616d65206d6179206f6e6c7920636f6e73697374206f66206c6f77657263617365206c6574746572732c206e756d626572732c20616e642068797068656e732e, '6.28'),
(2205, '', 'default', 0x546865206d656e7520616c7265616479206578697374732e, 'none'),
(2206, '', 'default', 0x3c7374726f6e673e5761726e696e673a3c2f7374726f6e673e2054686572652069732063757272656e746c792031206d656e75206974656d20696e20257469746c652e2049742077696c6c2062652064656c65746564202873797374656d2d646566696e6564206974656d732077696c6c206265207265736574292e, 'none'),
(2207, '', 'default', 0x3c7374726f6e673e5761726e696e673a3c2f7374726f6e673e205468657265206172652063757272656e746c792040636f756e74206d656e75206974656d7320696e20257469746c652e20546865792077696c6c2062652064656c65746564202873797374656d2d646566696e6564206974656d732077696c6c206265207265736574292e, 'none'),
(2208, '', 'default', 0x456e74657220746865207469746c6520616e64207061746820666f7220796f7572206e6577206d656e75206974656d2e, 'none'),
(2209, '', 'default', 0x4e756d626572206f6620757365727320746f20646973706c6179, 'none'),
(2210, '', 'default', 0x525353202d20217469746c65, 'none'),
(2211, '', 'default', 0x50726f66696c6573, 'none'),
(2212, '', 'default', 0x4564697420636f6e7461696e6572, 'none'),
(2213, '', 'default', 0x4c617374207669736974, 'none'),
(2214, '', 'default', 0x3c6120687265663d22406c6f67696e223e4c6f67696e3c2f613e20746f20706f737420636f6d6d656e7473, 'none'),
(2215, '', 'default', 0x5265706c79, '6.28'),
(2216, '', 'default', 0x486f7420746f706963207468726573686f6c64, 'none'),
(2217, '', 'default', 0x546f70696373207065722070616765, 'none'),
(2218, '', 'default', 0x506f737473202d206d6f737420616374697665206669727374, 'none'),
(2219, '', 'default', 0x506f737473202d206c6561737420616374697665206669727374, 'none'),
(2220, '', 'default', 0x55524c20706174682073657474696e6773, 'none'),
(2221, '', 'default', 0x596f75206d75737420696e636c756465206174206c65617374206f6e6520706f736974697665206b6579776f726420776974682040636f756e742063686172616374657273206f72206d6f72652e, 'none'),
(2222, '', 'default', 0x407573657227732070696374757265, '6.28'),
(2223, '', 'default', 0x41726520796f75207375726520796f752077616e7420746f2072657665727420746f20746865207265766973696f6e2066726f6d20257265766973696f6e2d646174653f, 'none'),
(2224, '', 'default', 0x41726520796f75207375726520796f752077616e7420746f2064656c65746520746865207265766973696f6e2066726f6d20257265766973696f6e2d646174653f, 'none'),
(2225, '', 'default', 0x726576657274207265766973696f6e73, '6.28'),
(2226, '', 'default', 0x4b42, '6.28'),
(2227, '', 'default', 0x4e657720666f72756d20746f70696373, 'none'),
(2228, '', 'default', 0x40747970653a2064656c6574656420257469746c65207265766973696f6e20257265766973696f6e2e, 'none'),
(2229, '', 'default', 0x4c616e6775616765206e65757472616c, '6.28'),
(2230, '', 'default', 0x546869732067756964652070726f766964657320636f6e746578742073656e7369746976652068656c70206f6e207468652075736520616e6420636f6e66696775726174696f6e206f66203c6120687265663d224064727570616c223e44727570616c3c2f613e20616e6420697473206d6f64756c65732c20616e64206973206120737570706c656d656e7420746f20746865206d6f726520657874656e73697665206f6e6c696e65203c6120687265663d224068616e64626f6f6b223e44727570616c2068616e64626f6f6b3c2f613e2e20546865206f6e6c696e652068616e64626f6f6b206d617920636f6e7461696e206d6f72652075702d746f2d6461746520696e666f726d6174696f6e2c20697320616e6e6f746174656420776974682068656c7066756c20757365722d636f6e747269627574656420636f6d6d656e74732c20616e64207365727665732061732074686520646566696e6974697665207265666572656e636520706f696e7420666f7220616c6c2044727570616c20646f63756d656e746174696f6e2e, 'none'),
(2231, '', 'default', 0x5468652068656c70206d6f64756c652070726f766964657320636f6e746578742073656e7369746976652068656c70206f6e207468652075736520616e6420636f6e66696775726174696f6e206f66203c6120687265663d224064727570616c223e44727570616c3c2f613e20616e6420697473206d6f64756c65732c20616e64206973206120737570706c656d656e7420746f20746865206d6f726520657874656e73697665206f6e6c696e65203c6120687265663d224068616e64626f6f6b223e44727570616c2068616e64626f6f6b3c2f613e2e20546865206f6e6c696e652068616e64626f6f6b206d617920636f6e7461696e206d6f72652075702d746f2d6461746520696e666f726d6174696f6e2c20697320616e6e6f746174656420776974682068656c7066756c20757365722d636f6e747269627574656420636f6d6d656e74732c20616e64207365727665732061732074686520646566696e6974697665207265666572656e636520706f696e7420666f7220616c6c2044727570616c20646f63756d656e746174696f6e2e, 'none'),
(2232, '', 'default', 0x466f72206d6f726520696e666f726d6174696f6e2c2073656520746865206f6e6c696e652068616e64626f6f6b20656e74727920666f72203c6120687265663d224068656c70223e48656c70206d6f64756c653c2f613e2e, 'none'),
(2233, '', 'default', 0x28736974652064656661756c74207468656d6529, 'none'),
(2234, '', 'default', 0x53637265656e73686f74, '6.28'),
(2235, '', 'default', 0x50726576696577207472696d6d65642076657273696f6e, 'none'),
(2236, '', 'default', 0x507265766965772066756c6c2076657273696f6e, 'none'),
(2237, '', 'default', 0x5468697320636f6e74656e7420686173206265656e206d6f64696669656420627920616e6f7468657220757365722c206368616e6765732063616e6e6f742062652073617665642e, 'none'),
(2238, '', 'default', 0x4c6973742c206164642c20616e6420656469742075736572732e, '6.28'),
(2239, '', 'default', 0x546865206e616d6520256e616d6520697320616c72656164792074616b656e2e, 'none'),
(2240, '', 'default', 0x696e666f, '6.28'),
(2241, '', 'default', 0x4f70656e4944207265646972656374, 'none'),
(2242, '', 'default', 0x4f70656e4944204c6f67696e, '6.28'),
(2243, '', 'default', 0x44656c657465204f70656e4944, 'none'),
(2244, '', 'default', 0x4f6e636520796f75206861766520766572696669656420796f757220656d61696c20616464726573732c20796f75206d6179206c6f6720696e20766961204f70656e49442e, 'none'),
(2245, '', 'default', 0x4c6f6720696e207573696e67204f70656e4944, '6.28'),
(2246, '', 'default', 0x43616e63656c204f70656e4944206c6f67696e, '6.28'),
(2247, '', 'default', 0x57686174206973204f70656e49443f, '6.28'),
(2248, '', 'default', 0x4f70656e4944206c6f67696e206661696c65642e, 'none'),
(2249, '', 'default', 0x4f70656e4944206c6f67696e2063616e63656c6c65642e, 'none'),
(2250, '', 'default', 0x5375636365737366756c6c7920616464656420256964656e74697479, 'none'),
(2251, '', 'default', 0x41646420616e204f70656e4944, '6.28'),
(2252, '', 'default', 0x54686174204f70656e494420697320616c726561647920696e20757365206f6e207468697320736974652e, 'none'),
(2253, '', 'default', 0x41726520796f75207375726520796f752077616e7420746f2064656c65746520746865204f70656e49442025617574686e616d6520666f722025757365723f, 'none'),
(2254, '', 'default', 0x4f70656e49442064656c657465642e, 'none'),
(2255, '', 'default', 0x536f7272792c2074686174206973206e6f7420612076616c6964204f70656e49442e20506c6561736520656e7375726520796f752068617665207370656c6c656420796f757220494420636f72726563746c792e, '6.28'),
(2256, '', 'default', 0x596f75206d7573742076616c696461746520796f757220656d61696c206164647265737320666f722074686973206163636f756e74206265666f7265206c6f6767696e6720696e20766961204f70656e4944, 'none'),
(2257, '', 'default', 0xc2ab206669727374, '6.28'),
(2258, '', 'default', 0x6c61737420c2bb, '6.28'),
(2259, '', 'default', 0x546865206469726563746f727920256469726563746f727920646f6573206e6f742065786973742e, 'none'),
(2260, '', 'default', 0x546865206469726563746f727920256469726563746f7279206973206e6f74207772697461626c65, 'none'),
(2261, '', 'default', 0x546865206469726563746f727920256469726563746f7279206973206e6f74207772697461626c652c206265636175736520697420646f6573206e6f7420686176652074686520636f7272656374207065726d697373696f6e73207365742e, 'none'),
(2262, '', 'default', 0x5265617272616e6765, '6.28'),
(2263, '', 'default', 0x496620656e61626c65642c2044727570616c2077696c6c206164642072656c3d226e6f666f6c6c6f772220746f20616c6c206c696e6b732c2061732061206d65617375726520746f2072656475636520746865206566666563746976656e657373206f66207370616d206c696e6b732e204e6f74653a20746869732077696c6c20616c736f2070726576656e742076616c6964206c696e6b732066726f6d206265696e6720666f6c6c6f7765642062792073656172636820656e67696e65732c207468657265666f7265206974206973206c696b656c79206d6f737420656666656374697665207768656e20656e61626c656420666f7220616e6f6e796d6f75732075736572732e, 'none'),
(2264, '', 'default', 0x4e6f20636f6d6d656e747320617661696c61626c652e, 'none'),
(2265, '', 'default', 0x312075736572, '6.28'),
(2266, '', 'default', 0x40636f756e74207573657273, '6.28'),
(2267, '', 'default', 0x5072696d617279206c696e6b73, '6.28'),
(2268, '', 'default', 0x6f6b, 'none'),
(2269, '', 'default', 0x52656275696c64207065726d697373696f6e73, '6.28'),
(2270, '', 'default', 0x40747970653a207570646174656420257469746c652e, '6.28'),
(2271, '', 'default', 0x40747970653a20616464656420257469746c652e, '6.28'),
(2272, '', 'default', 0x4572726f7220736176696e672075736572206163636f756e742e, 'none'),
(2273, '', 'default', 0x416374696f6e2025616374696f6e20686173206265656e20756e61737369676e65642e, 'none'),
(2274, '', 'default', 0x41646420726f6c65, '6.28'),
(2275, '', 'default', 0x596f75206d757374207370656369667920612076616c696420726f6c65206e616d652e, 'none'),
(2276, '', 'default', 0x54686520726f6c6520686173206265656e2061646465642e, '6.28'),
(2277, '', 'default', 0x5061746820746f20637573746f6d206c6f676f, '6.28'),
(2278, '', 'default', 0x7461786f6e6f6d79, '6.28'),
(2279, '', 'default', 0x55706461746564207465726d20257465726d2e, '6.28'),
(2280, '', 'default', 0x2d20506c656173652063686f6f7365202d, '6.28'),
(2281, '', 'default', 0x2d204e6f6e652073656c6563746564202d, 'none'),
(2282, '', 'default', 0x44697363617264206974656d73206f6c646572207468616e, 'none'),
(2283, '', 'default', 0x546865206c656e677468206f662074696d6520746f2072657461696e2066656564206974656d73206265666f72652064697363617264696e672e20285265717569726573206120636f72726563746c7920636f6e66696775726564203c6120687265663d224063726f6e223e63726f6e206d61696e74656e616e6365207461736b3c2f613e2e29, 'none'),
(2284, '', 'default', 0x4e756d626572206f662066656564206974656d7320646973706c6179656420696e206665656420616e642063617465676f72792073756d6d6172792070616765732e, 'none'),
(2285, '', 'default', 0x40736974655f6e616d65202d206167677265676174656420666565647320696e2063617465676f727920407469746c65, 'none'),
(2286, '', 'default', 0x40736974655f6e616d65202d2061676772656761746564206665656473, 'none'),
(2287, '', 'default', 0x40736974655f6e616d652061676772656761746f72, 'none'),
(2288, '', 'default', 0x217469746c652066656564, 'none'),
(2289, '', 'default', 0x5468652061676772656761746f72206973206120706f77657266756c206f6e2d736974652073796e64696361746f7220616e64206e657773207265616465722074686174206761746865727320667265736820636f6e74656e742066726f6d205253532d2c205244462d2c20616e642041746f6d2d6261736564206665656473206d61646520617661696c61626c65206163726f737320746865207765622e2054686f7573616e6473206f662073697465732028706172746963756c61726c79206e65777320736974657320616e6420626c6f677329207075626c697368207468656972206c617465737420686561646c696e657320616e6420706f73747320696e2066656564732c207573696e672061206e756d626572206f66207374616e64617264697a656420584d4c2d626173656420666f726d6174732e20466f726d61747320737570706f72746564206279207468652061676772656761746f7220696e636c756465203c6120687265663d2240727373223e5253533c2f613e2c203c6120687265663d2240726466223e5244463c2f613e2c20616e64203c6120687265663d224061746f6d223e41746f6d3c2f613e2e, 'none'),
(2290, '', 'default', 0x466565647320636f6e7461696e2066656564206974656d732c206f7220696e646976696475616c20706f737473207075626c69736865642062792074686520736974652070726f766964696e672074686520666565642e204665656473206d61792062652067726f7570656420696e2063617465676f726965732c2067656e6572616c6c7920627920746f7069632e20557365727320766965772066656564206974656d7320696e20746865203c6120687265663d224061676772656761746f72223e6d61696e2061676772656761746f7220646973706c61793c2f613e206f72206279203c6120687265663d224061676772656761746f722d736f7572636573223e746865697220736f757263653c2f613e2e2041646d696e6973747261746f72732063616e203c6120687265663d22406665656465646974223e6164642c206564697420616e642064656c6574652066656564733c2f613e20616e642063686f6f736520686f77206f6674656e20746f20636865636b2065616368206665656420666f72206e65776c792075706461746564206974656d732e20546865206d6f737420726563656e74206974656d7320696e2065697468657220612066656564206f722063617465676f72792063616e20626520646973706c61796564206173206120626c6f636b207468726f75676820746865203c6120687265663d224061646d696e2d626c6f636b223e626c6f636b732061646d696e697374726174696f6e20706167653c2f613e2e2041203c6120687265663d224061676772656761746f722d6f706d6c223e6d616368696e652d7265616461626c65204f504d4c2066696c653c2f613e206f6620616c6c20666565647320697320617661696c61626c652e204120636f72726563746c7920636f6e66696775726564203c6120687265663d224063726f6e223e63726f6e206d61696e74656e616e6365207461736b3c2f613e20697320726571756972656420746f20757064617465206665656473206175746f6d61746963616c6c792e, 'none'),
(2291, '', 'default', 0x466f72206d6f726520696e666f726d6174696f6e2c2073656520746865206f6e6c696e652068616e64626f6f6b20656e74727920666f72203c6120687265663d224061676772656761746f72223e41676772656761746f72206d6f64756c653c2f613e2e, 'none'),
(2292, '', 'default', 0x41676772656761746f72, 'none'),
(2293, '', 'default', 0x54686520666565642066726f6d202573697465207365656d7320746f2062652062726f6b656e2c2062656361757365206f66206572726f722022256572726f72222e, 'none'),
(2294, '', 'default', 0x5468657265206973206e6f206e65772073796e6469636174656420636f6e74656e742066726f6d2025736974652e, 'none'),
(2295, '', 'default', 0x5468657265206973206e65772073796e6469636174656420636f6e74656e742066726f6d2025736974652e, 'none'),
(2296, '', 'default', 0x54686520666565642066726f6d202573697465207365656d7320746f2062652062726f6b656e2c2064756520746f2022256572726f72222e, 'none'),
(2297, '', 'default', 0x466565642061676772656761746f72, 'none'),
(2298, '', 'default', 0x416767726567617465732073796e6469636174656420636f6e74656e7420285253532c205244462c20616e642041746f6d206665656473292e, '6.28'),
(2299, '', 'default', 0x416c696173, 'none'),
(2300, '', 'default', 0x54686520636f6e74656e74207479706520256e616d6520686173206265656e2064656c657465642e, 'none'),
(2301, '', 'default', 0x44656c6574656420636f6e74656e74207479706520256e616d652e, 'none'),
(2302, '', 'default', 0x456e74657220796f7572206b6579776f726473, 'none'),
(2303, '', 'default', 0x436c65616e2055524c73, '6.28'),
(2304, '', 'default', 0x5069637475726573, '6.28'),
(2305, '', 'default', 0x4e756d626572206f6620746f70696373, 'none'),
(2306, '', 'default', 0x41637469766520666f72756d20746f70696373, 'none'),
(2307, '', 'default', 0x5265616420746865206c617465737420666f72756d20746f706963732e, 'none'),
(2308, '', 'default', 0x546865204744206c69627261727920666f7220504850206973206d697373696e67206f72206f757464617465642e20506c6561736520636865636b20746865203c6120687265663d224075726c223e50485020696d61676520646f63756d656e746174696f6e3c2f613e20666f7220696e666f726d6174696f6e206f6e20686f7720746f20636f727265637420746869732e, 'none'),
(2309, '', 'default', 0x4744206c696272617279, '6.28'),
(2310, '', 'default', 0x5468652063617465676f727920746865206e6577206669656c642073686f756c642062652070617274206f662e2043617465676f7269657320617265207573656420746f2067726f7570206669656c6473206c6f676963616c6c792e20416e206578616d706c652063617465676f72792069732022506572736f6e616c20696e666f726d6174696f6e222e, 'none'),
(2311, '', 'default', 0x5468652075736572206d75737420656e74657220612076616c75652e, 'none'),
(2312, '', 'default', 0x56697369626c6520696e207573657220726567697374726174696f6e20666f726d2e, 'none'),
(2313, '', 'default', 0x546865206c656e677468206f662074696d65206265747765656e206665656420757064617465732e20285265717569726573206120636f72726563746c7920636f6e66696775726564203c6120687265663d224063726f6e223e63726f6e206d61696e74656e616e6365207461736b3c2f613e2e29, 'none'),
(2314, '', 'default', 0x4e65772066656564206974656d7320617265206175746f6d61746963616c6c792066696c656420696e2074686520636865636b65642063617465676f726965732e, 'none'),
(2315, '', 'default', 0x5468652055524c202575726c20697320696e76616c69642e20506c6561736520656e74657220612066756c6c792d7175616c69666965642055524c2c207375636820617320687474703a2f2f7777772e6578616d706c652e636f6d2f666565642e786d6c2e, 'none'),
(2316, '', 'default', 0x41207573657220697320636f6e73696465726564206f6e6c696e6520666f722074686973206c6f6e6720616674657220746865792068617665206c61737420766965776564206120706167652e, 'none'),
(2317, '', 'default', 0x4d6178696d756d206e756d626572206f662063757272656e746c79206f6e6c696e6520757365727320746f20646973706c61792e, 'none'),
(2318, '', 'default', 0x54686572652069732063757272656e746c7920256d656d6265727320616e64202576697369746f7273206f6e6c696e652e, '6.28'),
(2319, '', 'default', 0x5468657265206172652063757272656e746c7920256d656d6265727320616e64202576697369746f7273206f6e6c696e652e, '6.28'),
(2320, '', 'default', 0x31206775657374, '6.28'),
(2321, '', 'default', 0x40636f756e7420677565737473, '6.28'),
(2322, '', 'default', 0x426f6f6b206e617669676174696f6e, '6.28'),
(2323, '', 'default', 0x216120636f6d6d656e7473207065722070616765, 'none'),
(2324, '', 'default', 0x312079656172, 'none'),
(2325, '', 'default', 0x40636f756e74207965617273, '6.28'),
(2326, '', 'default', 0x31207765656b, '6.28'),
(2327, '', 'default', 0x40636f756e74207765656b73, '6.28'),
(2328, '', 'default', 0x31206d696e, '6.28'),
(2329, '', 'default', 0x40636f756e74206d696e, '6.28'),
(2330, '', 'default', 0x3120736563, '6.28'),
(2331, '', 'default', 0x40636f756e7420736563, '6.28'),
(2332, '', 'default', 0x426c61636b, 'none'),
(2333, '', 'default', 0x42756c67617269616e, 'none'),
(2334, '', 'default', 0x43726f617469616e, 'none'),
(2335, '', 'default', 0x437a656368, 'none'),
(2336, '', 'default', 0x44616e697368, 'none'),
(2337, '', 'default', 0x4475746368, 'none'),
(2338, '', 'default', 0x46696e6e697368, 'none'),
(2339, '', 'default', 0x4765726d616e, 'none'),
(2340, '', 'default', 0x477265656b, 'none'),
(2341, '', 'default', 0x486562726577, 'none'),
(2342, '', 'default', 0x48756e67617269616e, 'none'),
(2343, '', 'default', 0x496e646f6e657369616e, 'none'),
(2344, '', 'default', 0x506f6c697368, 'none'),
(2345, '', 'default', 0x526f6d616e69616e, 'none'),
(2346, '', 'default', 0x5275737369616e, 'none'),
(2347, '', 'default', 0x536c6f76616b, 'none'),
(2348, '', 'default', 0x53776564697368, 'none'),
(2349, '', 'default', 0x5475726b697368, 'none'),
(2350, '', 'default', 0x4564697420636f6d6d656e74, '6.28'),
(2351, '', 'default', 0x50726f6d6f746520746f2066726f6e742070616765, '6.28'),
(2352, '', 'default', 0x456469742072756c65, '6.28'),
(2353, '', 'default', 0x256b65797320284074797065292e, 'none'),
(2354, '', 'default', 0x5468652066696c6520636f756c64206e6f7420626520637265617465642e, 'none'),
(2355, '', 'default', 0x50617373776f726420726573657420696e737472756374696f6e73206d61696c656420746f20256e616d652061742025656d61696c2e, '6.28'),
(2356, '', 'default', 0x4163636f756e7420696e666f726d6174696f6e, '6.28'),
(2357, '', 'default', 0x54686520652d6d61696c206164647265737320256d61696c206973206e6f742076616c69642e, '6.28'),
(2358, '', 'default', 0x4163636f756e74, '6.28'),
(2359, '', 'default', 0x61757468656e746963617465642075736572, '6.28'),
(2360, '', 'default', 0x452d6d61696c2061646472657373657320746f206e6f74696679207768656e20757064617465732061726520617661696c61626c65, 'none'),
(2361, '', 'default', 0x5768656e6576657220796f7572207369746520636865636b7320666f7220617661696c61626c65207570646174657320616e642066696e6473206e65772072656c65617365732c2069742063616e206e6f746966792061206c697374206f662075736572732076696120652d6d61696c2e2050757420656163682061646472657373206f6e2061207365706172617465206c696e652e20496620626c616e6b2c206e6f20652d6d61696c732077696c6c2062652073656e742e, 'none'),
(2362, '', 'default', 0x436865636b20666f722075706461746573, '6.28'),
(2363, '', 'default', 0x416c6c206e657765722076657273696f6e73, 'none'),
(2364, '', 'default', 0x4f6e6c792073656375726974792075706461746573, 'none'),
(2365, '', 'default', 0x25656d61696c206973206e6f7420612076616c696420652d6d61696c20616464726573732e, 'none'),
(2366, '', 'default', 0x25656d61696c7320617265206e6f742076616c696420652d6d61696c206164647265737365732e, 'none'),
(2367, '', 'default', 0x4e6f20757064617465206461746120617661696c61626c65, '6.28'),
(2368, '', 'default', 0x4e6f742073656375726521, '6.28'),
(2369, '', 'default', 0x5265766f6b656421, 'none'),
(2370, '', 'default', 0x556e737570706f727465642072656c65617365, '6.28'),
(2371, '', 'default', 0x43616e206e6f742064657465726d696e6520737461747573, 'none'),
(2372, '', 'default', 0x2876657273696f6e204076657273696f6e20617661696c61626c6529, '6.28'),
(2373, '', 'default', 0x5365652074686520617661696c61626c652075706461746573207061676520666f72206d6f726520696e666f726d6174696f6e3a, 'none'),
(2374, '', 'default', 0x4e65772072656c6561736528732920617661696c61626c6520666f722021736974655f6e616d65, 'none'),
(2375, '', 'default', 0x546865726520697320612073656375726974792075706461746520617661696c61626c6520666f7220796f75722076657273696f6e206f662044727570616c2e20546f20656e7375726520746865207365637572697479206f6620796f7572207365727665722c20796f752073686f756c642075706461746520696d6d6564696174656c7921, '6.28'),
(2376, '', 'default', 0x596f75722076657273696f6e206f662044727570616c20686173206265656e207265766f6b656420616e64206973206e6f206c6f6e67657220617661696c61626c6520666f7220646f776e6c6f61642e20557067726164696e67206973207374726f6e676c79207265636f6d6d656e64656421, 'none'),
(2377, '', 'default', 0x54686520696e7374616c6c65642076657273696f6e206f66206174206c65617374206f6e65206f6620796f7572206d6f64756c6573206f72207468656d657320686173206265656e207265766f6b656420616e64206973206e6f206c6f6e67657220617661696c61626c6520666f7220646f776e6c6f61642e20557067726164696e67206f722064697361626c696e67206973207374726f6e676c79207265636f6d6d656e64656421, 'none'),
(2378, '', 'default', 0x596f75722076657273696f6e206f662044727570616c206973206e6f206c6f6e67657220737570706f727465642e20557067726164696e67206973207374726f6e676c79207265636f6d6d656e64656421, '6.28'),
(2379, '', 'default', 0x54686520696e7374616c6c65642076657273696f6e206f66206174206c65617374206f6e65206f6620796f7572206d6f64756c6573206f72207468656d6573206973206e6f206c6f6e67657220737570706f727465642e20557067726164696e67206f722064697361626c696e67206973207374726f6e676c79207265636f6d6d656e6465642120506c6561736520736565207468652070726f6a65637420686f6d657061676520666f72206d6f72652064657461696c732e, '6.28'),
(2380, '', 'default', 0x546865726520617265207570646174657320617661696c61626c6520666f7220796f75722076657273696f6e206f662044727570616c2e20546f20656e73757265207468652070726f7065722066756e6374696f6e696e67206f6620796f757220736974652c20796f752073686f756c642075706461746520617320736f6f6e20617320706f737369626c652e, 'none');
