INSERT INTO `menu_router` (`path`, `load_functions`, `to_arg_functions`, `access_callback`, `access_arguments`, `page_callback`, `page_arguments`, `fit`, `number_parts`, `tab_parent`, `tab_root`, `title`, `title_callback`, `title_arguments`, `type`, `block_callback`, `description`, `position`, `weight`, `file`) VALUES
('admin/build/features/export/populate', '', '', 'user_access', 'a:1:{i:0;s:19:\"administer features\";}', 'features_export_build_form_populate', 'a:0:{}', 31, 5, '', 'admin/build/features/export/populate', 'Populate feature', 't', '', 4, '', 'AHAH callback to populate a feature from selected components.', '', 0, 'profiles/openatrium/modules/contrib/features/features.admin.inc'),
('node/%/revisions/%/revert', 'a:2:{i:1;a:1:{s:9:\"node_load\";a:1:{i:0;i:3;}}i:3;N;}', '', '_node_revision_access', 'a:2:{i:0;i:1;i:1;s:6:\"update\";}', 'drupal_get_form', 'a:2:{i:0;s:28:\"node_revision_revert_confirm\";i:1;i:1;}', 21, 5, '', 'node/%/revisions/%/revert', 'Revert to earlier revision', 't', '', 4, '', '', '', 0, 'modules/node/node.pages.inc'),
('admin/build/features/%/status', 'a:1:{i:3;s:12:\"feature_load\";}', '', 'user_access', 'a:1:{i:0;s:19:\"administer features\";}', 'features_feature_status', 'a:1:{i:0;i:3;}', 29, 5, '', 'admin/build/features/%/status', 'Status', 't', '', 4, '', 'Javascript status call back.', '', 0, 'profiles/openatrium/modules/contrib/features/features.admin.inc'),
('admin/build/context/list/%', 'a:1:{i:4;a:1:{s:21:\"ctools_export_ui_load\";a:1:{i:0;s:7:\"context\";}}}', '', 'ctools_export_ui_task_access', 'a:3:{i:0;s:7:\"context\";i:1;s:4:\"edit\";i:2;i:4;}', 'ctools_export_ui_switcher_page', 'a:3:{i:0;s:7:\"context\";i:1;s:4:\"edit\";i:2;i:4;}', 30, 5, '', 'admin/build/context/list/%', '', 't', '', 4, '', '', '', 0, 'profiles/openatrium/modules/contrib/ctools/includes/export-ui.inc'),
('admin/build/views/tools/export/results', '', '', 'user_access', 'a:1:{i:0;s:18:\"use views exporter\";}', 'views_export_export', 'a:0:{}', 63, 6, 'admin/build/views/tools/export', 'admin/build/views', 'Bulk export results', 't', '', 128, '', '', '', 0, ''),
('admin/content/node-type/archivo-inidcadores/display/search', '', '', 'user_access', 'a:1:{i:0;s:24:\"administer content types\";}', 'drupal_get_form', 'a:3:{i:0;s:29:\"content_display_overview_form\";i:1;s:19:\"archivo_inidcadores\";i:2;s:6:\"search\";}', 63, 6, 'admin/content/node-type/archivo-inidcadores/display', 'admin/content/node-type/archivo-inidcadores', 'Buscar', 't', '', 128, '', '', '', 1, 'profiles/openatrium/modules/contrib/cck/includes/content.admin.inc'),
('admin/content/node-type/blog/display/search', '', '', 'user_access', 'a:1:{i:0;s:24:\"administer content types\";}', 'drupal_get_form', 'a:3:{i:0;s:29:\"content_display_overview_form\";i:1;s:4:\"blog\";i:2;s:6:\"search\";}', 63, 6, 'admin/content/node-type/blog/display', 'admin/content/node-type/blog', 'Buscar', 't', '', 128, '', '', '', 1, 'profiles/openatrium/modules/contrib/cck/includes/content.admin.inc'),
('admin/content/node-type/book/display/search', '', '', 'user_access', 'a:1:{i:0;s:24:\"administer content types\";}', 'drupal_get_form', 'a:3:{i:0;s:29:\"content_display_overview_form\";i:1;s:4:\"book\";i:2;s:6:\"search\";}', 63, 6, 'admin/content/node-type/book/display', 'admin/content/node-type/book', 'Buscar', 't', '', 128, '', '', '', 1, 'profiles/openatrium/modules/contrib/cck/includes/content.admin.inc'),
('admin/content/node-type/casetracker-basic-case/display/search', '', '', 'user_access', 'a:1:{i:0;s:24:\"administer content types\";}', 'drupal_get_form', 'a:3:{i:0;s:29:\"content_display_overview_form\";i:1;s:22:\"casetracker_basic_case\";i:2;s:6:\"search\";}', 63, 6, 'admin/content/node-type/casetracker-basic-case/display', 'admin/content/node-type/casetracker-basic-case', 'Buscar', 't', '', 128, '', '', '', 1, 'profiles/openatrium/modules/contrib/cck/includes/content.admin.inc'),
('admin/content/node-type/casetracker-basic-project/display/search', '', '', 'user_access', 'a:1:{i:0;s:24:\"administer content types\";}', 'drupal_get_form', 'a:3:{i:0;s:29:\"content_display_overview_form\";i:1;s:25:\"casetracker_basic_project\";i:2;s:6:\"search\";}', 63, 6, 'admin/content/node-type/casetracker-basic-project/display', 'admin/content/node-type/casetracker-basic-project', 'Buscar', 't', '', 128, '', '', '', 1, 'profiles/openatrium/modules/contrib/cck/includes/content.admin.inc'),
('admin/content/node-type/event/display/search', '', '', 'user_access', 'a:1:{i:0;s:24:\"administer content types\";}', 'drupal_get_form', 'a:3:{i:0;s:29:\"content_display_overview_form\";i:1;s:5:\"event\";i:2;s:6:\"search\";}', 63, 6, 'admin/content/node-type/event/display', 'admin/content/node-type/event', 'Buscar', 't', '', 128, '', '', '', 1, 'profiles/openatrium/modules/contrib/cck/includes/content.admin.inc'),
('admin/content/node-type/feed-ical/display/search', '', '', 'user_access', 'a:1:{i:0;s:24:\"administer content types\";}', 'drupal_get_form', 'a:3:{i:0;s:29:\"content_display_overview_form\";i:1;s:9:\"feed_ical\";i:2;s:6:\"search\";}', 63, 6, 'admin/content/node-type/feed-ical/display', 'admin/content/node-type/feed-ical', 'Buscar', 't', '', 128, '', '', '', 1, 'profiles/openatrium/modules/contrib/cck/includes/content.admin.inc'),
('admin/content/node-type/feed-ical-item/display/search', '', '', 'user_access', 'a:1:{i:0;s:24:\"administer content types\";}', 'drupal_get_form', 'a:3:{i:0;s:29:\"content_display_overview_form\";i:1;s:14:\"feed_ical_item\";i:2;s:6:\"search\";}', 63, 6, 'admin/content/node-type/feed-ical-item/display', 'admin/content/node-type/feed-ical-item', 'Buscar', 't', '', 128, '', '', '', 1, 'profiles/openatrium/modules/contrib/cck/includes/content.admin.inc'),
('admin/content/node-type/group/display/search', '', '', 'user_access', 'a:1:{i:0;s:24:\"administer content types\";}', 'drupal_get_form', 'a:3:{i:0;s:29:\"content_display_overview_form\";i:1;s:5:\"group\";i:2;s:6:\"search\";}', 63, 6, 'admin/content/node-type/group/display', 'admin/content/node-type/group', 'Buscar', 't', '', 128, '', '', '', 1, 'profiles/openatrium/modules/contrib/cck/includes/content.admin.inc'),
('admin/content/node-type/profile/display/search', '', '', 'user_access', 'a:1:{i:0;s:24:\"administer content types\";}', 'drupal_get_form', 'a:3:{i:0;s:29:\"content_display_overview_form\";i:1;s:7:\"profile\";i:2;s:6:\"search\";}', 63, 6, 'admin/content/node-type/profile/display', 'admin/content/node-type/profile', 'Buscar', 't', '', 128, '', '', '', 1, 'profiles/openatrium/modules/contrib/cck/includes/content.admin.inc'),
('admin/content/node-type/shoutbox/display/search', '', '', 'user_access', 'a:1:{i:0;s:24:\"administer content types\";}', 'drupal_get_form', 'a:3:{i:0;s:29:\"content_display_overview_form\";i:1;s:8:\"shoutbox\";i:2;s:6:\"search\";}', 63, 6, 'admin/content/node-type/shoutbox/display', 'admin/content/node-type/shoutbox', 'Buscar', 't', '', 128, '', '', '', 1, 'profiles/openatrium/modules/contrib/cck/includes/content.admin.inc'),
('admin/content/node-type/webform/display/search', '', '', 'user_access', 'a:1:{i:0;s:24:\"administer content types\";}', 'drupal_get_form', 'a:3:{i:0;s:29:\"content_display_overview_form\";i:1;s:7:\"webform\";i:2;s:6:\"search\";}', 63, 6, 'admin/content/node-type/webform/display', 'admin/content/node-type/webform', 'Buscar', 't', '', 128, '', '', '', 1, 'profiles/openatrium/modules/contrib/cck/includes/content.admin.inc'),
('admin/content/node-type/webform-report/display/search', '', '', 'user_access', 'a:1:{i:0;s:24:\"administer content types\";}', 'drupal_get_form', 'a:3:{i:0;s:29:\"content_display_overview_form\";i:1;s:14:\"webform_report\";i:2;s:6:\"search\";}', 63, 6, 'admin/content/node-type/webform-report/display', 'admin/content/node-type/webform-report', 'Buscar', 't', '', 128, '', '', '', 1, 'profiles/openatrium/modules/contrib/cck/includes/content.admin.inc'),
('admin/content/node-type/archivo-inidcadores/display/basic', '', '', 'user_access', 'a:1:{i:0;s:24:\"administer content types\";}', 'drupal_get_form', 'a:3:{i:0;s:29:\"content_display_overview_form\";i:1;s:19:\"archivo_inidcadores\";i:2;s:5:\"basic\";}', 63, 6, 'admin/content/node-type/archivo-inidcadores/display', 'admin/content/node-type/archivo-inidcadores', 'Básico', 't', '', 136, '', '', '', 0, 'profiles/openatrium/modules/contrib/cck/includes/content.admin.inc'),
('admin/content/node-type/blog/display/basic', '', '', 'user_access', 'a:1:{i:0;s:24:\"administer content types\";}', 'drupal_get_form', 'a:3:{i:0;s:29:\"content_display_overview_form\";i:1;s:4:\"blog\";i:2;s:5:\"basic\";}', 63, 6, 'admin/content/node-type/blog/display', 'admin/content/node-type/blog', 'Básico', 't', '', 136, '', '', '', 0, 'profiles/openatrium/modules/contrib/cck/includes/content.admin.inc'),
('admin/content/node-type/book/display/basic', '', '', 'user_access', 'a:1:{i:0;s:24:\"administer content types\";}', 'drupal_get_form', 'a:3:{i:0;s:29:\"content_display_overview_form\";i:1;s:4:\"book\";i:2;s:5:\"basic\";}', 63, 6, 'admin/content/node-type/book/display', 'admin/content/node-type/book', 'Básico', 't', '', 136, '', '', '', 0, 'profiles/openatrium/modules/contrib/cck/includes/content.admin.inc'),
('admin/content/node-type/casetracker-basic-case/display/basic', '', '', 'user_access', 'a:1:{i:0;s:24:\"administer content types\";}', 'drupal_get_form', 'a:3:{i:0;s:29:\"content_display_overview_form\";i:1;s:22:\"casetracker_basic_case\";i:2;s:5:\"basic\";}', 63, 6, 'admin/content/node-type/casetracker-basic-case/display', 'admin/content/node-type/casetracker-basic-case', 'Básico', 't', '', 136, '', '', '', 0, 'profiles/openatrium/modules/contrib/cck/includes/content.admin.inc'),
('admin/content/node-type/casetracker-basic-project/display/basic', '', '', 'user_access', 'a:1:{i:0;s:24:\"administer content types\";}', 'drupal_get_form', 'a:3:{i:0;s:29:\"content_display_overview_form\";i:1;s:25:\"casetracker_basic_project\";i:2;s:5:\"basic\";}', 63, 6, 'admin/content/node-type/casetracker-basic-project/display', 'admin/content/node-type/casetracker-basic-project', 'Básico', 't', '', 136, '', '', '', 0, 'profiles/openatrium/modules/contrib/cck/includes/content.admin.inc'),
('admin/content/node-type/event/display/basic', '', '', 'user_access', 'a:1:{i:0;s:24:\"administer content types\";}', 'drupal_get_form', 'a:3:{i:0;s:29:\"content_display_overview_form\";i:1;s:5:\"event\";i:2;s:5:\"basic\";}', 63, 6, 'admin/content/node-type/event/display', 'admin/content/node-type/event', 'Básico', 't', '', 136, '', '', '', 0, 'profiles/openatrium/modules/contrib/cck/includes/content.admin.inc'),
('admin/content/node-type/feed-ical/display/basic', '', '', 'user_access', 'a:1:{i:0;s:24:\"administer content types\";}', 'drupal_get_form', 'a:3:{i:0;s:29:\"content_display_overview_form\";i:1;s:9:\"feed_ical\";i:2;s:5:\"basic\";}', 63, 6, 'admin/content/node-type/feed-ical/display', 'admin/content/node-type/feed-ical', 'Básico', 't', '', 136, '', '', '', 0, 'profiles/openatrium/modules/contrib/cck/includes/content.admin.inc'),
('admin/content/node-type/feed-ical-item/display/basic', '', '', 'user_access', 'a:1:{i:0;s:24:\"administer content types\";}', 'drupal_get_form', 'a:3:{i:0;s:29:\"content_display_overview_form\";i:1;s:14:\"feed_ical_item\";i:2;s:5:\"basic\";}', 63, 6, 'admin/content/node-type/feed-ical-item/display', 'admin/content/node-type/feed-ical-item', 'Básico', 't', '', 136, '', '', '', 0, 'profiles/openatrium/modules/contrib/cck/includes/content.admin.inc'),
('admin/content/node-type/group/display/basic', '', '', 'user_access', 'a:1:{i:0;s:24:\"administer content types\";}', 'drupal_get_form', 'a:3:{i:0;s:29:\"content_display_overview_form\";i:1;s:5:\"group\";i:2;s:5:\"basic\";}', 63, 6, 'admin/content/node-type/group/display', 'admin/content/node-type/group', 'Básico', 't', '', 136, '', '', '', 0, 'profiles/openatrium/modules/contrib/cck/includes/content.admin.inc'),
('admin/content/node-type/profile/display/basic', '', '', 'user_access', 'a:1:{i:0;s:24:\"administer content types\";}', 'drupal_get_form', 'a:3:{i:0;s:29:\"content_display_overview_form\";i:1;s:7:\"profile\";i:2;s:5:\"basic\";}', 63, 6, 'admin/content/node-type/profile/display', 'admin/content/node-type/profile', 'Básico', 't', '', 136, '', '', '', 0, 'profiles/openatrium/modules/contrib/cck/includes/content.admin.inc'),
('admin/content/node-type/shoutbox/display/basic', '', '', 'user_access', 'a:1:{i:0;s:24:\"administer content types\";}', 'drupal_get_form', 'a:3:{i:0;s:29:\"content_display_overview_form\";i:1;s:8:\"shoutbox\";i:2;s:5:\"basic\";}', 63, 6, 'admin/content/node-type/shoutbox/display', 'admin/content/node-type/shoutbox', 'Básico', 't', '', 136, '', '', '', 0, 'profiles/openatrium/modules/contrib/cck/includes/content.admin.inc'),
('admin/content/node-type/webform/display/basic', '', '', 'user_access', 'a:1:{i:0;s:24:\"administer content types\";}', 'drupal_get_form', 'a:3:{i:0;s:29:\"content_display_overview_form\";i:1;s:7:\"webform\";i:2;s:5:\"basic\";}', 63, 6, 'admin/content/node-type/webform/display', 'admin/content/node-type/webform', 'Básico', 't', '', 136, '', '', '', 0, 'profiles/openatrium/modules/contrib/cck/includes/content.admin.inc'),
('admin/content/node-type/webform-report/display/basic', '', '', 'user_access', 'a:1:{i:0;s:24:\"administer content types\";}', 'drupal_get_form', 'a:3:{i:0;s:29:\"content_display_overview_form\";i:1;s:14:\"webform_report\";i:2;s:5:\"basic\";}', 63, 6, 'admin/content/node-type/webform-report/display', 'admin/content/node-type/webform-report', 'Básico', 't', '', 136, '', '', '', 0, 'profiles/openatrium/modules/contrib/cck/includes/content.admin.inc'),
('admin/content/node-type/archivo-inidcadores/display/token', '', '', 'user_access', 'a:1:{i:0;s:24:\"administer content types\";}', 'drupal_get_form', 'a:3:{i:0;s:29:\"content_display_overview_form\";i:1;s:19:\"archivo_inidcadores\";i:2;s:5:\"token\";}', 63, 6, 'admin/content/node-type/archivo-inidcadores/display', 'admin/content/node-type/archivo-inidcadores', 'Comodín', 't', '', 128, '', '', '', 1, 'profiles/openatrium/modules/contrib/cck/includes/content.admin.inc'),
('admin/content/node-type/blog/display/token', '', '', 'user_access', 'a:1:{i:0;s:24:\"administer content types\";}', 'drupal_get_form', 'a:3:{i:0;s:29:\"content_display_overview_form\";i:1;s:4:\"blog\";i:2;s:5:\"token\";}', 63, 6, 'admin/content/node-type/blog/display', 'admin/content/node-type/blog', 'Comodín', 't', '', 128, '', '', '', 1, 'profiles/openatrium/modules/contrib/cck/includes/content.admin.inc'),
('admin/content/node-type/book/display/token', '', '', 'user_access', 'a:1:{i:0;s:24:\"administer content types\";}', 'drupal_get_form', 'a:3:{i:0;s:29:\"content_display_overview_form\";i:1;s:4:\"book\";i:2;s:5:\"token\";}', 63, 6, 'admin/content/node-type/book/display', 'admin/content/node-type/book', 'Comodín', 't', '', 128, '', '', '', 1, 'profiles/openatrium/modules/contrib/cck/includes/content.admin.inc'),
('admin/content/node-type/casetracker-basic-case/display/token', '', '', 'user_access', 'a:1:{i:0;s:24:\"administer content types\";}', 'drupal_get_form', 'a:3:{i:0;s:29:\"content_display_overview_form\";i:1;s:22:\"casetracker_basic_case\";i:2;s:5:\"token\";}', 63, 6, 'admin/content/node-type/casetracker-basic-case/display', 'admin/content/node-type/casetracker-basic-case', 'Comodín', 't', '', 128, '', '', '', 1, 'profiles/openatrium/modules/contrib/cck/includes/content.admin.inc'),
('admin/content/node-type/casetracker-basic-project/display/token', '', '', 'user_access', 'a:1:{i:0;s:24:\"administer content types\";}', 'drupal_get_form', 'a:3:{i:0;s:29:\"content_display_overview_form\";i:1;s:25:\"casetracker_basic_project\";i:2;s:5:\"token\";}', 63, 6, 'admin/content/node-type/casetracker-basic-project/display', 'admin/content/node-type/casetracker-basic-project', 'Comodín', 't', '', 128, '', '', '', 1, 'profiles/openatrium/modules/contrib/cck/includes/content.admin.inc'),
('admin/content/node-type/event/display/token', '', '', 'user_access', 'a:1:{i:0;s:24:\"administer content types\";}', 'drupal_get_form', 'a:3:{i:0;s:29:\"content_display_overview_form\";i:1;s:5:\"event\";i:2;s:5:\"token\";}', 63, 6, 'admin/content/node-type/event/display', 'admin/content/node-type/event', 'Comodín', 't', '', 128, '', '', '', 1, 'profiles/openatrium/modules/contrib/cck/includes/content.admin.inc'),
('admin/content/node-type/feed-ical/display/token', '', '', 'user_access', 'a:1:{i:0;s:24:\"administer content types\";}', 'drupal_get_form', 'a:3:{i:0;s:29:\"content_display_overview_form\";i:1;s:9:\"feed_ical\";i:2;s:5:\"token\";}', 63, 6, 'admin/content/node-type/feed-ical/display', 'admin/content/node-type/feed-ical', 'Comodín', 't', '', 128, '', '', '', 1, 'profiles/openatrium/modules/contrib/cck/includes/content.admin.inc'),
('admin/content/node-type/feed-ical-item/display/token', '', '', 'user_access', 'a:1:{i:0;s:24:\"administer content types\";}', 'drupal_get_form', 'a:3:{i:0;s:29:\"content_display_overview_form\";i:1;s:14:\"feed_ical_item\";i:2;s:5:\"token\";}', 63, 6, 'admin/content/node-type/feed-ical-item/display', 'admin/content/node-type/feed-ical-item', 'Comodín', 't', '', 128, '', '', '', 1, 'profiles/openatrium/modules/contrib/cck/includes/content.admin.inc'),
('admin/content/node-type/group/display/token', '', '', 'user_access', 'a:1:{i:0;s:24:\"administer content types\";}', 'drupal_get_form', 'a:3:{i:0;s:29:\"content_display_overview_form\";i:1;s:5:\"group\";i:2;s:5:\"token\";}', 63, 6, 'admin/content/node-type/group/display', 'admin/content/node-type/group', 'Comodín', 't', '', 128, '', '', '', 1, 'profiles/openatrium/modules/contrib/cck/includes/content.admin.inc'),
('admin/content/node-type/profile/display/token', '', '', 'user_access', 'a:1:{i:0;s:24:\"administer content types\";}', 'drupal_get_form', 'a:3:{i:0;s:29:\"content_display_overview_form\";i:1;s:7:\"profile\";i:2;s:5:\"token\";}', 63, 6, 'admin/content/node-type/profile/display', 'admin/content/node-type/profile', 'Comodín', 't', '', 128, '', '', '', 1, 'profiles/openatrium/modules/contrib/cck/includes/content.admin.inc'),
('admin/content/node-type/shoutbox/display/token', '', '', 'user_access', 'a:1:{i:0;s:24:\"administer content types\";}', 'drupal_get_form', 'a:3:{i:0;s:29:\"content_display_overview_form\";i:1;s:8:\"shoutbox\";i:2;s:5:\"token\";}', 63, 6, 'admin/content/node-type/shoutbox/display', 'admin/content/node-type/shoutbox', 'Comodín', 't', '', 128, '', '', '', 1, 'profiles/openatrium/modules/contrib/cck/includes/content.admin.inc'),
('admin/content/node-type/webform/display/token', '', '', 'user_access', 'a:1:{i:0;s:24:\"administer content types\";}', 'drupal_get_form', 'a:3:{i:0;s:29:\"content_display_overview_form\";i:1;s:7:\"webform\";i:2;s:5:\"token\";}', 63, 6, 'admin/content/node-type/webform/display', 'admin/content/node-type/webform', 'Comodín', 't', '', 128, '', '', '', 1, 'profiles/openatrium/modules/contrib/cck/includes/content.admin.inc'),
('admin/content/node-type/webform-report/display/token', '', '', 'user_access', 'a:1:{i:0;s:24:\"administer content types\";}', 'drupal_get_form', 'a:3:{i:0;s:29:\"content_display_overview_form\";i:1;s:14:\"webform_report\";i:2;s:5:\"token\";}', 63, 6, 'admin/content/node-type/webform-report/display', 'admin/content/node-type/webform-report', 'Comodín', 't', '', 128, '', '', '', 1, 'profiles/openatrium/modules/contrib/cck/includes/content.admin.inc'),
('admin/content/node-type/archivo-inidcadores/display/print', '', '', 'user_access', 'a:1:{i:0;s:24:\"administer content types\";}', 'drupal_get_form', 'a:3:{i:0;s:29:\"content_display_overview_form\";i:1;s:19:\"archivo_inidcadores\";i:2;s:5:\"print\";}', 63, 6, 'admin/content/node-type/archivo-inidcadores/display', 'admin/content/node-type/archivo-inidcadores', 'Imprimir', 't', '', 128, '', '', '', 1, 'profiles/openatrium/modules/contrib/cck/includes/content.admin.inc'),
('admin/content/node-type/blog/display/print', '', '', 'user_access', 'a:1:{i:0;s:24:\"administer content types\";}', 'drupal_get_form', 'a:3:{i:0;s:29:\"content_display_overview_form\";i:1;s:4:\"blog\";i:2;s:5:\"print\";}', 63, 6, 'admin/content/node-type/blog/display', 'admin/content/node-type/blog', 'Imprimir', 't', '', 128, '', '', '', 1, 'profiles/openatrium/modules/contrib/cck/includes/content.admin.inc'),
('admin/content/node-type/book/display/print', '', '', 'user_access', 'a:1:{i:0;s:24:\"administer content types\";}', 'drupal_get_form', 'a:3:{i:0;s:29:\"content_display_overview_form\";i:1;s:4:\"book\";i:2;s:5:\"print\";}', 63, 6, 'admin/content/node-type/book/display', 'admin/content/node-type/book', 'Imprimir', 't', '', 128, '', '', '', 1, 'profiles/openatrium/modules/contrib/cck/includes/content.admin.inc'),
('admin/content/node-type/casetracker-basic-case/display/print', '', '', 'user_access', 'a:1:{i:0;s:24:\"administer content types\";}', 'drupal_get_form', 'a:3:{i:0;s:29:\"content_display_overview_form\";i:1;s:22:\"casetracker_basic_case\";i:2;s:5:\"print\";}', 63, 6, 'admin/content/node-type/casetracker-basic-case/display', 'admin/content/node-type/casetracker-basic-case', 'Imprimir', 't', '', 128, '', '', '', 1, 'profiles/openatrium/modules/contrib/cck/includes/content.admin.inc'),
('admin/content/node-type/casetracker-basic-project/display/print', '', '', 'user_access', 'a:1:{i:0;s:24:\"administer content types\";}', 'drupal_get_form', 'a:3:{i:0;s:29:\"content_display_overview_form\";i:1;s:25:\"casetracker_basic_project\";i:2;s:5:\"print\";}', 63, 6, 'admin/content/node-type/casetracker-basic-project/display', 'admin/content/node-type/casetracker-basic-project', 'Imprimir', 't', '', 128, '', '', '', 1, 'profiles/openatrium/modules/contrib/cck/includes/content.admin.inc'),
('admin/content/node-type/event/display/print', '', '', 'user_access', 'a:1:{i:0;s:24:\"administer content types\";}', 'drupal_get_form', 'a:3:{i:0;s:29:\"content_display_overview_form\";i:1;s:5:\"event\";i:2;s:5:\"print\";}', 63, 6, 'admin/content/node-type/event/display', 'admin/content/node-type/event', 'Imprimir', 't', '', 128, '', '', '', 1, 'profiles/openatrium/modules/contrib/cck/includes/content.admin.inc'),
('admin/content/node-type/feed-ical/display/print', '', '', 'user_access', 'a:1:{i:0;s:24:\"administer content types\";}', 'drupal_get_form', 'a:3:{i:0;s:29:\"content_display_overview_form\";i:1;s:9:\"feed_ical\";i:2;s:5:\"print\";}', 63, 6, 'admin/content/node-type/feed-ical/display', 'admin/content/node-type/feed-ical', 'Imprimir', 't', '', 128, '', '', '', 1, 'profiles/openatrium/modules/contrib/cck/includes/content.admin.inc'),
('admin/content/node-type/feed-ical-item/display/print', '', '', 'user_access', 'a:1:{i:0;s:24:\"administer content types\";}', 'drupal_get_form', 'a:3:{i:0;s:29:\"content_display_overview_form\";i:1;s:14:\"feed_ical_item\";i:2;s:5:\"print\";}', 63, 6, 'admin/content/node-type/feed-ical-item/display', 'admin/content/node-type/feed-ical-item', 'Imprimir', 't', '', 128, '', '', '', 1, 'profiles/openatrium/modules/contrib/cck/includes/content.admin.inc'),
('admin/content/node-type/group/display/print', '', '', 'user_access', 'a:1:{i:0;s:24:\"administer content types\";}', 'drupal_get_form', 'a:3:{i:0;s:29:\"content_display_overview_form\";i:1;s:5:\"group\";i:2;s:5:\"print\";}', 63, 6, 'admin/content/node-type/group/display', 'admin/content/node-type/group', 'Imprimir', 't', '', 128, '', '', '', 1, 'profiles/openatrium/modules/contrib/cck/includes/content.admin.inc'),
('admin/content/node-type/profile/display/print', '', '', 'user_access', 'a:1:{i:0;s:24:\"administer content types\";}', 'drupal_get_form', 'a:3:{i:0;s:29:\"content_display_overview_form\";i:1;s:7:\"profile\";i:2;s:5:\"print\";}', 63, 6, 'admin/content/node-type/profile/display', 'admin/content/node-type/profile', 'Imprimir', 't', '', 128, '', '', '', 1, 'profiles/openatrium/modules/contrib/cck/includes/content.admin.inc'),
('admin/content/node-type/shoutbox/display/print', '', '', 'user_access', 'a:1:{i:0;s:24:\"administer content types\";}', 'drupal_get_form', 'a:3:{i:0;s:29:\"content_display_overview_form\";i:1;s:8:\"shoutbox\";i:2;s:5:\"print\";}', 63, 6, 'admin/content/node-type/shoutbox/display', 'admin/content/node-type/shoutbox', 'Imprimir', 't', '', 128, '', '', '', 1, 'profiles/openatrium/modules/contrib/cck/includes/content.admin.inc'),
('admin/content/node-type/webform/display/print', '', '', 'user_access', 'a:1:{i:0;s:24:\"administer content types\";}', 'drupal_get_form', 'a:3:{i:0;s:29:\"content_display_overview_form\";i:1;s:7:\"webform\";i:2;s:5:\"print\";}', 63, 6, 'admin/content/node-type/webform/display', 'admin/content/node-type/webform', 'Imprimir', 't', '', 128, '', '', '', 1, 'profiles/openatrium/modules/contrib/cck/includes/content.admin.inc'),
('admin/content/node-type/webform-report/display/print', '', '', 'user_access', 'a:1:{i:0;s:24:\"administer content types\";}', 'drupal_get_form', 'a:3:{i:0;s:29:\"content_display_overview_form\";i:1;s:14:\"webform_report\";i:2;s:5:\"print\";}', 63, 6, 'admin/content/node-type/webform-report/display', 'admin/content/node-type/webform-report', 'Imprimir', 't', '', 128, '', '', '', 1, 'profiles/openatrium/modules/contrib/cck/includes/content.admin.inc'),
('admin/content/node-type/archivo-inidcadores/display/rss', '', '', 'user_access', 'a:1:{i:0;s:24:\"administer content types\";}', 'drupal_get_form', 'a:3:{i:0;s:29:\"content_display_overview_form\";i:1;s:19:\"archivo_inidcadores\";i:2;s:3:\"rss\";}', 63, 6, 'admin/content/node-type/archivo-inidcadores/display', 'admin/content/node-type/archivo-inidcadores', 'RSS', 't', '', 128, '', '', '', 1, 'profiles/openatrium/modules/contrib/cck/includes/content.admin.inc'),
('admin/content/node-type/blog/display/rss', '', '', 'user_access', 'a:1:{i:0;s:24:\"administer content types\";}', 'drupal_get_form', 'a:3:{i:0;s:29:\"content_display_overview_form\";i:1;s:4:\"blog\";i:2;s:3:\"rss\";}', 63, 6, 'admin/content/node-type/blog/display', 'admin/content/node-type/blog', 'RSS', 't', '', 128, '', '', '', 1, 'profiles/openatrium/modules/contrib/cck/includes/content.admin.inc'),
('admin/content/node-type/book/display/rss', '', '', 'user_access', 'a:1:{i:0;s:24:\"administer content types\";}', 'drupal_get_form', 'a:3:{i:0;s:29:\"content_display_overview_form\";i:1;s:4:\"book\";i:2;s:3:\"rss\";}', 63, 6, 'admin/content/node-type/book/display', 'admin/content/node-type/book', 'RSS', 't', '', 128, '', '', '', 1, 'profiles/openatrium/modules/contrib/cck/includes/content.admin.inc'),
('admin/content/node-type/casetracker-basic-case/display/rss', '', '', 'user_access', 'a:1:{i:0;s:24:\"administer content types\";}', 'drupal_get_form', 'a:3:{i:0;s:29:\"content_display_overview_form\";i:1;s:22:\"casetracker_basic_case\";i:2;s:3:\"rss\";}', 63, 6, 'admin/content/node-type/casetracker-basic-case/display', 'admin/content/node-type/casetracker-basic-case', 'RSS', 't', '', 128, '', '', '', 1, 'profiles/openatrium/modules/contrib/cck/includes/content.admin.inc'),
('admin/content/node-type/casetracker-basic-project/display/rss', '', '', 'user_access', 'a:1:{i:0;s:24:\"administer content types\";}', 'drupal_get_form', 'a:3:{i:0;s:29:\"content_display_overview_form\";i:1;s:25:\"casetracker_basic_project\";i:2;s:3:\"rss\";}', 63, 6, 'admin/content/node-type/casetracker-basic-project/display', 'admin/content/node-type/casetracker-basic-project', 'RSS', 't', '', 128, '', '', '', 1, 'profiles/openatrium/modules/contrib/cck/includes/content.admin.inc'),
('admin/content/node-type/event/display/rss', '', '', 'user_access', 'a:1:{i:0;s:24:\"administer content types\";}', 'drupal_get_form', 'a:3:{i:0;s:29:\"content_display_overview_form\";i:1;s:5:\"event\";i:2;s:3:\"rss\";}', 63, 6, 'admin/content/node-type/event/display', 'admin/content/node-type/event', 'RSS', 't', '', 128, '', '', '', 1, 'profiles/openatrium/modules/contrib/cck/includes/content.admin.inc'),
('admin/content/node-type/feed-ical/display/rss', '', '', 'user_access', 'a:1:{i:0;s:24:\"administer content types\";}', 'drupal_get_form', 'a:3:{i:0;s:29:\"content_display_overview_form\";i:1;s:9:\"feed_ical\";i:2;s:3:\"rss\";}', 63, 6, 'admin/content/node-type/feed-ical/display', 'admin/content/node-type/feed-ical', 'RSS', 't', '', 128, '', '', '', 1, 'profiles/openatrium/modules/contrib/cck/includes/content.admin.inc'),
('admin/content/node-type/feed-ical-item/display/rss', '', '', 'user_access', 'a:1:{i:0;s:24:\"administer content types\";}', 'drupal_get_form', 'a:3:{i:0;s:29:\"content_display_overview_form\";i:1;s:14:\"feed_ical_item\";i:2;s:3:\"rss\";}', 63, 6, 'admin/content/node-type/feed-ical-item/display', 'admin/content/node-type/feed-ical-item', 'RSS', 't', '', 128, '', '', '', 1, 'profiles/openatrium/modules/contrib/cck/includes/content.admin.inc'),
('admin/content/node-type/group/display/rss', '', '', 'user_access', 'a:1:{i:0;s:24:\"administer content types\";}', 'drupal_get_form', 'a:3:{i:0;s:29:\"content_display_overview_form\";i:1;s:5:\"group\";i:2;s:3:\"rss\";}', 63, 6, 'admin/content/node-type/group/display', 'admin/content/node-type/group', 'RSS', 't', '', 128, '', '', '', 1, 'profiles/openatrium/modules/contrib/cck/includes/content.admin.inc'),
('admin/content/node-type/profile/display/rss', '', '', 'user_access', 'a:1:{i:0;s:24:\"administer content types\";}', 'drupal_get_form', 'a:3:{i:0;s:29:\"content_display_overview_form\";i:1;s:7:\"profile\";i:2;s:3:\"rss\";}', 63, 6, 'admin/content/node-type/profile/display', 'admin/content/node-type/profile', 'RSS', 't', '', 128, '', '', '', 1, 'profiles/openatrium/modules/contrib/cck/includes/content.admin.inc'),
('admin/content/node-type/shoutbox/display/rss', '', '', 'user_access', 'a:1:{i:0;s:24:\"administer content types\";}', 'drupal_get_form', 'a:3:{i:0;s:29:\"content_display_overview_form\";i:1;s:8:\"shoutbox\";i:2;s:3:\"rss\";}', 63, 6, 'admin/content/node-type/shoutbox/display', 'admin/content/node-type/shoutbox', 'RSS', 't', '', 128, '', '', '', 1, 'profiles/openatrium/modules/contrib/cck/includes/content.admin.inc'),
('admin/content/node-type/webform/display/rss', '', '', 'user_access', 'a:1:{i:0;s:24:\"administer content types\";}', 'drupal_get_form', 'a:3:{i:0;s:29:\"content_display_overview_form\";i:1;s:7:\"webform\";i:2;s:3:\"rss\";}', 63, 6, 'admin/content/node-type/webform/display', 'admin/content/node-type/webform', 'RSS', 't', '', 128, '', '', '', 1, 'profiles/openatrium/modules/contrib/cck/includes/content.admin.inc'),
('admin/content/node-type/webform-report/display/rss', '', '', 'user_access', 'a:1:{i:0;s:24:\"administer content types\";}', 'drupal_get_form', 'a:3:{i:0;s:29:\"content_display_overview_form\";i:1;s:14:\"webform_report\";i:2;s:3:\"rss\";}', 63, 6, 'admin/content/node-type/webform-report/display', 'admin/content/node-type/webform-report', 'RSS', 't', '', 128, '', '', '', 1, 'profiles/openatrium/modules/contrib/cck/includes/content.admin.inc'),
('admin/content/node-type/profile/fields/field_profile_address', '', '', 'user_access', 'a:1:{i:0;s:24:\"administer content types\";}', 'drupal_get_form', 'a:3:{i:0;s:23:\"content_field_edit_form\";i:1;s:7:\"profile\";i:2;s:21:\"field_profile_address\";}', 63, 6, 'admin/content/node-type/profile/fields', 'admin/content/node-type/profile', 'Address', 't', '', 128, '', '', '', 0, 'profiles/openatrium/modules/contrib/cck/includes/content.admin.inc'),
('admin/content/node-type/event/fields/field_date', '', '', 'user_access', 'a:1:{i:0;s:24:\"administer content types\";}', 'drupal_get_form', 'a:3:{i:0;s:23:\"content_field_edit_form\";i:1;s:5:\"event\";i:2;s:10:\"field_date\";}', 63, 6, 'admin/content/node-type/event/fields', 'admin/content/node-type/event', 'Date', 't', '', 128, '', '', '', 0, 'profiles/openatrium/modules/contrib/cck/includes/content.admin.inc'),
('admin/content/node-type/feed-ical-item/fields/field_date', '', '', 'user_access', 'a:1:{i:0;s:24:\"administer content types\";}', 'drupal_get_form', 'a:3:{i:0;s:23:\"content_field_edit_form\";i:1;s:14:\"feed_ical_item\";i:2;s:10:\"field_date\";}', 63, 6, 'admin/content/node-type/feed-ical-item/fields', 'admin/content/node-type/feed-ical-item', 'Date', 't', '', 128, '', '', '', 0, 'profiles/openatrium/modules/contrib/cck/includes/content.admin.inc'),
('node/%/webform/emails/%/delete', 'a:2:{i:1;a:1:{s:17:\"webform_menu_load\";a:1:{i:0;i:1;}}i:4;a:1:{s:23:\"webform_menu_email_load\";a:1:{i:0;i:1;}}}', '', 'node_access', 'a:2:{i:0;s:6:\"update\";i:1;i:1;}', 'drupal_get_form', 'a:3:{i:0;s:25:\"webform_email_delete_form\";i:1;i:1;i:2;i:4;}', 45, 6, '', 'node/%/webform/emails/%/delete', 'Delete e-mail settings', 't', '', 4, '', '', '', 0, 'modules/webform/includes/webform.emails.inc'),
('admin/content/node-type/casetracker-basic-case/fields/field_due_date', '', '', 'user_access', 'a:1:{i:0;s:24:\"administer content types\";}', 'drupal_get_form', 'a:3:{i:0;s:23:\"content_field_edit_form\";i:1;s:22:\"casetracker_basic_case\";i:2;s:14:\"field_due_date\";}', 63, 6, 'admin/content/node-type/casetracker-basic-case/fields', 'admin/content/node-type/casetracker-basic-case', 'Due Date', 't', '', 128, '', '', '', 0, 'profiles/openatrium/modules/contrib/cck/includes/content.admin.inc'),
('admin/content/node-type/profile/fields/field_profile_organization', '', '', 'user_access', 'a:1:{i:0;s:24:\"administer content types\";}', 'drupal_get_form', 'a:3:{i:0;s:23:\"content_field_edit_form\";i:1;s:7:\"profile\";i:2;s:26:\"field_profile_organization\";}', 63, 6, 'admin/content/node-type/profile/fields', 'admin/content/node-type/profile', 'Organization', 't', '', 128, '', '', '', 0, 'profiles/openatrium/modules/contrib/cck/includes/content.admin.inc'),
('admin/content/node-type/blog/fields/field_referenced_book_page', '', '', 'user_access', 'a:1:{i:0;s:24:\"administer content types\";}', 'drupal_get_form', 'a:3:{i:0;s:23:\"content_field_edit_form\";i:1;s:4:\"blog\";i:2;s:26:\"field_referenced_book_page\";}', 63, 6, 'admin/content/node-type/blog/fields', 'admin/content/node-type/blog', 'Referenced Page', 't', '', 128, '', '', '', 0, 'profiles/openatrium/modules/contrib/cck/includes/content.admin.inc'),
('admin/content/node-type/profile/fields/field_profile_telephone', '', '', 'user_access', 'a:1:{i:0;s:24:\"administer content types\";}', 'drupal_get_form', 'a:3:{i:0;s:23:\"content_field_edit_form\";i:1;s:7:\"profile\";i:2;s:23:\"field_profile_telephone\";}', 63, 6, 'admin/content/node-type/profile/fields', 'admin/content/node-type/profile', 'Telephone', 't', '', 128, '', '', '', 0, 'profiles/openatrium/modules/contrib/cck/includes/content.admin.inc'),
('admin/content/node-type/profile/fields/field_profile_url', '', '', 'user_access', 'a:1:{i:0;s:24:\"administer content types\";}', 'drupal_get_form', 'a:3:{i:0;s:23:\"content_field_edit_form\";i:1;s:7:\"profile\";i:2;s:17:\"field_profile_url\";}', 63, 6, 'admin/content/node-type/profile/fields', 'admin/content/node-type/profile', 'URL', 't', '', 128, '', '', '', 0, 'profiles/openatrium/modules/contrib/cck/includes/content.admin.inc'),
('admin/content/taxonomy/%/add/term', 'a:1:{i:3;s:24:\"taxonomy_vocabulary_load\";}', '', 'user_access', 'a:1:{i:0;s:19:\"administer taxonomy\";}', 'taxonomy_add_term_page', 'a:1:{i:0;i:3;}', 59, 6, 'admin/content/taxonomy/%', 'admin/content/taxonomy/%', 'Add term', 't', '', 128, '', '', '', 0, 'modules/taxonomy/taxonomy.admin.inc'),
('admin/settings/casetracker/states/delete/%', 'a:1:{i:5;s:27:\"casetracker_case_state_load\";}', '', 'user_access', 'a:1:{i:0;s:23:\"administer case tracker\";}', 'drupal_get_form', 'a:2:{i:0;s:37:\"casetracker_case_state_confirm_delete\";i:1;i:5;}', 62, 6, '', 'admin/settings/casetracker/states/delete/%', 'Delete case state', 't', '', 4, '', '', '', 0, 'profiles/openatrium/modules/contrib/casetracker/casetracker_admin.inc'),
('admin/settings/casetracker/states/edit/%', 'a:1:{i:5;s:27:\"casetracker_case_state_load\";}', '', 'user_access', 'a:1:{i:0;s:23:\"administer case tracker\";}', 'drupal_get_form', 'a:2:{i:0;s:27:\"casetracker_case_state_edit\";i:1;i:5;}', 62, 6, '', 'admin/settings/casetracker/states/edit/%', 'Edit case state', 't', '', 4, '', '', '', 0, 'profiles/openatrium/modules/contrib/casetracker/casetracker_admin.inc'),
('admin/build/menu/item/%/delete', 'a:1:{i:4;s:14:\"menu_link_load\";}', '', 'user_access', 'a:1:{i:0;s:15:\"administer menu\";}', 'menu_item_delete_page', 'a:1:{i:0;i:4;}', 61, 6, '', 'admin/build/menu/item/%/delete', 'Delete menu item', 't', '', 4, '', '', '', 0, 'modules/menu/menu.admin.inc'),
('admin/build/menu/item/%/edit', 'a:1:{i:4;s:14:\"menu_link_load\";}', '', 'user_access', 'a:1:{i:0;s:15:\"administer menu\";}', 'drupal_get_form', 'a:4:{i:0;s:14:\"menu_edit_item\";i:1;s:4:\"edit\";i:2;i:4;i:3;N;}', 61, 6, '', 'admin/build/menu/item/%/edit', 'Edit menu item', 't', '', 4, '', '', '', 0, 'modules/menu/menu.admin.inc'),
('admin/content/taxonomy/edit/vocabulary/%', 'a:1:{i:5;s:24:\"taxonomy_vocabulary_load\";}', '', 'user_access', 'a:1:{i:0;s:19:\"administer taxonomy\";}', 'taxonomy_admin_vocabulary_edit', 'a:1:{i:0;i:5;}', 62, 6, '', 'admin/content/taxonomy/edit/vocabulary/%', 'Edit vocabulary', 't', '', 4, '', '', '', 0, 'modules/taxonomy/taxonomy.admin.inc'),
('admin/build/menu/item/%/reset', 'a:1:{i:4;s:14:\"menu_link_load\";}', '', 'user_access', 'a:1:{i:0;s:15:\"administer menu\";}', 'drupal_get_form', 'a:2:{i:0;s:23:\"menu_reset_item_confirm\";i:1;i:4;}', 61, 6, '', 'admin/build/menu/item/%/reset', 'Reset menu item', 't', '', 4, '', '', '', 0, 'modules/menu/menu.admin.inc'),
('user/%/notifications/subscriptions/delete/%', 'a:2:{i:1;s:9:\"user_load\";i:5;s:31:\"notifications_subscription_load\";}', '', 'notifications_subscription_access', 'a:2:{i:0;s:11:\"unsubscribe\";i:1;i:5;}', 'drupal_get_form', 'a:2:{i:0;s:38:\"notifications_form_unsubscribe_confirm\";i:1;i:5;}', 46, 6, 'user/%/notifications/subscriptions', 'user/%', 'Delete subscription', 't', '', 128, '', '', '', 0, 'profiles/openatrium/modules/contrib/notifications/notifications.pages.inc'),
('user/%/notifications/subscriptions/edit/%', 'a:2:{i:1;s:9:\"user_load\";i:5;s:31:\"notifications_subscription_load\";}', '', 'notifications_subscription_access', 'a:2:{i:0;s:4:\"edit\";i:1;i:5;}', 'drupal_get_form', 'a:2:{i:0;s:31:\"notifications_subscription_form\";i:1;i:5;}', 46, 6, 'user/%/notifications/subscriptions', 'user/%', 'Edit subscription', 't', '', 128, '', '', '', 0, 'profiles/openatrium/modules/contrib/notifications/notifications.pages.inc'),
('admin/build/views/%/add-display/%', 'a:2:{i:3;s:16:\"views_ui_js_load\";i:5;s:19:\"views_ui_cache_load\";}', '', 'user_access', 'a:1:{i:0;s:16:\"administer views\";}', 'views_ui_add_display', 'a:2:{i:0;i:3;i:1;i:5;}', 58, 6, '', 'admin/build/views/%/add-display/%', '', 't', '', 4, '', '', '', 0, 'profiles/openatrium/modules/contrib/views/includes/admin.inc'),
('admin/build/views/%/%/%', 'a:3:{i:3;s:16:\"views_ui_js_load\";i:4;N;i:5;s:19:\"views_ui_cache_load\";}', '', 'user_access', 'a:1:{i:0;s:16:\"administer views\";}', 'views_ui_ajax_form', 'a:3:{i:0;i:3;i:1;i:4;i:2;i:5;}', 56, 6, '', 'admin/build/views/%/%/%', '', 't', '', 4, '', '', '', 0, 'profiles/openatrium/modules/contrib/views/includes/admin.inc'),
('admin/build/views/%/analyze/%', 'a:2:{i:3;s:16:\"views_ui_js_load\";i:5;s:19:\"views_ui_cache_load\";}', '', 'user_access', 'a:1:{i:0;s:16:\"administer views\";}', 'views_ui_analyze_view', 'a:2:{i:0;i:3;i:1;i:5;}', 58, 6, '', 'admin/build/views/%/analyze/%', '', 't', '', 4, '', '', '', 0, 'profiles/openatrium/modules/contrib/views/includes/admin.inc'),
('admin/settings/date-time/formats/delete/%', 'a:1:{i:5;N;}', '', 'user_access', 'a:1:{i:0;s:29:\"administer site configuration\";}', 'drupal_get_form', 'a:2:{i:0;s:27:\"date_api_delete_format_form\";i:1;i:5;}', 62, 6, '', 'admin/settings/date-time/formats/delete/%', 'Delete date format', 't', '', 4, '', 'Allow users to delete a configured date format.', '', 0, 'profiles/openatrium/modules/contrib/date/date_api.admin.inc'),
('node/%/revisions/view/%/%', 'a:3:{i:1;s:9:\"node_load\";i:4;N;i:5;N;}', '', 'diff_node_revision_access', 'a:1:{i:0;i:1;}', 'diff_diffs_show', 'a:3:{i:0;i:1;i:1;i:4;i:2;i:5;}', 44, 6, 'node/%/revisions/list', 'node/%', 'Diff', 't', '', 128, '', '', '', 0, 'profiles/openatrium/modules/contrib/diff/diff.pages.inc'),
('node/%/webform/components/%/delete', 'a:2:{i:1;a:1:{s:17:\"webform_menu_load\";a:2:{i:0;i:1;i:1;i:5;}}i:4;a:1:{s:27:\"webform_menu_component_load\";a:2:{i:0;i:1;i:1;i:5;}}}', '', 'node_access', 'a:2:{i:0;s:6:\"update\";i:1;i:1;}', 'drupal_get_form', 'a:3:{i:0;s:29:\"webform_component_delete_form\";i:1;i:1;i:2;i:4;}', 45, 6, 'node/%/webform/components/%', 'node/%', '', 't', '', 128, '', '', '', 0, 'modules/webform/includes/webform.components.inc'),
('admin/build/views/%/clone-display/%', 'a:2:{i:3;s:16:\"views_ui_js_load\";i:5;s:19:\"views_ui_cache_load\";}', '', 'user_access', 'a:1:{i:0;s:16:\"administer views\";}', 'views_ui_clone_display', 'a:3:{i:0;i:3;i:1;i:5;i:2;i:6;}', 58, 6, '', 'admin/build/views/%/clone-display/%', '', 't', '', 4, '', '', '', 0, 'profiles/openatrium/modules/contrib/views/includes/admin.inc'),
('admin/build/views/%/details/%', 'a:2:{i:3;s:16:\"views_ui_js_load\";i:5;s:19:\"views_ui_cache_load\";}', '', 'user_access', 'a:1:{i:0;s:16:\"administer views\";}', 'views_ui_edit_details', 'a:2:{i:0;i:3;i:1;i:5;}', 58, 6, '', 'admin/build/views/%/details/%', '', 't', '', 4, '', '', '', 0, 'profiles/openatrium/modules/contrib/views/includes/admin.inc'),
('admin/build/views/%/preview/%', 'a:2:{i:3;s:16:\"views_ui_js_load\";i:5;s:19:\"views_ui_cache_load\";}', '', 'user_access', 'a:1:{i:0;s:16:\"administer views\";}', 'views_ui_preview', 'a:2:{i:0;i:3;i:1;i:5;}', 58, 6, '', 'admin/build/views/%/preview/%', '', 't', '', 4, '', '', '', 0, 'profiles/openatrium/modules/contrib/views/includes/admin.inc'),
('node/%/webform/components/%/clone', 'a:2:{i:1;a:1:{s:17:\"webform_menu_load\";a:2:{i:0;i:1;i:1;i:5;}}i:4;a:1:{s:27:\"webform_menu_component_load\";a:2:{i:0;i:1;i:1;i:5;}}}', '', 'node_access', 'a:2:{i:0;s:6:\"update\";i:1;i:1;}', 'drupal_get_form', 'a:4:{i:0;s:27:\"webform_component_edit_form\";i:1;i:1;i:2;i:4;i:3;b:1;}', 45, 6, 'node/%/webform/components/%', 'node/%', '', 't', '', 128, '', '', '', 0, 'modules/webform/includes/webform.components.inc'),
('admin/build/context/list/%/edit', 'a:1:{i:4;a:1:{s:21:\"ctools_export_ui_load\";a:1:{i:0;s:7:\"context\";}}}', '', 'ctools_export_ui_task_access', 'a:3:{i:0;s:7:\"context\";i:1;s:4:\"edit\";i:2;i:4;}', 'ctools_export_ui_switcher_page', 'a:3:{i:0;s:7:\"context\";i:1;s:4:\"edit\";i:2;i:4;}', 61, 6, 'admin/build/context/list/%', 'admin/build/context/list/%', 'Edit', 't', '', 136, '', '', '', 0, 'profiles/openatrium/modules/contrib/ctools/includes/export-ui.inc'),
('admin/build/context/list/%/export', 'a:1:{i:4;a:1:{s:21:\"ctools_export_ui_load\";a:1:{i:0;s:7:\"context\";}}}', '', 'ctools_export_ui_task_access', 'a:3:{i:0;s:7:\"context\";i:1;s:6:\"export\";i:2;i:4;}', 'ctools_export_ui_switcher_page', 'a:3:{i:0;s:7:\"context\";i:1;s:6:\"export\";i:2;i:4;}', 61, 6, 'admin/build/context/list/%', 'admin/build/context/list/%', 'Export', 't', '', 128, '', '', '', 0, 'profiles/openatrium/modules/contrib/ctools/includes/export-ui.inc'),
('admin/build/context/list/%/clone', 'a:1:{i:4;a:1:{s:21:\"ctools_export_ui_load\";a:1:{i:0;s:7:\"context\";}}}', '', 'ctools_export_ui_task_access', 'a:3:{i:0;s:7:\"context\";i:1;s:5:\"clone\";i:2;i:4;}', 'ctools_export_ui_switcher_page', 'a:3:{i:0;s:7:\"context\";i:1;s:5:\"clone\";i:2;i:4;}', 61, 6, '', 'admin/build/context/list/%/clone', 'Clone', 't', '', 4, '', '', '', 0, 'profiles/openatrium/modules/contrib/ctools/includes/export-ui.inc'),
('admin/build/context/list/%/delete', 'a:1:{i:4;a:1:{s:21:\"ctools_export_ui_load\";a:1:{i:0;s:7:\"context\";}}}', '', 'ctools_export_ui_task_access', 'a:3:{i:0;s:7:\"context\";i:1;s:6:\"delete\";i:2;i:4;}', 'ctools_export_ui_switcher_page', 'a:3:{i:0;s:7:\"context\";i:1;s:6:\"delete\";i:2;i:4;}', 61, 6, '', 'admin/build/context/list/%/delete', 'Delete', 't', '', 4, '', '', '', 0, 'profiles/openatrium/modules/contrib/ctools/includes/export-ui.inc'),
('admin/build/context/list/%/disable', 'a:1:{i:4;a:1:{s:21:\"ctools_export_ui_load\";a:1:{i:0;s:7:\"context\";}}}', '', 'ctools_export_ui_task_access', 'a:3:{i:0;s:7:\"context\";i:1;s:7:\"disable\";i:2;i:4;}', 'ctools_export_ui_switcher_page', 'a:3:{i:0;s:7:\"context\";i:1;s:7:\"disable\";i:2;i:4;}', 61, 6, '', 'admin/build/context/list/%/disable', 'Disable', 't', '', 4, '', '', '', 0, 'profiles/openatrium/modules/contrib/ctools/includes/export-ui.inc'),
('admin/build/context/list/%/enable', 'a:1:{i:4;a:1:{s:21:\"ctools_export_ui_load\";a:1:{i:0;s:7:\"context\";}}}', '', 'ctools_export_ui_task_access', 'a:3:{i:0;s:7:\"context\";i:1;s:6:\"enable\";i:2;i:4;}', 'ctools_export_ui_switcher_page', 'a:3:{i:0;s:7:\"context\";i:1;s:6:\"enable\";i:2;i:4;}', 61, 6, '', 'admin/build/context/list/%/enable', 'Enable', 't', '', 4, '', '', '', 0, 'profiles/openatrium/modules/contrib/ctools/includes/export-ui.inc'),
('admin/build/context/list/%/revert', 'a:1:{i:4;a:1:{s:21:\"ctools_export_ui_load\";a:1:{i:0;s:7:\"context\";}}}', '', 'ctools_export_ui_task_access', 'a:3:{i:0;s:7:\"context\";i:1;s:6:\"revert\";i:2;i:4;}', 'ctools_export_ui_switcher_page', 'a:3:{i:0;s:7:\"context\";i:1;s:6:\"delete\";i:2;i:4;}', 61, 6, '', 'admin/build/context/list/%/revert', 'Revert', 't', '', 4, '', '', '', 0, 'profiles/openatrium/modules/contrib/ctools/includes/export-ui.inc'),
('admin/build/block/configure/boxes/%/delete', 'a:1:{i:5;s:10:\"boxes_load\";}', '', 'user_access', 'a:1:{i:0;s:17:\"administer blocks\";}', 'drupal_get_form', 'a:2:{i:0;s:17:\"boxes_delete_form\";i:1;i:5;}', 125, 7, '', 'admin/build/block/configure/boxes/%/delete', 'Delete box', 't', '', 4, '', '', '', 0, 'profiles/openatrium/modules/contrib/boxes/boxes.admin.inc'),
('admin/content/node-type/blog/fields/field_referenced_book_page/remove', '', '', 'user_access', 'a:1:{i:0;s:24:\"administer content types\";}', 'drupal_get_form', 'a:3:{i:0;s:25:\"content_field_remove_form\";i:1;s:4:\"blog\";i:2;s:26:\"field_referenced_book_page\";}', 127, 7, '', 'admin/content/node-type/blog/fields/field_referenced_book_page/remove', 'Remove field', 't', '', 4, '', '', '', 0, 'profiles/openatrium/modules/contrib/cck/includes/content.admin.inc'),
('admin/content/node-type/casetracker-basic-case/fields/field_due_date/remove', '', '', 'user_access', 'a:1:{i:0;s:24:\"administer content types\";}', 'drupal_get_form', 'a:3:{i:0;s:25:\"content_field_remove_form\";i:1;s:22:\"casetracker_basic_case\";i:2;s:14:\"field_due_date\";}', 127, 7, '', 'admin/content/node-type/casetracker-basic-case/fields/field_due_date/remove', 'Remove field', 't', '', 4, '', '', '', 0, 'profiles/openatrium/modules/contrib/cck/includes/content.admin.inc'),
('admin/content/node-type/event/fields/field_date/remove', '', '', 'user_access', 'a:1:{i:0;s:24:\"administer content types\";}', 'drupal_get_form', 'a:3:{i:0;s:25:\"content_field_remove_form\";i:1;s:5:\"event\";i:2;s:10:\"field_date\";}', 127, 7, '', 'admin/content/node-type/event/fields/field_date/remove', 'Remove field', 't', '', 4, '', '', '', 0, 'profiles/openatrium/modules/contrib/cck/includes/content.admin.inc'),
('admin/content/node-type/feed-ical-item/fields/field_date/remove', '', '', 'user_access', 'a:1:{i:0;s:24:\"administer content types\";}', 'drupal_get_form', 'a:3:{i:0;s:25:\"content_field_remove_form\";i:1;s:14:\"feed_ical_item\";i:2;s:10:\"field_date\";}', 127, 7, '', 'admin/content/node-type/feed-ical-item/fields/field_date/remove', 'Remove field', 't', '', 4, '', '', '', 0, 'profiles/openatrium/modules/contrib/cck/includes/content.admin.inc'),
('admin/content/node-type/profile/fields/field_profile_address/remove', '', '', 'user_access', 'a:1:{i:0;s:24:\"administer content types\";}', 'drupal_get_form', 'a:3:{i:0;s:25:\"content_field_remove_form\";i:1;s:7:\"profile\";i:2;s:21:\"field_profile_address\";}', 127, 7, '', 'admin/content/node-type/profile/fields/field_profile_address/remove', 'Remove field', 't', '', 4, '', '', '', 0, 'profiles/openatrium/modules/contrib/cck/includes/content.admin.inc'),
('admin/content/node-type/profile/fields/field_profile_organization/remove', '', '', 'user_access', 'a:1:{i:0;s:24:\"administer content types\";}', 'drupal_get_form', 'a:3:{i:0;s:25:\"content_field_remove_form\";i:1;s:7:\"profile\";i:2;s:26:\"field_profile_organization\";}', 127, 7, '', 'admin/content/node-type/profile/fields/field_profile_organization/remove', 'Remove field', 't', '', 4, '', '', '', 0, 'profiles/openatrium/modules/contrib/cck/includes/content.admin.inc'),
('admin/content/node-type/profile/fields/field_profile_telephone/remove', '', '', 'user_access', 'a:1:{i:0;s:24:\"administer content types\";}', 'drupal_get_form', 'a:3:{i:0;s:25:\"content_field_remove_form\";i:1;s:7:\"profile\";i:2;s:23:\"field_profile_telephone\";}', 127, 7, '', 'admin/content/node-type/profile/fields/field_profile_telephone/remove', 'Remove field', 't', '', 4, '', '', '', 0, 'profiles/openatrium/modules/contrib/cck/includes/content.admin.inc'),
('admin/content/node-type/profile/fields/field_profile_url/remove', '', '', 'user_access', 'a:1:{i:0;s:24:\"administer content types\";}', 'drupal_get_form', 'a:3:{i:0;s:25:\"content_field_remove_form\";i:1;s:7:\"profile\";i:2;s:17:\"field_profile_url\";}', 127, 7, '', 'admin/content/node-type/profile/fields/field_profile_url/remove', 'Remove field', 't', '', 4, '', '', '', 0, 'profiles/openatrium/modules/contrib/cck/includes/content.admin.inc');

-- --------------------------------------------------------

--
-- Table structure for table `messaging_message_parts`
--

CREATE TABLE `messaging_message_parts` (
  `type` varchar(100) NOT NULL DEFAULT '',
  `method` varchar(50) NOT NULL DEFAULT '',
  `msgkey` varchar(100) NOT NULL DEFAULT '',
  `module` varchar(255) NOT NULL DEFAULT '',
  `message` longtext NOT NULL
) ENGINE=MyISAM DEFAULT CHARSET=utf8;

-- --------------------------------------------------------

--
-- Table structure for table `messaging_store`
--

CREATE TABLE `messaging_store` (
  `mqid` int(10) UNSIGNED NOT NULL,
  `uid` int(10) UNSIGNED NOT NULL DEFAULT '0',
  `sender` int(10) UNSIGNED NOT NULL DEFAULT '0',
  `method` varchar(255) NOT NULL DEFAULT '',
  `destination` varchar(255) NOT NULL DEFAULT '',
  `subject` varchar(255) NOT NULL DEFAULT '',
  `body` longtext NOT NULL,
  `params` longtext NOT NULL,
  `created` int(11) NOT NULL DEFAULT '0',
  `sent` int(11) NOT NULL DEFAULT '0',
  `cron` tinyint(4) NOT NULL DEFAULT '0',
  `queue` tinyint(4) NOT NULL DEFAULT '0',
  `log` tinyint(4) NOT NULL DEFAULT '0'
) ENGINE=MyISAM DEFAULT CHARSET=utf8;

-- --------------------------------------------------------

--
-- Table structure for table `node`
--

CREATE TABLE `node` (
  `nid` int(10) UNSIGNED NOT NULL,
  `vid` int(10) UNSIGNED NOT NULL DEFAULT '0',
  `type` varchar(32) NOT NULL DEFAULT '',
  `language` varchar(12) NOT NULL DEFAULT '',
  `title` varchar(255) NOT NULL DEFAULT '',
  `uid` int(11) NOT NULL DEFAULT '0',
  `status` int(11) NOT NULL DEFAULT '1',
  `created` int(11) NOT NULL DEFAULT '0',
  `changed` int(11) NOT NULL DEFAULT '0',
  `comment` int(11) NOT NULL DEFAULT '0',
  `promote` int(11) NOT NULL DEFAULT '0',
  `moderate` int(11) NOT NULL DEFAULT '0',
  `sticky` int(11) NOT NULL DEFAULT '0',
  `tnid` int(10) UNSIGNED NOT NULL DEFAULT '0',
  `translate` int(11) NOT NULL DEFAULT '0'
) ENGINE=MyISAM DEFAULT CHARSET=utf8;

--
-- Dumping data for table `node`
--

INSERT INTO `node` (`nid`, `vid`, `type`, `language`, `title`, `uid`, `status`, `created`, `changed`, `comment`, `promote`, `moderate`, `sticky`, `tnid`, `translate`) VALUES
(19, 23, 'blog', 'es', 'Sitio web Tecprecinc', 1, 1, 1366652016, 1366652016, 2, 0, 0, 0, 0, 0),
(3, 3, 'group', 'es', 'indicadores', 1, 1, 1365447112, 1365447112, 0, 0, 0, 0, 0, 0),
(18, 22, 'blog', 'es', 'WebExcalibur', 1, 1, 1366651582, 1366651582, 2, 0, 0, 0, 0, 0),
(13, 16, 'archivo_inidcadores', 'es', 'Indicadores procesos administración', 3, 1, 1366115817, 1366115817, 2, 0, 0, 0, 0, 0),
(14, 17, 'archivo_inidcadores', 'es', 'Inspecciones de SySO y MA', 11, 1, 1366226361, 1366226361, 2, 0, 0, 0, 0, 0),
(15, 20, 'archivo_inidcadores', 'es', 'Indicador Conducta de Manejo (Operaciones).', 11, 1, 1366308360, 1366309342, 2, 0, 0, 0, 0, 0),
(16, 19, 'archivo_inidcadores', 'es', 'Estadisticas Año 2011-2012-2013', 11, 1, 1366309179, 1366309179, 2, 0, 0, 0, 0, 0),
(17, 21, 'group', 'es', 'Desarrollo de herramientas informáticas', 1, 1, 1366407622, 1366407622, 0, 0, 0, 0, 0, 0),
(10, 13, 'archivo_inidcadores', 'es', 'Indicadores Mantenimiento Vehicular', 5, 1, 1365520248, 1365521189, 2, 0, 0, 0, 0, 0),
(11, 14, 'archivo_inidcadores', 'es', 'Mantenimiento Vehicular', 5, 1, 1365529702, 1365529702, 2, 0, 0, 0, 0, 0),
(20, 24, 'blog', 'es', 'Diseño Grafico', 1, 1, 1366655035, 1366655035, 2, 0, 0, 0, 0, 0),
(22, 27, 'blog', 'es', 'Control Intratec / Indicadores', 1, 1, 1366668695, 1366668966, 2, 0, 0, 0, 0, 0),
(23, 28, 'group', 'es', 'General', 1, 1, 1366899824, 1366899824, 0, 0, 0, 0, 0, 0),
(24, 29, 'book', 'es', 'Registro de documentos vigentes', 1, 1, 1366900223, 1366900223, 0, 0, 0, 0, 0, 0),
(25, 30, 'profile', 'es', 'Martin Andres Oliva', 24, 1, 1367345315, 1367345315, 0, 0, 0, 0, 0, 0),
(26, 31, 'group', 'es', 'Resoluciones-WebExcalibur', 1, 1, 1368480362, 1368480930, 0, 0, 0, 0, 0, 0),
(27, 32, 'blog', 'es', 'Avances Web Excalibur', 1, 1, 1368480750, 1368480750, 2, 0, 0, 0, 0, 0),
(28, 33, 'archivo_inidcadores', 'es', 'Indicadores Mantenimiento Vehicular', 5, 1, 1368819808, 1368819967, 1, 0, 0, 0, 0, 0),
(29, 34, 'blog', 'es', 'problema ', 14, 1, 1369336983, 1369336983, 2, 0, 0, 0, 0, 0),
(30, 35, 'blog', 'es', 'Mapas de velocidades RSV', 6, 1, 1370605217, 1370605217, 2, 0, 0, 0, 0, 0),
(31, 43, 'blog', 'es', 'IPER ', 1, 1, 1371828493, 1372880762, 2, 0, 0, 0, 0, 0),
(32, 48, 'blog', 'es', 'MATRIZ LEGAL', 1, 1, 1372277460, 1373316012, 2, 0, 0, 0, 0, 0),
(33, 41, 'blog', 'es', 'PROGRAMA ANUAL DE AUDITORIAS INTERNAS', 1, 1, 1372277612, 1372277684, 2, 0, 0, 0, 0, 0),
(34, 45, 'blog', 'es', 'ASPECTOS E IMPACTOS AMBIENTALES', 1, 1, 1373315125, 1373315125, 2, 0, 0, 0, 0, 0),
(35, 47, 'blog', 'es', 'Objetivos Actuales', 1, 1, 1373315754, 1373315782, 2, 0, 0, 0, 0, 0),
(36, 49, 'webform', 'es', 'Encuesta clima laboral', 1, 1, 1373923199, 1374276352, 2, 1, 0, 0, 0, 0),
(37, 51, 'blog', 'es', 'Política de gestión', 1, 1, 1374162379, 1374163532, 2, 0, 0, 0, 0, 0),
(38, 52, 'group', 'es', 'Liquidación y facturación', 1, 1, 1374164495, 1374164495, 0, 0, 0, 0, 0, 0),
(39, 53, 'blog', 'es', 'Bienvenidos al Grupo Liquidación y Facturación', 1, 1, 1374164932, 1374164932, 2, 0, 0, 0, 0, 0),
(40, 54, 'webform_report', 'es', 'Encuesta de clima laboral', 1, 1, 1374276893, 1374585953, 2, 1, 0, 0, 0, 0),
(41, 55, 'archivo_inidcadores', 'es', 'Seguimiento PAC 2013', 8, 1, 1374493538, 1374493538, 2, 0, 0, 0, 0, 0),
(42, 56, 'blog', 'es', 'cuotas No remunerativa $3000 -  contrato 4900058521', 7, 1, 1374500346, 1374500346, 2, 0, 0, 0, 0, 0),
(43, 57, 'webform_report', 'es', 'Envios encuesta', 1, 0, 1374586974, 1374623153, 2, 1, 0, 0, 0, 0),
(44, 58, 'blog', 'es', '3ra couta No Remunerativo contrato Apoyo inspeccion Equipos CIPH 4900058509', 7, 1, 1375456243, 1375456243, 2, 0, 0, 0, 0, 0),
(45, 59, 'blog', 'es', 'CUOTA $3000 No remunerativa - Julio 2013 - contrato 4900056240 - ', 7, 1, 1377258833, 1377258833, 2, 0, 0, 0, 0, 0),
(46, 60, 'blog', 'es', 'INCREMENTO 5% A PARTIR DEL MES DE SEPTIEMBRE 2013 SPP Y SPJ', 8, 1, 1378215573, 1378215573, 2, 0, 0, 0, 0, 0),
(47, 61, 'blog', 'es', 'Pagos Faltantes a realizar cuota $3.000', 8, 1, 1378215830, 1378215830, 2, 0, 0, 0, 0, 0),
(48, 62, 'blog', 'es', 'ACTUALIZACIÓN DE CONTROL DE PAGOS CUOTAS $3.000 (11/2012; 05/2013; 07/2013; 11/2013) A LA FECHA 10/09/2013.', 8, 1, 1378836055, 1378836055, 2, 0, 0, 0, 0, 0);

-- --------------------------------------------------------

--
-- Table structure for table `node_access`
--

CREATE TABLE `node_access` (
  `nid` int(10) UNSIGNED NOT NULL DEFAULT '0',
  `gid` int(10) UNSIGNED NOT NULL DEFAULT '0',
  `realm` varchar(255) NOT NULL DEFAULT '',
  `grant_view` tinyint(3) UNSIGNED NOT NULL DEFAULT '0',
  `grant_update` tinyint(3) UNSIGNED NOT NULL DEFAULT '0',
  `grant_delete` tinyint(3) UNSIGNED NOT NULL DEFAULT '0'
) ENGINE=MyISAM DEFAULT CHARSET=utf8;

--
-- Dumping data for table `node_access`
--

INSERT INTO `node_access` (`nid`, `gid`, `realm`, `grant_view`, `grant_update`, `grant_delete`) VALUES
(3, 3, 'og_admin', 1, 1, 0),
(3, 3, 'og_subscriber', 1, 0, 0),
(10, 1, 'indic_admin', 1, 0, 0),
(10, 5, 'indic_owner', 1, 1, 1),
(10, 3, 'og_admin', 1, 1, 1),
(11, 1, 'indic_admin', 1, 0, 0),
(11, 5, 'indic_owner', 1, 1, 1),
(11, 3, 'og_admin', 1, 1, 1),
(13, 1, 'indic_admin', 1, 0, 0),
(13, 3, 'indic_owner', 1, 1, 1),
(13, 3, 'og_admin', 1, 1, 1),
(14, 1, 'indic_admin', 1, 0, 0),
(14, 11, 'indic_owner', 1, 1, 1),
(14, 3, 'og_admin', 1, 1, 1),
(15, 1, 'indic_admin', 1, 0, 0),
(15, 11, 'indic_owner', 1, 1, 1),
(15, 3, 'og_admin', 1, 1, 1),
(16, 1, 'indic_admin', 1, 0, 0),
(16, 11, 'indic_owner', 1, 1, 1),
(16, 3, 'og_admin', 1, 1, 1),
(17, 17, 'og_admin', 1, 1, 0),
(17, 17, 'og_subscriber', 1, 0, 0),
(18, 17, 'og_admin', 1, 1, 1),
(18, 17, 'og_subscriber', 1, 0, 0),
(19, 17, 'og_admin', 1, 1, 1),
(19, 17, 'og_subscriber', 1, 0, 0),
(20, 17, 'og_admin', 1, 1, 1),
(20, 17, 'og_subscriber', 1, 0, 0),
(22, 17, 'og_admin', 1, 1, 1),
(22, 17, 'og_subscriber', 1, 0, 0),
(23, 23, 'og_admin', 1, 1, 0),
(23, 0, 'og_public', 1, 0, 0),
(24, 0, 'og_public', 1, 0, 0),
(24, 23, 'og_admin', 1, 1, 1),
(24, 23, 'og_subscriber', 1, 0, 0),
(25, 0, 'all', 1, 0, 0),
(26, 26, 'og_admin', 1, 1, 0),
(26, 26, 'og_subscriber', 1, 0, 0),
(27, 26, 'og_admin', 1, 1, 1),
(27, 26, 'og_subscriber', 1, 0, 0),
(28, 5, 'indic_owner', 1, 1, 1),
(28, 1, 'indic_admin', 1, 0, 0),
(28, 3, 'og_admin', 1, 1, 1),
(29, 26, 'og_admin', 1, 1, 1),
(29, 26, 'og_subscriber', 1, 0, 0),
(30, 0, 'og_public', 1, 0, 0),
(30, 23, 'og_admin', 1, 1, 1),
(30, 23, 'og_subscriber', 1, 0, 0),
(31, 23, 'og_admin', 1, 1, 1),
(31, 23, 'og_subscriber', 1, 0, 0),
(32, 23, 'og_admin', 1, 1, 1),
(32, 23, 'og_subscriber', 1, 0, 0),
(33, 23, 'og_subscriber', 1, 0, 0),
(33, 23, 'og_admin', 1, 1, 1),
(33, 0, 'og_public', 1, 0, 0),
(31, 0, 'og_public', 1, 0, 0),
(32, 0, 'og_public', 1, 0, 0),
(34, 0, 'og_public', 1, 0, 0),
(34, 23, 'og_admin', 1, 1, 1),
(34, 23, 'og_subscriber', 1, 0, 0),
(35, 23, 'og_subscriber', 1, 0, 0),
(35, 23, 'og_admin', 1, 1, 1),
(35, 0, 'og_public', 1, 0, 0),
(36, 0, 'all', 1, 0, 0),
(37, 23, 'og_subscriber', 1, 0, 0),
(37, 23, 'og_admin', 1, 1, 1),
(37, 0, 'og_public', 1, 0, 0),
(38, 38, 'og_admin', 1, 1, 0),
(38, 38, 'og_subscriber', 1, 0, 0),
(39, 38, 'og_admin', 1, 1, 1),
(39, 38, 'og_subscriber', 1, 0, 0),
(40, 0, 'all', 1, 0, 0),
(41, 1, 'indic_admin', 1, 0, 0),
(41, 8, 'indic_owner', 1, 1, 1),
(41, 3, 'og_admin', 1, 1, 1),
(42, 38, 'og_admin', 1, 1, 1),
(42, 38, 'og_subscriber', 1, 0, 0),
(43, 0, 'all', 1, 0, 0),
(44, 38, 'og_admin', 1, 1, 1),
(44, 38, 'og_subscriber', 1, 0, 0),
(45, 38, 'og_admin', 1, 1, 1),
(45, 38, 'og_subscriber', 1, 0, 0),
(46, 38, 'og_admin', 1, 1, 1),
(46, 38, 'og_subscriber', 1, 0, 0),
(47, 38, 'og_admin', 1, 1, 1),
(47, 38, 'og_subscriber', 1, 0, 0),
(48, 38, 'og_admin', 1, 1, 1),
(48, 38, 'og_subscriber', 1, 0, 0);

-- --------------------------------------------------------

--
-- Table structure for table `node_comment_statistics`
--

CREATE TABLE `node_comment_statistics` (
  `nid` int(10) UNSIGNED NOT NULL DEFAULT '0',
  `last_comment_timestamp` int(11) NOT NULL DEFAULT '0',
  `last_comment_name` varchar(60) DEFAULT NULL,
  `last_comment_uid` int(11) NOT NULL DEFAULT '0',
  `comment_count` int(10) UNSIGNED NOT NULL DEFAULT '0'
) ENGINE=MyISAM DEFAULT CHARSET=utf8;

--
-- Dumping data for table `node_comment_statistics`
--

INSERT INTO `node_comment_statistics` (`nid`, `last_comment_timestamp`, `last_comment_name`, `last_comment_uid`, `comment_count`) VALUES
(19, 1366934008, '', 1, 4),
(16, 1366309179, NULL, 11, 0),
(3, 1365447112, NULL, 1, 0),
(18, 1367952773, '', 1, 20),
(17, 1366407622, NULL, 1, 0),
(13, 1366115817, NULL, 3, 0),
(14, 1366226361, NULL, 11, 0),
(15, 1366308360, NULL, 11, 0),
(10, 1365520248, NULL, 5, 0),
(11, 1365529702, NULL, 5, 0),
(20, 1366749769, '', 6, 5),
(22, 1367508011, '', 6, 10),
(23, 1366899824, NULL, 1, 0),
(24, 1366900223, NULL, 1, 0),
(25, 1367345315, NULL, 24, 0),
(26, 1368480362, NULL, 1, 0),
(27, 1368539989, '', 13, 2),
(28, 1368819808, NULL, 5, 0),
(29, 1369663257, '', 14, 2),
(30, 1370605217, NULL, 6, 0),
(31, 1371828493, NULL, 1, 0),
(32, 1372277460, NULL, 1, 0),
(33, 1372277612, NULL, 1, 0),
(34, 1373315125, NULL, 1, 0),
(35, 1373315754, NULL, 1, 0),
(36, 1373923199, NULL, 1, 0),
(37, 1374162379, NULL, 1, 0),
(38, 1374164495, NULL, 1, 0),
(39, 1374499509, '', 7, 1),
(40, 1374276893, NULL, 1, 0),
(41, 1374493538, NULL, 8, 0),
(42, 1374507741, '', 8, 2),
(43, 1374586974, NULL, 1, 0),
(44, 1375456243, NULL, 7, 0),
(45, 1377258833, NULL, 7, 0),
(46, 1378215573, NULL, 8, 0),
(47, 1378215830, NULL, 8, 0),
(48, 1378836055, NULL, 8, 0);

-- --------------------------------------------------------

--
-- Table structure for table `node_counter`
--

CREATE TABLE `node_counter` (
  `nid` int(11) NOT NULL DEFAULT '0',
  `totalcount` bigint(20) UNSIGNED NOT NULL DEFAULT '0',
  `daycount` mediumint(8) UNSIGNED NOT NULL DEFAULT '0',
  `timestamp` int(10) UNSIGNED NOT NULL DEFAULT '0'
) ENGINE=MyISAM DEFAULT CHARSET=utf8;

-- --------------------------------------------------------

--
-- Table structure for table `node_revisions`
--

CREATE TABLE `node_revisions` (
  `nid` int(10) UNSIGNED NOT NULL DEFAULT '0',
  `vid` int(10) UNSIGNED NOT NULL,
  `uid` int(11) NOT NULL DEFAULT '0',
  `title` varchar(255) NOT NULL DEFAULT '',
  `body` longtext NOT NULL,
  `teaser` longtext NOT NULL,
  `log` longtext NOT NULL,
  `timestamp` int(11) NOT NULL DEFAULT '0',
  `format` int(11) NOT NULL DEFAULT '0'
) ENGINE=MyISAM DEFAULT CHARSET=utf8;

--
-- Dumping data for table `node_revisions`
--

INSERT INTO `node_revisions` (`nid`, `vid`, `uid`, `title`, `body`, `teaser`, `log`, `timestamp`, `format`) VALUES
(3, 3, 1, 'indicadores', '', '', '', 1365447112, 0),
(20, 24, 1, 'Diseño Grafico', '22/04 : Esperamos a  Miguel Gonzalez que nos enviará las modificaciones para la carpeta institucional ', '22/04 : Esperamos a  Miguel Gonzalez que nos enviará las modificaciones para la carpeta institucional ', '', 1366655035, 5),
(13, 16, 3, 'Indicadores procesos administración', '', '', '', 1366115817, 5),
(14, 17, 11, 'Inspecciones de SySO y MA', '', '', '', 1366226361, 5),
(15, 18, 11, 'Indicador Conducta de Manejo (Operaciones).', '', '', '', 1366308360, 5),
(16, 19, 11, 'Estadisticas Año 2011-2012-2013', '', '', '', 1366309179, 5),
(15, 20, 11, 'Indicador Conducta de Manejo (Operaciones).', '', '', '', 1366309342, 5),
(17, 21, 1, 'Desarrollo de herramientas informáticas', '', '', '', 1366407622, 0),
(18, 22, 1, 'WebExcalibur', 'Estimados de acuerdo al formato requerido adjunto la actualizacion para hoy 22/04 para el proyecot Webexcalibur', 'Estimados de acuerdo al formato requerido adjunto la actualizacion para hoy 22/04 para el proyecot Webexcalibur', '', 1366651582, 5),
(19, 23, 1, 'Sitio web Tecprecinc', 'Angel podes anotar claramente los recursos adicionales a lo actual que debe tener la web? la vamos a empezar a trabajar el 06/05 y presentar el 15/05', 'Angel podes anotar claramente los recursos adicionales a lo actual que debe tener la web? la vamos a empezar a trabajar el 06/05 y presentar el 15/05', '', 1366652016, 5),
(10, 12, 5, 'Indicadores Mantenimiento Vehicular', '', '', '', 1365520248, 5),
(10, 13, 5, 'Indicadores Mantenimiento Vehicular', '', '', '', 1365521189, 5),
(11, 14, 5, 'Mantenimiento Vehicular', 'Indicadores Flota Marzo 2013 ', 'Indicadores Flota Marzo 2013 ', '', 1365529702, 5),
(22, 27, 1, 'Control Intratec / Indicadores', 'Estimados hemos granularizado el acceso de los diferentes usuarios del grupo  indicadores, van a recibir un mail para confirmar que no ven lo del resto todos los usuarios.\r\nTenemos que pedirlo porque varios ya cambiaron sus contraseñas.\r\n', 'Estimados hemos granularizado el acceso de los diferentes usuarios del grupo  indicadores, van a recibir un mail para confirmar que no ven lo del resto todos los usuarios.\r\nTenemos que pedirlo porque varios ya cambiaron sus contraseñas.\r\n', '', 1366668966, 5),
(22, 26, 1, 'Control Intratec', '', '', '', 1366668695, 5),
(23, 28, 1, 'General', '', '', '', 1366899824, 0),
(24, 29, 1, 'Registro de documentos vigentes', 'ADMINISTRACIÓN GENERAL\r\n\r\nPE-ADM-1-Procedimiento-Procesamiento Contable\r\n\r\nRevisión 1 // 03-sep-10\r\n\r\nPG-ADM-1-Anexo-1-Relevamiento de Insumos\r\n\r\nRevisión 4 // 31-mar-10\r\n\r\nPG-ADM-1-Anexo-2-Formulario de Evaluación\r\n\r\nRevisión 3 // 23-may-06\r\n\r\nPG-ADM-1-Anexo-3-Listado de Proveedores Habilitados\r\n\r\nRevisión 3 // 23-may-06\r\n\r\nPG-ADM-1-Instructivo-1-Instructivo Planillas\r\n\r\nRevisión 4 //31-mar-10\r\n\r\nPG-ADM-1-Procedimiento-Selección y evaluación de proveedores\r\n\r\nRevisión 5 // 15-sep-11\r\n\r\n\r\nPG-ADM-2-Anexo-1-Planilla Solicitud de Compras\r\n\r\nRevisión 7 // 12-may-10\r\n\r\nPG-ADM-2-Anexo-2-Planilla Orden de Compras\r\n\r\nRevisión 4 // 23-jul-07\r\n\r\n\r\nPG-ADM-2-Anexo-3-Planilla de Recepción de Pedidos\r\n\r\nRevisión 4 // 23-jul-07\r\n\r\nPG-ADM-2-Instructivo-1-Instructivo planillas\r\n\r\nRevisión 4 // 23-jul-07\r\n\r\n\r\nPG-ADM-2-Instructivo-2-Control y Seguimiento de las Compras\r\n\r\nRevisión 5 // 03-nov-10\r\n\r\n\r\nPG-ADM-2-Procedimiento-Compras.\r\n\r\nRevisión 6 // 03-nov-10\r\n\r\nPG-ADM-3-Anexo-1-Planilla de Pre Facturación\r\n\r\nRevisión 1 // 03-jul-09\r\n\r\n\r\nPG-ADM-3-Anexo-2-Control de clientes\r\n\r\nRevisión 0 // 03-jun-09\r\n\r\n\r\nPG-ADM-3-Anexo-3-Control de envíos postales\r\n\r\nRevisión 0 // 03-jun-09\r\n\r\n\r\nPG-ADM-3-Anexo-4-Control de Entrega de facturas\r\n\r\nRevisión 0 // 03-jun-09\r\n\r\n\r\nPG-ADM-3-Instructivo-1-Confección de Remitos\r\n\r\nRevisión 0 // 23-jul-07\r\n\r\n\r\nPG-ADM-3-Instructivo-2-Confección de Recibos de Cobro\r\n\r\nRevisión 0 // 23-jul-07\r\n\r\n\r\nPG-ADM-3-Instructivo-3-Facturación\r\n\r\nRevisión 0 // 10-dic-09\r\n\r\n\r\nPG-ADM-3-Procedimiento-Facturación y cobranzas\r\n\r\nRevisión 2 // 10-dic-09\r\n\r\n\r\nPG-ADM-4-Anexo-1-Cuadro de seguimiento de deuda periódica.\r\n\r\nRevisión 0 // 10-oct-08\r\n\r\n\r\nPG-ADM-4-Anexo-2-Seguimiento de pagos.\r\n\r\nRevisión 0 // 10-oct-08\r\n\r\n\r\nPG-ADM-4-Instructivo-1-Pagos.\r\n\r\nRevisión 1 // 31-mar-10\r\n\r\n\r\nPG-ADM-4-Procedimiento-Cuentas a pagar y pagos\r\n\r\nRevisión 2 // 10-oct-08\r\n\r\n\r\nPG-ADM-5-Anexo-1-Planilla Rendición de Gastos\r\n\r\nRevisión 1 // 15-sep-11\r\n\r\n\r\nPG-ADM-5-Anexo-2-Planilla de Solicitud de Viáticos y Gastos\r\n\r\nRevisión 1 // 03-jun-09\r\n\r\n\r\nPG-ADM-5-Procedimiento-Gastos A rendir y Viáticos\r\n\r\nRevisión 2 // 15-sep-11\r\n\r\n\r\nPG-ADM-6-Anexo-1-Planilla Administración de cajas chicas\r\n\r\nRevisión 1 // 15-sep-11\r\n\r\n\r\nPG-ADM-6-Procedimiento-Administración de cajas chicas\r\n\r\nRevisión 2  // 15-sep-11\r\n\r\nAREA CALIDAD\r\n\r\nMC-Anexo-1-Registro de documentos vigentes\r\n\r\nRevisión 0 // 10-dic-09\r\n\r\n\r\nMC-Manual de la calidad\r\n\r\nRevisión 7 // 10-dic-09\r\n\r\n\r\nPG-AC-1-Anexo-1-Formato de los Documentos del SGC\r\n\r\nRevisión 4 // 26-mar-09\r\n\r\n\r\nPG-AC-1-Anexo-2-Planilla Revisión de Documentos\r\n\r\nRevisión 4 // 26-mar-09\r\n\r\n\r\nPG-AC-1-Anexo-3-Planilla entrega de copias Controladas\r\n\r\nRevisión 5 // 09-jun-11\r\n\r\n\r\nPG-AC-1-Anexo-5-Planillas Documentos Externos\r\n\r\nRevisión 4 // 09-jun-11\r\n\r\n\r\nPG-AC-1-Anexo-6-Planilla de control y conservación de registros\r\n\r\nRevisión 0 // 26-mar-09\r\n\r\n\r\nPG-AC-1-Instructivo-1-Instructivo Planillas\r\n\r\nRevisión 5 // 09-jun-11\r\n\r\n\r\nPG-AC-1-Procedimiento-Confección, aprobación, puesta en vigencia y control de documentos.\r\n\r\nRevisión 9 // 09-jun-11\r\n\r\n\r\nPG-AC-2-Anexo-1-Planilla Encuesta al cliente\r\n\r\nRevisión 0 // 10-oct-08\r\n\r\n\r\nPG-AC-2-Procedimiento-Satisfacción del cliente\r\n\r\nRevisión 2 // 09-may-06\r\n\r\n\r\nPG-AC-3-Anexo-1-Programa de Auditorias\r\n\r\nRevisión 4 // 03-jun-09\r\n\r\n\r\nPG-AC-3-Anexo-2-Plan de Auditorias\r\n\r\nRevisión 4 // 03-jun-09\r\n\r\n\r\nPG-AC-3-Anexo-3-Informe general de auditorias\r\n\r\nRevisión 4 // 03-jun-09\r\n\r\n\r\nPG-AC-3-Instructivo-1-Planillas\r\n\r\nRevisión 4 // 03-jun-09\r\n\r\n\r\nPG-AC-3-Procedimiento-Auditorias internas\r\n\r\nRevisión 5 // 03-jun-09\r\n\r\n\r\nPG-AC-4-Anexo-1-Informe de desviación.\r\n\r\nRevisión 5 // 26-ago-09\r\n\r\n\r\nPG-AC-4-Anexo-2-Control de informes de desviación.\r\n\r\nRevisión 5 // 26-ago-09\r\n\r\n\r\nPG-AC-4-Anexo-3-Listado de Acciones Correctivas Preventivas\r\n\r\nRevisión 1 // 26-ago-09\r\n\r\n\r\nPG-AC-4-Anexo-4-Informe de Acciones Preventivas\r\n\r\nRevisión 1 // 26-ago-09\r\n\r\n\r\nPG-AC-4-Instructivo-1-Instructivo Planillas.\r\n\r\nRevisión 5 // 26-ago-09\r\n\r\n\r\nPG-AC-4-Procedimiento-Servicio no conforme\r\n\r\nRevisión 5 // 26-ago-09\r\n\r\n\r\nPG-AC-6-Anexo-1-Planilla Evaluación De Cumplimiento\r\n\r\nRevisión 2 // 09-jun-11\r\n\r\n\r\nPG-AC-6-Procedimiento-Requisitos legales y eval. compl. Rev.0\r\n\r\nRevisión 2 // 09-jun-11\r\n\r\nAREA MEDIOAMBIENTE\r\n\r\nPG-MA-1-Anexo-1-Identificación y Evaluación de Aspectos Ambientales\r\n\r\nRevisión 1 // 05-mar-08\r\n\r\nPG-MA-1-Anexo-2-Registro de Caracterización de Aspectos Ambientales.\r\n\r\nRevisión 1 // 05-mar-08\r\n\r\nPG-MA-1-Procedimiento-Identificación y Evaluación de Aspectos Ambientales\r\n\r\nRevisión 1  // 05-mar-08\r\n\r\nPG-MA-2-Anexo-1-Control de acopio de residuos\r\n\r\nRevisión 0 // 03-nov-10\r\n\r\nPG-MA-2-Instructivo-1-Gestión de residuos\r\n\r\nRevisión 0 // 03-nov-10\r\n\r\nPG-MA-2-Procedimiento-Gestión de residuos\r\n\r\nRevisión 0 // 03-nov-10\r\n\r\nAREA SYSO\r\n\r\nMSYSO-Manual SYSO\r\n\r\nRevisión 1 // 26-mar-09\r\n\r\n\r\nPG-SYSO-1-Anexo-1-Estadística de Accidente\r\n\r\nRevisión 1 // 31-mar-10\r\n\r\n\r\nPG-SYSO-1-Procedimiento-Estadística de accidentes\r\n\r\nRevisión 1 // 31-mar-10\r\n\r\n\r\nPG-SYSO-2-Anexo-1-Guía para identificación de peligros y evaluación de riesgos\r\n\r\nRevisión 3 // 09-jun-11\r\n\r\n\r\nPG-SYSO-2-Anexo-2-Lista de verificación de peligros\r\n\r\nRevisión 0 // 05-mar-08\r\n\r\nPG-SYSO-2-Anexo-3-Clasificación de tareas\r\n\r\nRevisión 0 // 05-mar-08\r\n\r\nPG-SYSO-2-Anexo-4-Identificación de peligro\r\n\r\nRevisión 0 // 05-mar-08\r\n\r\nPG-SYSO-2-Anexo-5-Registro de evaluación de registros\r\n\r\nRevisión 0 // 05-mar-08\r\n\r\nPG-SYSO-2-Procedimiento-IPER\r\n\r\nRevisión 2 // 09-jun-11\r\n\r\nPG-SYSO-3-Anexo-1-Objetivos SySO\r\n\r\nRevisión 0 // 05-mar-08\r\n\r\nPG-SYSO-3-Procedimiento-Objetivos SySO\r\n\r\nRevisión 1 // 03-sep-10\r\n\r\nPG-SYSO-4-Anexo-1-Informe incidente ambiental\r\n\r\nRevisión 0 // 02-mar-11\r\n\r\nPG-SYSO-4-Procedimiento-Accidente e Incidente\r\n\r\nRevisión 3 // 02-mar-11\r\n\r\nPG-SYSO-5-Anexo-1-Rol de Accidente\r\n\r\nRevisión 3 // 02-mar-11\r\n\r\nPG-SYSO-5-Anexo-2-Rol de Incendio\r\n\r\nRevisión 1 // 03-oct-08\r\n\r\nPG-SYSO-5-Anexo-3-Rol de Derrames\r\n\r\nRevisión 1 // 03-oct-08\r\n\r\nPG-SYSO-5-Anexo-4-Listado Telefónico\r\n\r\nRevisión 2 // 15-jun-10\r\n\r\nPG-SYSO-5-Anexo-5-Rol robo Asalto\r\n\r\nRevisión 0 // 26-mar-09\r\n\r\nPG-SYSO-5-Anexo-6-Informe de Simulacro\r\n\r\nRevisión 0 // 15-jun-10\r\n\r\nPG-SYSO-5-Anexo-7-Informe de asalto o robo\r\n\r\nRevisión 0 // 03-sep-10\r\n\r\nPG-SYSO-5-Instructivo-1-Descripción del Rol de Accidentes e Incidentes\r\n\r\nRevisión 1 // 15-jun-10\r\n\r\nPG-SYSO-5-Instructivo-2-Descripción del Rol de Incendio.\r\n\r\nRevisión 0 // 03-oct-08\r\n\r\nPG-SYSO-5-Instructivo-3-Descripción del Rol de Derrame\r\n\r\nRevisión 0 // 03-oct-08\r\n\r\nPG-SYSO-5-Instructivo-4-Descripción rol robo asalto.\r\n\r\nRevisión 0 // 26-mar-09\r\n\r\nPG-SYSO-5-Procedimiento-Plan de contingencias\r\n\r\nRevisión 2 // 15-jun-10\r\n\r\nASESORAMIENTO EN SHI (Seguridad e higiene industrial)\r\n\r\nPE-OP-2-Anexo-1-Carátulas Servicio Mensualizado\r\n\r\nRevisión 2 // 07-may-08\r\n\r\nPE-OP-2-Anexo-2-Carátulas Servicios a Plazo Fijo\r\n\r\nRevisión 2 // 07-may-08\r\n\r\nPE-OP-2-Anexo-3-Carátulas Servicios de Cargas Peligrosas\r\n\r\nRevisión 1 // 23-jul-07\r\n\r\nPE-OP-2-Procedimiento-Confección del servicio.\r\n\r\nRevisión 3 // 10-dic-09\r\n\r\nPE-OP-3-Anexo-1-Análisis de Riesgo Operativo\r\n\r\nRevisión 1 // 26-jun-07\r\n\r\nPE-OP-3-Anexo-2-Análisis de Trabajo Seguro\r\n\r\nRevisión 1 //26-jun-07\r\n\r\nPE-OP-3-Instructivo-Confección de Análisis de Riesgos Operativos\r\n\r\nRevisión 1 //26-jun-07\r\n\r\nPE-OP-3-Procedimiento-Identificación de Peligros\r\n\r\nRevisión 1 // 26-jun-07\r\n\r\nPE-OP-5-Anexo-10-Equipo de Desparafinado\r\n\r\nRevisión 4 // 23-jul-07\r\n\r\nPE-OP-5-Anexo-11-Equipo de Wire Line\r\n\r\nRevisión 4 // 23-jul-07\r\n\r\n\r\nPE-OP-5-Anexo-12-Equipo Rig Less\r\n\r\nRevisión 5 // 09-jun-11\r\n\r\n\r\nPE-OP-5-Anexo-13-Equipos de Perforación y RTP\r\n\r\nRevisión 4 // 23-jul-07\r\n\r\n\r\nPE-OP-5-Anexo-14-Equipos de Soldadura\r\n\r\nRevisión 5 // 03-jun-09\r\n\r\n\r\nPE-OP-5-Anexo-15-Equipos de Locación Seca\r\n\r\nRevisión 4 // 23-jul-07\r\n\r\n\r\nPE-OP-5-Anexo-16-Rutina de Inspección a Establecimientos\r\n\r\nRevisión 4 // 23-jul-07\r\n\r\n\r\nPE-OP-5-Anexo-17-Taller de Reparaciones\r\n\r\nRevisión 4 // 23-jul-07\r\n\r\n\r\nPE-OP-5-Anexo-18-Trailer Casilla\r\n\r\nRevisión 4 // 23-jul-07\r\n\r\nPE-OP-5-Anexo-19-Grúas sobre camión\r\n\r\nRevisión 4 // 23-jul-07\r\n\r\n\r\nPE-OP-5-Anexo-1-Programa Anual de Inspecciones\r\n\r\nRevisión 5 // 26-mar-09\r\n\r\n\r\nPE-OP-5-Anexo-20-Cargadoras Frontales\r\n\r\nRevisión 4 // 23-jul-07\r\n\r\n\r\nPE-OP-5-Anexo-21-Máquinas Viales\r\n\r\nRevisión 4  // 23-jul-07\r\n\r\n\r\nPE-OP-5-Anexo-22-Camión\r\n\r\nRevisión 4 // 23-jul-07\r\n\r\n\r\nPE-OP-5-Anexo-23-Camión de Cargas Líquidas\r\n\r\nRevisión 4 // 23-jul-07\r\n\r\n\r\nPE-OP-5-Anexo-24-Camión con Hidrogrúa\r\n\r\nRevisión 4 // 23-jul-07\r\n\r\n\r\nPE-OP-5-Anexo-25-Camión Porta contenedor\r\n\r\nRevisión 4 // 23-jul-07\r\n\r\n\r\nPE-OP-5-Anexo-26-Equipo de Succión\r\n\r\nRevisión 4 // 23-jul-07\r\n\r\n\r\nPE-OP-5-Anexo-27-Semi-Acoplado de Carga Liquida\r\n\r\nRevisión 4 // 23-jul-07\r\n\r\n\r\nPE-OP-5-Anexo-28-Semi-Remolques de cargas sólidas\r\n\r\nRevisión 4 // 23-jul-07\r\n\r\n\r\nPE-OP-5-Anexo-29-Vehículos Livianos\r\n\r\nRevisión 4 // 23-jul-07\r\n\r\n\r\nPE-OP-5-Anexo-2-Listado de Check List Internos Autorizados\r\n\r\nRevisión 4 // 23-jul-07\r\n\r\n\r\nPE-OP-5-Anexo-30-Grúas\r\n\r\nRevisión 4 // 23-jul-07\r\n\r\nPE-OP-5-Anexo-31-Auto elevadores\r\n\r\nRevisión 4 // 23-jul-07\r\n\r\n\r\nPE-OP-5-Anexo-32-Compresores\r\n\r\nRevisión 4 // 23-jul-07\r\n\r\n\r\nPE-OP-5-Anexo-33-Equipos de Pulling\r\n\r\nRevisión 4 // 23-jul-07\r\n\r\n\r\nPE-OP-5-Anexo-35-Equipos de Well Testing\r\n\r\nRevisión 0 // 03-sep-10\r\n\r\n\r\nPE-OP-5-Anexo-3-Visita de Seguridad\r\n\r\nRevisión 4 // 23-jul-07\r\n\r\n\r\nPE-OP-5-Anexo-4-Plan de Mejoras Necesarios\r\n\r\nRevisión 4 // 23-jul-07\r\n\r\n\r\nPE-OP-5-Anexo-5-Observación inspección de equipos\r\n\r\nRevisión 4 // 23-jul-07\r\n\r\n\r\nPE-OP-5-Anexo-6-Control de Extintores\r\n\r\nRevisión 4 // 23-jul-07\r\n\r\n\r\nPE-OP-5-Anexo-7-Elementos de Protección Personal\r\n\r\nRevisión 4 // 23-jul-07\r\n\r\n\r\nPE-OP-5-Anexo-8-Equipos de Autónomos\r\n\r\nRevisión 4 // 23-jul-07\r\n\r\n\r\nPE-OP-5-Anexo-9-Herramientas Manuales\r\n\r\nRevisión 4 // 23-jul-07\r\n\r\n\r\nPE-OP-5-Procedimiento-Inspecciones de seguridad.\r\n\r\nRevisión 4 // 23-jul-07\r\n\r\n\r\nPG-OP-1-Anexo-1-Presupuesto\r\n\r\nRevisión 2 // 09-may-06\r\n\r\n\r\nPG-OP-1-Anexo-2-Inicio del Servicio\r\n\r\nRevisión 2 // 09-may-06\r\n\r\n\r\nPG-OP-1-Procedimiento-Inicio de los servicios.\r\n\r\nRevisión 2 // 09-may-06\r\n\r\n\r\nPG-OP-4-Anexo-10-Capacitación: Ergonomía, espalda y levantamiento de cargas\r\n\r\nRevisión 4 // 23-jul-07\r\n\r\nPG-OP-4-Anexo-11-Capacitación: Espacios Confinados\r\n\r\nRevisión 4 // 23-jul-07\r\n\r\n\r\nPG-OP-4-Anexo-12-Capacitación: Evaluación de Conocimientos\r\n\r\nRevisión 4 // 23-jul-07\r\n\r\n\r\nPG-OP-4-Anexo-13-Capacitación: Gestión de Residuos\r\n\r\nRevisión 4 // 23-jul-07\r\n\r\n\r\nPG-OP-4-Anexo-14-Capacitación: Inducción a la Seguridad\r\n\r\nRevisión4 // 23-jul-07\r\n\r\n\r\nPG-OP-4-Anexo-15-Capacitación: Investigación de Accidentes\r\n\r\nRevisión 4 // 23-jul-07\r\n\r\n\r\nPG-OP-4-Anexo-16-Capacitación: Manejo defensivo\r\n\r\nRevisión 5 // 18-dic-08\r\n\r\n\r\nPG-OP-4-Anexo-17-Capacitación: Operaciones con Gas Sulfhídrico\r\n\r\nRevisión 4 //23-jul-07\r\n\r\n\r\nPG-OP-4-Anexo-18-Capacitación: Protección Contra Incendio\r\n\r\nRevisión 4 // 23-jul-07\r\n\r\n\r\nPG-OP-4-Anexo-19-Capacitación: Sistemas de Bloqueo (Tarjetas y Candados)\r\n\r\nRevisión 4 // 23-jul-07\r\n\r\n\r\nPG-OP-4-Anexo-1-Programa Anual de Capacitación\r\n\r\nRevisión 4 // 23-jul-07\r\n\r\n\r\nPG-OP-4-Anexo-20-Capacitación: Riesgo Eléctrico\r\n\r\nRevisión 4 // 23-jul-07\r\n\r\n\r\nPG-OP-4-Anexo-21-Capacitación: Seguridad en Laboratorios\r\n\r\nRevisión 4 // 23-jul-07\r\n\r\n\r\nPG-OP-4-Anexo-22-Capacitación: Seguridad en Oficinas\r\n\r\nRevisión 5 // 10-dic-09\r\n\r\n\r\nPG-OP-4-Anexo-23-Capacitación: Trabajo en Altura\r\n\r\nRevisión 4 // 23-jul-07\r\n\r\n\r\nPG-OP-4-Anexo-24-Capacitación: Uso de Equipos de Protección Personal\r\n\r\nRevisión 5 // 07-may-08\r\n\r\n\r\nPG-OP-4-Anexo-25-Capacitación: Conducción defensiva, renovación evaluación\r\n\r\nRevisión 4 // 23-jul-07\r\n\r\nPG-OP-4-Anexo-26-Planilla seguimiento capacitación\r\n\r\nRevisión 4 // 23-jul-07\r\n\r\nPG-OP-4-Anexo-28-Capacitación: Cuidados del Medio Ambiente\r\n\r\nRevisión 0 // 07-may-08\r\n\r\nPG-OP-4-Anexo-29-Capacitación: Orden y Limpieza\r\n\r\nRevisión 0 // 26-mar-09\r\n\r\nPG-OP-4-Anexo-2-Planificación de Cursos\r\n\r\nRevisión 4 // 23-jul-07\r\n\r\nPG-OP-4-Anexo-30-Capacitación Riesgo químico con MSDS (FDS)\r\n\r\nRevisión 0 // 26-mar-09\r\n\r\nPG-OP-4-Anexo-31-Capacitación Animales Ponsoñozos.\r\n\r\nRevisión 0 // 10-dic-09\r\n\r\nPG-OP-4-Anexo-32-Evaluación conductores sustancias peligrosas\r\n\r\nRevisión 0  // 31-mar-10\r\n\r\nPG-OP-4-Anexo-3-Listado de Temas de Capacitación\r\n\r\nRevisión 5 // 15-jun-10\r\n\r\nPG-OP-4-Anexo-4-Planilla de Capacitación\r\n\r\nRevisión 4 // 23-jul-07\r\n\r\nPG-OP-4-Anexo-5-Libreta de Capacitación\r\n\r\nRevisión 4 // 23-jul-07\r\n\r\nPG-OP-4-Anexo-6-Capacitación: Alcoholismo\r\n\r\nRevisión 4 // 23-jul-07\r\n\r\nPG-OP-4-Anexo-7-Capacitación: Análisis de Riesgos-Factores que afectan al comportamiento humano\r\n\r\nRevisión 4 // 23-jul-07\r\n\r\nPG-OP-4-Anexo-8-Capacitación: Electricidad Estática\r\n\r\nRevisión 4 // 23-jul-07\r\n\r\nPG-OP-4-Anexo-9-Capacitación: Elementos de izaje (eslingas-cables-aparejos)\r\n\r\nRevisión 4 // 23-jul-07\r\n\r\nPG-OP-4-Instructivo-1-Planificación de Cursos\r\n\r\nRevisión 4 // 23-jul-07\r\n\r\nPG-OP-4-Procedimiento-Capacitación a clientes.\r\n\r\nRevisión 5 // 24-sep-07\r\n\r\nPG-OP-6-Anexo-1-Declaración Obtenidas\r\n\r\nRevisión 3 // 07-may-08\r\n\r\nPG-OP-6-Anexo-3-Planilla de Estadísticas de Accidente\r\n\r\nRevisión 3 // 07-may-08\r\n\r\nPG-OP-6-Anexo-4-Planilla de Estadísticas de Accidentes de Empresas de Transportes\r\n\r\nRevisión 0 // 07-may-08\r\n\r\nPG-OP-6-Anexo-5-Informe Preeliminar de Accidentes\r\n\r\nRevisión 0 // 07-may-08\r\n\r\nPG-OP-6-Anexo-6-Informe Final de Accidentes\r\n\r\nRevisión 4 // 18-dic-08\r\n\r\nPG-OP-6-Anexo-7-Rol de Accidente Para el cliente\r\n\r\nRevisión 0 // 03-oct-08\r\n\r\nPG-OP-6-Instructivo-1-Investigación y Elaboración de Informes de Accidentes e Incidentes.\r\n\r\nRevisión 0 // 07-may-08\r\n\r\nPG-OP-6-Instructivo-2-Informe de Estadísticas de Accidentes.\r\n\r\nRevisión 0 // 7-may-08\r\n\r\nPG-OP-6-Procedimiento-Accidentes e incidentes.\r\n\r\nRevisión 5 // 18-dic-08\r\n\r\nPG-OP-7-Anexo-1-Permiso de Trabajo en Caliente\r\n\r\nRevisión 2 // 09-may-06\r\n\r\nPG-OP-7-Anexo-2-Permiso de trabajo en frío\r\n\r\nRevisión 2 // 09-may-06\r\n\r\nPG-OP-7-Anexo-3-Permiso de Trabajo para Espacios Confinados\r\n\r\nRevisión 2 // 09-may-06\r\n\r\nPG-OP-7-Anexo-4-Permiso de trabajo eléctrico\r\n\r\nRevisión 2 // 09-may-06\r\n\r\nPG-OP-7-Anexo-5-Permiso de trabajo en excavaciones\r\n\r\nRevisión 2 // 09-may-06\r\n\r\nPG-OP-7-Anexo-6-Permiso de Trabajo en Altura\r\n\r\nRevisión 2 // 09-may-06\r\n\r\nPG-OP-7-Procedimiento-Permisos de Trabajo\r\n\r\nRevisión 2 // 09-may-06\r\n\r\nPG-OP-8-Anexo-1-Listado de Verificación y Calibración de Instrumentos\r\n\r\nRevisión 3 // 03-jun-09\r\n\r\nPG-OP-8-Anexo-2-Planilla control de equipos\r\n\r\nRevisión 0 // 03-jun-09\r\n\r\nPG-OP-8-Procedimiento-Dispositivos de medición.\r\n\r\nRevisión 3 // 03-jun-09\r\n\r\nGERENCIA GENERAL\r\n\r\nPGE-Política de gestión\r\n\r\nRevisión 1 // 03-jul-09\r\n\r\nPG-GG-1-Procedimiento-Planificación.\r\n\r\nRevisión 2 // 09-may-06\r\n\r\nPG-GG-2-Anexo-1-Planilla Mejora continua\r\n\r\nRevisión 2// 09-may-06\r\n\r\nPG-GG-2-Procedimiento-Mejora continua.\r\n\r\nRevisión 2 // 09-may-06\r\n\r\nPG-GG-3-Anexo-1-Notas Internas\r\n\r\nRevisión 3 // 30-oct-08\r\n\r\nPG-GG-3-Anexo-2-Minuta de Reunión\r\n\r\nRevisión 3 // 30-oct-08\r\n\r\nPG-GG-3-Anexo-3-Notas Externas\r\n\r\nRevisión 3 // 30-oct-08\r\n\r\nPG-GG-3-Procedimiento-Comunicaciones.\r\n\r\nRevisión 3 // 30-oct-08\r\n\r\nPG-GG-4-Anexo-10-Check list- Mto. Maquina Prueba Hidráulica\r\n\r\nRevisión 0 // 02-mar-11\r\n\r\nPG-GG-4-Anexo-11-Check list- Mto. Generador eléctrico\r\n\r\nRevisión 0 // 02-mar-11\r\n\r\nPG-GG-4-Anexo-12-Check list- Mto. Compresor de aire\r\n\r\nRevisión 0 // 02-mar-11\r\n\r\nPG-GG-4-Anexo-13-Check list- Mto. Amoladora banco fijo\r\n\r\nRevisión 0 // 02-mar-11\r\n\r\nPG-GG-4-Anexo-5-Check list- Mto. Aparejo Eléctrico\r\n\r\nRevisión 0 // 02-mar-11\r\n\r\nPG-GG-4-Anexo-6-Check list- Mto. Trasvazadora de Polvo\r\n\r\nRevisión 0 // 02-mar-11\r\n\r\nPG-GG-4-Anexo-7-Check list- Mto. Trasvazadora de CO2\r\n\r\nRevisión 0 // 02-mar-11\r\n\r\nPG-GG-4-Anexo-8-Check list- Mto. Taladro banco fijo\r\n\r\nRevisión 0 // 02-mar-11\r\n\r\nPG-GG-4-Anexo-9-Check list- Mto. Motocompresor de Equipo Autónomo\r\n\r\nRevisión 0 // 02-mar-11\r\n\r\nPG-GG-5-Procedimiento-Propiedad del Cliente\r\n\r\nRevisión 0 // 05-mar-08\r\n\r\nPG-GG-6-Anexo-1-Requisitos del cliente\r\n\r\nRevisión 1 // 15-jun-10\r\n\r\nPG-GG-6-Instructivo-1-Factibilidad y ventas\r\n\r\nRevisión 0 // 15-jun-10\r\n\r\nPG-GG-6-Procedimiento-Factibilidad y Ventas\r\n\r\nRevisión 1 // 15-jun-10\r\n\r\nMANTENIMIENTO DE EQUIPOS DE VENTEO DE TANQUES Y CALIBRACION\r\n\r\nPE-OP-50-Anexo-1-Planilla de Ensayo de Válvulas de Presión y Vacío\r\n\r\nRevisión 2 // 07-may-08\r\n\r\nPE-OP-50-Procedimiento-Ensayo de válvulas de presión y vacío.\r\n\r\nRevisión 1// 26-may-06\r\n\r\nPE-OP-51-Anexo-1-Orden de trabajo\r\n\r\nRevisión 0 // 15-sep-11\r\n\r\nPE-OP-51-Anexo-2-Mantenimiento de arrestallamas\r\n\r\nRevisión0 // 15-sep-11\r\n\r\nPE-OP-51-Procedimiento-Mantenimiento de arresta llamas y válvulas de presión y vacío.\r\n\r\nRevisión 3 // 15-sep-11\r\n\r\nMANTENIMIENTO DE RECURSOS INTERNOS\r\n\r\nMG-GG-4-Manual del usuario\r\n\r\nRevisión1 //03-sep-10\r\n\r\nPE-GG-1-Anexo-1-Revisión por la Dirección\r\n\r\nRevisión 3 // 26-ago-09\r\n\r\n\r\nPE-GG-1-Procedimiento-Revisión por la dirección.\r\n\r\nRevisión 3 // 26-ago-09\r\n\r\nPG-GG-4-Anexo-14-Checklist mantenimiento secadora de extintores\r\n\r\nRevisión 0 // 02-mar-11\r\n\r\nPG-GG-4-Anexo-15-Checklist Mantenimiento de banco de prueba de VPV\r\n\r\nRevisión 0 // 02-mar-11\r\n\r\nPG-GG-4-Anexo-16-Checklist mantenimiento amoladora de mano\r\n\r\nRevisión 0  // 02-mar-11\r\n\r\n\r\nPG-GG-4-Anexo-17-Registro mantenimiento de flota\r\n\r\nRevisión 0 // 09-jun-11\r\n\r\n\r\nPG-GG-4-Anexo-1-Cronograma Mantenimiento\r\n\r\nRevisión 2 // 09-jun-11\r\n\r\n\r\nPG-GG-4-Anexo-2-ChecklistEntrega\r\n\r\nRevisión 0// 03-jun-09\r\n\r\n\r\nPG-GG-4-Anexo-3-ChecklistPeriodico\r\n\r\nRevisión 0// 03-jun-09\r\n\r\n\r\nPG-GG-4-Anexo-4-Listado de ident y control de equipamiento informático\r\n\r\nRevisión 0 // 10-dic-09\r\n\r\n\r\nPG-GG-4-Instructivo-1-Instr Mant. de vehículos\r\n\r\nRevisión 2 // 09-jun-11\r\n\r\nPG-GG-4-Instructivo-2-Mantenimiento y resguardo de equipos informáticos.\r\n\r\nRevisión 0 // 10-dic-09\r\n\r\nPG-GG-4-Procedimiento-Mantenimiento.\r\n\r\nRevisión 2 // 09-jun-11\r\n\r\n\r\n\r\nMANTENIMIENTO Y REPARACIÓN DE SISTEMAS FIJOS Y MOVILES CONTRA INCENDIO.\r\n\r\nPE-OP-20-Anexo-10-Manipulación de tubos de CO2\r\n\r\nRevisión 0 //03-jul-09\r\n\r\n\r\nPE-OP-20-Anexo-11-Planilla recepción de extintores.\r\n\r\nRevisión 0 // 14-mar-11\r\n\r\nPE-OP-20-Anexo-1-Mantenimiento y Recarga de Extintores de Polvo\r\n\r\nRevisión 3 // 15-jun-10\r\n\r\nPE-OP-20-Anexo-2-Mantenimiento y Recarga de Extintores de CO2\r\n\r\nRevisión 3 // 15-jun-10\r\n\r\nPE-OP-20-Anexo-3-Mantenimiento y Recarga de Extintores de Agua\r\n\r\nRevisión 2 // 15-jun-10\r\n\r\nPE-OP-20-Anexo-4-Mantenimiento y Recarga de Extintores de Espuma\r\n\r\nRevisión 2 // 15-jun-10\r\n\r\nPE-OP-20-Anexo-5-Mantenimiento y Recarga de Extintores de Gases Halogenados\r\n\r\nRevisión 4 // 02-mar-11\r\n\r\n\r\n\r\nPE-OP-20-Anexo-6-Tarjeta Identificatoria\r\n\r\nRevisión 3 // 02-mar-11\r\n\r\nPE-OP-20-Anexo-7-Orden de Trabajo\r\n\r\nRevisión 1 // 07-may-08\r\n\r\nPE-OP-20-Anexo-8-Informe de Mantenimiento\r\n\r\nRevisión 1 // 07-may-08\r\n\r\nPE-OP-20-Anexo-9-Mantenimiento y recarga de ext.de polvo en taller de extintores.\r\n\r\nRevisión 1 // 15-jun-10\r\n\r\nPE-OP-20-Procedimiento-Mantenimiento y recarga de extintores.\r\n\r\nRevisión 2 // 02-mar-11\r\n\r\nPE-OP-21-Anexo-1-Certificado de Prueba Hidráulica\r\n\r\nRevisión 0 // 23-may-06\r\n\r\nPE-OP-21-Procedimiento-Prueba hidráulica de cilindros.\r\n\r\nRevisión 1 // 18-dic-08\r\n\r\nPE-OP-22-Anexo-1-Inutilización de Cilindros y Tubos\r\n\r\nRevisión 1 // 07-may-08\r\n\r\nPE-OP-22-Procedimiento-Rechazo e inutilización de cilindros o tubos.\r\n\r\nRevisión 2 // 02-mar-11\r\n\r\nPE-OP-23-Anexo-1-Contrastación con Manómetro Patrón\r\n\r\nRevisión 1 // 07-may-08\r\n\r\nPE-OP-23-Procedimiento-Contrastacion con manómetros patrón.\r\n\r\nRevisión 1 // 07-may-08\r\n\r\nPE-OP-24-Anexo-1-Ensayo en el Puffer\r\n\r\nRevisión 1 // 07-may-08\r\n\r\nPE-OP-24-Anexo-2-Control de Lotes de Polvo\r\n\r\nRevisión1 // 07-may-08\r\n\r\nPE-OP-24-Procedimiento-Ensayo en el puffer.\r\n\r\nRevisión1 // 07-may-08\r\n\r\nPE-OP-25-Procedimiento-Medición de espesores.\r\n\r\nRevisión 1// 07-may-08\r\n\r\nPE-OP-26-Anexo-1-Ensayo Lotes Mangas CO2\r\n\r\nRevisión 2 // 15-sep-11\r\n\r\nPE-OP-26-Procedimiento-Ensayo de mangas extintor de CO2.\r\n\r\nRevisión 2 //15-sep-11\r\n\r\nPE-OP-27-Anexo-1-Formulario Ensayo de Disco de Seguridad de Cilindros de CO2\r\n\r\nRevisión 1 // 07-may-08\r\n\r\nPE-OP-27-Procedimiento-Ensayo de disco se seguridad de cilindros CO2.\r\n\r\nRevisión 2 // 18-dic-08\r\n\r\nPE-OP-28-Anexo-1-Contraste de Balanzas\r\n\r\nRevisión 0// 07-may-08\r\n\r\nPE-OP-28-Procedimiento-Contrastacion Balanzas con Pesas Patrón\r\n\r\nRevisión 0 // 07-may-08\r\n\r\nPE-OP-29-Anexo-1-Certificado de prueba hidráulica\r\n\r\nRevisión 0 //18-dic-08\r\n\r\nPE-OP-29-Procedimiento-Prueba de deformación de recipientes bajo presión\r\n\r\nRevisión 0 //18-dic-08\r\n\r\nPE-OP-30-Anexo-1-Registro ensayo asiento vástago y o ring collar para HCFC 123\r\n\r\nRevisión 0 // 02-mar-11\r\n\r\nPE-OP-30-Procedimiento-Ensayo asientos de vástago y oring collar para HCFC123\r\n\r\nRevisión 0 //02-mar-11\r\n\r\nPE-OP-40-Anexo-10-Inspección de sistema de extinción de espuma manual\r\n\r\nRevisión 3// 03-jul-09\r\n\r\nPE-OP-40-Anexo-11-Check List Inspección de bocas de incendio.\r\n\r\nRevisión 3 // 03-jul-09\r\n\r\nPE-OP-40-Anexo-12-Registro de inspección de depósito espumígeno\r\n\r\nRevisión 3 //03-jul-09\r\n\r\nPE-OP-40-Anexo-13-Registro de inspección de válvulas seccionadoras\r\n\r\nRevisión 3 //03-jul-09\r\n\r\nPE-OP-40-Anexo-14-Registro de mantenimiento de cajas de incendio equipadas\r\n\r\nRevisión 3 //03-jul-09\r\n\r\nPE-OP-40-Anexo-15-Registro de mantenimiento de anillo de refrigeración\r\n\r\nRevisión 3 //03-jul-09\r\n\r\nPE-OP-40-Anexo-16-Registro de mantenimiento de bocas de incendio\r\n\r\nRevisión 3 // 03-jul-09\r\n\r\n\r\n\r\nPE-OP-40-Anexo-17-Registro de mantenimiento de mangas\r\n\r\nRevisión 3// 03-jul-09\r\n\r\nPE-OP-40-Anexo-18-Registro de mantenimiento de monitor\r\n\r\nRevisión 3// 03-jul-09\r\n\r\nPE-OP-40-Anexo-19-Registro de mantenimiento de sistemas manuales de espuma tanque techo fijo\r\n\r\nRevisión 0// 03-jul-09\r\n\r\nPE-OP-40-Anexo-1-Inspección Visual del Hidrante\r\n\r\nRevisión 3 //03-jul-09\r\n\r\nPE-OP-40-Anexo-20-Registro de mantenimiento de válvulas seccionadoras\r\n\r\nRevisión 0// 03-jul-09\r\n\r\nPE-OP-40-Anexo-21-Registro de pruebas de mangas\r\n\r\nRevisión 0 //03-jul-09\r\n\r\nPE-OP-40-Anexo-22- Registro de prueba de monitor\r\n\r\nRevisión 0 // 03-jul-09\r\n\r\nPE-OP-40-Anexo-23-Registro de intervención de válvulas seccionadoras\r\n\r\nRevisión 0// 03-jul-09\r\n\r\nPE-OP-40-Anexo-24-Planilla entrega de muestra a laboratorio.\r\n\r\nRevisión 0 //15-sep-11\r\n\r\nPE-OP-40-Anexo-2-Check List Mantenimiento del Hidrante\r\n\r\nRevisión 3// 03-jul-09\r\n\r\nPE-OP-40-Anexo-3-Registro de Inspección, mantenimiento y prueba del Hidrante\r\n\r\nRevisión 3 //03-jul-09\r\n\r\nPE-OP-40-Anexo-4-Inspección Visual del Sistema de Generación de Espuma por Cámaras\r\n\r\nRevisión 3 //03-jul-09\r\n\r\nPE-OP-40-Anexo-5-Check List de Inspección de sistema de Generación de Espuma por Cámaras\r\n\r\nRevisión 3 //03-jul-09\r\n\r\nPE-OP-40-Anexo-6-Registro de Inspección, mantenimiento y prueba del sistema de generación de espuma por cámaras\r\n\r\nRevisión 3 //03-jul-09\r\n\r\nPE-OP-40-Anexo-7-Registro de inspección de anillos de refrigeración\r\n\r\nRevisión 3// 03-jul-09\r\n\r\nPE-OP-40-Anexo-8-Registro de inspección de cajas de incendio equipadas.\r\n\r\nRevisión 3//03-jul-09\r\n\r\nPE-OP-40-Anexo-9-Registro de Inspección de monitores\r\n\r\nRevisión 3//03-jul-09\r\n\r\nPE-OP-40-Instructivo-10-Mantenimiento de Mangas de protección contra incendio\r\n\r\nRevisión 0// 03-jul-09\r\n\r\nPE-OP-40-Instructivo-11-Mantenimiento preventivo de válvulas seccionadoras\r\n\r\nRevisión 0//03-jul-09\r\n\r\nPE-OP-40-Instructivo-12-Prueba de mangas.\r\n\r\nRevisión 0//03-jul-09\r\n\r\nPE-OP-40-Instructivo-13-Muestreo de líquido espumigeno\r\n\r\nRevisión 0 //15-sep-11\r\n\r\nPE-OP-40-Instructivo-1-Apertura de cámaras de espuma sin barreras de protección\r\n\r\nRevisión 0//03-jul-09\r\n\r\nPE-OP-40-Instructivo-2-Inspección de Anillos de refrigeración\r\n\r\nRevisión 0//03-jul-09\r\n\r\nPE-OP-40-Instructivo-3-Inspección de bocas de incendio\r\n\r\nRevisión 0// 03-jul-09\r\n\r\nPE-OP-40-Instructivo-4-Inspección de cámaras de incendio equipadas.\r\n\r\nRevisión 0//03-jul-09\r\n\r\nPE-OP-40-Instructivo-5-Inspección de sistemas de extinción de espuma manual\r\n\r\nRevisión 0//03-jul-09\r\n\r\nPE-OP-40-Instructivo-6-Inspección de válvulas seccionadoras\r\n\r\nRevisión 0//03-jul-09\r\n\r\nPE-OP-40-Instructivo-7-Mantenimiento de anillos de refrigeración\r\n\r\nRevisión 0//03-jul-09\r\n\r\n\r\n\r\nPE-OP-40-Instructivo-8-Mantenimiento de Bocas de incendio\r\n\r\nRevisión 0//03-jul-09\r\n\r\nPE-OP-40-Instructivo-9-Mantenimiento de cajas de incendio equipadas\r\n\r\nRevisión 0// 03-jul-09\r\n\r\nPE-OP-40-Procedimiento-Inspección y reparación de redes contra incendio.\r\n\r\nRevisión 3 //03-jul-09\r\n\r\nPE-OP-5-Anexo-34-RUTINA DE SEGURIDAD DE EQUIPOS MANTENIMIENTO DE RCI\r\n\r\nRevisión 0 //12-may-10\r\n\r\nRRHH.\r\n\r\nPG-RRHH-1-Anexo-10-Planilla licencia de Ley otorgada\r\n\r\nRevisión 0 //03-jun-09\r\n\r\nPG-RRHH-1-Anexo-11-Planilla control de asistencia\r\n\r\nRevisión 1 // 09-jun-11\r\n\r\nPG-RRHH-1-Anexo-1-Solicitud Incorporación de Personal\r\n\r\nRevisión 4// 10-oct-08\r\n\r\nPG-RRHH-1-Anexo-2-Evaluación de Entrevista\r\n\r\nRevisión 4// 10-oct-08\r\n\r\nPG-RRHH-1-Anexo-3-Índice Legajo del Personal\r\n\r\nRevisión 3// 12-may-10\r\n\r\nPG-RRHH-1-Anexo-4-Ficha de Ingreso\r\n\r\nRevisión 2 //10-oct-08\r\n\r\nPG-RRHH-1-Anexo-5-Entrega de Indumentaria\r\n\r\nRevisión 3 // 09-jun-11\r\n\r\nPG-RRHH-1-Anexo-6-Control talles de indumentaria\r\n\r\nRevisión 0 // 03-jun-09\r\n\r\nPG-RRHH-1-Anexo-7-Control Exámenes médicos\r\n\r\nRevisión 0 // 03-jun-09\r\n\r\nPG-RRHH-1-Anexo-8-Control licencias de conducir\r\n\r\nRevisión 0//03-jun-09\r\n\r\nPG-RRHH-1-Anexo-9-Control licencias de ley\r\n\r\nRevisión 0 //03-jun-09\r\n\r\nPG-RRHH-1-Instructivo-1-Carga de Planillas\r\n\r\nRevisión 2//09-jun-11\r\n\r\nPG-RRHH-1-Instructivo-2-Ingreso y Egreso del Personal\r\n\r\nRevisión 0 // 10-oct-08\r\n\r\nPG-RRHH-1-Instructivo-3-Licencias de ley\r\n\r\nRevisión 0 // 03-jun-09\r\n\r\nPG-RRHH-1-Procedimiento-Búsqueda, solicitud, incorporación y desafectacion del Personal a la Empresa\r\n\r\nRevisión 8//03-sep-10\r\n\r\nPG-RRHH-2-Anexo-1-Planilla Evaluación de desempeño por competencias\r\n\r\nRevisión 1//26-mar-09\r\n\r\nPG-RRHH-2-Anexo-2-Planilla Autoeval desempeño por competencias\r\n\r\nRevisión 1//26-mar-09\r\n\r\nPG-RRHH-2-Anexo-3-Planilla evaluación 180º: evaluando a mi jefe\r\n\r\nRevisión 1//26-mar-09\r\n\r\nPG-RRHH-2-Anexo-4-Listado de Posibles Capacitaciones\r\n\r\nRevisión 1//15-sep-11\r\n\r\nPG-RRHH-2-Anexo-5-Plan de Mejoras\r\n\r\nRevisión 0//26-mar-09\r\n\r\nPG-RRHH-2-Anexo-6-Encuesta de clima laboral a prueba\r\n\r\nRevisión 0 //09-jun-11\r\n\r\nPG-RRHH-2-Instructivo-1-Planilla de evaluación de desempeño\r\n\r\nRevisión 0//26-mar-09\r\n\r\nPG-RRHH-2-Procedimiento-Evaluación de desempeño.\r\n\r\nRevisión 1//26-mar-09\r\n\r\nPG-RRHH-3-Anexo-1-Planilla de Novedades\r\n\r\nRevisión 2// 09-jun-11\r\n\r\nPG-RRHH-3-Anexo-2-Planilla de disposición de personal y vehículos\r\n\r\nRevisión 0//07-may-08\r\n\r\nPG-RRHH-3-Anexo-3-Planilla de novedades viandas\r\n\r\nRevisión 1//03-nov-10\r\n\r\nPG-RRHH-3-Instructivo-1-Instructivo Planillas\r\n\r\nRevisión 2//09-jun-11\r\n\r\nPG-RRHH-3-Procedimiento-Envío de novedades para la liquidación de sueldos.\r\n\r\nRevisión 2//09-jun-11\r\n\r\nPG-RRHH-4-Anexo-1-Plan de Capacitación\r\n\r\nRevisión 0//30-oct-08\r\n\r\nPG-RRHH-4-Anexo-2-Planilla de Asistencia\r\n\r\nRevisión 0//30-oct-08\r\n\r\nPG-RRHH-4-Anexo-3-Planilla de solicitud de capacitación\r\n\r\nRevisión 0 //30-oct-08\r\n\r\nPG-RRHH-4-Anexo-4-Evaluación de satisfacción de capacitaciones\r\n\r\nRevisión 0 /03-jul-09\r\n\r\nPG-RRHH-4-Procedimiento-Capacitación Interna\r\n\r\nRevisión 2//03-sep-10', 'ADMINISTRACIÓN GENERAL\r\n\r\nPE-ADM-1-Procedimiento-Procesamiento Contable\r\n\r\nRevisión 1 // 03-sep-10\r\n\r\nPG-ADM-1-Anexo-1-Relevamiento de Insumos\r\n\r\nRevisión 4 // 31-mar-10\r\n\r\nPG-ADM-1-Anexo-2-Formulario de Evaluación\r\n\r\nRevisión 3 // 23-may-06\r\n\r\nPG-ADM-1-Anexo-3-Listado de Proveedores Habilitados\r\n\r\nRevisión 3 // 23-may-06\r\n\r\nPG-ADM-1-Instructivo-1-Instructivo Planillas\r\n\r\nRevisión 4 //31-mar-10\r\n\r\nPG-ADM-1-Procedimiento-Selección y evaluación de proveedores\r\n\r\nRevisión 5 // 15-sep-11\r\n\r\n\r\nPG-ADM-2-Anexo-1-Planilla Solicitud de Compras\r\n\r\nRevisión 7 // 12-may-10\r\n\r\nPG-ADM-2-Anexo-2-Planilla Ord', '', 1366900223, 5),
(25, 30, 24, 'Martin Andres Oliva', '', '', '', 1367345315, 0),
(26, 31, 1, 'Resoluciones-WebExcalibur', '', '', '', 1368480930, 0),
(27, 32, 1, 'Avances Web Excalibur', 'Estimados:\r\n\r\nLes informamos que el día 13/05 iniciamos la carga de datos en el excalibur version web, con resultados muy favorables.\r\nNos encotramos con algunos warnings(alertas) del sistema durante las primeras interacciones de la puesta en produccion y se resolvieron rapidamente junto con los usuarios wperalta y mriquelme, de Rincon y Catriel respectivamente.\r\n\r\nEn Catriel nos encontramos con un problema con una empresa de sede en plottier que tiene 2 unidades de negocio SEGAR/POLIAR que tiene extintores distribuidos por toda la cuenca y se atendieron 26 en la Sede Tecprecinc Catriel.\r\nCuando quisimos cargar la O.T trabajada durante la pausa por la implementación del WebExcalibur el sistema automáticamente los separo en diferentes localidades por haber sido asignadas en su alta en el sistema a Plaza Huincul, Catriel, Rincon y Camion.\r\n\r\nIRAM no permite crear O.T de extintores que no corresponden a su localidad y ante este problema proponemos la siguiente solución:\r\n\r\n-Unificamos todos los extintores en una sola empresa SEGAR-POLIAR . Esto tendría que ser comunicado al cliente.\r\n-Asignamos la empresa a todas las localidades asi pueden generar una sola O.T en Catriel o en cualquier localidad en adelante.\r\n-Permitimos que los usuarios de todas las localidades puedan trabajar extintores de otras sedes (esto ya estaba contemplado pero en la práctica es imprescindibley se lo recordamos a todos los involucrados)\r\n\r\nDel mismo modo permitiriamos dar de alta extintores nuevos pertenecientes a una sede diferente a la que se hace la carga.\r\n\r\nEsperamos sus opiniones o conformidad.\r\n\r\nEste blog tiene como objetivo documentar todos los cambios importantes que se apliquen el Excalibur en pos de mejorar la calidad de la información y facilitar el uso para los operarios y supervisores.\r\n\r\nRafa\r\n', 'Estimados:\r\n\r\nLes informamos que el día 13/05 iniciamos la carga de datos en el excalibur version web, con resultados muy favorables.\r\nNos encotramos con algunos warnings(alertas) del sistema durante las primeras interacciones de la puesta en produccion y se resolvieron rapidamente junto con los usuarios wperalta y mriquelme, de Rincon y Catriel respectivamente.\r\n\r\nEn Catriel nos encontramos con un problema con una empresa de sede en plottier que tiene 2 unidades de negocio SEGAR/POLIAR que tiene extintores distribuidos por toda la cuenca y se atendieron 26 en la Sede Tecprecinc Catriel.\r\nCuan', '', 1368480750, 5),
(28, 33, 5, 'Indicadores Mantenimiento Vehicular', 'Indicadores Correspondientes a los meses de Abril y Mayo .-', 'Indicadores Correspondientes a los meses de Abril y Mayo .-', '', 1368819967, 5),
(29, 34, 14, 'problema ', 'Rafa fíjate porque cuando realizas la carga de extintores en una OT&. A la misma se le da un orden, que al comenzar a cargar los datos de mantenimiento esta se desordena los pone salteados sin respetar el orden de carga en la OT. También en notado que al cargar extintores que se van de baja directamente no los carga en la orden los elimina instantáneamente sin poder realizar el informe de baja.\r\n ', 'Rafa fíjate porque cuando realizas la carga de extintores en una OT&. A la misma se le da un orden, que al comenzar a cargar los datos de mantenimiento esta se desordena los pone salteados sin respetar el orden de carga en la OT. También en notado que al cargar extintores que se van de baja directamente no los carga en la orden los elimina instantáneamente sin poder realizar el informe de baja.\r\n ', '', 1369336983, 5),
(30, 35, 6, 'Mapas de velocidades RSV', 'Les adjunto el mapa de velocidades por zona, por favor consultar la correspondiente.', 'Les adjunto el mapa de velocidades por zona, por favor consultar la correspondiente.', '', 1370605217, 5);
INSERT INTO `node_revisions` (`nid`, `vid`, `uid`, `title`, `body`, `teaser`, `log`, `timestamp`, `format`) VALUES
(31, 36, 1, 'IPER ', '<TABLE CELLSPACING=\"0\" COLS=\"10\" BORDER=\"0\">\r\n	<COLGROUP WIDTH=\"341\"></COLGROUP>\r\n	<COLGROUP SPAN=\"8\" WIDTH=\"15\"></COLGROUP>\r\n	<COLGROUP WIDTH=\"94\"></COLGROUP>\r\n	<TR>\r\n		<TD HEIGHT=\"17\" ALIGN=\"LEFT\" BGCOLOR=\"#C0C0C0\"><BR></TD>\r\n		<TD ALIGN=\"LEFT\" BGCOLOR=\"#C0C0C0\"><BR></TD>\r\n		<TD ALIGN=\"LEFT\" BGCOLOR=\"#C0C0C0\"><BR></TD>\r\n		<TD ALIGN=\"LEFT\" BGCOLOR=\"#C0C0C0\"><BR></TD>\r\n		<TD ALIGN=\"LEFT\" BGCOLOR=\"#C0C0C0\"><BR></TD>\r\n		<TD ALIGN=\"LEFT\" BGCOLOR=\"#C0C0C0\"><BR></TD>\r\n		<TD ALIGN=\"LEFT\" BGCOLOR=\"#C0C0C0\"><BR></TD>\r\n		<TD ALIGN=\"LEFT\" BGCOLOR=\"#C0C0C0\"><BR></TD>\r\n		<TD ALIGN=\"LEFT\" BGCOLOR=\"#C0C0C0\"><BR></TD>\r\n		<TD ALIGN=\"LEFT\" BGCOLOR=\"#C0C0C0\"><BR></TD>\r\n	</TR>\r\n	<TR>\r\n		<TD STYLE=\"border-top: 1px solid #ffffcc; border-left: 1px solid #ffffcc; border-right: 1px solid #ffffcc\" COLSPAN=10 HEIGHT=\"33\" ALIGN=\"CENTER\" VALIGN=MIDDLE BGCOLOR=\"#C0C0C0\"><B><FONT COLOR=\"#000080\">IDENTIFICACION DE PELIGROS Y EVALUACION DE RIESGO POR PROCESOS</FONT></B></TD>\r\n		</TR>\r\n	<TR>\r\n		<TD STYLE=\"border-top: 1px solid #ffffcc; border-bottom: 1px solid #ffffcc; border-left: 1px solid #ffffcc; border-right: 1px solid #ffffcc\" HEIGHT=\"17\" ALIGN=\"CENTER\" BGCOLOR=\"#C0C0C0\"><B><FONT COLOR=\"#000080\">Proceso</FONT></B></TD>\r\n		<TD STYLE=\"border-top: 1px solid #ffffcc; border-left: 1px solid #ffffcc; border-right: 1px solid #ffffcc\" COLSPAN=8 ALIGN=\"CENTER\" BGCOLOR=\"#C0C0C0\"><B><FONT COLOR=\"#000080\">Identificacion</FONT></B></TD>\r\n		<TD STYLE=\"border-top: 1px solid #ffffcc; border-bottom: 1px solid #ffffcc; border-left: 1px solid #ffffcc; border-right: 1px solid #ffffcc\" ALIGN=\"CENTER\" BGCOLOR=\"#C0C0C0\"><B><FONT COLOR=\"#000080\">Evaluacion</FONT></B></TD>\r\n	</TR>\r\n	<TR>\r\n		<TD STYLE=\"border-top: 1px solid #ffffcc; border-bottom: 1px solid #ffffcc; border-left: 1px solid #ffffcc; border-right: 1px solid #ffffcc\" HEIGHT=\"44\" ALIGN=\"LEFT\" VALIGN=MIDDLE BGCOLOR=\"#C0C0C0\"><FONT COLOR=\"#003300\">01- ASESORAMIENTO EN SHI</FONT></TD>\r\n		<TD STYLE=\"border-top: 1px solid #ffffcc; border-bottom: 1px solid #ffffcc; border-left: 1px solid #ffffcc\" ALIGN=\"LEFT\" VALIGN=MIDDLE BGCOLOR=\"#C0C0C0\"><BR></TD>\r\n		<TD STYLE=\"border-top: 1px solid #ffffcc; border-bottom: 1px solid #ffffcc\" ALIGN=\"LEFT\" VALIGN=MIDDLE BGCOLOR=\"#C0C0C0\"><BR></TD>\r\n		<TD STYLE=\"border-top: 1px solid #ffffcc; border-bottom: 1px solid #ffffcc\" ALIGN=\"LEFT\" VALIGN=MIDDLE BGCOLOR=\"#C0C0C0\"><BR></TD>\r\n		<TD STYLE=\"border-top: 1px solid #ffffcc; border-bottom: 1px solid #ffffcc\" ALIGN=\"LEFT\" VALIGN=MIDDLE BGCOLOR=\"#C0C0C0\" SDVAL=\"1\" SDNUM=\"11274;\"><U><FONT COLOR=\"#0000FF\">1</FONT></U></TD>\r\n		<TD STYLE=\"border-top: 1px solid #ffffcc; border-bottom: 1px solid #ffffcc\" ALIGN=\"LEFT\" VALIGN=MIDDLE BGCOLOR=\"#C0C0C0\"><BR></TD>\r\n		<TD STYLE=\"border-top: 1px solid #ffffcc; border-bottom: 1px solid #ffffcc\" ALIGN=\"LEFT\" VALIGN=MIDDLE BGCOLOR=\"#C0C0C0\"><BR></TD>\r\n		<TD STYLE=\"border-top: 1px solid #ffffcc; border-bottom: 1px solid #ffffcc\" ALIGN=\"LEFT\" VALIGN=MIDDLE BGCOLOR=\"#C0C0C0\"><BR></TD>\r\n		<TD STYLE=\"border-top: 1px solid #ffffcc; border-bottom: 1px solid #ffffcc; border-right: 1px solid #ffffcc\" ALIGN=\"LEFT\" VALIGN=MIDDLE BGCOLOR=\"#C0C0C0\"><BR></TD>\r\n		<TD STYLE=\"border-top: 1px solid #ffffcc; border-bottom: 1px solid #ffffcc; border-left: 1px solid #ffffcc; border-right: 1px solid #ffffcc\" ALIGN=\"CENTER\" VALIGN=MIDDLE BGCOLOR=\"#C0C0C0\" SDVAL=\"1\" SDNUM=\"11274;\"><U><FONT COLOR=\"#0000FF\">1</FONT></U></TD>\r\n	</TR>\r\n	<TR>\r\n		<TD STYLE=\"border-top: 1px solid #ffffcc; border-bottom: 1px solid #ffffcc; border-left: 1px solid #ffffcc; border-right: 1px solid #ffffcc\" HEIGHT=\"44\" ALIGN=\"LEFT\" VALIGN=MIDDLE BGCOLOR=\"#C0C0C0\"><FONT COLOR=\"#003300\">02- GRUPO DE RESPUESTA</FONT></TD>\r\n		<TD STYLE=\"border-top: 1px solid #ffffcc; border-bottom: 1px solid #ffffcc; border-left: 1px solid #ffffcc\" ALIGN=\"LEFT\" VALIGN=MIDDLE BGCOLOR=\"#C0C0C0\"><BR></TD>\r\n		<TD STYLE=\"border-top: 1px solid #ffffcc; border-bottom: 1px solid #ffffcc\" ALIGN=\"LEFT\" VALIGN=MIDDLE BGCOLOR=\"#C0C0C0\"><BR></TD>\r\n		<TD STYLE=\"border-top: 1px solid #ffffcc; border-bottom: 1px solid #ffffcc\" ALIGN=\"LEFT\" VALIGN=MIDDLE BGCOLOR=\"#C0C0C0\"><BR></TD>\r\n		<TD STYLE=\"border-top: 1px solid #ffffcc; border-bottom: 1px solid #ffffcc\" ALIGN=\"LEFT\" VALIGN=MIDDLE BGCOLOR=\"#C0C0C0\" SDVAL=\"1\" SDNUM=\"11274;\"><U><FONT COLOR=\"#0000FF\">1</FONT></U></TD>\r\n		<TD STYLE=\"border-top: 1px solid #ffffcc; border-bottom: 1px solid #ffffcc\" ALIGN=\"LEFT\" VALIGN=MIDDLE BGCOLOR=\"#C0C0C0\"><BR></TD>\r\n		<TD STYLE=\"border-top: 1px solid #ffffcc; border-bottom: 1px solid #ffffcc\" ALIGN=\"LEFT\" VALIGN=MIDDLE BGCOLOR=\"#C0C0C0\"><BR></TD>\r\n		<TD STYLE=\"border-top: 1px solid #ffffcc; border-bottom: 1px solid #ffffcc\" ALIGN=\"LEFT\" VALIGN=MIDDLE BGCOLOR=\"#C0C0C0\"><BR></TD>\r\n		<TD STYLE=\"border-top: 1px solid #ffffcc; border-bottom: 1px solid #ffffcc; border-right: 1px solid #ffffcc\" ALIGN=\"LEFT\" VALIGN=MIDDLE BGCOLOR=\"#C0C0C0\"><BR></TD>\r\n		<TD STYLE=\"border-top: 1px solid #ffffcc; border-bottom: 1px solid #ffffcc; border-left: 1px solid #ffffcc; border-right: 1px solid #ffffcc\" ALIGN=\"CENTER\" VALIGN=MIDDLE BGCOLOR=\"#C0C0C0\" SDVAL=\"1\" SDNUM=\"11274;\"><U><FONT COLOR=\"#0000FF\">1</FONT></U></TD>\r\n	</TR>\r\n	<TR>\r\n		<TD STYLE=\"border-top: 1px solid #ffffcc; border-bottom: 1px solid #ffffcc; border-left: 1px solid #ffffcc; border-right: 1px solid #ffffcc\" HEIGHT=\"44\" ALIGN=\"LEFT\" VALIGN=MIDDLE BGCOLOR=\"#C0C0C0\"><FONT COLOR=\"#003300\">03- MANTENIMIENTO Y REPARACION DE SISTEMAS FIJOS Y MOVILES CONTRA INCENDIOS</FONT></TD>\r\n		<TD STYLE=\"border-top: 1px solid #ffffcc; border-bottom: 1px solid #ffffcc; border-left: 1px solid #ffffcc\" ALIGN=\"LEFT\" VALIGN=MIDDLE BGCOLOR=\"#C0C0C0\" SDVAL=\"1\" SDNUM=\"11274;\"><U><FONT COLOR=\"#0000FF\">1</FONT></U></TD>\r\n		<TD STYLE=\"border-top: 1px solid #ffffcc; border-bottom: 1px solid #ffffcc\" ALIGN=\"LEFT\" VALIGN=MIDDLE BGCOLOR=\"#C0C0C0\" SDVAL=\"2\" SDNUM=\"11274;\"><U><FONT COLOR=\"#0000FF\">2</FONT></U></TD>\r\n		<TD STYLE=\"border-top: 1px solid #ffffcc; border-bottom: 1px solid #ffffcc\" ALIGN=\"LEFT\" VALIGN=MIDDLE BGCOLOR=\"#C0C0C0\" SDVAL=\"3\" SDNUM=\"11274;\"><U><FONT COLOR=\"#0000FF\">3</FONT></U></TD>\r\n		<TD STYLE=\"border-top: 1px solid #ffffcc; border-bottom: 1px solid #ffffcc\" ALIGN=\"LEFT\" VALIGN=MIDDLE BGCOLOR=\"#C0C0C0\" SDVAL=\"4\" SDNUM=\"11274;\"><U><FONT COLOR=\"#0000FF\">4</FONT></U></TD>\r\n		<TD STYLE=\"border-top: 1px solid #ffffcc; border-bottom: 1px solid #ffffcc\" ALIGN=\"LEFT\" VALIGN=MIDDLE BGCOLOR=\"#C0C0C0\" SDVAL=\"5\" SDNUM=\"11274;\"><U><FONT COLOR=\"#0000FF\">5</FONT></U></TD>\r\n		<TD STYLE=\"border-top: 1px solid #ffffcc; border-bottom: 1px solid #ffffcc\" ALIGN=\"LEFT\" VALIGN=MIDDLE BGCOLOR=\"#C0C0C0\" SDVAL=\"6\" SDNUM=\"11274;\"><U><FONT COLOR=\"#0000FF\">6</FONT></U></TD>\r\n		<TD STYLE=\"border-top: 1px solid #ffffcc; border-bottom: 1px solid #ffffcc\" ALIGN=\"LEFT\" VALIGN=MIDDLE BGCOLOR=\"#C0C0C0\" SDVAL=\"7\" SDNUM=\"11274;\"><U><FONT COLOR=\"#0000FF\">7</FONT></U></TD>\r\n		<TD STYLE=\"border-top: 1px solid #ffffcc; border-bottom: 1px solid #ffffcc; border-right: 1px solid #ffffcc\" ALIGN=\"LEFT\" VALIGN=MIDDLE BGCOLOR=\"#C0C0C0\"><U><FONT COLOR=\"#0000FF\"><BR></FONT></U></TD>\r\n		<TD STYLE=\"border-top: 1px solid #ffffcc; border-bottom: 1px solid #ffffcc; border-left: 1px solid #ffffcc; border-right: 1px solid #ffffcc\" ALIGN=\"CENTER\" VALIGN=MIDDLE BGCOLOR=\"#C0C0C0\" SDVAL=\"1\" SDNUM=\"11274;\"><U><FONT COLOR=\"#0000FF\">1</FONT></U></TD>\r\n	</TR>\r\n	<TR>\r\n		<TD STYLE=\"border-top: 1px solid #ffffcc; border-bottom: 1px solid #ffffcc; border-left: 1px solid #ffffcc; border-right: 1px solid #ffffcc\" HEIGHT=\"44\" ALIGN=\"LEFT\" VALIGN=MIDDLE BGCOLOR=\"#C0C0C0\"><FONT COLOR=\"#003300\">04-MANTENIMIENTO, REPARACION Y CALIBRACION DE EQUIPOS DE VENTEO DE TANQUES</FONT></TD>\r\n		<TD STYLE=\"border-top: 1px solid #ffffcc; border-bottom: 1px solid #ffffcc; border-left: 1px solid #ffffcc\" ALIGN=\"LEFT\" VALIGN=MIDDLE BGCOLOR=\"#C0C0C0\"><BR></TD>\r\n		<TD STYLE=\"border-top: 1px solid #ffffcc; border-bottom: 1px solid #ffffcc\" ALIGN=\"LEFT\" VALIGN=MIDDLE BGCOLOR=\"#C0C0C0\"><BR></TD>\r\n		<TD STYLE=\"border-top: 1px solid #ffffcc; border-bottom: 1px solid #ffffcc\" ALIGN=\"LEFT\" VALIGN=MIDDLE BGCOLOR=\"#C0C0C0\"><BR></TD>\r\n		<TD STYLE=\"border-top: 1px solid #ffffcc; border-bottom: 1px solid #ffffcc\" ALIGN=\"LEFT\" VALIGN=MIDDLE BGCOLOR=\"#C0C0C0\" SDVAL=\"1\" SDNUM=\"11274;\"><U><FONT COLOR=\"#0000FF\">1</FONT></U></TD>\r\n		<TD STYLE=\"border-top: 1px solid #ffffcc; border-bottom: 1px solid #ffffcc\" ALIGN=\"LEFT\" VALIGN=MIDDLE BGCOLOR=\"#C0C0C0\"><BR></TD>\r\n		<TD STYLE=\"border-top: 1px solid #ffffcc; border-bottom: 1px solid #ffffcc\" ALIGN=\"LEFT\" VALIGN=MIDDLE BGCOLOR=\"#C0C0C0\"><BR></TD>\r\n		<TD STYLE=\"border-top: 1px solid #ffffcc; border-bottom: 1px solid #ffffcc\" ALIGN=\"LEFT\" VALIGN=MIDDLE BGCOLOR=\"#C0C0C0\"><BR></TD>\r\n		<TD STYLE=\"border-top: 1px solid #ffffcc; border-bottom: 1px solid #ffffcc; border-right: 1px solid #ffffcc\" ALIGN=\"LEFT\" VALIGN=MIDDLE BGCOLOR=\"#C0C0C0\"><BR></TD>\r\n		<TD STYLE=\"border-top: 1px solid #ffffcc; border-bottom: 1px solid #ffffcc; border-left: 1px solid #ffffcc; border-right: 1px solid #ffffcc\" ALIGN=\"CENTER\" VALIGN=MIDDLE BGCOLOR=\"#C0C0C0\" SDVAL=\"1\" SDNUM=\"11274;\"><U><FONT COLOR=\"#0000FF\">1</FONT></U></TD>\r\n	</TR>\r\n	<TR>\r\n		<TD STYLE=\"border-top: 1px solid #ffffcc; border-bottom: 1px solid #ffffcc; border-left: 1px solid #ffffcc; border-right: 1px solid #ffffcc\" HEIGHT=\"44\" ALIGN=\"LEFT\" VALIGN=MIDDLE BGCOLOR=\"#C0C0C0\"><FONT COLOR=\"#003300\">05-DE APOYO (Administracion, SYSO, MA, Calidad, RRHH, Mantenimiento de recursos).</FONT></TD>\r\n		<TD STYLE=\"border-top: 1px solid #ffffcc; border-bottom: 1px solid #ffffcc; border-left: 1px solid #ffffcc\" ALIGN=\"LEFT\" VALIGN=MIDDLE BGCOLOR=\"#C0C0C0\"><BR></TD>\r\n		<TD STYLE=\"border-top: 1px solid #ffffcc; border-bottom: 1px solid #ffffcc\" ALIGN=\"LEFT\" VALIGN=MIDDLE BGCOLOR=\"#C0C0C0\"><BR></TD>\r\n		<TD STYLE=\"border-top: 1px solid #ffffcc; border-bottom: 1px solid #ffffcc\" ALIGN=\"LEFT\" VALIGN=MIDDLE BGCOLOR=\"#C0C0C0\"><BR></TD>\r\n		<TD STYLE=\"border-top: 1px solid #ffffcc; border-bottom: 1px solid #ffffcc\" ALIGN=\"LEFT\" VALIGN=MIDDLE BGCOLOR=\"#C0C0C0\" SDVAL=\"1\" SDNUM=\"11274;\"><U><FONT COLOR=\"#0000FF\">1</FONT></U></TD>\r\n		<TD STYLE=\"border-top: 1px solid #ffffcc; border-bottom: 1px solid #ffffcc\" ALIGN=\"LEFT\" VALIGN=MIDDLE BGCOLOR=\"#C0C0C0\"><BR></TD>\r\n		<TD STYLE=\"border-top: 1px solid #ffffcc; border-bottom: 1px solid #ffffcc\" ALIGN=\"LEFT\" VALIGN=MIDDLE BGCOLOR=\"#C0C0C0\"><BR></TD>\r\n		<TD STYLE=\"border-top: 1px solid #ffffcc; border-bottom: 1px solid #ffffcc\" ALIGN=\"LEFT\" VALIGN=MIDDLE BGCOLOR=\"#C0C0C0\"><BR></TD>\r\n		<TD STYLE=\"border-top: 1px solid #ffffcc; border-bottom: 1px solid #ffffcc; border-right: 1px solid #ffffcc\" ALIGN=\"LEFT\" VALIGN=MIDDLE BGCOLOR=\"#C0C0C0\"><BR></TD>\r\n		<TD STYLE=\"border-top: 1px solid #ffffcc; border-bottom: 1px solid #ffffcc; border-left: 1px solid #ffffcc; border-right: 1px solid #ffffcc\" ALIGN=\"CENTER\" VALIGN=MIDDLE BGCOLOR=\"#C0C0C0\" SDVAL=\"1\" SDNUM=\"11274;\"><U><FONT COLOR=\"#0000FF\">1</FONT></U></TD>\r\n	</TR>\r\n	<TR>\r\n		<TD STYLE=\"border-top: 1px solid #ffffcc; border-bottom: 1px solid #ffffcc; border-left: 1px solid #ffffcc; border-right: 1px solid #ffffcc\" HEIGHT=\"44\" ALIGN=\"LEFT\" VALIGN=MIDDLE BGCOLOR=\"#C0C0C0\"><FONT COLOR=\"#003300\">06- GERENCIA GENERAL</FONT></TD>\r\n		<TD STYLE=\"border-top: 1px solid #ffffcc; border-bottom: 1px solid #ffffcc; border-left: 1px solid #ffffcc\" ALIGN=\"LEFT\" VALIGN=MIDDLE BGCOLOR=\"#C0C0C0\"><BR></TD>\r\n		<TD STYLE=\"border-top: 1px solid #ffffcc; border-bottom: 1px solid #ffffcc\" ALIGN=\"LEFT\" VALIGN=MIDDLE BGCOLOR=\"#C0C0C0\"><BR></TD>\r\n		<TD STYLE=\"border-top: 1px solid #ffffcc; border-bottom: 1px solid #ffffcc\" ALIGN=\"LEFT\" VALIGN=MIDDLE BGCOLOR=\"#C0C0C0\"><BR></TD>\r\n		<TD STYLE=\"border-top: 1px solid #ffffcc; border-bottom: 1px solid #ffffcc\" ALIGN=\"LEFT\" VALIGN=MIDDLE BGCOLOR=\"#C0C0C0\" SDVAL=\"1\" SDNUM=\"11274;\"><U><FONT COLOR=\"#0000FF\">1</FONT></U></TD>\r\n		<TD STYLE=\"border-top: 1px solid #ffffcc; border-bottom: 1px solid #ffffcc\" ALIGN=\"LEFT\" VALIGN=MIDDLE BGCOLOR=\"#C0C0C0\"><BR></TD>\r\n		<TD STYLE=\"border-top: 1px solid #ffffcc; border-bottom: 1px solid #ffffcc\" ALIGN=\"LEFT\" VALIGN=MIDDLE BGCOLOR=\"#C0C0C0\"><BR></TD>\r\n		<TD STYLE=\"border-top: 1px solid #ffffcc; border-bottom: 1px solid #ffffcc\" ALIGN=\"LEFT\" VALIGN=MIDDLE BGCOLOR=\"#C0C0C0\"><BR></TD>\r\n		<TD STYLE=\"border-top: 1px solid #ffffcc; border-bottom: 1px solid #ffffcc; border-right: 1px solid #ffffcc\" ALIGN=\"LEFT\" VALIGN=MIDDLE BGCOLOR=\"#C0C0C0\"><BR></TD>\r\n		<TD STYLE=\"border-top: 1px solid #ffffcc; border-bottom: 1px solid #ffffcc; border-left: 1px solid #ffffcc; border-right: 1px solid #ffffcc\" ALIGN=\"CENTER\" VALIGN=MIDDLE BGCOLOR=\"#C0C0C0\" SDVAL=\"1\" SDNUM=\"11274;\"><U><FONT COLOR=\"#0000FF\">1</FONT></U></TD>\r\n	</TR>\r\n	<TR>\r\n		<TD STYLE=\"border-top: 1px solid #ffffcc; border-bottom: 1px solid #ffffcc; border-left: 1px solid #ffffcc; border-right: 1px solid #ffffcc\" HEIGHT=\"44\" ALIGN=\"LEFT\" VALIGN=MIDDLE BGCOLOR=\"#C0C0C0\"><FONT COLOR=\"#003300\">07-ASESORAMIENTO E IMPLEMENTACION DE NORMAS SYSO, CALIDAD Y MA</FONT></TD>\r\n		<TD STYLE=\"border-top: 1px solid #ffffcc; border-bottom: 1px solid #ffffcc; border-left: 1px solid #ffffcc\" ALIGN=\"LEFT\" VALIGN=MIDDLE BGCOLOR=\"#C0C0C0\"><BR></TD>\r\n		<TD STYLE=\"border-top: 1px solid #ffffcc; border-bottom: 1px solid #ffffcc\" ALIGN=\"LEFT\" VALIGN=MIDDLE BGCOLOR=\"#C0C0C0\"><BR></TD>\r\n		<TD STYLE=\"border-top: 1px solid #ffffcc; border-bottom: 1px solid #ffffcc\" ALIGN=\"LEFT\" VALIGN=MIDDLE BGCOLOR=\"#C0C0C0\"><BR></TD>\r\n		<TD STYLE=\"border-top: 1px solid #ffffcc; border-bottom: 1px solid #ffffcc\" ALIGN=\"LEFT\" VALIGN=MIDDLE BGCOLOR=\"#C0C0C0\" SDVAL=\"1\" SDNUM=\"11274;\"><U><FONT COLOR=\"#0000FF\">1</FONT></U></TD>\r\n		<TD STYLE=\"border-top: 1px solid #ffffcc; border-bottom: 1px solid #ffffcc\" ALIGN=\"LEFT\" VALIGN=MIDDLE BGCOLOR=\"#C0C0C0\"><BR></TD>\r\n		<TD STYLE=\"border-top: 1px solid #ffffcc; border-bottom: 1px solid #ffffcc\" ALIGN=\"LEFT\" VALIGN=MIDDLE BGCOLOR=\"#C0C0C0\"><BR></TD>\r\n		<TD STYLE=\"border-top: 1px solid #ffffcc; border-bottom: 1px solid #ffffcc\" ALIGN=\"LEFT\" VALIGN=MIDDLE BGCOLOR=\"#C0C0C0\"><BR></TD>\r\n		<TD STYLE=\"border-top: 1px solid #ffffcc; border-bottom: 1px solid #ffffcc; border-right: 1px solid #ffffcc\" ALIGN=\"LEFT\" VALIGN=MIDDLE BGCOLOR=\"#C0C0C0\"><BR></TD>\r\n		<TD STYLE=\"border-top: 1px solid #ffffcc; border-bottom: 1px solid #ffffcc; border-left: 1px solid #ffffcc; border-right: 1px solid #ffffcc\" ALIGN=\"CENTER\" VALIGN=MIDDLE BGCOLOR=\"#C0C0C0\" SDVAL=\"1\" SDNUM=\"11274;\"><U><FONT COLOR=\"#0000FF\">1</FONT></U></TD>\r\n	</TR>\r\n	<TR>\r\n		<TD STYLE=\"border-top: 1px solid #ffffcc; border-bottom: 1px solid #ffffcc; border-left: 1px solid #ffffcc; border-right: 1px solid #ffffcc\" HEIGHT=\"44\" ALIGN=\"LEFT\" VALIGN=MIDDLE BGCOLOR=\"#C0C0C0\"><FONT COLOR=\"#003300\">08- MEDIO AMBIENTE</FONT></TD>\r\n		<TD ALIGN=\"LEFT\" VALIGN=MIDDLE BGCOLOR=\"#C0C0C0\" SDVAL=\"1\" SDNUM=\"11274;\"><U><FONT COLOR=\"#0000FF\">1</FONT></U></TD>\r\n		<TD ALIGN=\"LEFT\" VALIGN=MIDDLE BGCOLOR=\"#C0C0C0\" SDVAL=\"2\" SDNUM=\"11274;\"><U><FONT COLOR=\"#0000FF\">2</FONT></U></TD>\r\n		<TD ALIGN=\"LEFT\" VALIGN=MIDDLE BGCOLOR=\"#C0C0C0\" SDVAL=\"3\" SDNUM=\"11274;\"><U><FONT COLOR=\"#0000FF\">3</FONT></U></TD>\r\n		<TD ALIGN=\"LEFT\" VALIGN=MIDDLE BGCOLOR=\"#C0C0C0\" SDVAL=\"4\" SDNUM=\"11274;\"><U><FONT COLOR=\"#0000FF\">4</FONT></U></TD>\r\n		<TD ALIGN=\"LEFT\" VALIGN=MIDDLE BGCOLOR=\"#C0C0C0\" SDVAL=\"5\" SDNUM=\"11274;\"><U><FONT COLOR=\"#0000FF\">5</FONT></U></TD>\r\n		<TD ALIGN=\"LEFT\" VALIGN=MIDDLE BGCOLOR=\"#C0C0C0\" SDVAL=\"6\" SDNUM=\"11274;\"><U><FONT COLOR=\"#0000FF\">6</FONT></U></TD>\r\n		<TD ALIGN=\"LEFT\" VALIGN=MIDDLE BGCOLOR=\"#C0C0C0\" SDVAL=\"7\" SDNUM=\"11274;\"><U><FONT COLOR=\"#0000FF\">7</FONT></U></TD>\r\n		<TD ALIGN=\"LEFT\" VALIGN=MIDDLE BGCOLOR=\"#C0C0C0\" SDVAL=\"8\" SDNUM=\"11274;\"><U><FONT COLOR=\"#0000FF\">8</FONT></U></TD>\r\n		<TD STYLE=\"border-top: 1px solid #ffffcc; border-bottom: 1px solid #ffffcc; border-left: 1px solid #ffffcc; border-right: 1px solid #ffffcc\" ALIGN=\"CENTER\" VALIGN=MIDDLE BGCOLOR=\"#C0C0C0\" SDVAL=\"1\" SDNUM=\"11274;\"><U><FONT COLOR=\"#0000FF\">1</FONT></U></TD>\r\n	</TR>\r\n	<TR>\r\n		<TD STYLE=\"border-top: 1px solid #ffffcc; border-bottom: 1px solid #ffffcc; border-left: 1px solid #ffffcc; border-right: 1px solid #ffffcc\" HEIGHT=\"44\" ALIGN=\"LEFT\" VALIGN=MIDDLE BGCOLOR=\"#C0C0C0\"><FONT COLOR=\"#003300\">09-INGENIERIA DE OBRAS</FONT></TD>\r\n		<TD STYLE=\"border-top: 1px solid #ffffcc; border-bottom: 1px solid #ffffcc; border-left: 1px solid #ffffcc\" ALIGN=\"LEFT\" VALIGN=MIDDLE BGCOLOR=\"#C0C0C0\"><BR></TD>\r\n		<TD STYLE=\"border-top: 1px solid #ffffcc; border-bottom: 1px solid #ffffcc\" ALIGN=\"LEFT\" VALIGN=MIDDLE BGCOLOR=\"#C0C0C0\"><BR></TD>\r\n		<TD STYLE=\"border-top: 1px solid #ffffcc; border-bottom: 1px solid #ffffcc\" ALIGN=\"LEFT\" VALIGN=MIDDLE BGCOLOR=\"#C0C0C0\"><BR></TD>\r\n		<TD STYLE=\"border-top: 1px solid #ffffcc; border-bottom: 1px solid #ffffcc\" ALIGN=\"LEFT\" VALIGN=MIDDLE BGCOLOR=\"#C0C0C0\" SDVAL=\"1\" SDNUM=\"11274;\"><U><FONT COLOR=\"#0000FF\">1</FONT></U></TD>\r\n		<TD STYLE=\"border-top: 1px solid #ffffcc; border-bottom: 1px solid #ffffcc\" ALIGN=\"LEFT\" VALIGN=MIDDLE BGCOLOR=\"#C0C0C0\"><BR></TD>\r\n		<TD STYLE=\"border-top: 1px solid #ffffcc; border-bottom: 1px solid #ffffcc\" ALIGN=\"LEFT\" VALIGN=MIDDLE BGCOLOR=\"#C0C0C0\"><BR></TD>\r\n		<TD STYLE=\"border-top: 1px solid #ffffcc; border-bottom: 1px solid #ffffcc\" ALIGN=\"LEFT\" VALIGN=MIDDLE BGCOLOR=\"#C0C0C0\"><BR></TD>\r\n		<TD STYLE=\"border-top: 1px solid #ffffcc; border-bottom: 1px solid #ffffcc; border-right: 1px solid #ffffcc\" ALIGN=\"LEFT\" VALIGN=MIDDLE BGCOLOR=\"#C0C0C0\"><BR></TD>\r\n		<TD STYLE=\"border-top: 1px solid #ffffcc; border-bottom: 1px solid #ffffcc; border-left: 1px solid #ffffcc; border-right: 1px solid #ffffcc\" ALIGN=\"CENTER\" VALIGN=MIDDLE BGCOLOR=\"#C0C0C0\" SDVAL=\"1\" SDNUM=\"11274;\"><U><FONT COLOR=\"#0000FF\">1</FONT></U></TD>\r\n	</TR>\r\n</TABLE>', '<TABLE CELLSPACING=\"0\" COLS=\"10\" BORDER=\"0\">\r\n	<COLGROUP WIDTH=\"341\"></COLGROUP>\r\n	<COLGROUP SPAN=\"8\" WIDTH=\"15\"></COLGROUP>\r\n	<COLGROUP WIDTH=\"94\"></COLGROUP>\r\n	<TR>\r\n		<TD HEIGHT=\"17\" ALIGN=\"LEFT\" BGCOLOR=\"#C0C0C0\"><BR></TD>\r\n		<TD ALIGN=\"LEFT\" BGCOLOR=\"#C0C0C0\"><BR></TD>\r\n		<TD ALIGN=\"LEFT\" BGCOLOR=\"#C0C0C0\"><BR></TD>\r\n		<TD ALIGN=\"LEFT\" BGCOLOR=\"#C0C0C0\"><BR></TD>\r\n		<TD ALIGN=\"LEFT\" BGCOLOR=\"#C0C0C0\"><BR></TD>\r\n		<TD ALIGN=\"LEFT\" BGCOLOR=\"#C0C0C0\"><BR></TD>\r\n		<TD ALIGN=\"LEFT\" BGCOLOR=\"#C0C0C0\"><BR></TD>\r\n		<TD ALIGN=\"LEFT\" BGCOLOR=\"#C0C0C0\"><BR></TD>\r', '', 1371828493, 4),
(31, 37, 1, 'IPER ', '<TABLE CELLSPACING=\"0\" COLS=\"10\" BORDER=\"0\">\r\n	<COLGROUP WIDTH=\"341\"></COLGROUP>\r\n	<COLGROUP SPAN=\"8\" WIDTH=\"15\"></COLGROUP>\r\n	<COLGROUP WIDTH=\"94\"></COLGROUP>\r\n	<TR>\r\n		<TD HEIGHT=\"17\" ALIGN=\"LEFT\" BGCOLOR=\"#C0C0C0\"><BR></TD>\r\n		<TD ALIGN=\"LEFT\" BGCOLOR=\"#C0C0C0\"><BR></TD>\r\n		<TD ALIGN=\"LEFT\" BGCOLOR=\"#C0C0C0\"><BR></TD>\r\n		<TD ALIGN=\"LEFT\" BGCOLOR=\"#C0C0C0\"><BR></TD>\r\n		<TD ALIGN=\"LEFT\" BGCOLOR=\"#C0C0C0\"><BR></TD>\r\n		<TD ALIGN=\"LEFT\" BGCOLOR=\"#C0C0C0\"><BR></TD>\r\n		<TD ALIGN=\"LEFT\" BGCOLOR=\"#C0C0C0\"><BR></TD>\r\n		<TD ALIGN=\"LEFT\" BGCOLOR=\"#C0C0C0\"><BR></TD>\r\n		<TD ALIGN=\"LEFT\" BGCOLOR=\"#C0C0C0\"><BR></TD>\r\n		<TD ALIGN=\"LEFT\" BGCOLOR=\"#C0C0C0\"><BR></TD>\r\n	</TR>\r\n	<TR>\r\n		<TD STYLE=\"border-top: 1px solid #ffffcc; border-left: 1px solid #ffffcc; border-right: 1px solid #ffffcc\" COLSPAN=10 HEIGHT=\"33\" ALIGN=\"CENTER\" VALIGN=MIDDLE BGCOLOR=\"#C0C0C0\"><B><FONT COLOR=\"#000080\">IDENTIFICACION DE PELIGROS Y EVALUACION DE RIESGO POR PROCESOS</FONT></B></TD>\r\n		</TR>\r\n	<TR>\r\n		<TD STYLE=\"border-top: 1px solid #ffffcc; border-bottom: 1px solid #ffffcc; border-left: 1px solid #ffffcc; border-right: 1px solid #ffffcc\" HEIGHT=\"17\" ALIGN=\"CENTER\" BGCOLOR=\"#C0C0C0\"><B><FONT COLOR=\"#000080\">Proceso</FONT></B></TD>\r\n		<TD STYLE=\"border-top: 1px solid #ffffcc; border-left: 1px solid #ffffcc; border-right: 1px solid #ffffcc\" COLSPAN=8 ALIGN=\"CENTER\" BGCOLOR=\"#C0C0C0\"><B><FONT COLOR=\"#000080\">Identificacion</FONT></B></TD>\r\n		<TD STYLE=\"border-top: 1px solid #ffffcc; border-bottom: 1px solid #ffffcc; border-left: 1px solid #ffffcc; border-right: 1px solid #ffffcc\" ALIGN=\"CENTER\" BGCOLOR=\"#C0C0C0\"><B><FONT COLOR=\"#000080\">Evaluacion</FONT></B></TD>\r\n	</TR>\r\n	<TR>\r\n		<TD STYLE=\"border-top: 1px solid #ffffcc; border-bottom: 1px solid #ffffcc; border-left: 1px solid #ffffcc; border-right: 1px solid #ffffcc\" HEIGHT=\"44\" ALIGN=\"LEFT\" VALIGN=MIDDLE BGCOLOR=\"#C0C0C0\"><FONT COLOR=\"#003300\">01- ASESORAMIENTO EN SHI</FONT></TD>\r\n		<TD STYLE=\"border-top: 1px solid #ffffcc; border-bottom: 1px solid #ffffcc; border-left: 1px solid #ffffcc\" ALIGN=\"LEFT\" VALIGN=MIDDLE BGCOLOR=\"#C0C0C0\"><BR></TD>\r\n		<TD STYLE=\"border-top: 1px solid #ffffcc; border-bottom: 1px solid #ffffcc\" ALIGN=\"LEFT\" VALIGN=MIDDLE BGCOLOR=\"#C0C0C0\"><BR></TD>\r\n		<TD STYLE=\"border-top: 1px solid #ffffcc; border-bottom: 1px solid #ffffcc\" ALIGN=\"LEFT\" VALIGN=MIDDLE BGCOLOR=\"#C0C0C0\"><BR></TD>\r\n		<TD STYLE=\"border-top: 1px solid #ffffcc; border-bottom: 1px solid #ffffcc\" ALIGN=\"LEFT\" VALIGN=MIDDLE BGCOLOR=\"#C0C0C0\" SDVAL=\"1\" SDNUM=\"11274;\"><U><FONT COLOR=\"#0000FF\">1</FONT></U></TD>\r\n		<TD STYLE=\"border-top: 1px solid #ffffcc; border-bottom: 1px solid #ffffcc\" ALIGN=\"LEFT\" VALIGN=MIDDLE BGCOLOR=\"#C0C0C0\"><BR></TD>\r\n		<TD STYLE=\"border-top: 1px solid #ffffcc; border-bottom: 1px solid #ffffcc\" ALIGN=\"LEFT\" VALIGN=MIDDLE BGCOLOR=\"#C0C0C0\"><BR></TD>\r\n		<TD STYLE=\"border-top: 1px solid #ffffcc; border-bottom: 1px solid #ffffcc\" ALIGN=\"LEFT\" VALIGN=MIDDLE BGCOLOR=\"#C0C0C0\"><BR></TD>\r\n		<TD STYLE=\"border-top: 1px solid #ffffcc; border-bottom: 1px solid #ffffcc; border-right: 1px solid #ffffcc\" ALIGN=\"LEFT\" VALIGN=MIDDLE BGCOLOR=\"#C0C0C0\"><BR></TD>\r\n		<TD STYLE=\"border-top: 1px solid #ffffcc; border-bottom: 1px solid #ffffcc; border-left: 1px solid #ffffcc; border-right: 1px solid #ffffcc\" ALIGN=\"CENTER\" VALIGN=MIDDLE BGCOLOR=\"#C0C0C0\" SDVAL=\"1\" SDNUM=\"11274;\"><U><FONT COLOR=\"#0000FF\">1</FONT></U></TD>\r\n	</TR>\r\n	<TR>\r\n		<TD STYLE=\"border-top: 1px solid #ffffcc; border-bottom: 1px solid #ffffcc; border-left: 1px solid #ffffcc; border-right: 1px solid #ffffcc\" HEIGHT=\"44\" ALIGN=\"LEFT\" VALIGN=MIDDLE BGCOLOR=\"#C0C0C0\"><FONT COLOR=\"#003300\">02- GRUPO DE RESPUESTA</FONT></TD>\r\n		<TD STYLE=\"border-top: 1px solid #ffffcc; border-bottom: 1px solid #ffffcc; border-left: 1px solid #ffffcc\" ALIGN=\"LEFT\" VALIGN=MIDDLE BGCOLOR=\"#C0C0C0\"><BR></TD>\r\n		<TD STYLE=\"border-top: 1px solid #ffffcc; border-bottom: 1px solid #ffffcc\" ALIGN=\"LEFT\" VALIGN=MIDDLE BGCOLOR=\"#C0C0C0\"><BR></TD>\r\n		<TD STYLE=\"border-top: 1px solid #ffffcc; border-bottom: 1px solid #ffffcc\" ALIGN=\"LEFT\" VALIGN=MIDDLE BGCOLOR=\"#C0C0C0\"><BR></TD>\r\n		<TD STYLE=\"border-top: 1px solid #ffffcc; border-bottom: 1px solid #ffffcc\" ALIGN=\"LEFT\" VALIGN=MIDDLE BGCOLOR=\"#C0C0C0\" SDVAL=\"1\" SDNUM=\"11274;\"><U><FONT COLOR=\"#0000FF\">1</FONT></U></TD>\r\n		<TD STYLE=\"border-top: 1px solid #ffffcc; border-bottom: 1px solid #ffffcc\" ALIGN=\"LEFT\" VALIGN=MIDDLE BGCOLOR=\"#C0C0C0\"><BR></TD>\r\n		<TD STYLE=\"border-top: 1px solid #ffffcc; border-bottom: 1px solid #ffffcc\" ALIGN=\"LEFT\" VALIGN=MIDDLE BGCOLOR=\"#C0C0C0\"><BR></TD>\r\n		<TD STYLE=\"border-top: 1px solid #ffffcc; border-bottom: 1px solid #ffffcc\" ALIGN=\"LEFT\" VALIGN=MIDDLE BGCOLOR=\"#C0C0C0\"><BR></TD>\r\n		<TD STYLE=\"border-top: 1px solid #ffffcc; border-bottom: 1px solid #ffffcc; border-right: 1px solid #ffffcc\" ALIGN=\"LEFT\" VALIGN=MIDDLE BGCOLOR=\"#C0C0C0\"><BR></TD>\r\n		<TD STYLE=\"border-top: 1px solid #ffffcc; border-bottom: 1px solid #ffffcc; border-left: 1px solid #ffffcc; border-right: 1px solid #ffffcc\" ALIGN=\"CENTER\" VALIGN=MIDDLE BGCOLOR=\"#C0C0C0\" SDVAL=\"1\" SDNUM=\"11274;\"><U><FONT COLOR=\"#0000FF\">1</FONT></U></TD>\r\n	</TR>\r\n	<TR>\r\n		<TD STYLE=\"border-top: 1px solid #ffffcc; border-bottom: 1px solid #ffffcc; border-left: 1px solid #ffffcc; border-right: 1px solid #ffffcc\" HEIGHT=\"44\" ALIGN=\"LEFT\" VALIGN=MIDDLE BGCOLOR=\"#C0C0C0\"><FONT COLOR=\"#003300\">03- MANTENIMIENTO Y REPARACION DE SISTEMAS FIJOS Y MOVILES CONTRA INCENDIOS</FONT></TD>\r\n		<TD STYLE=\"border-top: 1px solid #ffffcc; border-bottom: 1px solid #ffffcc; border-left: 1px solid #ffffcc\" ALIGN=\"LEFT\" VALIGN=MIDDLE BGCOLOR=\"#C0C0C0\" SDVAL=\"1\" SDNUM=\"11274;\"><U><FONT COLOR=\"#0000FF\">1</FONT></U></TD>\r\n		<TD STYLE=\"border-top: 1px solid #ffffcc; border-bottom: 1px solid #ffffcc\" ALIGN=\"LEFT\" VALIGN=MIDDLE BGCOLOR=\"#C0C0C0\" SDVAL=\"2\" SDNUM=\"11274;\"><U><FONT COLOR=\"#0000FF\">2</FONT></U></TD>\r\n		<TD STYLE=\"border-top: 1px solid #ffffcc; border-bottom: 1px solid #ffffcc\" ALIGN=\"LEFT\" VALIGN=MIDDLE BGCOLOR=\"#C0C0C0\" SDVAL=\"3\" SDNUM=\"11274;\"><U><FONT COLOR=\"#0000FF\">3</FONT></U></TD>\r\n		<TD STYLE=\"border-top: 1px solid #ffffcc; border-bottom: 1px solid #ffffcc\" ALIGN=\"LEFT\" VALIGN=MIDDLE BGCOLOR=\"#C0C0C0\" SDVAL=\"4\" SDNUM=\"11274;\"><U><FONT COLOR=\"#0000FF\">4</FONT></U></TD>\r\n		<TD STYLE=\"border-top: 1px solid #ffffcc; border-bottom: 1px solid #ffffcc\" ALIGN=\"LEFT\" VALIGN=MIDDLE BGCOLOR=\"#C0C0C0\" SDVAL=\"5\" SDNUM=\"11274;\"><U><FONT COLOR=\"#0000FF\">5</FONT></U></TD>\r\n		<TD STYLE=\"border-top: 1px solid #ffffcc; border-bottom: 1px solid #ffffcc\" ALIGN=\"LEFT\" VALIGN=MIDDLE BGCOLOR=\"#C0C0C0\" SDVAL=\"6\" SDNUM=\"11274;\"><U><FONT COLOR=\"#0000FF\">6</FONT></U></TD>\r\n		<TD STYLE=\"border-top: 1px solid #ffffcc; border-bottom: 1px solid #ffffcc\" ALIGN=\"LEFT\" VALIGN=MIDDLE BGCOLOR=\"#C0C0C0\" SDVAL=\"7\" SDNUM=\"11274;\"><U><FONT COLOR=\"#0000FF\">7</FONT></U></TD>\r\n		<TD STYLE=\"border-top: 1px solid #ffffcc; border-bottom: 1px solid #ffffcc; border-right: 1px solid #ffffcc\" ALIGN=\"LEFT\" VALIGN=MIDDLE BGCOLOR=\"#C0C0C0\"><U><FONT COLOR=\"#0000FF\"><BR></FONT></U></TD>\r\n		<TD STYLE=\"border-top: 1px solid #ffffcc; border-bottom: 1px solid #ffffcc; border-left: 1px solid #ffffcc; border-right: 1px solid #ffffcc\" ALIGN=\"CENTER\" VALIGN=MIDDLE BGCOLOR=\"#C0C0C0\" SDVAL=\"1\" SDNUM=\"11274;\"><U><FONT COLOR=\"#0000FF\">1</FONT></U></TD>\r\n	</TR>\r\n	<TR>\r\n		<TD STYLE=\"border-top: 1px solid #ffffcc; border-bottom: 1px solid #ffffcc; border-left: 1px solid #ffffcc; border-right: 1px solid #ffffcc\" HEIGHT=\"44\" ALIGN=\"LEFT\" VALIGN=MIDDLE BGCOLOR=\"#C0C0C0\"><FONT COLOR=\"#003300\">04-MANTENIMIENTO, REPARACION Y CALIBRACION DE EQUIPOS DE VENTEO DE TANQUES</FONT></TD>\r\n		<TD STYLE=\"border-top: 1px solid #ffffcc; border-bottom: 1px solid #ffffcc; border-left: 1px solid #ffffcc\" ALIGN=\"LEFT\" VALIGN=MIDDLE BGCOLOR=\"#C0C0C0\"><BR></TD>\r\n		<TD STYLE=\"border-top: 1px solid #ffffcc; border-bottom: 1px solid #ffffcc\" ALIGN=\"LEFT\" VALIGN=MIDDLE BGCOLOR=\"#C0C0C0\"><BR></TD>\r\n		<TD STYLE=\"border-top: 1px solid #ffffcc; border-bottom: 1px solid #ffffcc\" ALIGN=\"LEFT\" VALIGN=MIDDLE BGCOLOR=\"#C0C0C0\"><BR></TD>\r\n		<TD STYLE=\"border-top: 1px solid #ffffcc; border-bottom: 1px solid #ffffcc\" ALIGN=\"LEFT\" VALIGN=MIDDLE BGCOLOR=\"#C0C0C0\" SDVAL=\"1\" SDNUM=\"11274;\"><U><FONT COLOR=\"#0000FF\">1</FONT></U></TD>\r\n		<TD STYLE=\"border-top: 1px solid #ffffcc; border-bottom: 1px solid #ffffcc\" ALIGN=\"LEFT\" VALIGN=MIDDLE BGCOLOR=\"#C0C0C0\"><BR></TD>\r\n		<TD STYLE=\"border-top: 1px solid #ffffcc; border-bottom: 1px solid #ffffcc\" ALIGN=\"LEFT\" VALIGN=MIDDLE BGCOLOR=\"#C0C0C0\"><BR></TD>\r\n		<TD STYLE=\"border-top: 1px solid #ffffcc; border-bottom: 1px solid #ffffcc\" ALIGN=\"LEFT\" VALIGN=MIDDLE BGCOLOR=\"#C0C0C0\"><BR></TD>\r\n		<TD STYLE=\"border-top: 1px solid #ffffcc; border-bottom: 1px solid #ffffcc; border-right: 1px solid #ffffcc\" ALIGN=\"LEFT\" VALIGN=MIDDLE BGCOLOR=\"#C0C0C0\"><BR></TD>\r\n		<TD STYLE=\"border-top: 1px solid #ffffcc; border-bottom: 1px solid #ffffcc; border-left: 1px solid #ffffcc; border-right: 1px solid #ffffcc\" ALIGN=\"CENTER\" VALIGN=MIDDLE BGCOLOR=\"#C0C0C0\" SDVAL=\"1\" SDNUM=\"11274;\"><U><FONT COLOR=\"#0000FF\">1</FONT></U></TD>\r\n	</TR>\r\n	<TR>\r\n		<TD STYLE=\"border-top: 1px solid #ffffcc; border-bottom: 1px solid #ffffcc; border-left: 1px solid #ffffcc; border-right: 1px solid #ffffcc\" HEIGHT=\"44\" ALIGN=\"LEFT\" VALIGN=MIDDLE BGCOLOR=\"#C0C0C0\"><FONT COLOR=\"#003300\">05-DE APOYO (Administracion, SYSO, MA, Calidad, RRHH, Mantenimiento de recursos).</FONT></TD>\r\n		<TD STYLE=\"border-top: 1px solid #ffffcc; border-bottom: 1px solid #ffffcc; border-left: 1px solid #ffffcc\" ALIGN=\"LEFT\" VALIGN=MIDDLE BGCOLOR=\"#C0C0C0\"><BR></TD>\r\n		<TD STYLE=\"border-top: 1px solid #ffffcc; border-bottom: 1px solid #ffffcc\" ALIGN=\"LEFT\" VALIGN=MIDDLE BGCOLOR=\"#C0C0C0\"><BR></TD>\r\n		<TD STYLE=\"border-top: 1px solid #ffffcc; border-bottom: 1px solid #ffffcc\" ALIGN=\"LEFT\" VALIGN=MIDDLE BGCOLOR=\"#C0C0C0\"><BR></TD>\r\n		<TD STYLE=\"border-top: 1px solid #ffffcc; border-bottom: 1px solid #ffffcc\" ALIGN=\"LEFT\" VALIGN=MIDDLE BGCOLOR=\"#C0C0C0\" SDVAL=\"1\" SDNUM=\"11274;\"><U><FONT COLOR=\"#0000FF\">1</FONT></U></TD>\r\n		<TD STYLE=\"border-top: 1px solid #ffffcc; border-bottom: 1px solid #ffffcc\" ALIGN=\"LEFT\" VALIGN=MIDDLE BGCOLOR=\"#C0C0C0\"><BR></TD>\r\n		<TD STYLE=\"border-top: 1px solid #ffffcc; border-bottom: 1px solid #ffffcc\" ALIGN=\"LEFT\" VALIGN=MIDDLE BGCOLOR=\"#C0C0C0\"><BR></TD>\r\n		<TD STYLE=\"border-top: 1px solid #ffffcc; border-bottom: 1px solid #ffffcc\" ALIGN=\"LEFT\" VALIGN=MIDDLE BGCOLOR=\"#C0C0C0\"><BR></TD>\r\n		<TD STYLE=\"border-top: 1px solid #ffffcc; border-bottom: 1px solid #ffffcc; border-right: 1px solid #ffffcc\" ALIGN=\"LEFT\" VALIGN=MIDDLE BGCOLOR=\"#C0C0C0\"><BR></TD>\r\n		<TD STYLE=\"border-top: 1px solid #ffffcc; border-bottom: 1px solid #ffffcc; border-left: 1px solid #ffffcc; border-right: 1px solid #ffffcc\" ALIGN=\"CENTER\" VALIGN=MIDDLE BGCOLOR=\"#C0C0C0\" SDVAL=\"1\" SDNUM=\"11274;\"><U><FONT COLOR=\"#0000FF\">1</FONT></U></TD>\r\n	</TR>\r\n	<TR>\r\n		<TD STYLE=\"border-top: 1px solid #ffffcc; border-bottom: 1px solid #ffffcc; border-left: 1px solid #ffffcc; border-right: 1px solid #ffffcc\" HEIGHT=\"44\" ALIGN=\"LEFT\" VALIGN=MIDDLE BGCOLOR=\"#C0C0C0\"><FONT COLOR=\"#003300\">06- GERENCIA GENERAL</FONT></TD>\r\n		<TD STYLE=\"border-top: 1px solid #ffffcc; border-bottom: 1px solid #ffffcc; border-left: 1px solid #ffffcc\" ALIGN=\"LEFT\" VALIGN=MIDDLE BGCOLOR=\"#C0C0C0\"><BR></TD>\r\n		<TD STYLE=\"border-top: 1px solid #ffffcc; border-bottom: 1px solid #ffffcc\" ALIGN=\"LEFT\" VALIGN=MIDDLE BGCOLOR=\"#C0C0C0\"><BR></TD>\r\n		<TD STYLE=\"border-top: 1px solid #ffffcc; border-bottom: 1px solid #ffffcc\" ALIGN=\"LEFT\" VALIGN=MIDDLE BGCOLOR=\"#C0C0C0\"><BR></TD>\r\n		<TD STYLE=\"border-top: 1px solid #ffffcc; border-bottom: 1px solid #ffffcc\" ALIGN=\"LEFT\" VALIGN=MIDDLE BGCOLOR=\"#C0C0C0\" SDVAL=\"1\" SDNUM=\"11274;\"><U><FONT COLOR=\"#0000FF\">1</FONT></U></TD>\r\n		<TD STYLE=\"border-top: 1px solid #ffffcc; border-bottom: 1px solid #ffffcc\" ALIGN=\"LEFT\" VALIGN=MIDDLE BGCOLOR=\"#C0C0C0\"><BR></TD>\r\n		<TD STYLE=\"border-top: 1px solid #ffffcc; border-bottom: 1px solid #ffffcc\" ALIGN=\"LEFT\" VALIGN=MIDDLE BGCOLOR=\"#C0C0C0\"><BR></TD>\r\n		<TD STYLE=\"border-top: 1px solid #ffffcc; border-bottom: 1px solid #ffffcc\" ALIGN=\"LEFT\" VALIGN=MIDDLE BGCOLOR=\"#C0C0C0\"><BR></TD>\r\n		<TD STYLE=\"border-top: 1px solid #ffffcc; border-bottom: 1px solid #ffffcc; border-right: 1px solid #ffffcc\" ALIGN=\"LEFT\" VALIGN=MIDDLE BGCOLOR=\"#C0C0C0\"><BR></TD>\r\n		<TD STYLE=\"border-top: 1px solid #ffffcc; border-bottom: 1px solid #ffffcc; border-left: 1px solid #ffffcc; border-right: 1px solid #ffffcc\" ALIGN=\"CENTER\" VALIGN=MIDDLE BGCOLOR=\"#C0C0C0\" SDVAL=\"1\" SDNUM=\"11274;\"><U><FONT COLOR=\"#0000FF\">1</FONT></U></TD>\r\n	</TR>\r\n	<TR>\r\n		<TD STYLE=\"border-top: 1px solid #ffffcc; border-bottom: 1px solid #ffffcc; border-left: 1px solid #ffffcc; border-right: 1px solid #ffffcc\" HEIGHT=\"44\" ALIGN=\"LEFT\" VALIGN=MIDDLE BGCOLOR=\"#C0C0C0\"><FONT COLOR=\"#003300\">07-ASESORAMIENTO E IMPLEMENTACION DE NORMAS SYSO, CALIDAD Y MA</FONT></TD>\r\n		<TD STYLE=\"border-top: 1px solid #ffffcc; border-bottom: 1px solid #ffffcc; border-left: 1px solid #ffffcc\" ALIGN=\"LEFT\" VALIGN=MIDDLE BGCOLOR=\"#C0C0C0\"><BR></TD>\r\n		<TD STYLE=\"border-top: 1px solid #ffffcc; border-bottom: 1px solid #ffffcc\" ALIGN=\"LEFT\" VALIGN=MIDDLE BGCOLOR=\"#C0C0C0\"><BR></TD>\r\n		<TD STYLE=\"border-top: 1px solid #ffffcc; border-bottom: 1px solid #ffffcc\" ALIGN=\"LEFT\" VALIGN=MIDDLE BGCOLOR=\"#C0C0C0\"><BR></TD>\r\n		<TD STYLE=\"border-top: 1px solid #ffffcc; border-bottom: 1px solid #ffffcc\" ALIGN=\"LEFT\" VALIGN=MIDDLE BGCOLOR=\"#C0C0C0\" SDVAL=\"1\" SDNUM=\"11274;\"><U><FONT COLOR=\"#0000FF\">1</FONT></U></TD>\r\n		<TD STYLE=\"border-top: 1px solid #ffffcc; border-bottom: 1px solid #ffffcc\" ALIGN=\"LEFT\" VALIGN=MIDDLE BGCOLOR=\"#C0C0C0\"><BR></TD>\r\n		<TD STYLE=\"border-top: 1px solid #ffffcc; border-bottom: 1px solid #ffffcc\" ALIGN=\"LEFT\" VALIGN=MIDDLE BGCOLOR=\"#C0C0C0\"><BR></TD>\r\n		<TD STYLE=\"border-top: 1px solid #ffffcc; border-bottom: 1px solid #ffffcc\" ALIGN=\"LEFT\" VALIGN=MIDDLE BGCOLOR=\"#C0C0C0\"><BR></TD>\r\n		<TD STYLE=\"border-top: 1px solid #ffffcc; border-bottom: 1px solid #ffffcc; border-right: 1px solid #ffffcc\" ALIGN=\"LEFT\" VALIGN=MIDDLE BGCOLOR=\"#C0C0C0\"><BR></TD>\r\n		<TD STYLE=\"border-top: 1px solid #ffffcc; border-bottom: 1px solid #ffffcc; border-left: 1px solid #ffffcc; border-right: 1px solid #ffffcc\" ALIGN=\"CENTER\" VALIGN=MIDDLE BGCOLOR=\"#C0C0C0\" SDVAL=\"1\" SDNUM=\"11274;\"><U><FONT COLOR=\"#0000FF\">1</FONT></U></TD>\r\n	</TR>\r\n	<TR>\r\n		<TD STYLE=\"border-top: 1px solid #ffffcc; border-bottom: 1px solid #ffffcc; border-left: 1px solid #ffffcc; border-right: 1px solid #ffffcc\" HEIGHT=\"44\" ALIGN=\"LEFT\" VALIGN=MIDDLE BGCOLOR=\"#C0C0C0\"><FONT COLOR=\"#003300\">08- MEDIO AMBIENTE</FONT></TD>\r\n		<TD ALIGN=\"LEFT\" VALIGN=MIDDLE BGCOLOR=\"#C0C0C0\" SDVAL=\"1\" SDNUM=\"11274;\"><U><FONT COLOR=\"#0000FF\">1</FONT></U></TD>\r\n		<TD ALIGN=\"LEFT\" VALIGN=MIDDLE BGCOLOR=\"#C0C0C0\" SDVAL=\"2\" SDNUM=\"11274;\"><U><FONT COLOR=\"#0000FF\">2</FONT></U></TD>\r\n		<TD ALIGN=\"LEFT\" VALIGN=MIDDLE BGCOLOR=\"#C0C0C0\" SDVAL=\"3\" SDNUM=\"11274;\"><U><FONT COLOR=\"#0000FF\">3</FONT></U></TD>\r\n		<TD ALIGN=\"LEFT\" VALIGN=MIDDLE BGCOLOR=\"#C0C0C0\" SDVAL=\"4\" SDNUM=\"11274;\"><U><FONT COLOR=\"#0000FF\">4</FONT></U></TD>\r\n		<TD ALIGN=\"LEFT\" VALIGN=MIDDLE BGCOLOR=\"#C0C0C0\" SDVAL=\"5\" SDNUM=\"11274;\"><U><FONT COLOR=\"#0000FF\">5</FONT></U></TD>\r\n		<TD ALIGN=\"LEFT\" VALIGN=MIDDLE BGCOLOR=\"#C0C0C0\" SDVAL=\"6\" SDNUM=\"11274;\"><U><FONT COLOR=\"#0000FF\">6</FONT></U></TD>\r\n		<TD ALIGN=\"LEFT\" VALIGN=MIDDLE BGCOLOR=\"#C0C0C0\" SDVAL=\"7\" SDNUM=\"11274;\"><U><FONT COLOR=\"#0000FF\">7</FONT></U></TD>\r\n		<TD ALIGN=\"LEFT\" VALIGN=MIDDLE BGCOLOR=\"#C0C0C0\" SDVAL=\"8\" SDNUM=\"11274;\"><U><FONT COLOR=\"#0000FF\">8</FONT></U></TD>\r\n		<TD STYLE=\"border-top: 1px solid #ffffcc; border-bottom: 1px solid #ffffcc; border-left: 1px solid #ffffcc; border-right: 1px solid #ffffcc\" ALIGN=\"CENTER\" VALIGN=MIDDLE BGCOLOR=\"#C0C0C0\" SDVAL=\"1\" SDNUM=\"11274;\"><U><FONT COLOR=\"#0000FF\">1</FONT></U></TD>\r\n	</TR>\r\n	<TR>\r\n		<TD STYLE=\"border-top: 1px solid #ffffcc; border-bottom: 1px solid #ffffcc; border-left: 1px solid #ffffcc; border-right: 1px solid #ffffcc\" HEIGHT=\"44\" ALIGN=\"LEFT\" VALIGN=MIDDLE BGCOLOR=\"#C0C0C0\"><FONT COLOR=\"#003300\">09-INGENIERIA DE OBRAS</FONT></TD>\r\n		<TD STYLE=\"border-top: 1px solid #ffffcc; border-bottom: 1px solid #ffffcc; border-left: 1px solid #ffffcc\" ALIGN=\"LEFT\" VALIGN=MIDDLE BGCOLOR=\"#C0C0C0\"><BR></TD>\r\n		<TD STYLE=\"border-top: 1px solid #ffffcc; border-bottom: 1px solid #ffffcc\" ALIGN=\"LEFT\" VALIGN=MIDDLE BGCOLOR=\"#C0C0C0\"><BR></TD>\r\n		<TD STYLE=\"border-top: 1px solid #ffffcc; border-bottom: 1px solid #ffffcc\" ALIGN=\"LEFT\" VALIGN=MIDDLE BGCOLOR=\"#C0C0C0\"><BR></TD>\r\n		<TD STYLE=\"border-top: 1px solid #ffffcc; border-bottom: 1px solid #ffffcc\" ALIGN=\"LEFT\" VALIGN=MIDDLE BGCOLOR=\"#C0C0C0\" SDVAL=\"1\" SDNUM=\"11274;\"><U><FONT COLOR=\"#0000FF\">1</FONT></U></TD>\r\n		<TD STYLE=\"border-top: 1px solid #ffffcc; border-bottom: 1px solid #ffffcc\" ALIGN=\"LEFT\" VALIGN=MIDDLE BGCOLOR=\"#C0C0C0\"><BR></TD>\r\n		<TD STYLE=\"border-top: 1px solid #ffffcc; border-bottom: 1px solid #ffffcc\" ALIGN=\"LEFT\" VALIGN=MIDDLE BGCOLOR=\"#C0C0C0\"><BR></TD>\r\n		<TD STYLE=\"border-top: 1px solid #ffffcc; border-bottom: 1px solid #ffffcc\" ALIGN=\"LEFT\" VALIGN=MIDDLE BGCOLOR=\"#C0C0C0\"><BR></TD>\r\n		<TD STYLE=\"border-top: 1px solid #ffffcc; border-bottom: 1px solid #ffffcc; border-right: 1px solid #ffffcc\" ALIGN=\"LEFT\" VALIGN=MIDDLE BGCOLOR=\"#C0C0C0\"><BR></TD>\r\n		<TD STYLE=\"border-top: 1px solid #ffffcc; border-bottom: 1px solid #ffffcc; border-left: 1px solid #ffffcc; border-right: 1px solid #ffffcc\" ALIGN=\"CENTER\" VALIGN=MIDDLE BGCOLOR=\"#C0C0C0\" SDVAL=\"1\" SDNUM=\"11274;\"><U><FONT COLOR=\"#0000FF\">1</FONT></U></TD>\r\n	</TR>\r\n</TABLE>', '<TABLE CELLSPACING=\"0\" COLS=\"10\" BORDER=\"0\">\r\n	<COLGROUP WIDTH=\"341\"></COLGROUP>\r\n	<COLGROUP SPAN=\"8\" WIDTH=\"15\"></COLGROUP>\r\n	<COLGROUP WIDTH=\"94\"></COLGROUP>\r\n	<TR>\r\n		<TD HEIGHT=\"17\" ALIGN=\"LEFT\" BGCOLOR=\"#C0C0C0\"><BR></TD>\r\n		<TD ALIGN=\"LEFT\" BGCOLOR=\"#C0C0C0\"><BR></TD>\r\n		<TD ALIGN=\"LEFT\" BGCOLOR=\"#C0C0C0\"><BR></TD>\r\n		<TD ALIGN=\"LEFT\" BGCOLOR=\"#C0C0C0\"><BR></TD>\r\n		<TD ALIGN=\"LEFT\" BGCOLOR=\"#C0C0C0\"><BR></TD>\r\n		<TD ALIGN=\"LEFT\" BGCOLOR=\"#C0C0C0\"><BR></TD>\r\n		<TD ALIGN=\"LEFT\" BGCOLOR=\"#C0C0C0\"><BR></TD>\r\n		<TD ALIGN=\"LEFT\" BGCOLOR=\"#C0C0C0\"><BR></TD>\r', '', 1371828690, 4),
(31, 38, 1, 'IPER ', '<table style=\"width: 588px;\" border=\"0\" cellpadding=\"0\" cellspacing=\"0\"><colgroup><col width=\"323\"> <col span=\"8\" width=\"14\"> <col width=\"89\"> <col width=\"64\"> </colgroup><tbody><tr height=\"33\"><td colspan=\"10\" height=\"33\" width=\"524\">IDENTIFICACION DE PELIGROS Y EVALUACION DE RIESGO   POR PROCESOS</td> <td width=\"64\">&nbsp;</td></tr> <tr height=\"17\"><td height=\"17\">Proceso</td> <td colspan=\"8\">Identificacion</td> <td>Evaluacion</td> <td>&nbsp;</td></tr> <tr height=\"44\"><td height=\"44\" width=\"323\">01- ASESORAMIENTO EN SHI</td> <td>&nbsp;</td> <td>&nbsp;</td> <td>&nbsp;</td> <td><a href=\"/biblioteca/IPER/PG-SYSO-2_01/PG-SYSO-2-ANEXO%201_01.doc\">1</a></td> <td>&nbsp;</td> <td>&nbsp;</td> <td>&nbsp;</td> <td>&nbsp;</td> <td><a href=\"/biblioteca/IPER/PG-SYSO-2_01/PG_SYSO_2_ANEXO_2_01.xls\">1</a></td> <td>&nbsp;</td></tr> <tr height=\"44\"><td height=\"44\" width=\"323\">02- GRUPO DE RESPUESTA</td> <td>&nbsp;</td> <td>&nbsp;</td> <td>&nbsp;</td> <td><a href=\"/biblioteca/IPER/PG-SYSO-2_02/PG-SYSO-2-ANEXO%201-02.doc\">1</a></td> <td>&nbsp;</td> <td>&nbsp;</td> <td>&nbsp;</td> <td>&nbsp;</td> <td><a href=\"/biblioteca/IPER/PG-SYSO-2_02/PG-SYSO-2%20ANEXO%202-%2002.xls\">1</a></td> <td>&nbsp;</td></tr> <tr height=\"44\"><td height=\"44\" width=\"323\">03- MANTENIMIENTO Y REPARACION DE SISTEMAS FIJOS Y MOVILES   CONTRA INCENDIOS</td> <td width=\"14\"><a href=\"/biblioteca/IPER/PG-SYSO-2_03/PG-SYSO-2-ANEXO%201_03_01.doc\">1</a></td> <td width=\"14\"><a href=\"/biblioteca/IPER/PG-SYSO-2_03/PG-SYSO-2-ANEXO%201_03_02.doc\">2</a></td> <td width=\"14\"><a href=\"/biblioteca/IPER/PG-SYSO-2_03/PG-SYSO-2-ANEXO%201_03_04.doc\">3</a></td> <td width=\"14\"><a href=\"/biblioteca/IPER/PG-SYSO-2_03/PG-SYSO-2-ANEXO%201_03_04.doc\">4</a></td> <td width=\"14\"><a href=\"/biblioteca/IPER/PG-SYSO-2_03/PG-SYSO-2-ANEXO%201_03_05.doc\">5</a></td> <td width=\"14\"><a href=\"/biblioteca/IPER/PG-SYSO-2_03/PG-SYSO-2-ANEXO%201_03_06.doc\">6</a></td> <td width=\"14\"><a href=\"/biblioteca/IPER/PG-SYSO-2_03/PG-SYSO-2-ANEXO%201_03_07.doc\">7</a></td> <td width=\"14\"><span style=\"text-decoration: underline;\">&nbsp;</span></td> <td><a href=\"/biblioteca/IPER/PG-SYSO-2_03/PG-SYSO-2-ANEXO%202_03_01_02_03_04_05_06.xls\">1</a></td> <td>&nbsp;</td></tr> <tr height=\"44\"><td height=\"44\" width=\"323\">04-MANTENIMIENTO, REPARACION Y CALIBRACION DE EQUIPOS DE VENTEO   DE TANQUES</td> <td width=\"14\">&nbsp;</td> <td width=\"14\">&nbsp;</td> <td width=\"14\">&nbsp;</td> <td width=\"14\"><a href=\"/biblioteca/IPER/PG-SYSO-2_04/PG-SYSO-2-ANEXO%201-04_1.doc\">1</a></td> <td width=\"14\">&nbsp;</td> <td width=\"14\">&nbsp;</td> <td width=\"14\">&nbsp;</td> <td width=\"14\">&nbsp;</td> <td><a href=\"/biblioteca/IPER/PG-SYSO-2_04/PG-SYSO-2-ANEXO%202_04.xls\">1</a></td> <td>&nbsp;</td></tr> <tr height=\"44\"><td height=\"44\" width=\"323\">05-DE APOYO (Administracion, SYSO, MA, Calidad, RRHH,   Mantenimiento de recursos).</td> <td>&nbsp;</td> <td>&nbsp;</td> <td>&nbsp;</td> <td><a href=\"/biblioteca/IPER/PG-SYSO-2_05/PG-SYSO-2-ANEXO%201_05.doc\">1</a></td> <td>&nbsp;</td> <td>&nbsp;</td> <td>&nbsp;</td> <td>&nbsp;</td> <td><a href=\"/biblioteca/IPER/PG-SYSO-2_05/PG-SYSO-2-ANEXO-2_05.xls\">1</a></td> <td>&nbsp;</td></tr> <tr height=\"44\"><td height=\"44\" width=\"323\">06- GERENCIA GENERAL</td> <td>&nbsp;</td> <td>&nbsp;</td> <td>&nbsp;</td> <td><a href=\"/biblioteca/IPER/PG-SYSO-2_06/PG-SYSO-2-ANEXO%201_06.doc\">1</a></td> <td>&nbsp;</td> <td>&nbsp;</td> <td>&nbsp;</td> <td>&nbsp;</td> <td><a href=\"/biblioteca/IPER/PG-SYSO-2_06/PG-SYSO-2-ANEXO%202_06.xls\">1</a></td> <td>&nbsp;</td></tr> <tr height=\"44\"><td height=\"44\" width=\"323\">07-ASESORAMIENTO E IMPLEMENTACION DE NORMAS SYSO, CALIDAD Y MA</td> <td width=\"14\">&nbsp;</td> <td width=\"14\">&nbsp;</td> <td width=\"14\">&nbsp;</td> <td width=\"14\"><a href=\"/biblioteca/IPER/PG-SYSO-2_07/PG-SYSO-2-ANEXO%201_07.doc\">1</a></td> <td width=\"14\">&nbsp;</td> <td width=\"14\">&nbsp;</td> <td width=\"14\">&nbsp;</td> <td width=\"14\">&nbsp;</td> <td><a href=\"/biblioteca/IPER/PG-SYSO-2_07/PG-SYSO-2-ANEXO-2_07.xls\">1</a></td> <td>&nbsp;</td></tr> <tr height=\"44\"><td height=\"44\" width=\"323\">08- MEDIO AMBIENTE</td> <td><a href=\"/biblioteca/IPER/PG-SYSO-2_08/PG-SYSO-2-ANEXO%201_08_01.doc\">1</a></td> <td><a href=\"/biblioteca/IPER/PG-SYSO-2_08/PG-SYSO-2-ANEXO%201_08_02.doc\">2</a></td> <td><a href=\"/biblioteca/IPER/PG-SYSO-2_08/PG-SYSO-2-ANEXO%201_08_03.doc\">3</a></td> <td><a href=\"/biblioteca/IPER/PG-SYSO-2_08/PG-SYSO-2-ANEXO%201_08_04.doc\">4</a></td> <td><a href=\"/biblioteca/IPER/PG-SYSO-2_08/PG-SYSO-2-ANEXO%201_08_05.doc\">5</a></td> <td><a href=\"/biblioteca/IPER/PG-SYSO-2_08/PG-SYSO-2-ANEXO%201_08_06.doc\">6</a></td> <td><a href=\"/biblioteca/IPER/PG-SYSO-2_08/PG-SYSO-2-ANEXO%201_08_07.doc\">7</a></td> <td><a href=\"/biblioteca/IPER/PG-SYSO-2_08/PG-SYSO-2-ANEXO%201_08_08.doc\">8</a></td> <td><a href=\"/biblioteca/IPER/PG-SYSO-2_08/PG-SYSO-2ANEXO-2_08.xls\">1</a></td> <td>&nbsp;</td></tr> <tr height=\"44\"><td height=\"44\" width=\"323\">09-INGENIERIA DE OBRAS</td> <td>&nbsp;</td> <td>&nbsp;</td> <td>&nbsp;</td> <td><a href=\"/biblioteca/IPER/PG-SYSO-2_09/PG-SYSO-2-ANEXO%201_09.doc\">1</a></td> <td>&nbsp;</td> <td>&nbsp;</td> <td>&nbsp;</td> <td>&nbsp;</td> <td><a href=\"/biblioteca/IPER/PG-SYSO-2_09/PG-SYSO-2-ANEXO-2_09.xls\">1</a></td> <td>&nbsp;</td></tr> <tr height=\"26\"><td height=\"26\">&nbsp;</td> <td>&nbsp;</td> <td>&nbsp;</td> <td>&nbsp;</td> <td>&nbsp;</td> <td>&nbsp;</td> <td>&nbsp;</td> <td>&nbsp;</td> <td>&nbsp;</td> <td>&nbsp;</td> <td>&nbsp;</td></tr></tbody></table>', '<table style=\"width: 588px;\" border=\"0\" cellpadding=\"0\" cellspacing=\"0\"><colgroup><col width=\"323\"> <col span=\"8\" width=\"14\"> <col width=\"89\"> <col width=\"64\"> </colgroup><tbody><tr height=\"33\"><td colspan=\"10\" height=\"33\" width=\"524\">IDENTIFICACION DE PELIGROS Y EVALUACION DE RIESGO   POR PROCESOS</td> <td width=\"64\">&nbsp;</td></tr> <tr height=\"17\"><td height=\"17\">Proceso</td> <td colspan=\"8\">Identificacion</td> <td>Evaluacion</td> <td>&nbsp;</td></tr> <tr height=\"44\"><td height=\"44\" width=\"323\">01- ASESORAMIENTO EN SHI</td> <td>&nbsp;</td> <td>&nbsp;</td> <td>&nbsp;</td> <td><a href=\"/bibli', '', 1372171031, 4),
(32, 39, 1, 'MATRIZ LEGAL', '<h2><a href=\"http://www.tecprecincsrl.com.ar/MatrizLegal/Anexo1_Documento24_01_13.doc\">Identificación de requisitos legales</a> - \r\n<a href=\"http://www.tecprecincsrl.com.ar/MatrizLegal/Anexo2_Registro24_01_13.doc\">Evaluación de requisitos legales</a></h2>', '<h2><a href=\"http://www.tecprecincsrl.com.ar/MatrizLegal/Anexo1_Documento24_01_13.doc\">Identificación de requisitos legales</a> - \r\n<a href=\"http://www.tecprecincsrl.com.ar/MatrizLegal/Anexo2_Registro24_01_13.doc\">Evaluación de requisitos legales</a></h2>', '', 1372277460, 5),
(33, 40, 1, 'PROGRAMA ANUAL DE AUDITORIAS INTERNAS', '<h2><a href=\"http://www.tecprecincsrl.com.ar/registros_sistema_gestion/prog_auditorias/Programa_Auditorias_2012.pdf\">Programa de auditorias 2012</a>', '<h2><a href=\"http://www.tecprecincsrl.com.ar/registros_sistema_gestion/prog_auditorias/Programa_Auditorias_2012.pdf\">Programa de auditorias 2012</a>', '', 1372277612, 5),
(33, 41, 1, 'PROGRAMA ANUAL DE AUDITORIAS INTERNAS', '<h2><a href=\"http://www.tecprecincsrl.com.ar/registros_sistema_gestion/prog_auditorias/Programa_Auditorias_2012.pdf\">Programa de auditorias 2012</a></h2>', '<h2><a href=\"http://www.tecprecincsrl.com.ar/registros_sistema_gestion/prog_auditorias/Programa_Auditorias_2012.pdf\">Programa de auditorias 2012</a></h2>', '', 1372277684, 5);
INSERT INTO `node_revisions` (`nid`, `vid`, `uid`, `title`, `body`, `teaser`, `log`, `timestamp`, `format`) VALUES
(31, 42, 1, 'IPER ', '<table style=\"width: 588px;\" border=\"0\" cellpadding=\"0\" cellspacing=\"0\"><colgroup><col width=\"323\"> <col span=\"8\" width=\"14\"> <col width=\"89\"> <col width=\"64\"> </colgroup><tbody><tr height=\"33\"><td colspan=\"10\" height=\"33\" width=\"524\">IDENTIFICACION DE PELIGROS Y EVALUACION DE RIESGO   POR ACTIVIDAD</td> <td width=\"64\">&nbsp;</td></tr> <tr height=\"17\"><td height=\"17\">Proceso</td> <td colspan=\"8\">Identificacion</td> <td>Evaluacion</td> <td>&nbsp;</td></tr> <tr height=\"44\"><td height=\"44\" width=\"323\">01- ASESORAMIENTO EN SHI</td> <td>&nbsp;</td> <td>&nbsp;</td> <td>&nbsp;</td> <td><a href=\"/biblioteca/IPER/PG-SYSO-2_01/PG-SYSO-2-ANEXO%201_01.doc\">1</a></td> <td>&nbsp;</td> <td>&nbsp;</td> <td>&nbsp;</td> <td>&nbsp;</td> <td><a href=\"/biblioteca/IPER/PG-SYSO-2_01/PG_SYSO_2_ANEXO_2_01.xls\">1</a></td> <td>&nbsp;</td></tr> <tr height=\"44\"><td height=\"44\" width=\"323\">02- GRUPO DE RESPUESTA</td> <td>&nbsp;</td> <td>&nbsp;</td> <td>&nbsp;</td> <td><a href=\"/biblioteca/IPER/PG-SYSO-2_02/PG-SYSO-2-ANEXO%201-02.doc\">1</a></td> <td>&nbsp;</td> <td>&nbsp;</td> <td>&nbsp;</td> <td>&nbsp;</td> <td><a href=\"/biblioteca/IPER/PG-SYSO-2_02/PG-SYSO-2%20ANEXO%202-%2002.xls\">1</a></td> <td>&nbsp;</td></tr> <tr height=\"44\"><td height=\"44\" width=\"323\">03- MANTENIMIENTO Y REPARACION DE SISTEMAS FIJOS Y MOVILES   CONTRA INCENDIOS</td> <td width=\"14\"><a href=\"/biblioteca/IPER/PG-SYSO-2_03/PG-SYSO-2-ANEXO%201_03_01.doc\">1</a></td> <td width=\"14\"><a href=\"/biblioteca/IPER/PG-SYSO-2_03/PG-SYSO-2-ANEXO%201_03_02.doc\">2</a></td> <td width=\"14\"><a href=\"/biblioteca/IPER/PG-SYSO-2_03/PG-SYSO-2-ANEXO%201_03_04.doc\">3</a></td> <td width=\"14\"><a href=\"/biblioteca/IPER/PG-SYSO-2_03/PG-SYSO-2-ANEXO%201_03_04.doc\">4</a></td> <td width=\"14\"><a href=\"/biblioteca/IPER/PG-SYSO-2_03/PG-SYSO-2-ANEXO%201_03_05.doc\">5</a></td> <td width=\"14\"><a href=\"/biblioteca/IPER/PG-SYSO-2_03/PG-SYSO-2-ANEXO%201_03_06.doc\">6</a></td> <td width=\"14\"><a href=\"/biblioteca/IPER/PG-SYSO-2_03/PG-SYSO-2-ANEXO%201_03_07.doc\">7</a></td> <td width=\"14\"><span style=\"text-decoration: underline;\">&nbsp;</span></td> <td><a href=\"/biblioteca/IPER/PG-SYSO-2_03/PG-SYSO-2-ANEXO%202_03_01_02_03_04_05_06.xls\">1</a></td> <td>&nbsp;</td></tr> <tr height=\"44\"><td height=\"44\" width=\"323\">04-MANTENIMIENTO, REPARACION Y CALIBRACION DE EQUIPOS DE VENTEO   DE TANQUES</td> <td width=\"14\">&nbsp;</td> <td width=\"14\">&nbsp;</td> <td width=\"14\">&nbsp;</td> <td width=\"14\"><a href=\"/biblioteca/IPER/PG-SYSO-2_04/PG-SYSO-2-ANEXO%201-04_1.doc\">1</a></td> <td width=\"14\">&nbsp;</td> <td width=\"14\">&nbsp;</td> <td width=\"14\">&nbsp;</td> <td width=\"14\">&nbsp;</td> <td><a href=\"/biblioteca/IPER/PG-SYSO-2_04/PG-SYSO-2-ANEXO%202_04.xls\">1</a></td> <td>&nbsp;</td></tr> <tr height=\"44\"><td height=\"44\" width=\"323\">05-DE APOYO (Administracion, SYSO, MA, Calidad, RRHH,   Mantenimiento de recursos).</td> <td>&nbsp;</td> <td>&nbsp;</td> <td>&nbsp;</td> <td><a href=\"/biblioteca/IPER/PG-SYSO-2_05/PG-SYSO-2-ANEXO%201_05.doc\">1</a></td> <td>&nbsp;</td> <td>&nbsp;</td> <td>&nbsp;</td> <td>&nbsp;</td> <td><a href=\"/biblioteca/IPER/PG-SYSO-2_05/PG-SYSO-2-ANEXO-2_05.xls\">1</a></td> <td>&nbsp;</td></tr> <tr height=\"44\"><td height=\"44\" width=\"323\">06- GERENCIA GENERAL</td> <td>&nbsp;</td> <td>&nbsp;</td> <td>&nbsp;</td> <td><a href=\"/biblioteca/IPER/PG-SYSO-2_06/PG-SYSO-2-ANEXO%201_06.doc\">1</a></td> <td>&nbsp;</td> <td>&nbsp;</td> <td>&nbsp;</td> <td>&nbsp;</td> <td><a href=\"/biblioteca/IPER/PG-SYSO-2_06/PG-SYSO-2-ANEXO%202_06.xls\">1</a></td> <td>&nbsp;</td></tr> <tr height=\"44\"><td height=\"44\" width=\"323\">07-ASESORAMIENTO E IMPLEMENTACION DE NORMAS SYSO, CALIDAD Y MA</td> <td width=\"14\">&nbsp;</td> <td width=\"14\">&nbsp;</td> <td width=\"14\">&nbsp;</td> <td width=\"14\"><a href=\"/biblioteca/IPER/PG-SYSO-2_07/PG-SYSO-2-ANEXO%201_07.doc\">1</a></td> <td width=\"14\">&nbsp;</td> <td width=\"14\">&nbsp;</td> <td width=\"14\">&nbsp;</td> <td width=\"14\">&nbsp;</td> <td><a href=\"/biblioteca/IPER/PG-SYSO-2_07/PG-SYSO-2-ANEXO-2_07.xls\">1</a></td> <td>&nbsp;</td></tr> <tr height=\"44\"><td height=\"44\" width=\"323\">08- MEDIO AMBIENTE</td> <td><a href=\"/biblioteca/IPER/PG-SYSO-2_08/PG-SYSO-2-ANEXO%201_08_01.doc\">1</a></td> <td><a href=\"/biblioteca/IPER/PG-SYSO-2_08/PG-SYSO-2-ANEXO%201_08_02.doc\">2</a></td> <td><a href=\"/biblioteca/IPER/PG-SYSO-2_08/PG-SYSO-2-ANEXO%201_08_03.doc\">3</a></td> <td><a href=\"/biblioteca/IPER/PG-SYSO-2_08/PG-SYSO-2-ANEXO%201_08_04.doc\">4</a></td> <td><a href=\"/biblioteca/IPER/PG-SYSO-2_08/PG-SYSO-2-ANEXO%201_08_05.doc\">5</a></td> <td><a href=\"/biblioteca/IPER/PG-SYSO-2_08/PG-SYSO-2-ANEXO%201_08_06.doc\">6</a></td> <td><a href=\"/biblioteca/IPER/PG-SYSO-2_08/PG-SYSO-2-ANEXO%201_08_07.doc\">7</a></td> <td><a href=\"/biblioteca/IPER/PG-SYSO-2_08/PG-SYSO-2-ANEXO%201_08_08.doc\">8</a></td> <td><a href=\"/biblioteca/IPER/PG-SYSO-2_08/PG-SYSO-2ANEXO-2_08.xls\">1</a></td> <td>&nbsp;</td></tr> <tr height=\"44\"><td height=\"44\" width=\"323\">09-INGENIERIA DE OBRAS</td> <td>&nbsp;</td> <td>&nbsp;</td> <td>&nbsp;</td> <td><a href=\"/biblioteca/IPER/PG-SYSO-2_09/PG-SYSO-2-ANEXO%201_09.doc\">1</a></td> <td>&nbsp;</td> <td>&nbsp;</td> <td>&nbsp;</td> <td>&nbsp;</td> <td><a href=\"/biblioteca/IPER/PG-SYSO-2_09/PG-SYSO-2-ANEXO-2_09.xls\">1</a></td> <td>&nbsp;</td></tr> <tr height=\"26\"><td height=\"26\">&nbsp;</td> <td>&nbsp;</td> <td>&nbsp;</td> <td>&nbsp;</td> <td>&nbsp;</td> <td>&nbsp;</td> <td>&nbsp;</td> <td>&nbsp;</td> <td>&nbsp;</td> <td>&nbsp;</td> <td>&nbsp;</td></tr></tbody></table>', '<table style=\"width: 588px;\" border=\"0\" cellpadding=\"0\" cellspacing=\"0\"><colgroup><col width=\"323\"> <col span=\"8\" width=\"14\"> <col width=\"89\"> <col width=\"64\"> </colgroup><tbody><tr height=\"33\"><td colspan=\"10\" height=\"33\" width=\"524\">IDENTIFICACION DE PELIGROS Y EVALUACION DE RIESGO   POR ACTIVIDAD</td> <td width=\"64\">&nbsp;</td></tr> <tr height=\"17\"><td height=\"17\">Proceso</td> <td colspan=\"8\">Identificacion</td> <td>Evaluacion</td> <td>&nbsp;</td></tr> <tr height=\"44\"><td height=\"44\" width=\"323\">01- ASESORAMIENTO EN SHI</td> <td>&nbsp;</td> <td>&nbsp;</td> <td>&nbsp;</td> <td><a href=\"/bibl', '', 1372875973, 4),
(31, 43, 1, 'IPER ', '<table style=\"width: 588px;\" border=\"0\" cellpadding=\"0\" cellspacing=\"0\"><colgroup><col width=\"323\"> <col span=\"8\" width=\"14\"> <col width=\"89\"> <col width=\"64\"> </colgroup><tbody><tr height=\"33\"><td colspan=\"10\" height=\"33\">IDENTIFICACION DE PELIGROS Y EVALUACION DE RIESGO   POR ACTIVIDAD</td> <td width=\"64\">&nbsp;</td></tr> <tr height=\"17\"><td height=\"17\">Actividad</td> <td colspan=\"8\">Identificacion</td> <td width=\"65\">Evaluacion</td> <td>&nbsp;</td></tr> <tr height=\"44\">\r\n  <td height=\"44\" width=\"339\">01-<strong>Traslado de personal en Vehículo</strong></td> \r\n  <td>&nbsp;</td> <td>&nbsp;</td> <td>&nbsp;</td> <td><a href=\"http://www.tecprecincsrl.com.ar/IPER/IPER_Junio_2013/PG-SYSO-2-ANEXO1_01.doc\">1</a></td> <td>&nbsp;</td> <td>&nbsp;</td> <td>&nbsp;</td> <td>&nbsp;</td> <td><a href=\"http://www.tecprecincsrl.com.ar/IPER/IPER_Junio_2013/PG-SYSO-2-Anexo2_01.xls\">1</a></td> <td>&nbsp;</td></tr> <tr height=\"44\">\r\n  <td height=\"44\" width=\"339\">02- <strong>Administración</strong></td> \r\n  <td>&nbsp;</td> <td>&nbsp;</td> <td>&nbsp;</td> <td><a href=\"http://www.tecprecincsrl.com.ar/IPER/IPER_Junio_2013/PG-SYSO-2-ANEXO1_02.doc\">1</a></td> <td>&nbsp;</td> <td>&nbsp;</td> <td>&nbsp;</td> <td>&nbsp;</td> <td><a href=\"http://www.tecprecincsrl.com.ar/IPER/IPER_Junio_2013/PG-SYSO-2-Anexo2_02.xls\">1</a></td> <td>&nbsp;</td></tr> <tr height=\"44\">\r\n    <td height=\"44\" width=\"339\">03- <strong>Asesoramiento en SHI</strong></td> \r\n    <td width=\"15\">&nbsp;</td> <td width=\"15\">&nbsp;</td> <td width=\"15\">&nbsp;</td> <td width=\"16\"><a href=\"http://www.tecprecincsrl.com.ar/IPER/IPER_Junio_2013/PG-SYSO-2-ANEXO1_03.doc\">1</a></td> <td width=\"14\">&nbsp;</td> <td width=\"15\">&nbsp;</td> <td width=\"15\">&nbsp;</td> <td width=\"15\"><span style=\"text-decoration: underline;\">&nbsp;</span></td> <td><a href=\"http://www.tecprecincsrl.com.ar/IPER/IPER_Junio_2013/PG-SYSO-2-Anexo2_03.xls\">1</a></td> <td>&nbsp;</td></tr> <tr height=\"44\">\r\n      <td height=\"44\" width=\"339\">04-<strong>Mantenimiento y recarga de  extintores</strong></td> \r\n      <td width=\"15\">&nbsp;</td> <td width=\"15\">&nbsp;</td> <td width=\"15\">&nbsp;</td> <td width=\"16\"><a href=\"http://www.tecprecincsrl.com.ar/IPER/IPER_Junio_2013/PG-SYSO-2-ANEXO1_04.doc\">1</a></td> <td width=\"14\">&nbsp;</td> <td width=\"15\">&nbsp;</td> <td width=\"15\">&nbsp;</td> <td width=\"15\">&nbsp;</td> <td><a href=\"http://www.tecprecincsrl.com.ar/IPER/IPER_Junio_2013/PG-SYSO-2-Anexo2_04.xls\">1</a></td> <td>&nbsp;</td></tr> <tr height=\"44\">\r\n        <td height=\"44\" width=\"339\">05-<strong>Mantenimiento de sistemas  fijos contra incendios</strong></td> \r\n        <td>&nbsp;</td> <td>&nbsp;</td> <td>&nbsp;</td> <td><a href=\"http://www.tecprecincsrl.com.ar/IPER/IPER_Junio_2013/PG-SYSO-2-ANEXO1_05.doc\">1</a></td> <td>&nbsp;</td> <td>&nbsp;</td> <td>&nbsp;</td> <td>&nbsp;</td> <td><a href=\"http://www.tecprecincsrl.com.ar/IPER/IPER_Junio_2013/PG-SYSO-2-Anexo2_05.xls\">1</a></td> <td>&nbsp;</td></tr> <tr height=\"44\">\r\n          <td height=\"44\" width=\"339\">06- <strong>Metalúrgica</strong></td> \r\n          <td>&nbsp;</td> <td>&nbsp;</td> <td>&nbsp;</td> <td><a href=\"http://www.tecprecincsrl.com.ar/IPER/IPER_Junio_2013/PG-SYSO-2-ANEXO1_06.doc\">1</a></td> <td>&nbsp;</td> <td>&nbsp;</td> <td>&nbsp;</td> <td>&nbsp;</td> <td><a href=\"http://www.tecprecincsrl.com.ar/IPER/IPER_Junio_2013/PG-SYSO-2-Anexo2_06.xls\">1</a></td> <td>&nbsp;</td></tr> <tr height=\"44\">\r\n            <td height=\"44\" width=\"339\">07-<strong>Operador de Autobomba</strong></td> \r\n            <td width=\"15\">&nbsp;</td> <td width=\"15\">&nbsp;</td> <td width=\"15\">&nbsp;</td> <td width=\"16\"><a href=\"http://www.tecprecincsrl.com.ar/IPER/IPER_Junio_2013/PG-SYSO-2-ANEXO1_07.doc\">1</a></td> <td width=\"14\">&nbsp;</td> <td width=\"15\">&nbsp;</td> <td width=\"15\">&nbsp;</td> <td width=\"15\">&nbsp;</td> <td><a href=\"http://www.tecprecincsrl.com.ar/IPER/IPER_Junio_2013/PG-SYSO-2-Anexo2_07.xls\">1</a></td> <td>&nbsp;</td></tr> <tr height=\"44\">\r\n              <td height=\"44\" width=\"339\">08-<strong> Mantenimiento, reparacion y calibracion de equipos de venteo de tanques </strong></td> \r\n              <td><a href=\"/biblioteca/IPER/PG-SYSO-2_08/PG-SYSO-2-ANEXO%201_08_01.doc\"></a></td> <td>&nbsp;</td> <td>&nbsp;</td> <td><a href=\"http://www.tecprecincsrl.com.ar/IPER/IPER_Junio_2013/PG-SYSO-2-ANEXO1_08.doc\">1</a></td> <td>&nbsp;</td> <td>&nbsp;</td> <td>&nbsp;</td> <td>&nbsp;</td> <td><a href=\"http://www.tecprecincsrl.com.ar/IPER/IPER_Junio_2013/PG-SYSO-2-Anexo2_08.xls\">1</a></td> <td>&nbsp;</td></tr> <tr height=\"44\">\r\n                <td height=\"44\" width=\"339\">09-<strong>Maestranza</strong></td> \r\n                <td>&nbsp;</td> <td>&nbsp;</td> <td>&nbsp;</td> <td><a href=\"http://www.tecprecincsrl.com.ar/IPER/IPER_Junio_2013/PG-SYSO-2-ANEXO1_09.doc\">1</a></td> <td>&nbsp;</td> <td>&nbsp;</td> <td>&nbsp;</td> <td>&nbsp;</td> <td><a href=\"http://www.tecprecincsrl.com.ar/IPER/IPER_Junio_2013/PG-SYSO-2-Anexo2_09.xls\">1</a></td> <td>&nbsp;</td></tr>\r\n              <tr height=\"44\">\r\n                <td height=\"44\">10-<strong>Mantenimiento edilicio </strong></td>\r\n                <td>&nbsp;</td>\r\n                <td>&nbsp;</td>\r\n                <td>&nbsp;</td>\r\n                <td><a href=\"http://www.tecprecincsrl.com.ar/IPER/IPER_Junio_2013/PG-SYSO-2-ANEXO1_10.doc\">1</a></td>\r\n                <td>&nbsp;</td>\r\n                <td>&nbsp;</td>\r\n                <td>&nbsp;</td>\r\n                <td>&nbsp;</td>\r\n                <td><a href=\"http://www.tecprecincsrl.com.ar/IPER/IPER_Junio_2013/PG-SYSO-2-Anexo2_10.xls\">1</a></td>\r\n                <td>&nbsp;</td>\r\n              </tr>\r\n              <tr height=\"44\">\r\n                <td height=\"44\">11-<strong>Situaciones de emergencias</strong></td>\r\n                <td>&nbsp;</td>\r\n                <td>&nbsp;</td>\r\n                <td>&nbsp;</td>\r\n                <td><a href=\"http://www.tecprecincsrl.com.ar/IPER/IPER_Junio_2013/PG-SYSO-2-ANEXO1_11.doc\">1</a></td>\r\n                <td>&nbsp;</td>\r\n                <td>&nbsp;</td>\r\n                <td>&nbsp;</td>\r\n                <td>&nbsp;</td>\r\n                <td><a href=\"http://www.tecprecincsrl.com.ar/IPER/IPER_Junio_2013/PG-SYSO-2-Anexo2_11.xls\">1</a></td>\r\n                <td>&nbsp;</td>\r\n              </tr> \r\n              <tr height=\"26\"><td height=\"26\">&nbsp;</td> <td>&nbsp;</td> <td>&nbsp;</td> <td>&nbsp;</td> <td>&nbsp;</td> <td>&nbsp;</td> <td>&nbsp;</td> <td>&nbsp;</td> <td>&nbsp;</td> <td>&nbsp;</td> <td>&nbsp;</td></tr></tbody></table>', '<table style=\"width: 588px;\" border=\"0\" cellpadding=\"0\" cellspacing=\"0\"><colgroup><col width=\"323\"> <col span=\"8\" width=\"14\"> <col width=\"89\"> <col width=\"64\"> </colgroup><tbody><tr height=\"33\"><td colspan=\"10\" height=\"33\">IDENTIFICACION DE PELIGROS Y EVALUACION DE RIESGO   POR ACTIVIDAD</td> <td width=\"64\">&nbsp;</td></tr> <tr height=\"17\"><td height=\"17\">Actividad</td> <td colspan=\"8\">Identificacion</td> <td width=\"65\">Evaluacion</td> <td>&nbsp;</td></tr> <tr height=\"44\">\r\n  <td height=\"44\" width=\"339\">01-<strong>Traslado de personal en Vehículo</strong></td> \r\n  <td>&nbsp;</td> <td>&nbsp;</t', '', 1372880762, 4),
(32, 44, 1, 'MATRIZ LEGAL', '<h2><a href=\"http://www.tecprecincsrl.com.ar/MatrizLegal/Anexo1_Documento24_01_13.doc\">Identificación de requisitos legales</a> \r\n<br>\r\n<br>\r\n<a href=\"http://www.tecprecincsrl.com.ar/MatrizLegal/Anexo2_Registro24_01_13.doc\">Evaluación de requisitos legales</a></h2>\r\n<br>\r\n<br>', '<h2><a href=\"http://www.tecprecincsrl.com.ar/MatrizLegal/Anexo1_Documento24_01_13.doc\">Identificación de requisitos legales</a> \r\n<br>\r\n<br>\r\n<a href=\"http://www.tecprecincsrl.com.ar/MatrizLegal/Anexo2_Registro24_01_13.doc\">Evaluación de requisitos legales</a></h2>\r\n<br>\r\n<br>', '', 1373314517, 5),
(34, 45, 1, 'ASPECTOS E IMPACTOS AMBIENTALES', '<h2><a href=\"http://tecprecincsrl.com.ar/AspectoImpacto/24_06_2013/RegistroIdentificacionAspectos24_06_13.doc\">Identificación de aspecto e impactos</a> \r\n<br>\r\n<br>\r\n<a href=\"http://tecprecincsrl.com.ar/AspectoImpacto/24_06_2013/RegistroEvaluacionAspectos24_06_13.doc\">Evaluación de impactos ambientales</a></h2>\r\n<br>\r\n<br>\r\n', '<h2><a href=\"http://tecprecincsrl.com.ar/AspectoImpacto/24_06_2013/RegistroIdentificacionAspectos24_06_13.doc\">Identificación de aspecto e impactos</a> \r\n<br>\r\n<br>\r\n<a href=\"http://tecprecincsrl.com.ar/AspectoImpacto/24_06_2013/RegistroEvaluacionAspectos24_06_13.doc\">Evaluación de impactos ambientales</a></h2>\r\n<br>\r\n<br>\r\n', '', 1373315125, 5),
(35, 46, 1, 'Objetivos Actuales', '<h2><a href=\"http://tecprecincsrl.com.ar/Objetivos/Objetivos2013/SYSO_Y_MA_03_01_2013.doc\">Objetivos actuales</a> \r\n<br>\r\n<br>\r\n', '<h2><a href=\"http://tecprecincsrl.com.ar/Objetivos/Objetivos2013/SYSO_Y_MA_03_01_2013.doc\">Objetivos actuales</a> \r\n<br>\r\n<br>\r\n', '', 1373315754, 5),
(35, 47, 1, 'Objetivos Actuales', '<h2><a href=\"http://tecprecincsrl.com.ar/Objetivos/Objetivos2013/SYSO_Y_MA_03_01_2013.doc\">Objetivos actuales</a></h2>\r\n<br>\r\n<br>\r\n', '<h2><a href=\"http://tecprecincsrl.com.ar/Objetivos/Objetivos2013/SYSO_Y_MA_03_01_2013.doc\">Objetivos actuales</a></h2>\r\n<br>\r\n<br>\r\n', '', 1373315782, 5),
(32, 48, 1, 'MATRIZ LEGAL', '<h2><a href=\"http://www.tecprecincsrl.com.ar/MatrizLegal/Anexo1_Documento17_01_13.doc\">Identificación de requisitos legales</a> \r\n<br>\r\n<br>\r\n<a href=\"http://www.tecprecincsrl.com.ar/MatrizLegal/Anexo2_Registro30_05_13.doc\">Evaluación de requisitos legales</a></h2>\r\n<br>\r\n<br>', '<h2><a href=\"http://www.tecprecincsrl.com.ar/MatrizLegal/Anexo1_Documento17_01_13.doc\">Identificación de requisitos legales</a> \r\n<br>\r\n<br>\r\n<a href=\"http://www.tecprecincsrl.com.ar/MatrizLegal/Anexo2_Registro30_05_13.doc\">Evaluación de requisitos legales</a></h2>\r\n<br>\r\n<br>', '', 1373316012, 5),
(36, 49, 1, 'Encuesta clima laboral', '', '', '', 1374276352, 5),
(37, 50, 1, 'Política de gestión', 'Archivo adjunto', 'Archivo adjunto', '', 1374162379, 5),
(37, 51, 1, 'Política de gestión', 'Archivo adjunto', 'Archivo adjunto', '', 1374163532, 5),
(38, 52, 1, 'Liquidación y facturación', '', '', '', 1374164495, 0),
(39, 53, 1, 'Bienvenidos al Grupo Liquidación y Facturación', 'Usted podrán compartir a nivel privado y solo entre los usuarios del grupo.\r\nPodran adjuntar documentación y comentar posteos de otros dentro del mismo grupo.\r\nSaludos\r\nRafa', 'Usted podrán compartir a nivel privado y solo entre los usuarios del grupo.\r\nPodran adjuntar documentación y comentar posteos de otros dentro del mismo grupo.\r\nSaludos\r\nRafa', '', 1374164932, 5),
(40, 54, 1, 'Encuesta de clima laboral', '', '', '', 1374585953, 0),
(41, 55, 8, 'Seguimiento PAC 2013', '', '', '', 1374493538, 5),
(42, 56, 7, 'cuotas No remunerativa $3000 -  contrato 4900058521', '', '', '', 1374500346, 5),
(43, 57, 1, 'Envios encuesta', '', '', '', 1374623153, 0),
(44, 58, 7, '3ra couta No Remunerativo contrato Apoyo inspeccion Equipos CIPH 4900058509', 'El día 2/8/13 se realiza preliquidacion de la 3ra cuota - habilita 4502170064 $9576.00 - Corresponde a Fagan, Toso y Molina Mariano-\r\nLos sres Mustafa C. y Perez Cristina, no estan incluidos en este pago - El inspector (Babusi Luis) pedira ampliacion del contrato para el pago de estos montos.', 'El día 2/8/13 se realiza preliquidacion de la 3ra cuota - habilita 4502170064 $9576.00 - Corresponde a Fagan, Toso y Molina Mariano-\r\nLos sres Mustafa C. y Perez Cristina, no estan incluidos en este pago - El inspector (Babusi Luis) pedira ampliacion del contrato para el pago de estos montos.', '', 1375456243, 5),
(45, 59, 7, 'CUOTA $3000 No remunerativa - Julio 2013 - contrato 4900056240 - ', 'El dia 21/8/13 se prefactura habilita nº4502165541 - cuota $3000 Julio 2013 - centro de costo 01 YPFLLL', 'El dia 21/8/13 se prefactura habilita nº4502165541 - cuota $3000 Julio 2013 - centro de costo 01 YPFLLL', '', 1377258833, 5),
(46, 60, 8, 'INCREMENTO 5% A PARTIR DEL MES DE SEPTIEMBRE 2013 SPP Y SPJ', 'Les informo que a partir del mes de Septiembre se debe incrementar un 5% de los sueldos del personal de petroleros privados y de personal jerárquico. En el caso de petroleros privados según categoría y escala vigente. Jerárquicos el cálculo es el sueldo básico + inc. acta 18 * 5%.\r\nEl incremento del 5% figura en la resolución (ST) 1400/12 del CCT 644/2012 del sindicato de petroleros privados y resolución (ST) 1399/2012 del CCT637/2011 del sindicato de personal jerárquico.En cuanto a petroleros privados Refinería rige el mismo incremento del 5% según el Expte 1-2015-15404278/2012.', 'Les informo que a partir del mes de Septiembre se debe incrementar un 5% de los sueldos del personal de petroleros privados y de personal jerárquico. En el caso de petroleros privados según categoría y escala vigente. Jerárquicos el cálculo es el sueldo básico + inc. acta 18 * 5%.\r\nEl incremento del 5% figura en la resolución (ST) 1400/12 del CCT 644/2012 del sindicato de petroleros privados y resolución (ST) 1399/2012 del CCT637/2011 del sindicato de personal jerárquico.En cuanto a petroleros privados Refinería rige el mismo incremento del 5% según el Expte 1-2015-15404278/2012.', '', 1378215573, 5),
(47, 61, 8, 'Pagos Faltantes a realizar cuota $3.000', 'Les envío informe del pagos de cuota de $3000 correspondientes a los meses de Nov. 2012, Mayo 2013, Julio 2013 y Noviembre 2013. Se detalla los pagos realizados y sus fechas de pago y los que aún no se han abonado.\r\n', 'Les envío informe del pagos de cuota de $3000 correspondientes a los meses de Nov. 2012, Mayo 2013, Julio 2013 y Noviembre 2013. Se detalla los pagos realizados y sus fechas de pago y los que aún no se han abonado.\r\n', '', 1378215830, 5),
(48, 62, 8, 'ACTUALIZACIÓN DE CONTROL DE PAGOS CUOTAS $3.000 (11/2012; 05/2013; 07/2013; 11/2013) A LA FECHA 10/09/2013.', 'Les envío informe ACTUALIZADO A LA FECHA 10/09/2013 de los pagos de cuota de $3000 correspondientes a los meses de Nov. 2012, Mayo 2013, Julio 2013 y Noviembre 2013. Se detalla los pagos realizados y sus fechas de pago y los que aún no se han abonado.', 'Les envío informe ACTUALIZADO A LA FECHA 10/09/2013 de los pagos de cuota de $3000 correspondientes a los meses de Nov. 2012, Mayo 2013, Julio 2013 y Noviembre 2013. Se detalla los pagos realizados y sus fechas de pago y los que aún no se han abonado.', '', 1378836055, 5);

-- --------------------------------------------------------

--
-- Table structure for table `node_type`
--

CREATE TABLE `node_type` (
  `type` varchar(32) NOT NULL,
  `name` varchar(255) NOT NULL DEFAULT '',
  `module` varchar(255) NOT NULL,
  `description` mediumtext NOT NULL,
  `help` mediumtext NOT NULL,
  `has_title` tinyint(3) UNSIGNED NOT NULL,
  `title_label` varchar(255) NOT NULL DEFAULT '',
  `has_body` tinyint(3) UNSIGNED NOT NULL,
  `body_label` varchar(255) NOT NULL DEFAULT '',
  `min_word_count` smallint(5) UNSIGNED NOT NULL,
  `custom` tinyint(4) NOT NULL DEFAULT '0',
  `modified` tinyint(4) NOT NULL DEFAULT '0',
  `locked` tinyint(4) NOT NULL DEFAULT '0',
  `orig_type` varchar(255) NOT NULL DEFAULT ''
) ENGINE=MyISAM DEFAULT CHARSET=utf8;

--
-- Dumping data for table `node_type`
--

INSERT INTO `node_type` (`type`, `name`, `module`, `description`, `help`, `has_title`, `title_label`, `has_body`, `body_label`, `min_word_count`, `custom`, `modified`, `locked`, `orig_type`) VALUES
('book', 'Book page', 'node', 'A <em>book page</em> is a page of content, organized into a collection of related entries collectively known as a <em>book</em>. A <em>book page</em> automatically displays links to adjacent pages, providing a simple navigation system for organizing and reviewing structured content.', '', 1, 'Título', 1, 'Body', 0, 1, 1, 0, 'book'),
('profile', 'Perfil', 'features', 'Un perfil básico que los miembros pueden usar para compartir información sobre ellos mismos.', '', 1, 'Nombre', 0, '', 0, 0, 0, 1, 'profile'),
('blog', 'Entrada de blog', 'features', 'Un blog es una especie de diario actualizado regularmente y compuesto de envíos individuales que se muestran en orden cronológico inverso. Un blog está estrechamente ligada a su autor, por lo que cada usuario tiene su propio blog.', '', 1, 'Título', 1, 'Cuerpo', 0, 0, 1, 1, 'blog'),
('event', 'Evento', 'features', 'Un evento del calendario con horas de inicio y fin opcionales.', '', 1, 'Título', 1, 'Cuerpo', 0, 0, 0, 1, 'event'),
('feed_ical', 'Feed iCal', 'features', 'Un feed utilizado para agregar eventos de calendarios iCal externos.', '', 1, 'Título', 0, '', 0, 0, 0, 1, 'feed_ical'),
('feed_ical_item', 'Evento iCal', 'features', 'Un evento agregado de un feed iCal externo.', '', 1, 'Título', 1, 'Cuerpo', 0, 0, 0, 1, 'feed_ical_item'),
('shoutbox', 'Panel de mensajes', 'features', 'Un panel de mensajes para comunicaciones informales', '', 1, 'Nombre', 1, 'Descripción', 0, 0, 0, 1, 'shoutbox'),
('casetracker_basic_case', 'Mayúsculas/minúsculas', 'features', '', 'Open a new case assigned to a particular project.', 1, 'Título', 1, 'Cuerpo', 0, 0, 0, 1, 'casetracker_basic_case'),
('casetracker_basic_project', 'Proyecto', 'features', '', 'Crear un proyecto a utilizar con Case Tracker.', 1, 'Título', 1, 'Cuerpo', 0, 0, 0, 1, 'casetracker_basic_project'),
('group', 'Grupo', 'features', 'Espacio grupal para que sus miembros coordinen, colaboren y compartan ideas.', '', 1, 'Título', 0, 'Cuerpo', 0, 0, 0, 1, 'group'),
('archivo_inidcadores', 'Archivo de indicadores', 'node', 'Aqui podra cargar documentos que aporten a los indicadores requeridos', '', 1, 'Descripcion', 1, 'Cuerpo', 0, 1, 1, 0, ''),
('webform', 'Webform', 'node', 'Create a new form or questionnaire accessible to users. Submission results and statistics are recorded and accessible to privileged users.', '', 1, 'Título', 1, 'Cuerpo', 0, 1, 1, 0, 'webform'),
('webform_report', 'Webform report', 'webform_report', 'A webform report is a dynamic page that contains user-specified data\n      collected by the Webform module. The data can be sorted by a particular field, and fields can\n      be included/excluded as needed.', '', 1, 'Título', 1, 'Cuerpo', 0, 0, 0, 1, 'webform_report');

-- --------------------------------------------------------

--
-- Table structure for table `notifications`
--

CREATE TABLE `notifications` (
  `sid` int(10) UNSIGNED NOT NULL,
  `uid` int(11) NOT NULL,
  `type` varchar(255) DEFAULT NULL,
  `event_type` varchar(255) DEFAULT NULL,
  `conditions` int(10) UNSIGNED NOT NULL,
  `send_interval` int(11) DEFAULT NULL,
  `send_method` varchar(255) NOT NULL,
  `cron` tinyint(3) UNSIGNED NOT NULL DEFAULT '0',
  `module` varchar(255) DEFAULT NULL,
  `status` int(11) NOT NULL DEFAULT '1',
  `destination` varchar(255) DEFAULT NULL
) ENGINE=MyISAM DEFAULT CHARSET=utf8;

--
-- Dumping data for table `notifications`
--

INSERT INTO `notifications` (`sid`, `uid`, `type`, `event_type`, `conditions`, `send_interval`, `send_method`, `cron`, `module`, `status`, `destination`) VALUES
(14, 4, 'thread', 'node', 1, 0, 'mail', 1, 'notifications', 1, ''),
(15, 6, 'thread', 'node', 1, 0, 'mail', 1, 'notifications', 1, ''),
(10, 4, 'thread', 'node', 1, 0, 'mail', 1, 'notifications', 1, ''),
(11, 6, 'thread', 'node', 1, 0, 'mail', 1, 'notifications', 1, ''),
(33, 13, 'thread', 'node', 1, 0, 'mail', 1, 'notifications', 1, ''),
(13, 1, 'thread', 'node', 1, 0, 'mail', 1, 'notifications', 1, ''),
(8, 5, 'thread', 'node', 1, 0, 'mail', 1, 'notifications', 1, ''),
(9, 5, 'thread', 'node', 1, 0, 'mail', 1, 'notifications', 1, ''),
(16, 12, 'thread', 'node', 1, 0, 'mail', 1, 'notifications', 1, ''),
(17, 6, 'thread', 'node', 1, 0, 'mail', 1, 'notifications', 1, ''),
(39, 6, 'thread', 'node', 1, 0, 'mail', 1, 'notifications', 1, ''),
(20, 6, 'thread', 'node', 1, 0, 'mail', 1, 'notifications', 1, ''),
(38, 10, 'thread', 'node', 1, 0, 'mail', 1, 'notifications', 1, ''),
(22, 1, 'thread', 'node', 1, 0, 'mail', 1, 'notifications', 1, ''),
(23, 4, 'thread', 'node', 1, 0, 'mail', 1, 'notifications', 1, ''),
(37, 12, 'thread', 'node', 1, 0, 'mail', 1, 'notifications', 1, ''),
(36, 13, 'thread', 'node', 1, 0, 'mail', 1, 'notifications', 1, ''),
(35, 4, 'thread', 'node', 1, 0, 'mail', 1, 'notifications', 1, ''),
(34, 1, 'thread', 'node', 1, 0, 'mail', 1, 'notifications', 1, ''),
(32, 14, 'thread', 'node', 1, 0, 'mail', 1, 'notifications', 1, ''),
(31, 12, 'thread', 'node', 1, 0, 'mail', 1, 'notifications', 1, ''),
(40, 7, 'thread', 'node', 1, 0, 'mail', 1, 'notifications', 1, ''),
(41, 25, 'thread', 'node', 1, 0, 'mail', 1, 'notifications', 1, ''),
(42, 45, 'thread', 'node', 1, 0, 'mail', 1, 'notifications', 1, ''),
(43, 14, 'thread', 'node', 1, 0, 'mail', 1, 'notifications', 1, ''),
(44, 1, 'thread', 'node', 1, 0, 'mail', 1, 'notifications', 1, ''),
(45, 4, 'thread', 'node', 1, 0, 'mail', 1, 'notifications', 1, ''),
(46, 10, 'thread', 'node', 1, 0, 'mail', 1, 'notifications', 1, ''),
(47, 52, 'thread', 'node', 1, 0, 'mail', 1, 'notifications', 1, ''),
(48, 54, 'thread', 'node', 1, 0, 'mail', 1, 'notifications', 1, ''),
(49, 13, 'thread', 'node', 1, 0, 'mail', 1, 'notifications', 1, ''),
(50, 4, 'thread', 'node', 1, 0, 'mail', 1, 'notifications', 1, ''),
(51, 3, 'thread', 'node', 1, 0, 'mail', 1, 'notifications', 1, ''),
(52, 6, 'thread', 'node', 1, 0, 'mail', 1, 'notifications', 1, ''),
(53, 10, 'thread', 'node', 1, 0, 'mail', 1, 'notifications', 1, ''),
(54, 9, 'thread', 'node', 1, 0, 'mail', 1, 'notifications', 1, ''),
(55, 5, 'thread', 'node', 1, 0, 'mail', 1, 'notifications', 1, ''),
(56, 6, 'thread', 'node', 1, 0, 'mail', 1, 'notifications', 1, ''),
(57, 7, 'thread', 'node', 1, 0, 'mail', 1, 'notifications', 1, ''),
(58, 25, 'thread', 'node', 1, 0, 'mail', 1, 'notifications', 1, ''),
(59, 13, 'thread', 'node', 1, 0, 'mail', 1, 'notifications', 1, ''),
(60, 1, 'thread', 'node', 1, 0, 'mail', 1, 'notifications', 1, ''),
(61, 6, 'thread', 'node', 1, 0, 'mail', 1, 'notifications', 1, ''),
(62, 1, 'thread', 'node', 1, 0, 'mail', 1, 'notifications', 1, ''),
(63, 6, 'thread', 'node', 1, 0, 'mail', 1, 'notifications', 1, ''),
(64, 7, 'thread', 'node', 1, 0, 'mail', 1, 'notifications', 1, ''),
(65, 8, 'thread', 'node', 1, 0, 'mail', 1, 'notifications', 1, ''),
(66, 19, 'thread', 'node', 1, 0, 'mail', 1, 'notifications', 1, ''),
(67, 9, 'thread', 'node', 1, 0, 'mail', 1, 'notifications', 1, ''),
(68, 1, 'thread', 'node', 1, 0, 'mail', 1, 'notifications', 1, ''),
(69, 21, 'thread', 'node', 1, 0, 'mail', 1, 'notifications', 1, ''),
(70, 3, 'thread', 'node', 1, 0, 'mail', 1, 'notifications', 1, ''),
(71, 10, 'thread', 'node', 1, 0, 'mail', 1, 'notifications', 1, ''),
(72, 17, 'thread', 'node', 1, 0, 'mail', 1, 'notifications', 1, ''),
(73, 8, 'thread', 'node', 1, 0, 'mail', 1, 'notifications', 1, ''),
(74, 19, 'thread', 'node', 1, 0, 'mail', 1, 'notifications', 1, ''),
(75, 9, 'thread', 'node', 1, 0, 'mail', 1, 'notifications', 1, ''),
(76, 1, 'thread', 'node', 1, 0, 'mail', 1, 'notifications', 1, ''),
(77, 3, 'thread', 'node', 1, 0, 'mail', 1, 'notifications', 1, ''),
(78, 10, 'thread', 'node', 1, 0, 'mail', 1, 'notifications', 1, ''),
(79, 17, 'thread', 'node', 1, 0, 'mail', 1, 'notifications', 1, ''),
(80, 6, 'thread', 'node', 1, 0, 'mail', 1, 'notifications', 1, ''),
(81, 7, 'thread', 'node', 1, 0, 'mail', 1, 'notifications', 1, ''),
(82, 21, 'thread', 'node', 1, 0, 'mail', 1, 'notifications', 1, ''),
(83, 8, 'thread', 'node', 1, 0, 'mail', 1, 'notifications', 1, ''),
(84, 19, 'thread', 'node', 1, 0, 'mail', 1, 'notifications', 1, ''),
(85, 9, 'thread', 'node', 1, 0, 'mail', 1, 'notifications', 1, ''),
(86, 3, 'thread', 'node', 1, 0, 'mail', 1, 'notifications', 1, ''),
(87, 10, 'thread', 'node', 1, 0, 'mail', 1, 'notifications', 1, ''),
(88, 17, 'thread', 'node', 1, 0, 'mail', 1, 'notifications', 1, ''),
(89, 7, 'thread', 'node', 1, 0, 'mail', 1, 'notifications', 1, ''),
(90, 8, 'thread', 'node', 1, 0, 'mail', 1, 'notifications', 1, ''),
(91, 19, 'thread', 'node', 1, 0, 'mail', 1, 'notifications', 1, ''),
(92, 9, 'thread', 'node', 1, 0, 'mail', 1, 'notifications', 1, ''),
(93, 3, 'thread', 'node', 1, 0, 'mail', 1, 'notifications', 1, ''),
(94, 10, 'thread', 'node', 1, 0, 'mail', 1, 'notifications', 1, ''),
(95, 17, 'thread', 'node', 1, 0, 'mail', 1, 'notifications', 1, ''),
(96, 7, 'thread', 'node', 1, 0, 'mail', 1, 'notifications', 1, ''),
(97, 7, 'thread', 'node', 1, 0, 'mail', 1, 'notifications', 1, ''),
(98, 19, 'thread', 'node', 1, 0, 'mail', 1, 'notifications', 1, ''),
(99, 9, 'thread', 'node', 1, 0, 'mail', 1, 'notifications', 1, ''),
(100, 21, 'thread', 'node', 1, 0, 'mail', 1, 'notifications', 1, ''),
(101, 8, 'thread', 'node', 1, 0, 'mail', 1, 'notifications', 1, ''),
(102, 1, 'thread', 'node', 1, 0, 'mail', 1, 'notifications', 1, ''),
(103, 3, 'thread', 'node', 1, 0, 'mail', 1, 'notifications', 1, ''),
(104, 10, 'thread', 'node', 1, 0, 'mail', 1, 'notifications', 1, ''),
(105, 17, 'thread', 'node', 1, 0, 'mail', 1, 'notifications', 1, ''),
(106, 7, 'thread', 'node', 1, 0, 'mail', 1, 'notifications', 1, ''),
(107, 8, 'thread', 'node', 1, 0, 'mail', 1, 'notifications', 1, ''),
(108, 19, 'thread', 'node', 1, 0, 'mail', 1, 'notifications', 1, ''),
(109, 9, 'thread', 'node', 1, 0, 'mail', 1, 'notifications', 1, ''),
(110, 1, 'thread', 'node', 1, 0, 'mail', 1, 'notifications', 1, ''),
(111, 21, 'thread', 'node', 1, 0, 'mail', 1, 'notifications', 1, ''),
(112, 3, 'thread', 'node', 1, 0, 'mail', 1, 'notifications', 1, ''),
(113, 10, 'thread', 'node', 1, 0, 'mail', 1, 'notifications', 1, ''),
(114, 17, 'thread', 'node', 1, 0, 'mail', 1, 'notifications', 1, ''),
(115, 7, 'thread', 'node', 1, 0, 'mail', 1, 'notifications', 1, ''),
(116, 8, 'thread', 'node', 1, 0, 'mail', 1, 'notifications', 1, ''),
(117, 19, 'thread', 'node', 1, 0, 'mail', 1, 'notifications', 1, ''),
(118, 9, 'thread', 'node', 1, 0, 'mail', 1, 'notifications', 1, ''),
(119, 1, 'thread', 'node', 1, 0, 'mail', 1, 'notifications', 1, ''),
(120, 21, 'thread', 'node', 1, 0, 'mail', 1, 'notifications', 1, ''),
(121, 3, 'thread', 'node', 1, 0, 'mail', 1, 'notifications', 1, ''),
(122, 10, 'thread', 'node', 1, 0, 'mail', 1, 'notifications', 1, ''),
(123, 17, 'thread', 'node', 1, 0, 'mail', 1, 'notifications', 1, '');

-- --------------------------------------------------------

--
-- Table structure for table `notifications_event`
--

CREATE TABLE `notifications_event` (
  `eid` int(10) UNSIGNED NOT NULL,
  `module` varchar(255) DEFAULT NULL,
  `type` varchar(255) DEFAULT NULL,
  `action` varchar(255) DEFAULT NULL,
  `oid` int(10) UNSIGNED NOT NULL DEFAULT '0',
  `language` varchar(255) DEFAULT NULL,
  `uid` int(11) DEFAULT NULL,
  `params` text,
  `created` int(10) UNSIGNED NOT NULL DEFAULT '0',
  `counter` int(10) UNSIGNED NOT NULL DEFAULT '0'
) ENGINE=MyISAM DEFAULT CHARSET=utf8;

-- --------------------------------------------------------

--
-- Table structure for table `notifications_fields`
--

CREATE TABLE `notifications_fields` (
  `sid` int(10) UNSIGNED NOT NULL,
  `field` varchar(255) NOT NULL,
  `value` varchar(255) NOT NULL,
  `intval` int(11) NOT NULL DEFAULT '0'
) ENGINE=MyISAM DEFAULT CHARSET=utf8;

--
-- Dumping data for table `notifications_fields`
--

INSERT INTO `notifications_fields` (`sid`, `field`, `value`, `intval`) VALUES
(13, 'nid', '18', 18),
(10, 'nid', '13', 13),
(11, 'nid', '18', 18),
(33, 'nid', '19', 19),
(8, 'nid', '10', 10),
(9, 'nid', '11', 11),
(14, 'nid', '18', 18),
(15, 'nid', '19', 19),
(16, 'nid', '20', 20),
(17, 'nid', '20', 20),
(20, 'nid', '22', 22),
(38, 'nid', '18', 18),
(22, 'nid', '22', 22),
(23, 'nid', '22', 22),
(37, 'nid', '18', 18),
(36, 'nid', '18', 18),
(35, 'nid', '19', 19),
(34, 'nid', '19', 19),
(32, 'nid', '18', 18),
(31, 'nid', '22', 22),
(39, 'nid', '27', 27),
(40, 'nid', '27', 27),
(41, 'nid', '27', 27),
(42, 'nid', '27', 27),
(43, 'nid', '27', 27),
(44, 'nid', '27', 27),
(45, 'nid', '27', 27),
(46, 'nid', '27', 27),
(47, 'nid', '27', 27),
(48, 'nid', '27', 27),
(49, 'nid', '27', 27),
(50, 'nid', '28', 28),
(51, 'nid', '28', 28),
(52, 'nid', '28', 28),
(53, 'nid', '28', 28),
(54, 'nid', '28', 28),
(55, 'nid', '28', 28),
(56, 'nid', '29', 29),
(57, 'nid', '29', 29),
(58, 'nid', '29', 29),
(59, 'nid', '29', 29),
(60, 'nid', '29', 29),
(61, 'nid', '30', 30),
(62, 'nid', '30', 30),
(63, 'nid', '39', 39),
(64, 'nid', '39', 39),
(65, 'nid', '39', 39),
(66, 'nid', '39', 39),
(67, 'nid', '39', 39),
(68, 'nid', '39', 39),
(69, 'nid', '39', 39),
(70, 'nid', '39', 39),
(71, 'nid', '39', 39),
(72, 'nid', '39', 39),
(73, 'nid', '42', 42),
(74, 'nid', '42', 42),
(75, 'nid', '42', 42),
(76, 'nid', '42', 42),
(77, 'nid', '42', 42),
(78, 'nid', '42', 42),
(79, 'nid', '42', 42),
(80, 'nid', '42', 42),
(81, 'nid', '42', 42),
(82, 'nid', '42', 42),
(83, 'nid', '44', 44),
(84, 'nid', '44', 44),
(85, 'nid', '44', 44),
(86, 'nid', '44', 44),
(87, 'nid', '44', 44),
(88, 'nid', '44', 44),
(89, 'nid', '44', 44),
(90, 'nid', '45', 45),
(91, 'nid', '45', 45),
(92, 'nid', '45', 45),
(93, 'nid', '45', 45),
(94, 'nid', '45', 45),
(95, 'nid', '45', 45),
(96, 'nid', '45', 45),
(97, 'nid', '46', 46),
(98, 'nid', '46', 46),
(99, 'nid', '46', 46),
(100, 'nid', '46', 46),
(101, 'nid', '46', 46),
(102, 'nid', '46', 46),
(103, 'nid', '46', 46),
(104, 'nid', '46', 46),
(105, 'nid', '46', 46),
(106, 'nid', '47', 47),
(107, 'nid', '47', 47),
(108, 'nid', '47', 47),
(109, 'nid', '47', 47),
(110, 'nid', '47', 47),
(111, 'nid', '47', 47),
(112, 'nid', '47', 47),
(113, 'nid', '47', 47),
(114, 'nid', '47', 47),
(115, 'nid', '48', 48),
(116, 'nid', '48', 48),
(117, 'nid', '48', 48),
(118, 'nid', '48', 48),
(119, 'nid', '48', 48),
(120, 'nid', '48', 48),
(121, 'nid', '48', 48),
(122, 'nid', '48', 48),
(123, 'nid', '48', 48);

-- --------------------------------------------------------

--
-- Table structure for table `notifications_queue`
--

CREATE TABLE `notifications_queue` (
  `sqid` int(10) UNSIGNED NOT NULL,
  `eid` int(10) UNSIGNED NOT NULL DEFAULT '0',
  `sid` int(10) UNSIGNED NOT NULL DEFAULT '0',
  `uid` int(11) DEFAULT NULL,
  `language` varchar(255) DEFAULT NULL,
  `type` varchar(255) DEFAULT NULL,
  `send_interval` int(11) DEFAULT NULL,
  `send_method` varchar(255) DEFAULT NULL,
  `sent` int(10) UNSIGNED NOT NULL DEFAULT '0',
  `created` int(10) UNSIGNED NOT NULL DEFAULT '0',
  `cron` tinyint(3) UNSIGNED NOT NULL DEFAULT '0',
  `conditions` int(10) UNSIGNED NOT NULL DEFAULT '0',
  `module` varchar(255) DEFAULT NULL,
  `destination` varchar(255) DEFAULT NULL
) ENGINE=MyISAM DEFAULT CHARSET=utf8;

-- --------------------------------------------------------

--
-- Table structure for table `notifications_sent`
--

CREATE TABLE `notifications_sent` (
  `uid` int(11) NOT NULL DEFAULT '0',
  `send_interval` int(11) NOT NULL DEFAULT '0',
  `send_method` varchar(50) NOT NULL,
  `sent` int(10) UNSIGNED NOT NULL DEFAULT '0'
) ENGINE=MyISAM DEFAULT CHARSET=utf8;

--
-- Dumping data for table `notifications_sent`
--

INSERT INTO `notifications_sent` (`uid`, `send_interval`, `send_method`, `sent`) VALUES
(1, 0, 'mail', 1378836397),
(4, 0, 'mail', 1368821102),
(6, 0, 'mail', 1374509102),
(13, 0, 'mail', 1369663538),
(12, 0, 'mail', 1367953537),
(14, 0, 'mail', 1368540303),
(10, 0, 'mail', 1378836397),
(45, 0, 'mail', 1368540303),
(25, 0, 'mail', 1369663539),
(7, 0, 'mail', 1378836397),
(52, 0, 'mail', 1368540303),
(54, 0, 'mail', 1368540303),
(3, 0, 'mail', 1378836397),
(8, 0, 'mail', 1377259518),
(9, 0, 'mail', 1378836397),
(17, 0, 'mail', 1378836397),
(19, 0, 'mail', 1378836397),
(21, 0, 'mail', 1378836397);

-- --------------------------------------------------------

--
-- Table structure for table `og`
--

CREATE TABLE `og` (
  `nid` int(11) NOT NULL,
  `og_selective` int(11) NOT NULL DEFAULT '0',
  `og_description` varchar(255) DEFAULT NULL,
  `og_theme` varchar(255) DEFAULT NULL,
  `og_register` tinyint(4) NOT NULL DEFAULT '0',
  `og_directory` tinyint(4) NOT NULL DEFAULT '0',
  `og_language` varchar(12) NOT NULL DEFAULT '',
  `og_private` tinyint(4) NOT NULL DEFAULT '0'
) ENGINE=MyISAM DEFAULT CHARSET=utf8;

--
-- Dumping data for table `og`
--

INSERT INTO `og` (`nid`, `og_selective`, `og_description`, `og_theme`, `og_register`, `og_directory`, `og_language`, `og_private`) VALUES
(17, 3, 'Seguimiento de herramientas inteligentes', NULL, 1, 0, '', 1),
(3, 3, 'Area de datos con indicadores', NULL, 1, 0, '', 1),
(23, 0, 'Este es grupo de todos los miembros de la intranet', NULL, 1, 1, '', 0),
(26, 3, 'Grupo en el cual se documentaran las resoluciones y cambios importantes en la aplicación WebExcalibur', NULL, 1, 0, '', 1),
(38, 3, 'Grupo privado creado exclusivamente para tratar temas de liquidación y facturación.', NULL, 1, 0, '', 1);

-- --------------------------------------------------------

--
-- Table structure for table `og_access_post`
--

CREATE TABLE `og_access_post` (
  `nid` int(11) NOT NULL,
  `og_public` tinyint(4) NOT NULL DEFAULT '1'
) ENGINE=MyISAM DEFAULT CHARSET=utf8;

--
-- Dumping data for table `og_access_post`
--

INSERT INTO `og_access_post` (`nid`, `og_public`) VALUES
(16, 0),
(18, 0),
(13, 0),
(19, 0),
(14, 0),
(20, 0),
(15, 0),
(10, 0),
(11, 0),
(22, 0),
(24, 1),
(27, 0),
(28, 0),
(29, 0),
(30, 1),
(31, 1),
(32, 1),
(33, 1),
(34, 1),
(35, 1),
(37, 1),
(39, 0),
(41, 0),
(42, 0),
(44, 0),
(45, 0),
(46, 0),
(47, 0),
(48, 0);

-- --------------------------------------------------------

--
-- Table structure for table `og_ancestry`
--

CREATE TABLE `og_ancestry` (
  `nid` int(11) NOT NULL,
  `group_nid` int(11) NOT NULL
) ENGINE=MyISAM DEFAULT CHARSET=utf8;

--
-- Dumping data for table `og_ancestry`
--

INSERT INTO `og_ancestry` (`nid`, `group_nid`) VALUES
(10, 3),
(11, 3),
(13, 3),
(14, 3),
(15, 3),
(16, 3),
(18, 17),
(19, 17),
(20, 17),
(22, 17),
(24, 23),
(27, 26),
(28, 3),
(29, 26),
(30, 23),
(31, 23),
(32, 23),
(33, 23),
(34, 23),
(35, 23),
(37, 23),
(39, 38),
(41, 3),
(42, 38),
(44, 38),
(45, 38),
(46, 38),
(47, 38),
(48, 38);

-- --------------------------------------------------------

--
-- Table structure for table `og_uid`
--

CREATE TABLE `og_uid` (
  `nid` int(11) NOT NULL,
  `og_role` tinyint(4) NOT NULL DEFAULT '0',
  `is_active` tinyint(4) NOT NULL DEFAULT '0',
  `is_admin` tinyint(4) NOT NULL DEFAULT '0',
  `uid` int(11) NOT NULL,
  `created` int(11) DEFAULT '0',
  `changed` int(11) DEFAULT '0'
) ENGINE=MyISAM DEFAULT CHARSET=utf8;

--
-- Dumping data for table `og_uid`
--

INSERT INTO `og_uid` (`nid`, `og_role`, `is_active`, `is_admin`, `uid`, `created`, `changed`) VALUES
(17, 0, 1, 1, 1, 1366407622, 1366407622),
(3, 0, 1, 1, 1, 1365447112, 1365447112),
(3, 0, 1, 0, 3, 1365450515, 1365450515),
(3, 0, 1, 0, 4, 1365450520, 1365450520),
(3, 0, 1, 0, 6, 1365450526, 1365450526),
(3, 0, 1, 0, 12, 1365450530, 1365450530),
(3, 0, 1, 0, 10, 1365450545, 1365450545),
(3, 0, 1, 0, 8, 1365450552, 1365450552),
(3, 0, 1, 0, 11, 1365450558, 1365450558),
(3, 0, 1, 0, 9, 1365450587, 1365450587),
(3, 0, 1, 0, 5, 1365450611, 1365450611),
(17, 0, 1, 0, 6, 1366407669, 1366407669),
(17, 0, 1, 0, 4, 1366407676, 1366407676),
(17, 0, 1, 0, 13, 1366628662, 1366628662),
(3, 0, 1, 0, 13, 1366628662, 1366628662),
(17, 0, 1, 0, 12, 1366655071, 1366655071),
(23, 0, 1, 1, 1, 1366899824, 1366899824),
(17, 0, 1, 0, 14, 1366901450, 1366901450),
(23, 0, 1, 0, 24, 1370613179, 1370613179),
(17, 0, 1, 0, 10, 1367952668, 1367952668),
(26, 0, 1, 1, 1, 1368480930, 1368480930),
(23, 0, 1, 0, 14, 1370612898, 1370612898),
(26, 0, 1, 0, 6, 1368480462, 1368480462),
(26, 0, 1, 0, 10, 1368480472, 1368480472),
(26, 0, 1, 0, 4, 1368480480, 1368480480),
(26, 0, 1, 0, 7, 1368480488, 1368480488),
(26, 0, 1, 0, 14, 1368480497, 1368480497),
(26, 0, 1, 0, 52, 1368480505, 1368480505),
(26, 0, 1, 0, 54, 1368480512, 1368480512),
(26, 0, 1, 0, 45, 1368480547, 1368480547),
(26, 0, 1, 0, 25, 1368480552, 1368480552),
(26, 0, 1, 0, 13, 1368480820, 1368480820),
(23, 0, 1, 0, 6, 1370604842, 1370604842),
(23, 0, 1, 0, 32, 1370612658, 1370612658),
(23, 0, 1, 0, 35, 1370612663, 1370612663),
(23, 0, 1, 0, 48, 1370612668, 1370612668),
(23, 0, 1, 0, 66, 1370612672, 1370612672),
(23, 0, 1, 0, 7, 1370612716, 1370612716),
(23, 0, 1, 0, 8, 1370612727, 1370612727),
(23, 0, 1, 0, 25, 1370612734, 1370612734),
(23, 0, 1, 0, 33, 1370612739, 1370612739),
(23, 0, 1, 0, 45, 1370612841, 1370612841),
(23, 0, 1, 0, 57, 1370612882, 1370612882),
(23, 0, 1, 0, 58, 1370612886, 1370612886),
(23, 0, 1, 0, 60, 1370612892, 1370612892),
(23, 0, 1, 0, 19, 1370612901, 1370612901),
(23, 0, 1, 0, 47, 1370612906, 1370612906),
(23, 0, 1, 0, 62, 1370612910, 1370612910),
(23, 0, 1, 0, 11, 1370612942, 1370612942),
(23, 0, 1, 0, 29, 1370612946, 1370612946),
(23, 0, 1, 0, 38, 1370612951, 1370612951),
(23, 0, 1, 0, 9, 1370612959, 1370612959),
(23, 0, 1, 0, 61, 1370612964, 1370612964),
(23, 0, 1, 0, 13, 1370612970, 1370612970),
(23, 0, 1, 0, 5, 1370612989, 1370612989),
(23, 0, 1, 0, 28, 1370612983, 1370612983),
(23, 0, 1, 0, 15, 1370612996, 1370612996),
(23, 0, 1, 0, 42, 1370613003, 1370613003),
(23, 0, 1, 0, 44, 1370613007, 1370613007),
(23, 0, 1, 0, 46, 1370613012, 1370613012),
(23, 0, 1, 0, 51, 1370613017, 1370613017),
(23, 0, 1, 0, 59, 1370613022, 1370613022),
(23, 0, 1, 0, 21, 1370613123, 1370613123),
(23, 0, 1, 0, 27, 1370613128, 1370613128),
(23, 0, 1, 0, 31, 1370613134, 1370613134),
(23, 0, 1, 0, 65, 1370613138, 1370613138),
(23, 0, 1, 0, 67, 1370613142, 1370613142),
(23, 0, 1, 0, 68, 1370613147, 1370613147),
(23, 0, 1, 0, 3, 1370613152, 1370613152),
(23, 0, 1, 0, 4, 1370613157, 1370613157),
(23, 0, 1, 0, 10, 1370613160, 1370613160),
(23, 0, 1, 0, 12, 1370613165, 1370613165),
(23, 0, 1, 0, 18, 1370613169, 1370613169),
(23, 0, 1, 0, 22, 1370613174, 1370613174),
(23, 0, 1, 0, 34, 1370613193, 1370613193),
(23, 0, 1, 0, 36, 1370613202, 1370613202),
(23, 0, 1, 0, 37, 1370613208, 1370613208),
(23, 0, 1, 0, 53, 1370613232, 1370613232),
(23, 0, 1, 0, 69, 1370613236, 1370613236),
(23, 0, 1, 0, 16, 1370613244, 1370613244),
(23, 0, 1, 0, 50, 1370613248, 1370613248),
(23, 0, 1, 0, 56, 1370613252, 1370613252),
(23, 0, 1, 0, 30, 1370613257, 1370613257),
(23, 0, 1, 0, 23, 1370613268, 1370613268),
(23, 0, 1, 0, 49, 1370613274, 1370613274),
(23, 0, 1, 0, 52, 1370613278, 1370613278),
(23, 0, 1, 0, 54, 1370613724, 1370613724),
(23, 0, 1, 0, 55, 1370613728, 1370613728),
(23, 0, 1, 0, 17, 1370613734, 1370613734),
(23, 0, 1, 0, 20, 1370613738, 1370613738),
(23, 0, 1, 0, 63, 1370613751, 1370613751),
(23, 0, 1, 0, 64, 1370613756, 1370613756),
(23, 0, 1, 0, 43, 1370613772, 1370613772),
(38, 0, 1, 1, 1, 1374164495, 1374164495),
(38, 0, 1, 0, 9, 1374164701, 1374164701),
(38, 0, 1, 0, 8, 1374164731, 1374164731),
(38, 0, 1, 0, 3, 1374164718, 1374164718),
(38, 0, 1, 0, 17, 1374164724, 1374164724),
(38, 0, 1, 0, 19, 1374164755, 1374164755),
(38, 0, 1, 0, 7, 1374164766, 1374164766),
(38, 0, 1, 0, 21, 1374164773, 1374164773),
(38, 0, 1, 0, 10, 1374164783, 1374164783);

-- --------------------------------------------------------

--
-- Table structure for table `openid_association`
--

CREATE TABLE `openid_association` (
  `idp_endpoint_uri` varchar(255) DEFAULT NULL,
  `assoc_handle` varchar(255) NOT NULL,
  `assoc_type` varchar(32) DEFAULT NULL,
  `session_type` varchar(32) DEFAULT NULL,
  `mac_key` varchar(255) DEFAULT NULL,
  `created` int(11) NOT NULL DEFAULT '0',
  `expires_in` int(11) NOT NULL DEFAULT '0'
) ENGINE=MyISAM DEFAULT CHARSET=utf8;

-- --------------------------------------------------------

--
-- Table structure for table `openid_nonce`
--

CREATE TABLE `openid_nonce` (
  `idp_endpoint_uri` varchar(255) DEFAULT NULL,
  `nonce` varchar(255) DEFAULT NULL,
  `expires` int(11) NOT NULL DEFAULT '0'
) ENGINE=MyISAM DEFAULT CHARSET=utf8;

-- --------------------------------------------------------

--
-- Table structure for table `ost_api_key`
--

CREATE TABLE `ost_api_key` (
  `id` int(10) UNSIGNED NOT NULL,
  `isactive` tinyint(1) NOT NULL DEFAULT '1',
  `ipaddr` varchar(64) NOT NULL,
  `apikey` varchar(255) NOT NULL,
  `can_create_tickets` tinyint(1) UNSIGNED NOT NULL DEFAULT '1',
  `can_exec_cron` tinyint(1) UNSIGNED NOT NULL DEFAULT '1',
  `notes` text,
  `updated` datetime NOT NULL,
  `created` datetime NOT NULL
) ENGINE=MyISAM DEFAULT CHARSET=utf8;

--
-- Dumping data for table `ost_api_key`
--

INSERT INTO `ost_api_key` (`id`, `isactive`, `ipaddr`, `apikey`, `can_create_tickets`, `can_exec_cron`, `notes`, `updated`, `created`) VALUES
(1, 1, '190.189.46.162', 'B49E840D797F9BDDF3838DA3F5179A0F', 1, 1, '', '2013-04-10 09:52:32', '2013-04-10 09:52:32');

-- --------------------------------------------------------

--
-- Table structure for table `ost_canned_attachment`
--

CREATE TABLE `ost_canned_attachment` (
  `canned_id` int(10) UNSIGNED NOT NULL,
  `file_id` int(10) UNSIGNED NOT NULL
) ENGINE=MyISAM DEFAULT CHARSET=utf8;

--
-- Dumping data for table `ost_canned_attachment`
--

INSERT INTO `ost_canned_attachment` (`canned_id`, `file_id`) VALUES
(1, 1);

-- --------------------------------------------------------

--
-- Table structure for table `ost_canned_response`
--

CREATE TABLE `ost_canned_response` (
  `canned_id` int(10) UNSIGNED NOT NULL,
  `dept_id` int(10) UNSIGNED NOT NULL DEFAULT '0',
  `isenabled` tinyint(1) UNSIGNED NOT NULL DEFAULT '1',
  `title` varchar(255) NOT NULL DEFAULT '',
  `response` text NOT NULL,
  `notes` text,
  `created` datetime NOT NULL,
  `updated` datetime NOT NULL
) ENGINE=MyISAM DEFAULT CHARSET=utf8;

--
-- Dumping data for table `ost_canned_response`
--

INSERT INTO `ost_canned_response` (`canned_id`, `dept_id`, `isenabled`, `title`, `response`, `notes`, `created`, `updated`) VALUES
(1, 0, 1, 'What is osTicket (sample)?', '\r\nosTicket is a widely-used open source support ticket system, an attractive alternative to higher-cost and complex customer support systems - simple, lightweight, reliable, open source, web-based and easy to setup and use.', NULL, '0000-00-00 00:00:00', '0000-00-00 00:00:00'),
(2, 0, 1, 'Sample (with variables)', '\r\n%{ticket.name},\r\n\r\nYour ticket #%{ticket.number} created on %{ticket.create_date} is in %{ticket.dept.name} department.\r\n\r\n', NULL, '0000-00-00 00:00:00', '0000-00-00 00:00:00');

-- --------------------------------------------------------

--
-- Table structure for table `ost_config`
--

CREATE TABLE `ost_config` (
  `id` tinyint(1) UNSIGNED NOT NULL,
  `isonline` tinyint(1) UNSIGNED NOT NULL DEFAULT '0',
  `timezone_offset` float(3,1) NOT NULL DEFAULT '0.0',
  `enable_daylight_saving` tinyint(1) UNSIGNED NOT NULL DEFAULT '0',
  `staff_ip_binding` tinyint(1) UNSIGNED NOT NULL DEFAULT '1',
  `staff_max_logins` tinyint(3) UNSIGNED NOT NULL DEFAULT '4',
  `staff_login_timeout` int(10) UNSIGNED NOT NULL DEFAULT '2',
  `staff_session_timeout` int(10) UNSIGNED NOT NULL DEFAULT '30',
  `passwd_reset_period` int(10) UNSIGNED NOT NULL DEFAULT '0',
  `client_max_logins` tinyint(3) UNSIGNED NOT NULL DEFAULT '4',
  `client_login_timeout` int(10) UNSIGNED NOT NULL DEFAULT '2',
  `client_session_timeout` int(10) UNSIGNED NOT NULL DEFAULT '30',
  `max_page_size` tinyint(3) UNSIGNED NOT NULL DEFAULT '25',
  `max_open_tickets` tinyint(3) UNSIGNED NOT NULL DEFAULT '0',
  `max_file_size` int(11) UNSIGNED NOT NULL DEFAULT '1048576',
  `max_user_file_uploads` tinyint(3) UNSIGNED NOT NULL,
  `max_staff_file_uploads` tinyint(3) UNSIGNED NOT NULL,
  `autolock_minutes` tinyint(3) UNSIGNED NOT NULL DEFAULT '3',
  `overdue_grace_period` int(10) UNSIGNED NOT NULL DEFAULT '0',
  `alert_email_id` tinyint(4) UNSIGNED NOT NULL DEFAULT '0',
  `default_email_id` tinyint(4) UNSIGNED NOT NULL DEFAULT '0',
  `default_dept_id` tinyint(3) UNSIGNED NOT NULL DEFAULT '0',
  `default_sla_id` int(10) UNSIGNED NOT NULL DEFAULT '0',
  `default_priority_id` tinyint(2) UNSIGNED NOT NULL DEFAULT '2',
  `default_template_id` tinyint(4) UNSIGNED NOT NULL DEFAULT '1',
  `default_timezone_id` int(10) UNSIGNED NOT NULL DEFAULT '0',
  `default_smtp_id` tinyint(4) UNSIGNED NOT NULL DEFAULT '0',
  `allow_email_spoofing` tinyint(1) UNSIGNED NOT NULL DEFAULT '0',
  `clickable_urls` tinyint(1) UNSIGNED NOT NULL DEFAULT '1',
  `allow_priority_change` tinyint(1) UNSIGNED NOT NULL DEFAULT '0',
  `use_email_priority` tinyint(1) UNSIGNED NOT NULL DEFAULT '0',
  `enable_kb` tinyint(1) UNSIGNED NOT NULL DEFAULT '0',
  `enable_premade` tinyint(1) UNSIGNED NOT NULL DEFAULT '1',
  `enable_captcha` tinyint(1) UNSIGNED NOT NULL DEFAULT '0',
  `enable_auto_cron` tinyint(1) UNSIGNED NOT NULL DEFAULT '0',
  `enable_mail_polling` tinyint(1) UNSIGNED NOT NULL DEFAULT '0',
  `send_sys_errors` tinyint(1) UNSIGNED NOT NULL DEFAULT '1',
  `send_sql_errors` tinyint(1) UNSIGNED NOT NULL DEFAULT '1',
  `send_mailparse_errors` tinyint(1) UNSIGNED NOT NULL DEFAULT '1',
  `send_login_errors` tinyint(1) UNSIGNED NOT NULL DEFAULT '1',
  `save_email_headers` tinyint(1) UNSIGNED NOT NULL DEFAULT '1',
  `strip_quoted_reply` tinyint(1) UNSIGNED NOT NULL DEFAULT '1',
  `log_ticket_activity` tinyint(1) UNSIGNED NOT NULL DEFAULT '1',
  `ticket_autoresponder` tinyint(1) UNSIGNED NOT NULL DEFAULT '0',
  `message_autoresponder` tinyint(1) UNSIGNED NOT NULL DEFAULT '0',
  `ticket_notice_active` tinyint(1) UNSIGNED NOT NULL DEFAULT '0',
  `ticket_alert_active` tinyint(1) UNSIGNED NOT NULL DEFAULT '0',
  `ticket_alert_admin` tinyint(1) UNSIGNED NOT NULL DEFAULT '1',
  `ticket_alert_dept_manager` tinyint(1) UNSIGNED NOT NULL DEFAULT '1',
  `ticket_alert_dept_members` tinyint(1) UNSIGNED NOT NULL DEFAULT '0',
  `message_alert_active` tinyint(1) UNSIGNED NOT NULL DEFAULT '0',
  `message_alert_laststaff` tinyint(1) UNSIGNED NOT NULL DEFAULT '1',
  `message_alert_assigned` tinyint(1) UNSIGNED NOT NULL DEFAULT '1',
  `message_alert_dept_manager` tinyint(1) UNSIGNED NOT NULL DEFAULT '0',
  `note_alert_active` tinyint(1) UNSIGNED NOT NULL DEFAULT '0',
  `note_alert_laststaff` tinyint(1) UNSIGNED NOT NULL DEFAULT '1',
  `note_alert_assigned` tinyint(1) UNSIGNED NOT NULL DEFAULT '1',
  `note_alert_dept_manager` tinyint(1) UNSIGNED NOT NULL DEFAULT '0',
  `transfer_alert_active` tinyint(1) UNSIGNED NOT NULL DEFAULT '0',
  `transfer_alert_assigned` tinyint(1) UNSIGNED NOT NULL DEFAULT '0',
  `transfer_alert_dept_manager` tinyint(1) UNSIGNED NOT NULL DEFAULT '1',
  `transfer_alert_dept_members` tinyint(1) UNSIGNED NOT NULL DEFAULT '0',
  `overdue_alert_active` tinyint(1) UNSIGNED NOT NULL DEFAULT '0',
  `overdue_alert_assigned` tinyint(1) UNSIGNED NOT NULL DEFAULT '1',
  `overdue_alert_dept_manager` tinyint(1) UNSIGNED NOT NULL DEFAULT '1',
  `overdue_alert_dept_members` tinyint(1) UNSIGNED NOT NULL DEFAULT '0',
  `assigned_alert_active` tinyint(1) UNSIGNED NOT NULL DEFAULT '1',
  `assigned_alert_staff` tinyint(1) UNSIGNED NOT NULL DEFAULT '1',
  `assigned_alert_team_lead` tinyint(1) UNSIGNED NOT NULL DEFAULT '0',
  `assigned_alert_team_members` tinyint(1) UNSIGNED NOT NULL DEFAULT '0',
  `auto_assign_reopened_tickets` tinyint(1) UNSIGNED NOT NULL DEFAULT '1',
  `show_related_tickets` tinyint(1) UNSIGNED NOT NULL DEFAULT '1',
  `show_assigned_tickets` tinyint(1) UNSIGNED NOT NULL DEFAULT '1',
  `show_answered_tickets` tinyint(1) UNSIGNED NOT NULL DEFAULT '0',
  `show_notes_inline` tinyint(1) UNSIGNED NOT NULL DEFAULT '1',
  `hide_staff_name` tinyint(1) UNSIGNED NOT NULL DEFAULT '0',
  `overlimit_notice_active` tinyint(1) UNSIGNED NOT NULL DEFAULT '0',
  `email_attachments` tinyint(1) UNSIGNED NOT NULL DEFAULT '1',
  `allow_attachments` tinyint(1) UNSIGNED NOT NULL DEFAULT '0',
  `allow_email_attachments` tinyint(1) UNSIGNED NOT NULL DEFAULT '0',
  `allow_online_attachments` tinyint(1) UNSIGNED NOT NULL DEFAULT '0',
  `allow_online_attachments_onlogin` tinyint(1) UNSIGNED NOT NULL DEFAULT '0',
  `random_ticket_ids` tinyint(1) UNSIGNED NOT NULL DEFAULT '1',
  `log_level` tinyint(1) UNSIGNED NOT NULL DEFAULT '2',
  `log_graceperiod` int(10) UNSIGNED NOT NULL DEFAULT '12',
  `upload_dir` varchar(255) NOT NULL DEFAULT '',
  `allowed_filetypes` varchar(255) NOT NULL DEFAULT '.doc, .pdf',
  `time_format` varchar(32) NOT NULL DEFAULT ' h:i A',
  `date_format` varchar(32) NOT NULL DEFAULT 'm/d/Y',
  `datetime_format` varchar(60) NOT NULL DEFAULT 'm/d/Y g:i a',
  `daydatetime_format` varchar(60) NOT NULL DEFAULT 'D, M j Y g:ia',
  `reply_separator` varchar(60) NOT NULL DEFAULT '-- do not edit --',
  `admin_email` varchar(125) NOT NULL DEFAULT '',
  `helpdesk_title` varchar(255) NOT NULL DEFAULT 'osTicket Support Ticket System',
  `helpdesk_url` varchar(255) NOT NULL DEFAULT '',
  `schema_signature` char(32) NOT NULL DEFAULT '',
  `updated` timestamp NOT NULL DEFAULT CURRENT_TIMESTAMP
) ENGINE=MyISAM DEFAULT CHARSET=utf8;

--
-- Dumping data for table `ost_config`
--

INSERT INTO `ost_config` (`id`, `isonline`, `timezone_offset`, `enable_daylight_saving`, `staff_ip_binding`, `staff_max_logins`, `staff_login_timeout`, `staff_session_timeout`, `passwd_reset_period`, `client_max_logins`, `client_login_timeout`, `client_session_timeout`, `max_page_size`, `max_open_tickets`, `max_file_size`, `max_user_file_uploads`, `max_staff_file_uploads`, `autolock_minutes`, `overdue_grace_period`, `alert_email_id`, `default_email_id`, `default_dept_id`, `default_sla_id`, `default_priority_id`, `default_template_id`, `default_timezone_id`, `default_smtp_id`, `allow_email_spoofing`, `clickable_urls`, `allow_priority_change`, `use_email_priority`, `enable_kb`, `enable_premade`, `enable_captcha`, `enable_auto_cron`, `enable_mail_polling`, `send_sys_errors`, `send_sql_errors`, `send_mailparse_errors`, `send_login_errors`, `save_email_headers`, `strip_quoted_reply`, `log_ticket_activity`, `ticket_autoresponder`, `message_autoresponder`, `ticket_notice_active`, `ticket_alert_active`, `ticket_alert_admin`, `ticket_alert_dept_manager`, `ticket_alert_dept_members`, `message_alert_active`, `message_alert_laststaff`, `message_alert_assigned`, `message_alert_dept_manager`, `note_alert_active`, `note_alert_laststaff`, `note_alert_assigned`, `note_alert_dept_manager`, `transfer_alert_active`, `transfer_alert_assigned`, `transfer_alert_dept_manager`, `transfer_alert_dept_members`, `overdue_alert_active`, `overdue_alert_assigned`, `overdue_alert_dept_manager`, `overdue_alert_dept_members`, `assigned_alert_active`, `assigned_alert_staff`, `assigned_alert_team_lead`, `assigned_alert_team_members`, `auto_assign_reopened_tickets`, `show_related_tickets`, `show_assigned_tickets`, `show_answered_tickets`, `show_notes_inline`, `hide_staff_name`, `overlimit_notice_active`, `email_attachments`, `allow_attachments`, `allow_email_attachments`, `allow_online_attachments`, `allow_online_attachments_onlogin`, `random_ticket_ids`, `log_level`, `log_graceperiod`, `upload_dir`, `allowed_filetypes`, `time_format`, `date_format`, `datetime_format`, `daydatetime_format`, `reply_separator`, `admin_email`, `helpdesk_title`, `helpdesk_url`, `schema_signature`, `updated`) VALUES
(1, 1, 0.0, 0, 1, 4, 2, 30, 0, 4, 2, 30, 25, 0, 1048576, 1, 1, 3, 0, 2, 1, 1, 1, 2, 1, 8, 0, 0, 1, 0, 0, 0, 1, 0, 1, 1, 1, 1, 1, 1, 1, 1, 1, 0, 0, 0, 0, 1, 1, 0, 0, 1, 1, 0, 0, 1, 1, 0, 0, 0, 1, 0, 0, 1, 1, 0, 1, 1, 0, 0, 1, 1, 1, 0, 1, 0, 0, 1, 0, 1, 1, 0, 1, 2, 12, '', '.doc, .pdf', ' h:i A', 'm/d/Y', 'm/d/Y g:i a', 'D, M j Y g:ia', '-- do not edit --', 'filoquin@gmail.com', 'Soporte tecprecinc', 'http://www.tecprecincsrl.com.ar/soporte/', 'd959a00e55c75e0c903b9e37324fd25d', '2013-04-10 15:12:04');

-- --------------------------------------------------------

--
-- Table structure for table `ost_department`
--

CREATE TABLE `ost_department` (
  `dept_id` int(11) UNSIGNED NOT NULL,
  `tpl_id` int(10) UNSIGNED NOT NULL DEFAULT '0',
  `sla_id` int(10) UNSIGNED NOT NULL DEFAULT '0',
  `email_id` int(10) UNSIGNED NOT NULL DEFAULT '0',
  `autoresp_email_id` int(10) UNSIGNED NOT NULL DEFAULT '0',
  `manager_id` int(10) UNSIGNED NOT NULL DEFAULT '0',
  `dept_name` varchar(128) NOT NULL DEFAULT '',
  `dept_signature` tinytext NOT NULL,
  `ispublic` tinyint(1) UNSIGNED NOT NULL DEFAULT '1',
  `group_membership` tinyint(1) NOT NULL DEFAULT '0',
  `ticket_auto_response` tinyint(1) NOT NULL DEFAULT '1',
  `message_auto_response` tinyint(1) NOT NULL DEFAULT '0',
  `updated` datetime NOT NULL,
  `created` datetime NOT NULL
) ENGINE=MyISAM DEFAULT CHARSET=utf8;

--
-- Dumping data for table `ost_department`
--

INSERT INTO `ost_department` (`dept_id`, `tpl_id`, `sla_id`, `email_id`, `autoresp_email_id`, `manager_id`, `dept_name`, `dept_signature`, `ispublic`, `group_membership`, `ticket_auto_response`, `message_auto_response`, `updated`, `created`) VALUES
(1, 0, 0, 1, 1, 0, 'Soporte general', 'Support Dept', 1, 0, 1, 1, '2013-04-10 09:20:34', '0000-00-00 00:00:00'),
(3, 0, 0, 1, 1, 0, 'Correos y servidor online', '', 1, 0, 1, 1, '2013-04-10 09:34:06', '2013-04-10 09:27:58'),
(4, 0, 0, 1, 1, 0, 'Intranet', '', 1, 0, 1, 1, '2013-04-10 09:28:36', '2013-04-10 09:28:36'),
(5, 0, 0, 1, 1, 0, 'Website', '', 1, 0, 1, 1, '2013-04-10 09:28:54', '2013-04-10 09:28:54'),
(6, 0, 0, 1, 1, 0, 'webExcalibur', '', 1, 0, 1, 1, '2013-04-10 09:30:06', '2013-04-10 09:30:06'),
(7, 0, 0, 1, 1, 0, 'Campus Tecprecinc', '', 1, 0, 1, 1, '2013-04-10 09:30:40', '2013-04-10 09:30:40'),
(8, 0, 0, 1, 1, 0, 'Indicadores', '', 1, 0, 1, 1, '2013-04-10 09:31:57', '2013-04-10 09:31:57');

-- --------------------------------------------------------

--
-- Table structure for table `ost_email`
--

CREATE TABLE `ost_email` (
  `email_id` int(11) UNSIGNED NOT NULL,
  `noautoresp` tinyint(1) UNSIGNED NOT NULL DEFAULT '0',
  `priority_id` tinyint(3) UNSIGNED NOT NULL DEFAULT '2',
  `dept_id` tinyint(3) UNSIGNED NOT NULL DEFAULT '0',
  `email` varchar(255) NOT NULL DEFAULT '',
  `name` varchar(255) NOT NULL DEFAULT '',
  `userid` varchar(255) NOT NULL,
  `userpass` varchar(125) NOT NULL,
  `mail_active` tinyint(1) NOT NULL DEFAULT '0',
  `mail_host` varchar(255) NOT NULL,
  `mail_protocol` enum('POP','IMAP') NOT NULL DEFAULT 'POP',
  `mail_encryption` enum('NONE','SSL') NOT NULL,
  `mail_port` int(6) DEFAULT NULL,
  `mail_fetchfreq` tinyint(3) NOT NULL DEFAULT '5',
  `mail_fetchmax` tinyint(4) NOT NULL DEFAULT '30',
  `mail_archivefolder` varchar(255) DEFAULT NULL,
  `mail_delete` tinyint(1) NOT NULL DEFAULT '0',
  `mail_errors` tinyint(3) NOT NULL DEFAULT '0',
  `mail_lasterror` datetime DEFAULT NULL,
  `mail_lastfetch` datetime DEFAULT NULL,
  `smtp_active` tinyint(1) DEFAULT '0',
  `smtp_host` varchar(255) NOT NULL,
  `smtp_port` int(6) DEFAULT NULL,
  `smtp_secure` tinyint(1) NOT NULL DEFAULT '1',
  `smtp_auth` tinyint(1) NOT NULL DEFAULT '1',
  `smtp_spoofing` tinyint(1) UNSIGNED NOT NULL DEFAULT '0',
  `notes` text,
  `created` datetime NOT NULL,
  `updated` datetime NOT NULL
) ENGINE=MyISAM DEFAULT CHARSET=utf8;

--
-- Dumping data for table `ost_email`
--

INSERT INTO `ost_email` (`email_id`, `noautoresp`, `priority_id`, `dept_id`, `email`, `name`, `userid`, `userpass`, `mail_active`, `mail_host`, `mail_protocol`, `mail_encryption`, `mail_port`, `mail_fetchfreq`, `mail_fetchmax`, `mail_archivefolder`, `mail_delete`, `mail_errors`, `mail_lasterror`, `mail_lastfetch`, `smtp_active`, `smtp_host`, `smtp_port`, `smtp_secure`, `smtp_auth`, `smtp_spoofing`, `notes`, `created`, `updated`) VALUES
(1, 0, 2, 1, 'soporte@tecprecincsrl.com.ar', 'Support', 'soporte@tecprecincsrl.com.ar', 'mZ2/MfIMh+adRoy2nz9HZYAua2ADyK5jSYHEZ0A9JZU=', 1, 'tecprecincsrl.com.ar', 'IMAP', 'NONE', 143, 5, 30, NULL, 0, 0, NULL, '2013-04-17 10:36:58', 0, '', 0, 1, 1, 0, '', '2013-04-10 09:07:34', '2013-04-10 10:08:49'),
(2, 0, 2, 1, 'alerts@tecprecincsrl.com.ar', 'osTicket Alerts', '', '', 0, '', 'POP', 'NONE', NULL, 5, 30, NULL, 0, 0, NULL, NULL, 0, '', NULL, 1, 1, 0, NULL, '2013-04-10 09:07:34', '2013-04-10 09:07:34'),
(3, 0, 2, 1, 'noreply@tecprecincsrl.com.ar', '', '', '', 0, '', 'POP', 'NONE', NULL, 5, 30, NULL, 0, 0, NULL, NULL, 0, '', NULL, 1, 1, 0, NULL, '2013-04-10 09:07:34', '2013-04-10 09:07:34');

-- --------------------------------------------------------

--
-- Table structure for table `ost_email_template`
--

CREATE TABLE `ost_email_template` (
  `tpl_id` int(11) NOT NULL,
  `cfg_id` int(10) UNSIGNED NOT NULL DEFAULT '0',
  `isactive` tinyint(1) UNSIGNED NOT NULL DEFAULT '0',
  `name` varchar(32) NOT NULL DEFAULT '',
  `notes` text,
  `ticket_autoresp_subj` varchar(255) NOT NULL DEFAULT '',
  `ticket_autoresp_body` text NOT NULL,
  `ticket_autoreply_subj` varchar(255) NOT NULL DEFAULT '',
  `ticket_autoreply_body` text NOT NULL,
  `ticket_notice_subj` varchar(255) NOT NULL,
  `ticket_notice_body` text NOT NULL,
  `ticket_alert_subj` varchar(255) NOT NULL DEFAULT '',
  `ticket_alert_body` text NOT NULL,
  `message_autoresp_subj` varchar(255) NOT NULL DEFAULT '',
  `message_autoresp_body` text NOT NULL,
  `message_alert_subj` varchar(255) NOT NULL DEFAULT '',
  `message_alert_body` text NOT NULL,
  `note_alert_subj` varchar(255) NOT NULL,
  `note_alert_body` text NOT NULL,
  `assigned_alert_subj` varchar(255) NOT NULL DEFAULT '',
  `assigned_alert_body` text NOT NULL,
  `transfer_alert_subj` varchar(255) NOT NULL DEFAULT '',
  `transfer_alert_body` text NOT NULL,
  `ticket_overdue_subj` varchar(255) NOT NULL DEFAULT '',
  `ticket_overdue_body` text NOT NULL,
  `ticket_overlimit_subj` varchar(255) NOT NULL DEFAULT '',
  `ticket_overlimit_body` text NOT NULL,
  `ticket_reply_subj` varchar(255) NOT NULL DEFAULT '',
  `ticket_reply_body` text NOT NULL,
  `created` datetime NOT NULL,
  `updated` datetime NOT NULL
) ENGINE=MyISAM DEFAULT CHARSET=utf8;

--
-- Dumping data for table `ost_email_template`
--

INSERT INTO `ost_email_template` (`tpl_id`, `cfg_id`, `isactive`, `name`, `notes`, `ticket_autoresp_subj`, `ticket_autoresp_body`, `ticket_autoreply_subj`, `ticket_autoreply_body`, `ticket_notice_subj`, `ticket_notice_body`, `ticket_alert_subj`, `ticket_alert_body`, `message_autoresp_subj`, `message_autoresp_body`, `message_alert_subj`, `message_alert_body`, `note_alert_subj`, `note_alert_body`, `assigned_alert_subj`, `assigned_alert_body`, `transfer_alert_subj`, `transfer_alert_body`, `ticket_overdue_subj`, `ticket_overdue_body`, `ticket_overlimit_subj`, `ticket_overlimit_body`, `ticket_reply_subj`, `ticket_reply_body`, `created`, `updated`) VALUES
(1, 1, 1, 'osTicket Default Template', 'Default osTicket templates', 'Support Ticket Opened [#%{ticket.number}]', '%{ticket.name},\r\n\r\nA request for support has been created and assigned ticket #%{ticket.number}. A representative will follow-up with you as soon as possible.\r\n\r\nYou can view this ticket\'s progress online here: %{ticket.client_link}.\r\n\r\nIf you wish to send additional comments or information regarding this issue, please don\'t open a new ticket. Simply login using the link above and update the ticket.\r\n\r\n%{signature}', 'Support Ticket Opened [#%{ticket.number}]', '%{ticket.name},\r\n\r\nA request for support has been created and assigned ticket #%{ticket.number} with the following auto-reply:\r\n\r\n%{response}\r\n\r\n\r\nWe hope this response has sufficiently answered your questions. If not, please do not open another ticket. If need be, representative will follow-up with you as soon as possible.\r\n\r\nYou can view this ticket\'s progress online here: %{ticket.client_link}.', '[#%{ticket.number}] %{ticket.subject}', '%{ticket.name},\r\n\r\nOur customer care team has created a ticket, #%{ticket.number} on your behalf, with the following message.\r\n\r\n%{message}\r\n\r\nIf you wish to provide additional comments or information regarding this issue, please don\'t open a new ticket. You can update or view this ticket\'s progress online here: %{ticket.client_link}.\r\n\r\n%{signature}', 'New Ticket Alert', '%{recipient},\r\n\r\nNew ticket #%{ticket.number} created.\r\n\r\n-----------------------\r\nName: %{ticket.name}\r\nEmail: %{ticket.email}\r\nDept: %{ticket.dept.name}\r\n\r\n%{message}\r\n-----------------------\r\n\r\nTo view/respond to the ticket, please login to the support ticket system.\r\n\r\n%{ticket.staff_link}\r\n\r\n- Your friendly Customer Support System - powered by osTicket.', '[#%{ticket.number}] Message Added', '%{ticket.name},\r\n\r\nYour reply to support request #%{ticket.number} has been noted.\r\n\r\nYou can view this support request progress online here: %{ticket.client_link}.\r\n\r\n%{signature}', 'New Message Alert', '%{recipient},\r\n\r\nNew message appended to ticket #%{ticket.number}\r\n\r\n----------------------\r\nName: %{ticket.name}\r\nEmail: %{ticket.email}\r\nDept: %{ticket.dept.name}\r\n\r\n%{message}\r\n----------------------\r\n\r\nTo view/respond to the ticket, please login to the support ticket system.\r\n\r\n%{ticket.staff_link}\r\n\r\n- Your friendly Customer Support System - powered by osTicket.', 'New Internal Note Alert', '%{recipient},\r\n\r\nInternal note appended to ticket #%{ticket.number}\r\n\r\n----------------------\r\n* %{note.title} *\r\n\r\n%{note.message}\r\n----------------------\r\n\r\nTo view/respond to the ticket, please login to the support ticket system.\r\n\r\n%{ticket.staff_link}\r\n\r\n- Your friendly Customer Support System - powered by osTicket.', 'Ticket #%{ticket.number} Assigned to you', '%{assignee},\r\n\r\nTicket #%{ticket.number} has been assigned to you by %{assigner}\r\n\r\n----------------------\r\n\r\n%{comments}\r\n\r\n----------------------\r\n\r\nTo view complete details, simply login to the support system.\r\n\r\n%{ticket.staff_link}\r\n\r\n- Your friendly Support Ticket System - powered by osTicket.', 'Ticket Transfer #%{ticket.number} - %{ticket.dept.name}', '%{recipient},\r\n\r\nTicket #%{ticket.number} has been transferred to %{ticket.dept.name} department by %{staff.name}\r\n\r\n----------------------\r\n\r\n%{comments}\r\n\r\n----------------------\r\n\r\nTo view/respond to the ticket, please login to the support ticket system.\r\n\r\n%{ticket.staff_link}\r\n\r\n- Your friendly Customer Support System - powered by osTicket.', 'Stale Ticket Alert', '%{recipient},\r\n\r\nA ticket, #%{ticket.number} assigned to you or in your department is seriously overdue.\r\n\r\n%{ticket.staff_link}\r\n\r\nWe should all work hard to guarantee that all tickets are being addressed in a timely manner.\r\n\r\n- Your friendly (although with limited patience) Support Ticket System - powered by osTicket.', 'Open Tickets Limit Reached', '%{ticket.name}\r\n\r\nYou have reached the maximum number of open tickets allowed.\r\n\r\nTo be able to open another ticket, one of your pending tickets must be closed. To update or add comments to an open ticket simply login using the link below.\r\n\r\n%{url}/tickets.php?e=%{ticket.email}\r\n\r\nThank you.\r\n\r\nSupport Ticket System', '[#%{ticket.number}] %{ticket.subject}', '%{ticket.name},\r\n\r\nA customer support staff member has replied to your support request, #%{ticket.number} with the following response:\r\n\r\n%{response}\r\n\r\nWe hope this response has sufficiently answered your questions. If not, please do not send another email. Instead, reply to this email or login to your account for a complete archive of all your support requests and responses.\r\n\r\n%{ticket.client_link}\r\n\r\n%{signature}', '2013-04-10 09:07:34', '2013-04-10 09:07:34');

-- --------------------------------------------------------

--
-- Table structure for table `ost_faq`
--

CREATE TABLE `ost_faq` (
  `faq_id` int(10) UNSIGNED NOT NULL,
  `category_id` int(10) UNSIGNED NOT NULL DEFAULT '0',
  `ispublished` tinyint(1) UNSIGNED NOT NULL DEFAULT '0',
  `question` varchar(255) NOT NULL,
  `answer` text NOT NULL,
  `keywords` tinytext,
  `notes` text,
  `created` date NOT NULL,
  `updated` date NOT NULL
) ENGINE=MyISAM DEFAULT CHARSET=utf8;

-- --------------------------------------------------------

--
-- Table structure for table `ost_faq_attachment`
--

CREATE TABLE `ost_faq_attachment` (
  `faq_id` int(10) UNSIGNED NOT NULL,
  `file_id` int(10) UNSIGNED NOT NULL
) ENGINE=MyISAM DEFAULT CHARSET=utf8;

-- --------------------------------------------------------

--
-- Table structure for table `ost_faq_category`
--

CREATE TABLE `ost_faq_category` (
  `category_id` int(10) UNSIGNED NOT NULL,
  `ispublic` tinyint(1) UNSIGNED NOT NULL DEFAULT '0',
  `name` varchar(125) DEFAULT NULL,
  `description` text NOT NULL,
  `notes` tinytext NOT NULL,
  `created` date NOT NULL,
  `updated` date NOT NULL
) ENGINE=MyISAM DEFAULT CHARSET=utf8;

-- --------------------------------------------------------

--
-- Table structure for table `ost_faq_topic`
--

CREATE TABLE `ost_faq_topic` (
  `faq_id` int(10) UNSIGNED NOT NULL,
  `topic_id` int(10) UNSIGNED NOT NULL
) ENGINE=MyISAM DEFAULT CHARSET=utf8;

-- --------------------------------------------------------

--
-- Table structure for table `ost_file`
--

CREATE TABLE `ost_file` (
  `id` int(11) NOT NULL,
  `type` varchar(255) NOT NULL DEFAULT '',
  `size` varchar(25) NOT NULL DEFAULT '',
  `hash` varchar(125) NOT NULL,
  `name` varchar(255) NOT NULL DEFAULT '',
  `created` datetime NOT NULL
) ENGINE=MyISAM DEFAULT CHARSET=utf8;

--
-- Dumping data for table `ost_file`
--

INSERT INTO `ost_file` (`id`, `type`, `size`, `hash`, `name`, `created`) VALUES
(1, 'text/plain', '25', '670c6cc1d1dfc97fad20e5470251b255', 'osTicket.txt', '2013-04-10 09:07:34');

-- --------------------------------------------------------

--
-- Table structure for table `ost_file_chunk`
--

CREATE TABLE `ost_file_chunk` (
  `file_id` int(11) NOT NULL,
  `chunk_id` int(11) NOT NULL,
  `filedata` longblob NOT NULL
) ENGINE=MyISAM DEFAULT CHARSET=utf8;

--
-- Dumping data for table `ost_file_chunk`
--

INSERT INTO `ost_file_chunk` (`file_id`, `chunk_id`, `filedata`) VALUES
(1, 0, 0x43616e6e6564206174746163686d656e747320726f636b210a);

-- --------------------------------------------------------

--
-- Table structure for table `ost_filter`
--

CREATE TABLE `ost_filter` (
  `id` int(11) UNSIGNED NOT NULL,
  `execorder` int(10) UNSIGNED NOT NULL DEFAULT '99',
  `isactive` tinyint(1) UNSIGNED NOT NULL DEFAULT '1',
  `match_all_rules` tinyint(1) UNSIGNED NOT NULL DEFAULT '0',
  `stop_onmatch` tinyint(1) UNSIGNED NOT NULL DEFAULT '0',
  `reject_ticket` tinyint(1) UNSIGNED NOT NULL DEFAULT '0',
  `use_replyto_email` tinyint(1) UNSIGNED NOT NULL DEFAULT '0',
  `disable_autoresponder` tinyint(1) UNSIGNED NOT NULL DEFAULT '0',
  `canned_response_id` int(11) UNSIGNED NOT NULL DEFAULT '0',
  `email_id` int(10) UNSIGNED NOT NULL DEFAULT '0',
  `priority_id` int(10) UNSIGNED NOT NULL DEFAULT '0',
  `dept_id` int(10) UNSIGNED NOT NULL DEFAULT '0',
  `staff_id` int(10) UNSIGNED NOT NULL DEFAULT '0',
  `team_id` int(10) UNSIGNED NOT NULL DEFAULT '0',
  `sla_id` int(10) UNSIGNED NOT NULL DEFAULT '0',
  `target` enum('Any','Web','Email','API') NOT NULL DEFAULT 'Any',
  `name` varchar(32) NOT NULL DEFAULT '',
  `notes` text,
  `created` datetime NOT NULL,
  `updated` datetime NOT NULL
) ENGINE=MyISAM DEFAULT CHARSET=utf8;

--
-- Dumping data for table `ost_filter`
--

INSERT INTO `ost_filter` (`id`, `execorder`, `isactive`, `match_all_rules`, `stop_onmatch`, `reject_ticket`, `use_replyto_email`, `disable_autoresponder`, `canned_response_id`, `email_id`, `priority_id`, `dept_id`, `staff_id`, `team_id`, `sla_id`, `target`, `name`, `notes`, `created`, `updated`) VALUES
(1, 99, 1, 0, 0, 1, 0, 0, 0, 0, 0, 0, 0, 0, 0, 'Any', 'SYSTEM BAN LIST', 'Internal list for email banning. Do not remove', '2013-04-10 09:07:34', '0000-00-00 00:00:00');

-- --------------------------------------------------------

--
-- Table structure for table `ost_filter_rule`
--

CREATE TABLE `ost_filter_rule` (
  `id` int(11) UNSIGNED NOT NULL,
  `filter_id` int(10) UNSIGNED NOT NULL DEFAULT '0',
  `what` enum('name','email','subject','body','header') NOT NULL,
  `how` enum('equal','not_equal','contains','dn_contain','starts','ends') NOT NULL,
  `val` varchar(255) NOT NULL,
  `isactive` tinyint(1) UNSIGNED NOT NULL DEFAULT '1',
  `notes` tinytext NOT NULL,
  `created` datetime NOT NULL,
  `updated` datetime NOT NULL
) ENGINE=MyISAM DEFAULT CHARSET=utf8;

--
-- Dumping data for table `ost_filter_rule`
--

INSERT INTO `ost_filter_rule` (`id`, `filter_id`, `what`, `how`, `val`, `isactive`, `notes`, `created`, `updated`) VALUES
(1, 1, 'email', 'equal', 'test@example.com', 1, '', '2013-04-10 09:07:34', '0000-00-00 00:00:00');

-- --------------------------------------------------------

--
-- Table structure for table `ost_groups`
--

CREATE TABLE `ost_groups` (
  `group_id` int(10) UNSIGNED NOT NULL,
  `group_enabled` tinyint(1) UNSIGNED NOT NULL DEFAULT '1',
  `group_name` varchar(50) NOT NULL DEFAULT '',
  `can_create_tickets` tinyint(1) UNSIGNED NOT NULL DEFAULT '1',
  `can_edit_tickets` tinyint(1) UNSIGNED NOT NULL DEFAULT '1',
  `can_post_ticket_reply` tinyint(1) UNSIGNED NOT NULL DEFAULT '1',
  `can_delete_tickets` tinyint(1) UNSIGNED NOT NULL DEFAULT '0',
  `can_close_tickets` tinyint(1) UNSIGNED NOT NULL DEFAULT '1',
  `can_assign_tickets` tinyint(1) UNSIGNED NOT NULL DEFAULT '1',
  `can_transfer_tickets` tinyint(1) UNSIGNED NOT NULL DEFAULT '1',
  `can_ban_emails` tinyint(1) UNSIGNED NOT NULL DEFAULT '0',
  `can_manage_premade` tinyint(1) UNSIGNED NOT NULL DEFAULT '0',
  `can_manage_faq` tinyint(1) UNSIGNED NOT NULL DEFAULT '0',
  `can_view_staff_stats` tinyint(1) UNSIGNED NOT NULL DEFAULT '0',
  `notes` text,
  `created` datetime NOT NULL,
  `updated` datetime NOT NULL
) ENGINE=MyISAM DEFAULT CHARSET=utf8;

--
-- Dumping data for table `ost_groups`
--

INSERT INTO `ost_groups` (`group_id`, `group_enabled`, `group_name`, `can_create_tickets`, `can_edit_tickets`, `can_post_ticket_reply`, `can_delete_tickets`, `can_close_tickets`, `can_assign_tickets`, `can_transfer_tickets`, `can_ban_emails`, `can_manage_premade`, `can_manage_faq`, `can_view_staff_stats`, `notes`, `created`, `updated`) VALUES
(1, 1, 'Admins', 1, 1, 1, 1, 1, 1, 1, 1, 1, 1, 0, 'overlords', '2013-04-10 09:07:34', '2013-04-10 09:07:34'),
(2, 1, 'Managers', 1, 1, 1, 1, 1, 1, 1, 1, 1, 1, 0, '', '2013-04-10 09:07:34', '2013-04-10 09:07:34'),
(3, 1, 'Staff', 1, 1, 1, 0, 1, 1, 1, 0, 0, 0, 0, '', '2013-04-10 09:07:34', '2013-04-10 09:07:34');

-- --------------------------------------------------------

--
-- Table structure for table `ost_group_dept_access`
--

CREATE TABLE `ost_group_dept_access` (
  `group_id` int(10) UNSIGNED NOT NULL DEFAULT '0',
  `dept_id` int(10) UNSIGNED NOT NULL DEFAULT '0'
) ENGINE=MyISAM DEFAULT CHARSET=utf8;

--
-- Dumping data for table `ost_group_dept_access`
--

INSERT INTO `ost_group_dept_access` (`group_id`, `dept_id`) VALUES
(1, 1),
(2, 1),
(3, 1);

-- --------------------------------------------------------

--
-- Table structure for table `ost_help_topic`
--

CREATE TABLE `ost_help_topic` (
  `topic_id` int(11) UNSIGNED NOT NULL,
  `topic_pid` int(10) UNSIGNED NOT NULL DEFAULT '0',
  `isactive` tinyint(1) UNSIGNED NOT NULL DEFAULT '1',
  `ispublic` tinyint(1) UNSIGNED NOT NULL DEFAULT '1',
  `noautoresp` tinyint(3) UNSIGNED NOT NULL DEFAULT '0',
  `priority_id` tinyint(3) UNSIGNED NOT NULL DEFAULT '0',
  `dept_id` tinyint(3) UNSIGNED NOT NULL DEFAULT '0',
  `staff_id` int(10) UNSIGNED NOT NULL DEFAULT '0',
  `team_id` int(10) UNSIGNED NOT NULL DEFAULT '0',
  `sla_id` int(10) UNSIGNED NOT NULL DEFAULT '0',
  `topic` varchar(32) NOT NULL DEFAULT '',
  `notes` text,
  `created` datetime NOT NULL,
  `updated` datetime NOT NULL
) ENGINE=MyISAM DEFAULT CHARSET=utf8;

--
-- Dumping data for table `ost_help_topic`
--

INSERT INTO `ost_help_topic` (`topic_id`, `topic_pid`, `isactive`, `ispublic`, `noautoresp`, `priority_id`, `dept_id`, `staff_id`, `team_id`, `sla_id`, `topic`, `notes`, `created`, `updated`) VALUES
(1, 0, 1, 1, 0, 2, 1, 0, 0, 1, 'Support', NULL, '0000-00-00 00:00:00', '0000-00-00 00:00:00'),
(2, 0, 1, 1, 0, 3, 1, 0, 0, 0, 'Billing', NULL, '0000-00-00 00:00:00', '0000-00-00 00:00:00');

-- --------------------------------------------------------

--
-- Table structure for table `ost_session`
--

CREATE TABLE `ost_session` (
  `session_id` varchar(256) COLLATE utf8_unicode_ci NOT NULL DEFAULT '',
  `session_data` longtext COLLATE utf8_unicode_ci,
  `session_expire` datetime DEFAULT NULL,
  `session_updated` datetime DEFAULT NULL,
  `user_id` int(10) UNSIGNED NOT NULL DEFAULT '0' COMMENT 'osTicket staff ID',
  `user_ip` varchar(64) COLLATE utf8_unicode_ci NOT NULL,
  `user_agent` varchar(255) COLLATE utf8_unicode_ci NOT NULL
) ENGINE=MyISAM DEFAULT CHARSET=utf8 COLLATE=utf8_unicode_ci;

--
-- Dumping data for table `ost_session`
--

INSERT INTO `ost_session` (`session_id`, `session_data`, `session_expire`, `session_updated`, `user_id`, `user_ip`, `user_agent`) VALUES
('c0722df51f30df5c610ee21c29281fd7', 'zgdSZh3n7pcZfjXREbu_0O-n_i5Vf1-nQf3uVXiv4iXm7Wsv5p-2rFB63CDKWRW9etFjITBvQTfVX7VFn_1peA..', '2016-11-21 21:12:05', '2016-11-20 21:12:05', 0, '5.157.40.94', 'Mozilla/5.0 (Macintosh; Intel Mac OS X 10_10_0) AppleWebKit/537.36 (KHTML, like Gecko) Chrome/39.0.2171.95 Safari/537.36'),
('ac8129e268a5a3e8d109d9f84239132a', '-YWsm-C-XuxzTcY5Ue_lSMxOvZMxo-jtj9Ykhh7-zIr4M0PGGeY4lOgK-Uk-LvmiEx9DcsV2QHamhmFE5gWzcg..', '2016-11-20 22:23:46', '2016-11-19 22:23:46', 0, '185.107.24.210', 'Mozilla/5.0 (Macintosh; Intel Mac OS X 10.9; rv:35.0) Gecko/20100101 Firefox/35.0'),
('53bd765e061ef102d06b5255e746d740', 'wFLVbVn_xSe9LPVmaZVQtpGq4BlUUAYFe4PZaDCCSu0CqA1I-9h_AqYIx5QFkNmCobFk2z9s8H8pp4AVhkKvuMEPwiGQJQtPTfpM6P_2VYvM8AMolDpwB0C8EtozpkyxU5kUct2jJg4RvdBcVyE9PGIQTdbd4woXow0OAvoeCzL8Q7nuS6WgYMYDncYcEkxFFBJO3u3rtcStQuXBWiy19WfqYmVHdiqbP56Q6wg6mAc.', '2016-11-20 06:06:16', '2016-11-19 06:06:16', 0, '82.211.50.227', 'Mozilla/5.0 (Macintosh; Intel Mac OS X 10.7; rv:34.0) Gecko/20100101 Firefox/34.0'),
('743d202c6b8867c4ed9a7d2b5c32920f', 'PrCx2peqL5KwMEKa0PArix1CI6_b2xYT6fvbZjg-HMdztPR-W2aBmctteYoQjDj64RHwUWNl5wBILHlERrVR4w..', '2016-11-19 03:56:33', '2016-11-18 03:56:33', 0, '163.172.65.58', 'Mozilla/5.0 (compatible; AhrefsBot/5.1; +http://ahrefs.com/robot/)'),
('cb6cbc0a8bfa8cffc7b7d49c0a72f398', 'OqC5TPb4AAt864aYrBN64Cb1T3P53Jwu_bvJ_dZS4qcRLYl2l1Y2_7Sc9E08D_WCpZikFbe-NPfRdgNawPq34A..', '2016-11-20 03:26:07', '2016-11-19 03:26:07', 0, '31.187.76.194', 'Mozilla/5.0 (Macintosh; Intel Mac OS X 10.7; rv:34.0) Gecko/20100101 Firefox/34.0'),
('594f40125f58df9c75d6089a97458a20', 'P0z17CGWkjGIz176Aq4JDpijENdoK0IY1wGkJzMHjZH2gkRUt0lKEcsuHKJGKpvV5UrBm7BdIgUb4Hnoz4camA..', '2016-11-17 17:03:39', '2016-11-16 17:03:39', 0, '165.231.108.163', 'Opera/9.80 (Windows NT 6.2; Win64; x64) Presto/2.12.388 Version/12.17'),
('5d60c15ed7346d8e3327f9c05049df03', 'Nr-7YJsNlhOiTF6eZQ3c7JobJ_EMvxrQ-nZprjO-YWYoS17wrs-JQbFHYIu3y_gv6ek4EOkOnFa7xcjIDQKAsA..', '2016-11-16 19:34:40', '2016-11-15 19:34:40', 0, '186.46.222.117', 'Mozilla/5.0 (X11; Ubuntu; Linux i686; rv:34.0) Gecko/20100101 Firefox/34.0'),
('b964d17826cc108ac7673a4bdab79f1c', 'Jszp6aLZmaIqQqIy6kd-Jrk4ezvfz9rTTx-lHEj_3XIZSlpFd7zHGnLMr0PLG5gvbDrqumLsRYF7Zbs3Ih18w_JV0VjbL8aT7a6WEQ8bzeyn8gG47ufZA-dz6SXZRqKAu_1F59lGHRH-wwLZPzyeDxPjs4GRSc00aRz0j2dajVRejtAgWxEePX7vBx5V_bLw8HbsOa9B5tZPKPh8jfaKc_cJfLa_LVPxjQj241reUds.', '2016-11-16 10:18:59', '2016-11-15 10:18:59', 0, '173.208.43.165', 'Mozilla/5.0 (X11; Linux x86_64) AppleWebKit/537.36 (KHTML, like Gecko) Chrome/39.0.2171.99 Safari/537.36'),
('fdff104d025e3f467e4cafd82b61671a', 'WOeHb6olAGje_U4uUiw49kliu5BrjJQGxIAFG_vqT1XQYRqzSKQ8JnQQMqZ3zFHFwHja-qqww8TrWZu85YA-GkAwNOdqePF_5S3hu6n9Pvv4cOIE-wOzA--NGxA5FN1eazXXZGeqHFn9NjCzduhz63ZzFaI978N9U2xQIFry1oVxVntZbKUXPsO8u_zTRxkSaqMcMMdZXW9WWXuFvcKFndabsQmwYBHDT_SC7ntk4s8.', '2016-11-15 11:17:13', '2016-11-14 11:17:13', 0, '163.172.65.114', 'Mozilla/5.0 (compatible; AhrefsBot/5.1; +http://ahrefs.com/robot/)'),
('fa694d474ffad42b9ad7ddc481507ad0', '5I-NoQ0Mra3PtK1wb0_b2czv0R_dNI3ezLJiwhxCEeked53wPfklufTIX8I2Y-NrAk2YM2h-blnBBjRGiPmHcw..', '2016-11-11 13:52:35', '2016-11-10 13:52:35', 0, '207.46.13.82', 'Mozilla/5.0 (compatible; bingbot/2.0; +http://www.bing.com/bingbot.htm)'),
('5b0a154384a0c066cf0aedd188b6fe39', '2CimUYKOe-3YqHAKbOHkNMd8JBfCwoIeA994v7TgiEBp-qJSqq-z4s-KC_24VhjAWI8isHZodhpJNqdBtN_JrLotfXdwWkRSlm6VGB_4xnePLJD8TKK0EfglJixUpOpLiIbGJaLberq12n20Pj84swT5monc0Oskl_g0ycQ3oO3W7BIL07EbhDkxx_3aHJxp50KH6eLno22Lu5oAMcL1TRT6xHyubSoZC71WpE1tHSw.', '2016-11-05 06:18:03', '2016-11-04 06:18:03', 0, '163.172.66.43', 'Mozilla/5.0 (compatible; AhrefsBot/5.1; +http://ahrefs.com/robot/)'),
('39f9f8c19a481b204df2cad45398067b', 'oorHk-m7yAExqMY0kOjA5zje3yaOLZiEP2hdVRksUDSnEp8lFaeVblERLBGOzCmJHVBo5SX5OjZD5DRoyKdO8Q..', '2016-11-02 03:23:28', '2016-11-01 03:23:28', 0, '198.50.200.135', 'Mozilla/5.0 (Windows NT 6.1; WOW64; Trident/7.0; rv:11.0) like Gecko'),
('c93b2b586a2eb2d23fef3aa1dbec91e5', '0kDt6KgdD9n4IgiAIh9ryBTogTwnPQYb5MbtxTzbsPln1v3z0HZOHEXoNMpRmNA0DKXWRJ9bxqvOLH6vE06eoFTErJzymXO7_o-OHDj4XZUbhdfRot8YXQI0hpmoQrcctrKmLp7ZinCxBFgaIUg8fxF2xLnw_gNHEBAp9Mh1qZgT8zovBQXKhq4gmqBj9uX4q18Gnns8FmCQCMNusKBaa_xefxkBT3Jl6NEA3cqKlpo.', '2016-10-30 09:40:43', '2016-10-29 09:40:43', 0, '163.172.66.154', 'Mozilla/5.0 (compatible; AhrefsBot/5.1; +http://ahrefs.com/robot/)'),
('c02c2e225bb907ae5deff80f909a0c6d', '4x2d-lrQRRb1C4r5LK8ZdlmD6CuODJqdu_0Re3FjqPodtxgNiypIxA-X4L-iRmBTKNXcJoTvcrVX_7GlXxto-w..', '2016-10-29 22:03:30', '2016-10-28 22:03:30', 0, '207.46.13.134', 'Mozilla/5.0 (compatible; bingbot/2.0; +http://www.bing.com/bingbot.htm)'),
('1e42ccaf1f3dc62ae879fea92a208836', '2LV44xML04B4SiRmy322RMZiPAY0t2OclBrVzX_AKTlHhwoclQHvYF1jXhjd4GFCNSkECJSp_aJ4zn1CfmOS0w..', '2016-10-29 05:11:01', '2016-10-28 05:11:01', 0, '91.108.71.93', 'Mozilla/5.0 (Windows NT 6.1; WOW64) AppleWebKit/537.36 (KHTML, like Gecko) Maxthon/4.4.4.600 Chrome/30.0.1599.101 Safari/537.36'),
('e8fe36da80acf6842fe86ed9fbfd7b4e', '6do6Rr2MAeNZkvZKvsUHj4HHLLMCfgZQaB69gcGz09wZXRfv3Xw8awEV0LcRrE2i4mJ-1yn3WdGcR6q7n7MkGBynV7ZqVeuzU4DdnSUy3GQZubnpC4o32mnyHxiIbCzbFWNLQr-ZpHmUHhzxgu-I-efQ1ZGPsKqUCI4sJVoUBJnrZBj09atCBaEbA2t5oG4Z5tirdclstATntn4jrlgJKcTZzfXgHV7iJQacxBGEkrw.', '2016-10-26 09:50:33', '2016-10-25 09:50:33', 0, '207.46.13.105', 'Mozilla/5.0 (compatible; bingbot/2.0; +http://www.bing.com/bingbot.htm)'),
('6025e106e20cdde84c5d42643c83f0f8', '2LV44xML04B4SiRmy322RMZiPAY0t2OclBrVzX_AKTlHhwoclQHvYF1jXhjd4GFCNSkECJSp_aJ4zn1CfmOS0w..', '2016-10-26 02:58:29', '2016-10-25 02:58:29', 0, '91.108.71.93', 'Mozilla/5.0 (Windows NT 6.1; WOW64) AppleWebKit/537.36 (KHTML, like Gecko) Dragon/36.1.1.21 Chrome/36.0.1985.97 Safari/537.36'),
('167116e4c70c565f9b3d01a68c04a44d', 'O5cZzFA1D6o5iPQZ1vBnCT1SapYczhd6b-7uEyyAsJdjza_pxi8wDtKbSpJIt5qA6fmGEQc7pIA2L6fAJFp3lg..', '2016-10-14 16:31:55', '2016-10-13 16:31:55', 0, '157.55.39.11', 'Mozilla/5.0 (compatible; bingbot/2.0; +http://www.bing.com/bingbot.htm)'),
('7206b21acef4f6f4b7bf3b85dcafa05b', '6pmeuK8hIBafxpi_j6a1hfaJ2PigtgifZcO5nzB7ngaD49ZyTDST978w_6pu0oZOT2j66NRjuDs1fkJaHL6VMQ..', '2016-10-05 13:41:22', '2016-10-04 13:41:22', 0, '66.249.65.10', 'Mozilla/5.0 (compatible; Googlebot/2.1; +http://www.google.com/bot.html)'),
('c0328f5437779e752c13f25727655ba6', 'UPZvsAXNCZaOdusq_XS9M0GdoMISHZ1US2dfeaCPjzQyyQKBSu2s0Pe1nDiuPAnz8g0gqEXIPBdLh6V94lzXKH3R8N4NfQk3jmEKLNLA3VA6aIDiPFNmZL_v9OAinddO6R6oQAQZxPlTA5pDwOKvEboJyePkleq6cvm-R714eekhNu6v0MJQ5T-nNEtj0rlPTxy-MaIT3nD3EvaqkmJwdbR9K4Esg9BOdrFspEx6q4E.', '2016-09-03 10:01:02', '2016-09-02 10:01:02', 0, '181.66.168.158', 'Mozilla/5.0 (Windows NT 6.1; WOW64) AppleWebKit/537.36 (KHTML, like Gecko) Chrome/39.0.2171.95 Safari/537.36 OPR/26.0.1656.60'),
('436d6e40624aa94c96cf0a3cabb40d00', 'zrZVWTDgmBmNnXTZCyhILcKTz_mHIkN52DtP0wzGkIu5eCpAg-3P6Lx7HyxuMsh9k0kKuAMv9v2_S2rfA6JM_jrhTnJfHA-JaL3WDAO-VZbphlXifabl3FjJzyijxZT5keEfGfrAJqrTL4T-x-rsrGYTVU6bm0aPSfpE9kottaTJPvHIaFJwNZrqKscYjbHz2zAlgk96CtpTUR1UPcRMYLYI6SmqUqIpk4Kne4Yl7QE.', '2016-09-02 00:31:36', '2016-09-01 00:31:36', 0, '196.196.94.32', 'Mozilla/5.0 (Windows NT 6.1; WOW64) AppleWebKit/537.36 (KHTML, like Gecko) Chrome/36.0.1985.125 Safari/537.36'),
('6b154804d62dccaf387fa0b3d738e664', 'XbopPChmX2RKtO-3baS52duvuuRlNem-oBjAIJOV9DB4JaJrQaM96tKDb4lwbA930ty-5UWglgvV3luYt8kA_2ODzwSlX8dk44yUFmqIoA3F4YhpjnivD3Ho4vCQ3LKYiiQlfU9JS43ab71HkZvJJhyVcLdhslUFCBgq-LABhrmlMBVavg-5eXq4WoPNf7kC9ATkmB-TcxfrBH4NuOCyfUXrqee66gtcsa8GKyWKJUk.', '2016-09-05 18:06:05', '2016-09-04 18:06:05', 0, '154.127.132.105', 'Mozilla/5.0 (Windows NT 6.1; WOW64) AppleWebKit/537.36 (KHTML, like Gecko) Dragon/36.1.1.21 Chrome/36.0.1985.97 Safari/537.36'),
('8d786cf852092d57559a2b0af12ce9cf', 'xXPEbv_CIw4OOWaV4opf6Otqzo-pOFl3tWh9pIkgT0vfDsNaHWH8_UCJA1-R0GP3NkixG2ckPtrBNYoJHfLDlA..', '2016-09-26 19:20:46', '2016-09-25 19:20:46', 0, '163.172.66.22', 'Mozilla/5.0 (compatible; AhrefsBot/5.1; +http://ahrefs.com/robot/)'),
('b1951caec5231cf730a727473c866482', 'yX9wAOlmnbu08OkBGDpZT9SESPs74NfYHwi6qIUnCOG49KCVxAMeGqi26VfZJw_ISE1O01wfEr6QDaUQgV9d-djdqsFsbGBkOI8OX3NjtKNxSKnuibEtcvSsm6ldyErqoKxOqUWO2LCBUePl1G89X1kwUp2pkZfe5YowFyMKUHf4y5Vq6V2Q4mre_hLPqFoVQ9F4G6AzfT8GanwoWG-o6OsQhqjlGr-iwFtaPNmNoIs.', '2016-09-26 22:35:53', '2016-09-25 22:35:53', 0, '163.172.65.197', 'Mozilla/5.0 (compatible; AhrefsBot/5.1; +http://ahrefs.com/robot/)'),
('767114066090c344532d5af2a1b66b51', 'DhT5a1ogtF-UZwAy-Pot85Mhfl8ysWI3Kzzd1VU6d4K939QSwbsKf-EdC5xPaVCsd33ZS0_NCDNCF7B_tpWxlA..', '2016-09-24 09:57:29', '2016-09-23 09:57:29', 0, '185.48.204.53', 'Mozilla/5.0 (X11; CrOS x86_64 6310.68.0) AppleWebKit/537.36 (KHTML, like Gecko) Chrome/39.0.2171.96 Safari/537.36'),
('a15f4ea6decc8f9f3e940457c6f7a347', 'YzqsdYI2SvykVL58TtPdMaIWMjokP8QbOWRHNwBs4YiYZNC5Y207rWZmvAAUL6AeTneh0JGuqDDdrDpUucODGg..', '2016-09-18 02:20:33', '2016-09-17 02:20:33', 0, '91.108.177.244', 'Mozilla/5.0 (Windows NT 6.3; Win64; x64) AppleWebKit/537.36 (KHTML, like Gecko) Chrome/41.0.2220.0 Safari/537.36'),
('245b72fc3c96b696877b04127c099225', '5qkxQNIRJmrBf-EbKg2lsmIXw2RAVzRB8OQpc1iiAi4qvUBZKVNGdW9RPo9tzXg0HcjCI2jMHj4BUfMgim9Gj5uaq42zL5MoErz3t52wmPfymo9FCdi1C-bWT9iLklqbhQSQawnyjFMHvTcQK0uYIPCzD93wZdCKxDIA7t_Y5ru0blRG_ogTb0WTI1BrNLm75C_2TgATx7vjn4TSoRhwnYBNsmIL38PtIdyOOZatSS4.', '2016-09-13 05:53:49', '2016-09-12 05:53:49', 0, '173.254.243.160', 'Mozilla/5.0 (Windows NT 6.2) AppleWebKit/537.36 (KHTML, like Gecko) Chrome/39.0.2171.99 Safari/537.36'),
('41f1f40a24667091f9641edae96a4872', '0MJhG-Ii4mKVNsZB03P0Mmc7fN1YQNENbqLLXgeYheMO0YieW8NYeNT3l2kTAJWTbLzJkmGcj8ZZz6KYhjKVaw..', '2016-09-12 19:21:39', '2016-09-11 19:21:39', 0, '163.172.66.55', 'Mozilla/5.0 (compatible; AhrefsBot/5.1; +http://ahrefs.com/robot/)'),
('52e2037d3fd007e91b0ad58afed6e110', '91WmW9woKICYrHWeiNURSwQUoA0R49akhGXEFAi1U0HNqx8xbjbBABdcFE1lhriUcdtroGNvYjvSqjfQL2MC_g..', '2016-09-11 00:10:41', '2016-09-10 00:10:41', 0, '40.77.167.84', 'Mozilla/5.0 (compatible; bingbot/2.0; +http://www.bing.com/bingbot.htm)'),
('4b5137fb444af5fab700848918c8caab', 'EZV4dsXozXYF5UzZqj8Aq65iQyeFEj67cwqHk6L71ib90_6cwqvUNKY2vE31hpTL430rYQpkbUV-D2RXmJAs2Ub86l2ggUSVG5UywpqVYRaFvXL7EO-Mj1cpeNZfv2z1UpmQBoG4XQt-lF_CF73SQCTFIPYDMtcZ4lZU42pmxxSv8XGqOS6uqvWCJhB_XvHZrALuOVByRFYpPPpjaU97Dqu-cqo4I5MarEq50j-q5-4.', '2016-09-10 06:27:50', '2016-09-09 06:27:50', 0, '163.172.66.59', 'Mozilla/5.0 (compatible; AhrefsBot/5.1; +http://ahrefs.com/robot/)'),
('926acfaf8299f5057076fe45fab19351', 'MEH8yh4S7O2wRaFY18RIczs6CfMcSA7xevyEzsqcZqLU-dkesUsuYVs0W9oArKX4syPTMb2_cKcixTgF0mhu7xFqYpN6hS7b0DPdv56KyfXsQkcanouUQN8n74Dv1_9wlqpVdpkCBZ1NxU7F0-q0a_31w8_sBNhyp_7ISyK6cvtlHoOSPFqxjFPw6Db7hikzsJI2ObyBGAGUlq7i56ys4IEtv49bH8Z2OzJB9LQjzTU.', '2016-09-08 01:55:39', '2016-09-07 01:55:39', 0, '181.214.213.107', 'Mozilla/5.0 (Windows NT 6.1; WOW64) AppleWebKit/537.36 (KHTML, like Gecko) Maxthon/4.4.3.4000 Chrome/30.0.1599.101 Safari/537.36'),
('35f8c77d3d46f0a97f83d51487c7ee65', 'hsLr_rDhQ2q1vjPQ6lliF1tAHxkPfDbv0bVUJFSlHp9Dee6ISPWIuKybcF09UMcU77F4h08QuGKnX2ZdSWMBDoY2-Fdng8NR7_zF2SN85fxWU1CmX2Ry3Bv11kuV64u0lNN5Q04cP2JCtF4ypH9VHkH3OwsgmegfwVgPVVsT-PKZyU6Z0-_TjjPiwQK9s4szco7I77vQRht4OVEmH7kwC5HqVQgGEqtoMVK1vEFc-Ik.', '2016-09-07 05:37:00', '2016-09-06 05:37:00', 0, '51.255.65.26', 'Mozilla/5.0 (compatible; AhrefsBot/5.1; +http://ahrefs.com/robot/)'),
('c600829ec42b1c196eec1ff8eeb8b522', '1keYazFxW_SWY-fCacPKj2mhDDEamGz8a2qLwdiLcFyDJfwCeMEKgkzZ4Wg6ePweF7yU6t4FqmLJnluB9DF56A..', '2016-09-06 22:49:52', '2016-09-05 22:49:52', 0, '37.72.188.75', 'Mozilla/5.0 (Windows NT 6.1; WOW64) AppleWebKit/537.36 (KHTML, like Gecko) Maxthon/4.4.3.4000 Chrome/30.0.1599.101 Safari/537.36'),
('jr462lse130g989te71ct35040', 'csrf|a:2:{s:5:\"token\";s:56:\"MThkZjgxMTk0Mjk5ZmE5OTdmOGEyYThkZGIwYzAzMjJmODRmMTZhMw==\";s:4:\"time\";i:1481042268;}TZ_OFFSET|s:4:\"-5.0\";TZ_DST|s:1:\"0\";', '2016-12-07 11:37:48', '2016-12-06 11:37:48', 0, '165.231.105.19', 'Mozilla/5.0 (Windows NT 6.1; rv:34.0) Gecko/20100101 Firefox/34.0'),
('du33bcsmqqih47cirlt87ortp2', 'csrf|a:2:{s:5:\"token\";s:56:\"ZTUyZDZhMWFlOTEwYjZiMjQ5MzA4MTA0ZDY2OWZlYTJmYmYxODA3Mw==\";s:4:\"time\";i:1481133905;}TZ_OFFSET|s:4:\"-5.0\";TZ_DST|s:1:\"0\";', '2016-12-08 13:05:05', '2016-12-07 13:05:05', 0, '163.172.65.120', 'Mozilla/5.0 (compatible; AhrefsBot/5.1; +http://ahrefs.com/robot/)'),
('qjqaqb7inpk45a752i3ut8vu01', 'csrf|a:2:{s:5:\"token\";s:56:\"YmUxYjViMzIyMmY0MTY1YzI3ZDYwMDUyMzdkOWY2ZDZjYWFiNGE1NQ==\";s:4:\"time\";i:1481374183;}TZ_OFFSET|s:4:\"-5.0\";TZ_DST|s:1:\"0\";', '2016-12-11 07:49:43', '2016-12-10 07:49:43', 0, '188.143.232.16', 'Mozilla/4.0 (compatible; MSIE 6.0; Windows NT 5.1; SV1)'),
('ueqc2qn8v9atfk871qhu1j1tl7', 'csrf|a:2:{s:5:\"token\";s:56:\"NWFkNTNkYzFhNjVkNTlhY2I3NjA3OWRlN2RlYWZlNDFmMmEyZGFkOA==\";s:4:\"time\";i:1481637531;}TZ_OFFSET|s:4:\"-5.0\";TZ_DST|s:1:\"0\";', '2016-12-14 08:58:52', '2016-12-13 08:58:52', 0, '188.143.232.70', 'Mozilla/4.0 (compatible; MSIE 6.0; Windows NT 5.1; SV1)'),
('6n3lqt8l598mq5pr65l4vdodj0', 'csrf|a:2:{s:5:\"token\";s:56:\"MzQ2NTUzNmEyNTg1OWI5OTZjYjMzZTI5OWVlMTI5MjRhOGNkMDdjYg==\";s:4:\"time\";i:1482143790;}TZ_OFFSET|s:4:\"-5.0\";TZ_DST|s:1:\"0\";', '2016-12-20 05:36:30', '2016-12-19 05:36:30', 0, '207.46.13.170', 'Mozilla/5.0 (compatible; bingbot/2.0; +http://www.bing.com/bingbot.htm)'),
('haddk5p0527sdpkh4tjdb2ge30', 'csrf|N;TZ_OFFSET|s:4:\"-5.0\";TZ_DST|s:1:\"0\";', '2016-12-21 01:39:17', '2016-12-20 01:39:17', 0, '204.79.180.14', 'Mozilla/5.0 (compatible; MSIE 9.0; Windows NT 6.1; Trident/5.0;  Trident/5.0)'),
('vu4tfn18v2qtu22o027t4hmog7', 'csrf|N;TZ_OFFSET|s:4:\"-5.0\";TZ_DST|s:1:\"0\";', '2016-12-21 01:40:44', '2016-12-20 01:40:44', 0, '204.79.180.59', 'Mozilla/5.0 (compatible; MSIE 9.0; Windows NT 6.0; Trident/5.0;  Trident/5.0)'),
('5tg0kq5k397hin3imihdeq37h6', 'csrf|a:2:{s:5:\"token\";s:56:\"OTBiNzI1MzRiYTkyNzRlZGQ4MWY3YjY0ZjE3NWUzOGU1Y2I5ZGUyYg==\";s:4:\"time\";i:1482230233;}TZ_OFFSET|s:4:\"-5.0\";TZ_DST|s:1:\"0\";', '2016-12-21 05:37:13', '2016-12-20 05:37:13', 0, '163.172.66.166', 'Mozilla/5.0 (compatible; AhrefsBot/5.1; +http://ahrefs.com/robot/)'),
('2lv8gv2cu2topgnnfbtv23t8g1', 'csrf|N;TZ_OFFSET|s:4:\"-5.0\";TZ_DST|s:1:\"0\";', '2016-12-26 05:23:10', '2016-12-25 05:23:10', 0, '163.172.64.251', 'Mozilla/5.0 (compatible; AhrefsBot/5.1; +http://ahrefs.com/robot/)'),
('r3du7bbaloich36vacneh4ih31', 'csrf|a:2:{s:5:\"token\";s:56:\"NGM3ZGU1ZmM2MTEzOGY2YjJjYzljN2FhYWEzN2I5ODk4ODA4NDY3NQ==\";s:4:\"time\";i:1483165255;}TZ_OFFSET|s:4:\"-5.0\";TZ_DST|s:1:\"0\";', '2017-01-01 01:20:55', '2016-12-31 01:20:55', 0, '188.143.232.11', 'Mozilla/4.0 (compatible; MSIE 6.0; Windows NT 5.1; SV1)'),
('8kjl8ii06ajcd4fask9utre136', 'csrf|a:2:{s:5:\"token\";s:56:\"YzIxZGZhMjA5OTJiZmRmZTgwMjMyNjI2MWMyZDgyNTZiZTUwOTc0Mw==\";s:4:\"time\";i:1483165258;}TZ_OFFSET|s:4:\"-5.0\";TZ_DST|s:1:\"0\";', '2017-01-01 01:20:58', '2016-12-31 01:20:58', 0, '188.143.232.11', 'Mozilla/4.0 (compatible; MSIE 6.0; Windows NT 5.1; SV1)'),
('o4jlhdf35p96qrkfas5107o6k7', 'csrf|N;TZ_OFFSET|s:4:\"-5.0\";TZ_DST|s:1:\"0\";', '2017-01-01 10:39:41', '2016-12-31 10:39:41', 0, '165.231.96.45', 'Mozilla/5.0 (Windows NT 6.3; WOW64; rv:34.0) Gecko/20100101 Firefox/34.0'),
('mb3beve02ieineh9o45rrurer6', 'csrf|a:2:{s:5:\"token\";s:56:\"NTVlYjNiMDIyNWZjMTY5Y2Q3ZThmN2U3MTFjOWU1OTM1NzEwMjJjZA==\";s:4:\"time\";i:1483221319;}TZ_OFFSET|s:4:\"-5.0\";TZ_DST|s:1:\"0\";', '2017-01-01 16:55:19', '2016-12-31 16:55:19', 0, '66.249.75.101', 'Mozilla/5.0 (compatible; Googlebot/2.1; +http://www.google.com/bot.html)'),
('uhumrh4q3c4jcr4pt9n202l441', 'csrf|N;TZ_OFFSET|s:4:\"-5.0\";TZ_DST|s:1:\"0\";', '2017-01-01 16:58:52', '2016-12-31 16:58:52', 0, '66.249.75.104', 'Mozilla/5.0 (compatible; Googlebot/2.1; +http://www.google.com/bot.html)'),
('f4jb1362a36ml7qbs83jlivrt1', 'csrf|a:2:{s:5:\"token\";s:56:\"YzBkNmU3YTBmYzAxM2UwY2JlNjdlNjBhNmY5MTc2NjlkYzM4MWFmNw==\";s:4:\"time\";i:1483221536;}TZ_OFFSET|s:4:\"-5.0\";TZ_DST|s:1:\"0\";', '2017-01-01 16:58:56', '2016-12-31 16:58:56', 0, '66.249.75.101', 'Mozilla/5.0 (compatible; Googlebot/2.1; +http://www.google.com/bot.html)'),
('pb9ce62eae55p0144h6nv4vtb0', 'csrf|a:2:{s:5:\"token\";s:56:\"ZDVjYzgwZDk3ZDRkZDA2ZmVlOTliOGU4M2VmYTQ0NmU4OWMyNDc5Zg==\";s:4:\"time\";i:1483296644;}TZ_OFFSET|s:4:\"-5.0\";TZ_DST|s:1:\"0\";', '2017-01-02 13:50:44', '2017-01-01 13:50:44', 0, '207.46.13.8', 'Mozilla/5.0 (compatible; bingbot/2.0; +http://www.bing.com/bingbot.htm)'),
('uo8kdgm65dgmll6d7jlq1hle17', 'csrf|a:2:{s:5:\"token\";s:56:\"NjQxNTlmOTgxNmY4ZDM2OGVjOTIwMmRmNTcwN2M1MjY0NmExODA1ZQ==\";s:4:\"time\";i:1483408814;}TZ_OFFSET|s:4:\"-5.0\";TZ_DST|s:1:\"0\";', '2017-01-03 21:00:14', '2017-01-02 21:00:14', 0, '163.172.65.113', 'Mozilla/5.0 (compatible; AhrefsBot/5.2; +http://ahrefs.com/robot/)'),
('0lhpmt4k3e1l4ts58j1feqqqp7', 'csrf|N;TZ_OFFSET|s:4:\"-5.0\";TZ_DST|s:1:\"0\";', '2017-01-09 16:39:16', '2017-01-08 16:39:16', 0, '89.34.167.195', 'Mozilla/5.0 (Macintosh; Intel Mac OS X 10.10; rv:34.0) Gecko/20100101 Firefox/34.0'),
('433ml8rnikami0o9h9aj2b6c84', 'csrf|a:2:{s:5:\"token\";s:56:\"OTY2NjFiZjUyNmIxZDFiY2ViMzg1ZTA4MGY0OTU2M2QzYTdhNzQyMQ==\";s:4:\"time\";i:1483927647;}TZ_OFFSET|s:4:\"-5.0\";TZ_DST|s:1:\"0\";', '2017-01-09 21:07:27', '2017-01-08 21:07:27', 0, '188.143.232.10', 'Mozilla/4.0 (compatible; MSIE 6.0; Windows NT 5.1; SV1)'),
('e047ob1sg17hv52bvptnnpejm7', 'csrf|a:2:{s:5:\"token\";s:56:\"MzQxNzVlZWRhNTM2MzkwZmQ5YmY3MzNlNmQxZjY3YTE3N2M3ZWQwYw==\";s:4:\"time\";i:1483927650;}TZ_OFFSET|s:4:\"-5.0\";TZ_DST|s:1:\"0\";', '2017-01-09 21:07:30', '2017-01-08 21:07:30', 0, '188.143.232.10', 'Mozilla/4.0 (compatible; MSIE 6.0; Windows NT 5.1; SV1)'),
('1sbibs0560jle8o37ab9ohc5h6', 'csrf|a:2:{s:5:\"token\";s:56:\"YWQyNjliNjEyZDMwM2ViOTc2MmYyYWNlZTVjYzFkMjAxYTZmY2VmOQ==\";s:4:\"time\";i:1484173660;}TZ_OFFSET|s:4:\"-5.0\";TZ_DST|s:1:\"0\";', '2017-01-12 17:27:40', '2017-01-11 17:27:40', 0, '46.161.9.11', 'Mozilla/5.0 (Windows NT 6.1; WOW64; rv:26.1) Gecko/20100101 Firefox/26.0'),
('eb064av2odbp1ie96r5r5ktfa7', 'csrf|a:2:{s:5:\"token\";s:56:\"NjE3ZDgwOTFkZjBkZDVkYTA2NGU5N2E3M2RhZWE0NmJiYTU4OGRjYQ==\";s:4:\"time\";i:1484284558;}TZ_OFFSET|s:4:\"-5.0\";TZ_DST|s:1:\"0\";', '2017-01-14 00:15:58', '2017-01-13 00:15:58', 0, '163.172.65.54', 'Mozilla/5.0 (compatible; AhrefsBot/5.2; +http://ahrefs.com/robot/)'),
('295rpe6munqditd0jm5rqspf90', 'csrf|a:2:{s:5:\"token\";s:56:\"MGE3ODIxMDZkZjZlODg5NTdkMzI2NjM4MWQzMTgwYWYwOWEzMmQ2OA==\";s:4:\"time\";i:1484310929;}TZ_OFFSET|s:4:\"-5.0\";TZ_DST|s:1:\"0\";', '2017-01-14 07:35:29', '2017-01-13 07:35:29', 0, '66.249.75.101', 'Mozilla/5.0 (compatible; Googlebot/2.1; +http://www.google.com/bot.html)'),
('hgens10uveqbjlnb6s7jkm6uv3', 'csrf|a:2:{s:5:\"token\";s:56:\"ODU4MzBlNWE2NGEzYmE5Yzc5YmQwNzZmNjllNTU4NTNlYmY2ZThiZQ==\";s:4:\"time\";i:1484560139;}TZ_OFFSET|s:4:\"-5.0\";TZ_DST|s:1:\"0\";', '2017-01-17 04:48:59', '2017-01-16 04:48:59', 0, '66.249.75.101', 'Mozilla/5.0 (compatible; Googlebot/2.1; +http://www.google.com/bot.html)'),
('fcruupu93o7a2i5kof44v9bgj4', 'csrf|a:2:{s:5:\"token\";s:56:\"YTNkNDQwMTFjNjg1NjI4M2Y2YzJhMTJjZTM0ZGU0M2M0ZjllNWM1OA==\";s:4:\"time\";i:1484962394;}TZ_OFFSET|s:4:\"-5.0\";TZ_DST|s:1:\"0\";', '2017-01-21 20:33:14', '2017-01-20 20:33:14', 0, '46.161.9.20', 'Mozilla/5.0 (Windows NT 6.3; WOW64) AppleWebKit/537.36 (KHTML, like Gecko) Chrome/48.0.2564.109 Safari/537.36'),
('t8arri6d08mqcl7kvru6dcf094', 'csrf|a:2:{s:5:\"token\";s:56:\"ZjNkNWQzZGZkMTljNTM1ZDBhZTU0OWFmOTA2OGIxMTBlNzdlYzYyMw==\";s:4:\"time\";i:1485028962;}TZ_OFFSET|s:4:\"-5.0\";TZ_DST|s:1:\"0\";', '2017-01-22 15:02:42', '2017-01-21 15:02:42', 0, '46.161.9.20', 'Mozilla/5.0 (Windows NT 6.1; WOW64) AppleWebKit/537.36 (KHTML, like Gecko) Chrome/46.0.2490.86 YaBrowser/15.12.1.6475 Safari/537.36'),
('oo4na9un5lt986g5s18oesb8u5', 'csrf|a:2:{s:5:\"token\";s:56:\"ZjhmYWVmMjgwOTVkYzRjMmEyYjk5NGQ0ZTkzZjUyYWRkZWFlMDE0MA==\";s:4:\"time\";i:1485180758;}TZ_OFFSET|s:4:\"-5.0\";TZ_DST|s:1:\"0\";', '2017-01-24 09:12:38', '2017-01-23 09:12:38', 0, '46.161.9.20', 'Mozilla/5.0 (Windows NT 6.1; WOW64) AppleWebKit/537.36 (KHTML, like Gecko) Chrome/48.0.2564.97 Safari/537.36'),
('kndboluc4e6mk8fe5gls0bdgq7', 'csrf|a:2:{s:5:\"token\";s:56:\"MTZjYTBkYWQ5MDAzMGEzNzliNmRiMzBkYjdhMmNkYTBlMGE1MTQ5Yg==\";s:4:\"time\";i:1485243671;}TZ_OFFSET|s:4:\"-5.0\";TZ_DST|s:1:\"0\";', '2017-01-25 02:41:11', '2017-01-24 02:41:11', 0, '163.172.65.106', 'Mozilla/5.0 (compatible; AhrefsBot/5.2; +http://ahrefs.com/robot/)'),
('2q4n1ds5lupdhrjnqt8f5c3tm3', 'csrf|a:2:{s:5:\"token\";s:56:\"OTUzZWVlM2RkYWIyNTkzOTE2YTYyYTg0NjI1MDAxNmZlZmY4YmU4ZA==\";s:4:\"time\";i:1485289781;}TZ_OFFSET|s:4:\"-5.0\";TZ_DST|s:1:\"0\";', '2017-01-25 15:29:43', '2017-01-24 15:29:43', 0, '46.161.9.20', 'Mozilla/5.0 (Windows NT 6.1; WOW64) AppleWebKit/537.36 (KHTML, like Gecko) Chrome/48.0.2564.97 Safari/537.36'),
('1old692bt208qf494prhaau0n1', 'csrf|a:2:{s:5:\"token\";s:56:\"MjAwNDVmYTBiNmY2NjJiNzk0OWVlOTFkOWVhM2QwMTQzNWViZTRlNQ==\";s:4:\"time\";i:1485380802;}TZ_OFFSET|s:4:\"-5.0\";TZ_DST|s:1:\"0\";', '2017-01-26 16:46:42', '2017-01-25 16:46:42', 0, '46.161.9.20', 'Mozilla/5.0 (Windows NT 6.3; WOW64; rv:44.0) Gecko/20100101 Firefox/44.0'),
('c535o990uhcqmsqgrvsjlrsca4', 'csrf|a:2:{s:5:\"token\";s:56:\"YTZkODQxZTY3NDMxNzAxNGQ1ZjdlOGRiMDhlMzFjYTU4YTM0NTVjNw==\";s:4:\"time\";i:1485444861;}TZ_OFFSET|s:4:\"-5.0\";TZ_DST|s:1:\"0\";', '2017-01-27 10:34:21', '2017-01-26 10:34:21', 0, '46.161.9.20', 'Mozilla/5.0 (Windows NT 6.3; WOW64) AppleWebKit/537.36 (KHTML, like Gecko) Chrome/48.0.2564.97 Safari/537.36'),
('573fjqa6qbu824dk3p8mbl5hl7', 'csrf|a:2:{s:5:\"token\";s:56:\"YWE1MmZmMWEwOGQ4NTAxY2VmMzg4YWEwMTZiMmZjZTE3OTE2M2E5MA==\";s:4:\"time\";i:1485562412;}TZ_OFFSET|s:4:\"-5.0\";TZ_DST|s:1:\"0\";', '2017-01-28 19:13:32', '2017-01-27 19:13:32', 0, '45.32.84.200', 'Mozilla/5.0 (Windows NT 6.1; Win64; x64) AppleWebKit/537.36 (KHTML, like Gecko) Chrome/39.0.2171.95 Safari/537.36'),
('5u41jfuc693m3igh5nctpukjh4', 'csrf|a:2:{s:5:\"token\";s:56:\"ZGE2OGZkMjA0NDk0MTVmMzhmYTU2N2NiMTQ3YWJiOWYyN2Y2MGQ1Mw==\";s:4:\"time\";i:1485586938;}TZ_OFFSET|s:4:\"-5.0\";TZ_DST|s:1:\"0\";', '2017-01-29 02:02:18', '2017-01-28 02:02:18', 0, '46.161.9.20', 'Mozilla/5.0 (Windows NT 5.1; rv:43.0) Gecko/20100101 Firefox/43.0'),
('4733jqmq6rrjsghp06ts9olup5', 'csrf|a:2:{s:5:\"token\";s:56:\"NWFhNjZmN2M4YWVlY2I1MWRjZTg0OWZkMzM5YjAzMDU5NjU5ZjQ4ZQ==\";s:4:\"time\";i:1485697676;}TZ_OFFSET|s:4:\"-5.0\";TZ_DST|s:1:\"0\";', '2017-01-30 08:47:56', '2017-01-29 08:47:56', 0, '46.161.9.20', 'Mozilla/5.0 (Windows NT 6.1; rv:44.0) Gecko/20100101 Firefox/44.0'),
('hlukt1j42n41v661svm1s26ru3', 'csrf|N;TZ_OFFSET|s:4:\"-5.0\";TZ_DST|s:1:\"0\";', '2017-01-31 10:40:31', '2017-01-30 10:40:31', 0, '93.127.146.107', 'Mozilla/5.0 (Windows NT 6.1; WOW64) AppleWebKit/537.36 (KHTML, like Gecko) Chrome/34.0.1847.116 Safari/537.36'),
('qmiq3udk678k7gha8qndpbml53', 'csrf|a:2:{s:5:\"token\";s:56:\"NDYzMGVkYjE3Mzc2MGFmMTA2YWQyMzE1ZjJlZDI3YTg5NzQ0NzgxNg==\";s:4:\"time\";i:1485797960;}TZ_OFFSET|s:4:\"-5.0\";TZ_DST|s:1:\"0\";', '2017-01-31 12:39:20', '2017-01-30 12:39:20', 0, '46.161.9.20', 'Mozilla/5.0 (Windows NT 6.3; WOW64) AppleWebKit/537.36 (KHTML, like Gecko) Chrome/47.0.2526.111 Safari/537.36'),
('r76uijjivfdslch3pda1lnrik6', 'csrf|a:2:{s:5:\"token\";s:56:\"MmMzMTNjMTEzMTFkMjBjNzgwMGQ3MGU1Mjk5YWNkYmMxNzMzYjBkYQ==\";s:4:\"time\";i:1485851147;}TZ_OFFSET|s:4:\"-5.0\";TZ_DST|s:1:\"0\";', '2017-02-01 03:25:47', '2017-01-31 03:25:47', 0, '46.161.9.20', 'Mozilla/5.0 (Windows NT 6.1; WOW64) AppleWebKit/537.36 (KHTML, like Gecko) Chrome/47.0.2526.111 Safari/537.36'),
('fr3ghlnr2hpt9i5pqfq998ic86', 'csrf|N;TZ_OFFSET|s:4:\"-5.0\";TZ_DST|s:1:\"0\";', '2017-02-03 12:38:27', '2017-02-02 12:38:27', 0, '163.172.64.187', 'Mozilla/5.0 (compatible; AhrefsBot/5.2; +http://ahrefs.com/robot/)'),
('v0gmmfchdtm3vbgickb0oopng0', 'csrf|N;TZ_OFFSET|s:4:\"-5.0\";TZ_DST|s:1:\"0\";', '2017-02-05 00:52:26', '2017-02-04 00:52:26', 0, '60.13.74.211', 'Mozilla/5.0 (Windows NT 6.1; WOW64) AppleWebKit/537.36 (KHTML, like Gecko) Dragon/36.1.1.21 Chrome/36.0.1985.97 Safari/537.36'),
('ejuhpt4q9f33s9pddds5jdkrm4', 'csrf|N;TZ_OFFSET|s:4:\"-5.0\";TZ_DST|s:1:\"0\";', '2017-02-05 01:27:07', '2017-02-04 01:27:07', 0, '62.210.111.2', 'Mozilla/5.0 (Windows NT 6.1; WOW64) AppleWebKit/537.36 (KHTML, like Gecko) Dragon/36.1.1.21 Chrome/36.0.1985.97 Safari/537.36'),
('p172dnnvsmv71cnmlp371bc6a4', 'csrf|a:2:{s:5:\"token\";s:56:\"ODZkMDY2OTYzODE3NmI5OTEyYWYzODFlNzNkMTAwYTg2MTlkMjE3ZQ==\";s:4:\"time\";i:1486290702;}TZ_OFFSET|s:4:\"-5.0\";TZ_DST|s:1:\"0\";', '2017-02-06 05:31:42', '2017-02-05 05:31:42', 0, '163.172.66.158', 'Mozilla/5.0 (compatible; AhrefsBot/5.2; +http://ahrefs.com/robot/)'),
('q1v4tpct20lig2aehgejbs8q47', 'csrf|a:2:{s:5:\"token\";s:56:\"NjhmMjNhYmEyNDc1N2NjOTRiMTcwNzE4ODM4NGFlMTRmNmI5NzQ2Yw==\";s:4:\"time\";i:1486317308;}TZ_OFFSET|s:4:\"-5.0\";TZ_DST|s:1:\"0\";', '2017-02-06 12:55:08', '2017-02-05 12:55:08', 0, '46.161.9.20', 'Mozilla/5.0 (Windows NT 6.3; WOW64; rv:44.0) Gecko/20100101 Firefox/44.0'),
('3v71kq4ul50j777pu2r7qh7f72', 'csrf|a:2:{s:5:\"token\";s:56:\"NDIwYTBiNDA2MjA1YjEzMWYwYmY2NGVjMDBjMTE2ZGNjM2U0MjVkYg==\";s:4:\"time\";i:1486364688;}TZ_OFFSET|s:4:\"-5.0\";TZ_DST|s:1:\"0\";', '2017-02-07 02:04:48', '2017-02-06 02:04:48', 0, '46.161.9.20', 'Mozilla/5.0 (Windows NT 6.3; WOW64) AppleWebKit/537.36 (KHTML, like Gecko) Chrome/48.0.2564.116 Safari/537.36'),
('c0jifdqha9lafelhmji77rtic1', 'csrf|N;TZ_OFFSET|s:4:\"-5.0\";TZ_DST|s:1:\"0\";', '2017-02-08 03:13:52', '2017-02-07 03:13:52', 0, '165.231.83.181', 'Mozilla/5.0 (Windows NT 6.1; WOW64) AppleWebKit/537.36 (KHTML, like Gecko) Maxthon/4.4.4.600 Chrome/30.0.1599.101 Safari/537.36'),
('e8mjpbav5dr148ucflo7tuukk3', 'csrf|N;TZ_OFFSET|s:4:\"-5.0\";TZ_DST|s:1:\"0\";', '2017-02-10 02:12:28', '2017-02-09 02:12:28', 0, '207.46.13.5', 'Mozilla/5.0 (compatible; bingbot/2.0; +http://www.bing.com/bingbot.htm)'),
('4o9bg78988qabb188gktvolq77', 'csrf|N;TZ_OFFSET|s:4:\"-5.0\";TZ_DST|s:1:\"0\";', '2017-02-13 12:26:31', '2017-02-12 12:26:31', 0, '196.196.50.61', 'Mozilla/5.0 (Windows NT 6.2) AppleWebKit/537.36 (KHTML, like Gecko) Chrome/39.0.2171.99 Safari/537.36'),
('23fad0uahvvtabtn63b8pjftr4', 'csrf|N;TZ_OFFSET|s:4:\"-5.0\";TZ_DST|s:1:\"0\";', '2017-02-13 18:29:59', '2017-02-12 18:29:59', 0, '194.6.231.240', 'Mozilla/5.0 (Windows NT 6.2; WOW64) AppleWebKit/537.36 (KHTML, like Gecko) Chrome/39.0.2171.95 Safari/537.36'),
('qoo9aqki15asms50k8b2cfvc94', 'csrf|N;TZ_OFFSET|s:4:\"-5.0\";TZ_DST|s:1:\"0\";', '2017-02-14 09:11:02', '2017-02-13 09:11:02', 0, '194.6.231.240', 'Mozilla/5.0 (Windows NT 6.2; WOW64) AppleWebKit/537.36 (KHTML, like Gecko) Chrome/39.0.2171.95 Safari/537.36'),
('js9ceh4gcg350ins2th7p3v0m6', 'csrf|N;TZ_OFFSET|s:4:\"-5.0\";TZ_DST|s:1:\"0\";', '2017-02-21 19:04:45', '2017-02-20 19:04:45', 0, '191.101.104.193', 'Mozilla/5.0 (Windows NT 6.3; WOW64; rv:34.0) Gecko/20100101 Firefox/34.0'),
('9so8e92l2g92e40qh8j43fpdj4', 'csrf|N;TZ_OFFSET|s:4:\"-5.0\";TZ_DST|s:1:\"0\";', '2017-02-23 07:35:20', '2017-02-22 07:35:20', 0, '5.157.55.86', 'Mozilla/5.0 (Windows NT 6.3; WOW64; Trident/7.0; rv:11.0) like Gecko'),
('ract004rojis21f4fapk80i5d4', 'csrf|N;TZ_OFFSET|s:4:\"-5.0\";TZ_DST|s:1:\"0\";', '2017-02-23 11:04:15', '2017-02-22 11:04:15', 0, '62.210.111.2', 'Mozilla/5.0 (Windows NT 6.3; WOW64; Trident/7.0; rv:11.0) like Gecko'),
('ehebqdptssfceq4jii8v00h3f6', 'csrf|N;TZ_OFFSET|s:4:\"-5.0\";TZ_DST|s:1:\"0\";', '2017-02-25 00:31:20', '2017-02-24 00:31:20', 0, '165.16.40.25', 'Mozilla/5.0 (X11; Linux i686; rv:17.0) Gecko/20100101 Firefox/17.0'),
('7gl6oi21vm49rdrp7f8eq6vsb2', 'csrf|a:2:{s:5:\"token\";s:56:\"NzFiOWE0OGY1ODRmZjU3Yjc4MDI3OTY1M2E2ZWZkZWIwM2NhOTM0OA==\";s:4:\"time\";i:1487923747;}TZ_OFFSET|s:4:\"-5.0\";TZ_DST|s:1:\"0\";', '2017-02-25 03:09:07', '2017-02-24 03:09:07', 0, '207.46.13.190', 'Mozilla/5.0 (compatible; bingbot/2.0; +http://www.bing.com/bingbot.htm)'),
('ppmok8ul5r7jepeu3ff44aqrm4', 'csrf|N;TZ_OFFSET|s:4:\"-5.0\";TZ_DST|s:1:\"0\";', '2017-02-28 05:30:13', '2017-02-27 05:30:13', 0, '62.210.111.2', 'Opera/9.80 (Windows NT 6.2; Win64; x64) Presto/2.12.388 Version/12.17'),
('fpmk3dqukamnpcap82kf4251u4', 'csrf|a:2:{s:5:\"token\";s:56:\"ZWQwYTEwMDY1OTA5ZTY2YzE2MDhkMzg4ZmExMGZiNTJjN2M0NjlmMA==\";s:4:\"time\";i:1488336687;}TZ_OFFSET|s:4:\"-5.0\";TZ_DST|s:1:\"0\";', '2017-03-01 21:51:27', '2017-02-28 21:51:27', 0, '5.189.137.81', 'Mozilla/5.0 (Macintosh; Intel Mac OS X 10.7; rv:34.0) Gecko/20100101 Firefox/34.0'),
('4s2m0ktaud7dclijkge3le3un7', 'csrf|N;TZ_OFFSET|s:4:\"-5.0\";TZ_DST|s:1:\"0\";', '2017-03-03 14:19:03', '2017-03-02 14:19:03', 0, '62.210.111.2', 'Mozilla/5.0 (Macintosh; Intel Mac OS X 10.9; rv:35.0) Gecko/20100101 Firefox/35.0'),
('u09s39plsale73jkdn73v0a7l5', 'csrf|a:2:{s:5:\"token\";s:56:\"ZmFmZDAzYzc1NjFlZTQ4ZmYxMGU3ZjFlMmQ1YWExMDdiMGI5NTRhMw==\";s:4:\"time\";i:1488592596;}TZ_OFFSET|s:4:\"-5.0\";TZ_DST|s:1:\"0\";', '2017-03-04 20:56:36', '2017-03-03 20:56:36', 0, '163.172.66.29', 'Mozilla/5.0 (compatible; AhrefsBot/5.2; +http://ahrefs.com/robot/)'),
('ir7b6qljdhv1k8h4sfb5sfolj6', 'csrf|N;TZ_OFFSET|s:4:\"-5.0\";TZ_DST|s:1:\"0\";', '2017-03-06 03:07:28', '2017-03-05 03:07:28', 0, '93.127.134.82', 'Mozilla/5.0 (Macintosh; Intel Mac OS X 10_10_1) AppleWebKit/537.36 (KHTML, like Gecko) Chrome/39.0.2171.99 Safari/537.36'),
('hf1q2cdl9084jj6c1vpeg2pdq0', 'csrf|N;TZ_OFFSET|s:4:\"-5.0\";TZ_DST|s:1:\"0\";', '2017-03-07 02:34:39', '2017-03-06 02:34:39', 0, '23.231.110.228', 'Mozilla/5.0 (Macintosh; Intel Mac OS X 10_10_1) AppleWebKit/600.2.5 (KHTML, like Gecko) Version/8.0.2 Safari/600.2.5'),
('sujrs19l8kf1tojerea5a4fmp7', 'csrf|N;TZ_OFFSET|s:4:\"-5.0\";TZ_DST|s:1:\"0\";', '2017-03-07 04:57:21', '2017-03-06 04:57:21', 0, '5.157.40.84', 'Mozilla/5.0 (Macintosh; Intel Mac OS X 10_10_1) AppleWebKit/600.2.5 (KHTML, like Gecko) Version/8.0.2 Safari/600.2.5'),
('2kodch27sojjf60n7rde9tsdn2', 'csrf|a:2:{s:5:\"token\";s:56:\"ZmY5NGYxZjdkYTgzYmI2NTdiMWU3YjgzNTQzMWY2MjVkYmQ1N2JhNQ==\";s:4:\"time\";i:1489165680;}TZ_OFFSET|s:4:\"-5.0\";TZ_DST|s:1:\"0\";', '2017-03-11 12:08:00', '2017-03-10 12:08:00', 0, '51.255.65.64', 'Mozilla/5.0 (compatible; AhrefsBot/5.2; +http://ahrefs.com/robot/)'),
('7algvqd4cahiscinttecm4d5g3', 'csrf|a:2:{s:5:\"token\";s:56:\"MGVlOTlhMzBkMDk1NGE0MmJlNmQxMWI1YTY0ZDAzNDE0Y2JjYmIwNA==\";s:4:\"time\";i:1489242119;}TZ_OFFSET|s:4:\"-5.0\";TZ_DST|s:1:\"0\";', '2017-03-12 09:21:59', '2017-03-11 09:21:59', 0, '164.132.161.15', 'Mozilla/5.0 (compatible; AhrefsBot/5.2; +http://ahrefs.com/robot/)'),
('1je8516eok464hn6s71gkrtqn2', 'csrf|N;TZ_OFFSET|s:4:\"-5.0\";TZ_DST|s:1:\"0\";', '2017-03-12 23:37:35', '2017-03-11 23:37:35', 0, '62.210.111.2', 'Mozilla/5.0 (Windows NT 5.1; rv:35.0) Gecko/20100101 Firefox/35.0'),
('immscncdr747hv2mbr0gmr6cm2', 'csrf|N;TZ_OFFSET|s:4:\"-5.0\";TZ_DST|s:1:\"0\";', '2017-03-13 17:23:24', '2017-03-12 17:23:24', 0, '157.55.39.241', 'Mozilla/5.0 (compatible; bingbot/2.0; +http://www.bing.com/bingbot.htm)'),
('p1oje0nf22lhqfsi9eob6mp2p2', 'csrf|N;TZ_OFFSET|s:4:\"-5.0\";TZ_DST|s:1:\"0\";', '2017-03-14 15:38:03', '2017-03-13 15:38:03', 0, '62.210.111.2', 'Mozilla/5.0 (Windows NT 6.0; rv:34.0) Gecko/20100101 Firefox/34.0'),
('94gar7m2qj7tm32sl41itvg305', 'csrf|N;TZ_OFFSET|s:4:\"-5.0\";TZ_DST|s:1:\"0\";', '2017-03-15 10:29:26', '2017-03-14 10:29:26', 0, '165.231.99.221', 'Mozilla/5.0 (Windows NT 6.1) AppleWebKit/537.36 (KHTML, like Gecko) Chrome/39.0.2171.95 Safari/537.36'),
('d08djr6f1jrd7l91rmbq0g3g26', 'csrf|N;TZ_OFFSET|s:4:\"-5.0\";TZ_DST|s:1:\"0\";', '2017-03-15 10:31:03', '2017-03-14 10:31:03', 0, '201.149.111.3', 'Mozilla/5.0 (Windows NT 6.1) AppleWebKit/537.36 (KHTML, like Gecko) Chrome/39.0.2171.95 Safari/537.36'),
('nch271iohgki5ivj9nt65r7cj3', 'csrf|N;TZ_OFFSET|s:4:\"-5.0\";TZ_DST|s:1:\"0\";', '2017-03-15 11:54:56', '2017-03-14 11:54:56', 0, '107.173.68.18', 'Mozilla/5.0 (Windows NT 6.1) AppleWebKit/537.36 (KHTML, like Gecko) Chrome/39.0.2171.95 Safari/537.36'),
('dlu86qk2rni8rg9nonheppubp3', 'csrf|a:2:{s:5:\"token\";s:56:\"YzRjY2Q5YzgyNmI0NjJiZWM4MGRhNzA0OTUzODc4YTAyZjA1N2E1MA==\";s:4:\"time\";i:1489538871;}TZ_OFFSET|s:4:\"-5.0\";TZ_DST|s:1:\"0\";', '2017-03-15 20:47:51', '2017-03-14 20:47:51', 0, '46.161.9.20', 'Mozilla/5.0 (Windows NT 10.0; WOW64) AppleWebKit/537.36 (KHTML, like Gecko) Chrome/48.0.2564.116 Safari/537.36'),
('rtmgabtgu0kpeabtp87rh0rjk4', 'csrf|N;TZ_OFFSET|s:4:\"-5.0\";TZ_DST|s:1:\"0\";', '2017-03-16 17:20:59', '2017-03-15 17:20:59', 0, '210.213.226.3', 'Mozilla/5.0 (Windows NT 6.1) AppleWebKit/537.36 (KHTML, like Gecko) Chrome/39.0.2171.95 Safari/537.36 OPR/26.0.1656.60'),
('7grefnn4lkvfb93ot1ckrg5q81', 'csrf|a:2:{s:5:\"token\";s:56:\"MTg4MjFkZGIwMmViZGUwODcyMTg5YmEyOWUxYWM3MWQ1NDA0ODA2Yg==\";s:4:\"time\";i:1489640050;}TZ_OFFSET|s:4:\"-5.0\";TZ_DST|s:1:\"0\";', '2017-03-17 00:54:10', '2017-03-16 00:54:10', 0, '186.243.122.129', 'Mozilla/5.0 (Windows NT 6.1; WOW64) AppleWebKit/537.31 (KHTML, like Gecko) Chrome/26.0.1410.64 Safari/537.31'),
('9fes23qmkv2qmvt4o0uvo7fgn2', 'csrf|N;TZ_OFFSET|s:4:\"-5.0\";TZ_DST|s:1:\"0\";', '2017-03-17 07:25:44', '2017-03-16 07:25:44', 0, '91.126.166.202', 'Mozilla/5.0 (Windows NT 6.1) AppleWebKit/537.36 (KHTML, like Gecko) Dragon/36.1.1.21 Chrome/36.0.1985.97 Safari/537.36'),
('nrf8lpj64q3t5rtisoc6jpqjs5', 'csrf|N;TZ_OFFSET|s:4:\"-5.0\";TZ_DST|s:1:\"0\";', '2017-03-17 21:27:46', '2017-03-16 21:27:46', 0, '164.132.161.94', 'Mozilla/5.0 (compatible; AhrefsBot/5.2; +http://ahrefs.com/robot/)'),
('f2jduam4aa7k7q3r719ros8bn3', 'csrf|N;TZ_OFFSET|s:4:\"-5.0\";TZ_DST|s:1:\"0\";', '2017-03-19 18:35:42', '2017-03-18 18:35:42', 0, '192.99.80.176', 'Mozilla/5.0 (Windows NT 6.1; rv:34.0) Gecko/20100101 Firefox/34.0'),
('ptjhabeeeog7nj8orpi5uoq583', 'csrf|N;TZ_OFFSET|s:4:\"-5.0\";TZ_DST|s:1:\"0\";', '2017-03-21 02:35:29', '2017-03-20 02:35:29', 0, '196.196.34.37', 'Mozilla/5.0 (Windows NT 6.1; Win64; x64) AppleWebKit/537.36 (KHTML, like Gecko) Chrome/39.0.2171.95 Safari/537.36'),
('rtouia56obkauqmajpv3oao174', 'csrf|N;TZ_OFFSET|s:4:\"-5.0\";TZ_DST|s:1:\"0\";', '2017-03-22 21:28:19', '2017-03-21 21:28:19', 0, '165.231.87.218', 'Mozilla/5.0 (Windows NT 6.1; Win64; x64) AppleWebKit/537.36 (KHTML, like Gecko) Chrome/40.0.2214.85 Safari/537.36'),
('fk11015g7q9i6i98khq6ro91n5', 'csrf|N;TZ_OFFSET|s:4:\"-5.0\";TZ_DST|s:1:\"0\";', '2017-03-22 21:29:10', '2017-03-21 21:29:10', 0, '165.231.87.110', 'Mozilla/5.0 (Windows NT 6.1; Win64; x64) AppleWebKit/537.36 (KHTML, like Gecko) Chrome/40.0.2214.85 Safari/537.36'),
('cp67nk8vnh0ioq658i34nv4gb1', 'csrf|a:2:{s:5:\"token\";s:56:\"ODI2YzhhODQyOWRiZmZlYWI3MDRmZDhhMjg3NGIzYmMxZjA3YTBmZg==\";s:4:\"time\";i:1490190829;}TZ_OFFSET|s:4:\"-5.0\";TZ_DST|s:1:\"0\";', '2017-03-23 09:53:49', '2017-03-22 09:53:49', 0, '51.255.65.82', 'Mozilla/5.0 (compatible; AhrefsBot/5.2; +http://ahrefs.com/robot/)'),
('jb2ohh3onfcaceharec2t5a231', 'csrf|N;TZ_OFFSET|s:4:\"-5.0\";TZ_DST|s:1:\"0\";', '2017-03-23 15:17:47', '2017-03-22 15:17:47', 0, '36.74.159.237', 'Mozilla/5.0 (Windows NT 6.1; WOW64) AppleWebKit/537.36 (KHTML, like Gecko) Chrome/34.0.1847.116 Safari/537.36'),
('7ockgftomac3k7td9pq06mpi73', 'csrf|N;TZ_OFFSET|s:4:\"-5.0\";TZ_DST|s:1:\"0\";', '2017-03-23 15:20:47', '2017-03-22 15:20:47', 0, '37.153.168.114', 'Mozilla/5.0 (Windows NT 6.1; WOW64) AppleWebKit/537.36 (KHTML, like Gecko) Chrome/34.0.1847.116 Safari/537.36'),
('hl6248u7tl7aqbv9itvto65u41', 'csrf|N;TZ_OFFSET|s:4:\"-5.0\";TZ_DST|s:1:\"0\";', '2017-03-26 02:20:59', '2017-03-25 02:20:59', 0, '89.32.181.82', 'Mozilla/5.0 (Windows NT 6.1; WOW64) AppleWebKit/537.36 (KHTML, like Gecko) Chrome/39.0.2171.95 Safari/537.36'),
('o4i5087gqv89nam86t7g387sl4', 'csrf|N;TZ_OFFSET|s:4:\"-5.0\";TZ_DST|s:1:\"0\";', '2017-03-28 13:39:34', '2017-03-27 13:39:34', 0, '107.175.66.99', 'Mozilla/5.0 (Windows NT 6.1; WOW64) AppleWebKit/537.36 (KHTML, like Gecko) Dragon/36.1.1.21 Chrome/36.0.1985.97 Safari/537.36'),
('jucigl2dkili3q1lqlu2kri7f5', 'csrf|a:2:{s:5:\"token\";s:56:\"MmFiM2I2MmZjNTM3NTNmYzkzNjQ2NTQ1N2M3MTE5NDAyN2VkYjc5MA==\";s:4:\"time\";i:1490676838;}TZ_OFFSET|s:4:\"-5.0\";TZ_DST|s:1:\"0\";', '2017-03-29 00:53:58', '2017-03-28 00:53:58', 0, '5.188.211.16', 'Mozilla/4.0 (compatible; MSIE 6.0; Windows NT 5.1; SV1)'),
('jasjbbtfgiontdg00rnol4a7p3', 'csrf|N;TZ_OFFSET|s:4:\"-5.0\";TZ_DST|s:1:\"0\";', '2017-03-30 04:52:05', '2017-03-29 04:52:05', 0, '93.127.147.232', 'Mozilla/5.0 (Windows NT 6.1; WOW64) AppleWebKit/537.36 (KHTML, like Gecko) Maxthon/4.4.3.4000 Chrome/30.0.1599.101 Safari/537.36'),
('4u6kk2v413ieoj8faos3joecd3', 'csrf|a:2:{s:5:\"token\";s:56:\"OWZkNDY1MGRhNDA3OWU0ZTBjN2ZhZWE3Njg1NzNkNzU5YzExNmEyYw==\";s:4:\"time\";i:1490861188;}TZ_OFFSET|s:4:\"-5.0\";TZ_DST|s:1:\"0\";', '2017-03-31 04:06:28', '2017-03-30 04:06:28', 0, '163.172.65.57', 'Mozilla/5.0 (compatible; AhrefsBot/5.2; +http://ahrefs.com/robot/)'),
('ub583eqai044g243vvidpm26u2', 'csrf|N;TZ_OFFSET|s:4:\"-5.0\";TZ_DST|s:1:\"0\";', '2017-03-31 23:32:56', '2017-03-30 23:32:56', 0, '191.101.65.219', 'Mozilla/5.0 (Windows NT 6.1; WOW64; rv:33.0) Gecko/20100101 Firefox/33.0'),
('gppje7fvq051kgk1lfb1ci3526', 'csrf|N;TZ_OFFSET|s:4:\"-5.0\";TZ_DST|s:1:\"0\";', '2017-03-31 23:33:07', '2017-03-30 23:33:07', 0, '178.216.48.121', 'Mozilla/5.0 (Windows NT 6.1; WOW64; rv:33.0) Gecko/20100101 Firefox/33.0'),
('npahr23st1868jdvmtp0k98hj3', 'csrf|a:2:{s:5:\"token\";s:56:\"NjRkNzgzYzcwNjZlZmY5NWY2MDhkY2ZhYWQzYjgzZDJhMzU3ZDk5YQ==\";s:4:\"time\";i:1490995840;}TZ_OFFSET|s:4:\"-5.0\";TZ_DST|s:1:\"0\";', '2017-04-01 17:30:41', '2017-03-31 17:30:41', 0, '5.188.211.24', 'Mozilla/4.0 (compatible; MSIE 6.0; Windows NT 5.1; SV1)'),
('3sfd3kqogq2gc2uk630hp17v17', 'csrf|a:2:{s:5:\"token\";s:56:\"MjgyNjcyMjFlODhiZTRkYzdiMmU1MjFhM2UxNjUxOWJlNjY5YzcyYQ==\";s:4:\"time\";i:1490995846;}TZ_OFFSET|s:4:\"-5.0\";TZ_DST|s:1:\"0\";', '2017-04-01 17:30:46', '2017-03-31 17:30:46', 0, '5.188.211.24', 'Mozilla/4.0 (compatible; MSIE 6.0; Windows NT 5.1; SV1)'),
('a6e1pbai2tgj83r7r2vv1d95e3', 'csrf|N;TZ_OFFSET|s:4:\"-5.0\";TZ_DST|s:1:\"0\";', '2017-04-02 12:04:14', '2017-04-01 12:04:14', 0, '93.127.147.212', 'Mozilla/5.0 (Windows NT 6.1; WOW64; rv:34.0) Gecko/20100101 Firefox/34.0'),
('tkjini7pj5pgpuh9embmipkoj1', 'csrf|N;TZ_OFFSET|s:4:\"-5.0\";TZ_DST|s:1:\"0\";', '2017-04-02 19:31:18', '2017-04-01 19:31:18', 0, '89.32.181.82', 'Mozilla/5.0 (Windows NT 6.1; WOW64; rv:34.0) Gecko/20100101 Firefox/34.0'),
('1sut26hda5fj8koboei9qhko66', 'csrf|N;TZ_OFFSET|s:4:\"-5.0\";TZ_DST|s:1:\"0\";', '2017-04-05 05:48:42', '2017-04-04 05:48:42', 0, '207.46.13.99', 'Mozilla/5.0 (compatible; bingbot/2.0; +http://www.bing.com/bingbot.htm)'),
('sf7u5htr43hr4tsboeovceeg62', 'csrf|N;TZ_OFFSET|s:4:\"-5.0\";TZ_DST|s:1:\"0\";', '2017-04-05 06:49:58', '2017-04-04 06:49:58', 0, '157.55.2.146', 'Mozilla/5.0 (Windows NT 6.1; WOW64) AppleWebKit/534+ (KHTML, like Gecko) BingPreview/1.0b'),
('v89ej01pcjd5ibdv5h4qcidf14', 'csrf|N;TZ_OFFSET|s:4:\"-5.0\";TZ_DST|s:1:\"0\";', '2017-04-05 21:27:26', '2017-04-04 21:27:26', 0, '91.108.71.66', 'Mozilla/5.0 (Windows NT 6.2; WOW64) AppleWebKit/537.36 (KHTML, like Gecko) Chrome/39.0.2171.95 Safari/537.36'),
('adrclqnd311lnenrjipoddf0q5', 'csrf|N;TZ_OFFSET|s:4:\"-5.0\";TZ_DST|s:1:\"0\";', '2017-04-07 07:38:45', '2017-04-06 07:38:45', 0, '89.32.181.82', 'Mozilla/5.0 (Windows NT 6.2; WOW64; rv:34.0) Gecko/20100101 Firefox/34.0'),
('81etsm42nhmmmib94najis0o74', 'csrf|N;TZ_OFFSET|s:4:\"-5.0\";TZ_DST|s:1:\"0\";', '2017-04-10 10:01:17', '2017-04-09 10:01:17', 0, '192.161.50.54', 'Mozilla/5.0 (Windows NT 6.3; Win64; x64) AppleWebKit/537.36 (KHTML, like Gecko) Chrome/41.0.2220.0 Safari/537.36'),
('4hq479jkoe2ei9d88hkrn4kj37', 'csrf|N;TZ_OFFSET|s:4:\"-5.0\";TZ_DST|s:1:\"0\";', '2017-04-10 16:52:51', '2017-04-09 16:52:51', 0, '67.205.168.235', 'Mozilla/5.0 (Windows NT 6.3; Win64; x64) AppleWebKit/537.36 (KHTML, like Gecko) Chrome/41.0.2220.0 Safari/537.36'),
('fmjnklt4o2b62ojr74k52cckh3', 'csrf|a:2:{s:5:\"token\";s:56:\"MGE5NDdjZThhNGU3OTBjOWExMjYzNGExMTlkNWI5OTAyMDE4NzQwMA==\";s:4:\"time\";i:1491910237;}TZ_OFFSET|s:4:\"-5.0\";TZ_DST|s:1:\"0\";', '2017-04-12 07:30:37', '2017-04-11 07:30:37', 0, '46.161.9.20', 'Mozilla/5.0 (Windows NT 6.1) AppleWebKit/537.36 (KHTML, like Gecko) Chrome/48.0.2564.109 Safari/537.36'),
('7rsthghe42gfv9ete51fu2j7r6', 'csrf|N;TZ_OFFSET|s:4:\"-5.0\";TZ_DST|s:1:\"0\";', '2017-04-16 06:14:47', '2017-04-15 06:14:47', 0, '181.214.20.22', 'Mozilla/5.0 (X11; CrOS x86_64 6310.68.0) AppleWebKit/537.36 (KHTML, like Gecko) Chrome/39.0.2171.96 Safari/537.36'),
('29ap82oa30u0c3iejcmiiq8eb2', 'csrf|N;TZ_OFFSET|s:4:\"-5.0\";TZ_DST|s:1:\"0\";', '2017-04-16 21:18:14', '2017-04-15 21:18:14', 0, '157.55.39.78', 'Mozilla/5.0 (compatible; bingbot/2.0; +http://www.bing.com/bingbot.htm)'),
('77ro4l0knhvdrs1l019dl63a64', 'csrf|a:2:{s:5:\"token\";s:56:\"ZGYzNmJkYWFmNjdmNmQxMmMyYjQzNjVjODY0NzU1NTUxZjMxYmIyNA==\";s:4:\"time\";i:1492359758;}TZ_OFFSET|s:4:\"-5.0\";TZ_DST|s:1:\"0\";', '2017-04-17 12:22:38', '2017-04-16 12:22:38', 0, '164.132.161.79', 'Mozilla/5.0 (compatible; AhrefsBot/5.2; +http://ahrefs.com/robot/)'),
('fd8c1qm3040qdudu98tq3iet85', 'csrf|N;TZ_OFFSET|s:4:\"-5.0\";TZ_DST|s:1:\"0\";', '2017-04-18 03:48:33', '2017-04-17 03:48:33', 0, '5.79.105.33', 'Mozilla/5.0 (X11; Linux x86_64) AppleWebKit/537.36 (KHTML, like Gecko) Chrome/39.0.2171.99 Safari/537.36'),
('0ttfpvbhc4t60k4sfir5g64d33', 'csrf|N;TZ_OFFSET|s:4:\"-5.0\";TZ_DST|s:1:\"0\";', '2017-04-18 15:55:26', '2017-04-17 15:55:26', 0, '207.46.13.63', 'Mozilla/5.0 (compatible; bingbot/2.0; +http://www.bing.com/bingbot.htm)'),
('rf86e0f02q4nbjgkg9moe5ibo7', 'csrf|a:2:{s:5:\"token\";s:56:\"YTNmMmE5NmJjNDk1NTM5ZTlkZDQ4NjFhMWU0NTk5YzQzZjhkODM4Zg==\";s:4:\"time\";i:1492467623;}TZ_OFFSET|s:4:\"-5.0\";TZ_DST|s:1:\"0\";', '2017-04-18 18:20:23', '2017-04-17 18:20:23', 0, '5.189.162.27', 'Mozilla/5.0 (X11; Ubuntu; Linux i686; rv:34.0) Gecko/20100101 Firefox/34.0'),
('8ec4qdnoh85si3qegnpmsrg062', 'csrf|N;TZ_OFFSET|s:4:\"-5.0\";TZ_DST|s:1:\"0\";', '2017-04-19 01:41:28', '2017-04-18 01:41:28', 0, '217.217.51.182', 'Mozilla/5.0 (X11; Ubuntu; Linux i686; rv:34.0) Gecko/20100101 Firefox/34.0'),
('f4h3lcg74kkeuojomfv9hkml10', 'csrf|N;TZ_OFFSET|s:4:\"-5.0\";TZ_DST|s:1:\"0\";', '2017-04-23 09:42:17', '2017-04-22 09:42:17', 0, '113.161.76.236', 'Mozilla/5.0 (Macintosh; Intel Mac OS X 10.9; rv:35.0) Gecko/20100101 Firefox/35.0'),
('o39nm5lckc2o3uga7fcusbg7j0', 'csrf|a:2:{s:5:\"token\";s:56:\"NjBlMzVlNGM3MDkxOWZmNTlmY2MzOGFlNjAwYjRmODk5YTNkNGE2Mg==\";s:4:\"time\";i:1492880750;}TZ_OFFSET|s:4:\"-5.0\";TZ_DST|s:1:\"0\";', '2017-04-23 13:05:50', '2017-04-22 13:05:50', 0, '217.182.132.178', 'Mozilla/5.0 (compatible; AhrefsBot/5.2; +http://ahrefs.com/robot/)'),
('isikp4673va1c3oe694mfg6vl4', 'csrf|N;TZ_OFFSET|s:4:\"-5.0\";TZ_DST|s:1:\"0\";', '2017-04-24 16:35:17', '2017-04-23 16:35:17', 0, '190.233.54.47', 'Mozilla/5.0 (Macintosh; Intel Mac OS X 10_10_0) AppleWebKit/537.36 (KHTML, like Gecko) Chrome/39.0.2171.95 Safari/537.36'),
('c76jsul7gn20jfvinogt13irv1', 'csrf|N;TZ_OFFSET|s:4:\"-5.0\";TZ_DST|s:1:\"0\";', '2017-04-26 03:07:22', '2017-04-25 03:07:22', 0, ' 35.186.239.230', 'Mozilla/5.0 (Macintosh; Intel Mac OS X 10_10_1) AppleWebKit/537.36 (KHTML, like Gecko) Chrome/39.0.2171.99 Safari/537.36'),
('dvqkjmggdi7hu8turuab1ukqv4', 'csrf|N;TZ_OFFSET|s:4:\"-5.0\";TZ_DST|s:1:\"0\";', '2017-04-26 11:49:19', '2017-04-25 11:49:19', 0, '164.132.162.157', 'Mozilla/5.0 (compatible; AhrefsBot/5.2; +http://ahrefs.com/robot/)'),
('1fu7mij2qp06uhsne8rbah9fe4', 'csrf|N;TZ_OFFSET|s:4:\"-5.0\";TZ_DST|s:1:\"0\";', '2017-04-27 03:41:55', '2017-04-26 03:41:55', 0, '217.217.245.243', 'Mozilla/5.0 (Macintosh; Intel Mac OS X 10_10_1) AppleWebKit/600.2.5 (KHTML, like Gecko) Version/8.0.2 Safari/600.2.5'),
('j811it7032n10vnabvn3qs6p91', 'csrf|N;TZ_OFFSET|s:4:\"-5.0\";TZ_DST|s:1:\"0\";', '2017-04-27 18:04:13', '2017-04-26 18:04:13', 0, '217.217.245.243', 'Mozilla/5.0 (Macintosh; Intel Mac OS X 10_8_4) AppleWebKit/537.36 (KHTML, like Gecko) Chrome/39.0.2171.95 Safari/537.36'),
('uv1kessuodsdvra9ks25rnua43', 'csrf|N;TZ_OFFSET|s:4:\"-5.0\";TZ_DST|s:1:\"0\";', '2017-04-28 10:50:31', '2017-04-27 10:50:31', 0, '183.131.16.51', 'Mozilla/5.0 (Macintosh; Intel Mac OS X 10_8_4) AppleWebKit/537.36 (KHTML, like Gecko) Chrome/39.0.2171.95 Safari/537.36'),
('9rc438h6mas8ipf3abi15n0q35', 'csrf|N;TZ_OFFSET|s:4:\"-5.0\";TZ_DST|s:1:\"0\";', '2017-04-29 06:27:00', '2017-04-28 06:27:00', 0, '138.68.142.122', 'Mozilla/5.0 (Windows NT 5.1) AppleWebKit/537.36 (KHTML, like Gecko) Chrome/39.0.2171.95 Safari/537.36'),
('3m2kqn95053pq7m2spij23d235', 'csrf|N;TZ_OFFSET|s:4:\"-5.0\";TZ_DST|s:1:\"0\";', '2017-04-29 14:24:10', '2017-04-28 14:24:10', 0, '5.34.242.186', 'Mozilla/5.0 (Windows NT 5.1) AppleWebKit/537.36 (KHTML, like Gecko) Chrome/39.0.2171.95 Safari/537.36'),
('8v5dlbj2ceh4u1s9nhcea28d26', 'csrf|N;TZ_OFFSET|s:4:\"-5.0\";TZ_DST|s:1:\"0\";', '2017-05-02 09:32:43', '2017-05-01 09:32:43', 0, '45.45.157.209', 'Mozilla/5.0 (Windows NT 5.1; rv:34.0) Gecko/20100101 Firefox/34.0'),
('uarkop62fn6ns05hrtes6jriu7', 'csrf|N;TZ_OFFSET|s:4:\"-5.0\";TZ_DST|s:1:\"0\";', '2017-05-03 17:41:50', '2017-05-02 17:41:50', 0, '93.127.139.218', 'Mozilla/5.0 (Windows NT 5.1; rv:35.0) Gecko/20100101 Firefox/35.0'),
('h3n6uculoioddd4n5gm3liffn5', 'csrf|N;TZ_OFFSET|s:4:\"-5.0\";TZ_DST|s:1:\"0\";', '2017-05-04 04:14:12', '2017-05-03 04:14:12', 0, '125.141.200.47', 'Mozilla/5.0 (Windows NT 6.0; rv:34.0) Gecko/20100101 Firefox/34.0'),
('q521mkgk9s1n1biu5hrvhcsqd1', 'csrf|N;TZ_OFFSET|s:4:\"-5.0\";TZ_DST|s:1:\"0\";', '2017-05-06 00:50:45', '2017-05-05 00:50:45', 0, '165.231.99.242', 'Mozilla/5.0 (Windows NT 6.1) AppleWebKit/537.36 (KHTML, like Gecko) Chrome/39.0.2171.95 Safari/537.36 OPR/26.0.1656.60'),
('sd2risut0rfguvl43p7993eeu2', 'csrf|N;TZ_OFFSET|s:4:\"-5.0\";TZ_DST|s:1:\"0\";', '2017-05-07 01:44:51', '2017-05-06 01:44:51', 0, '131.253.27.93', 'Mozilla/5.0 (Windows NT 6.1; WOW64) AppleWebKit/534+ (KHTML, like Gecko) BingPreview/1.0b'),
('veb47o5u7n7su8nr7pkmifagj6', 'csrf|a:2:{s:5:\"token\";s:56:\"YzY1YzEwMjNlMGI4MGYxOTMzNzRkZDU2MGY2ZDU2MDFmMzYzOWEwYw==\";s:4:\"time\";i:1494066050;}TZ_OFFSET|s:4:\"-5.0\";TZ_DST|s:1:\"0\";', '2017-05-07 06:20:50', '2017-05-06 06:20:50', 0, '51.255.65.88', 'Mozilla/5.0 (compatible; AhrefsBot/5.2; +http://ahrefs.com/robot/)'),
('4chntg4i9kldqlemnpmh4isjr5', 'csrf|N;TZ_OFFSET|s:4:\"-5.0\";TZ_DST|s:1:\"0\";', '2017-05-08 22:02:39', '2017-05-07 22:02:39', 0, '5.79.105.33', 'Mozilla/5.0 (Windows NT 6.1; rv:34.0) Gecko/20100101 Firefox/34.0'),
('fcm96h3a6tn3c8cis1tvq5ni46', 'csrf|N;TZ_OFFSET|s:4:\"-5.0\";TZ_DST|s:1:\"0\";', '2017-05-11 06:40:43', '2017-05-10 06:40:43', 0, '196.16.8.25', 'Mozilla/5.0 (Windows NT 6.1; Win64; x64) AppleWebKit/537.36 (KHTML, like Gecko) Chrome/39.0.2171.95 Safari/537.36'),
('lkvhe62vdv7ln7sid93tpbgpr1', 'csrf|N;TZ_OFFSET|s:4:\"-5.0\";TZ_DST|s:1:\"0\";', '2017-05-12 05:08:59', '2017-05-11 05:08:59', 0, '115.29.192.194', 'Mozilla/5.0 (Windows NT 6.1; Win64; x64) AppleWebKit/537.36 (KHTML, like Gecko) Chrome/40.0.2214.85 Safari/537.36'),
('99onibrhvdk59r3u020npbn004', 'csrf|N;TZ_OFFSET|s:4:\"-5.0\";TZ_DST|s:1:\"0\";', '2017-05-12 20:31:28', '2017-05-11 20:31:28', 0, '157.55.39.104', 'Mozilla/5.0 (compatible; bingbot/2.0; +http://www.bing.com/bingbot.htm)'),
('dkkrgsgd3vs9v9nm4n4drufbf0', 'csrf|a:2:{s:5:\"token\";s:56:\"ZTNmYzVhYWVlZDgyZDMwYzZiYjA4ZjAyY2M2MDkwZmU3OTkxMTAzZg==\";s:4:\"time\";i:1494619728;}TZ_OFFSET|s:4:\"-5.0\";TZ_DST|s:1:\"0\";', '2017-05-13 16:08:48', '2017-05-12 16:08:48', 0, '207.46.13.113', 'Mozilla/5.0 (compatible; bingbot/2.0; +http://www.bing.com/bingbot.htm)'),
('63mdfmn3glncpatnt1tr3ha175', 'csrf|a:2:{s:5:\"token\";s:56:\"NTgwZWY2YTVhYzAxYTQxMzE1MWJjOWRhZWRjODg3OTI0YzcwMmVjMw==\";s:4:\"time\";i:1495185068;}TZ_OFFSET|s:4:\"-5.0\";TZ_DST|s:1:\"0\";', '2017-05-20 05:11:08', '2017-05-19 05:11:08', 0, '5.188.211.72', 'Mozilla/5.0 (Windows NT 6.1; rv:19.0) Gecko/20100101 Firefox/19.0'),
('71aq1dcmevj59pnej8fav3vok5', 'csrf|N;TZ_OFFSET|s:4:\"-5.0\";TZ_DST|s:1:\"0\";', '2017-05-23 05:12:46', '2017-05-22 05:12:46', 0, '108.29.70.156', 'Mozilla/5.0 (Windows NT 6.1; WOW64; rv:34.0) Gecko/20100101 Firefox/34.0'),
('c52m9q6p8gqal35i05q96ehsp6', 'csrf|N;TZ_OFFSET|s:4:\"-5.0\";TZ_DST|s:1:\"0\";', '2017-05-26 14:21:52', '2017-05-25 14:21:52', 0, '110.200.17.1', 'Mozilla/5.0 (Windows NT 6.2; WOW64) AppleWebKit/537.36 (KHTML, like Gecko) Chrome/39.0.2171.95 Safari/537.36'),
('mt904hbmsckv1ch4i8k7aq1jt2', 'csrf|a:2:{s:5:\"token\";s:56:\"ZWExYmY2MTIzZTM2YWU3YmFkZDE1OTJkODY1OTY5ZGViNWM0NmQzYw==\";s:4:\"time\";i:1495771146;}TZ_OFFSET|s:4:\"-5.0\";TZ_DST|s:1:\"0\";', '2017-05-26 23:59:06', '2017-05-25 23:59:06', 0, '217.182.132.187', 'Mozilla/5.0 (compatible; AhrefsBot/5.2; +http://ahrefs.com/robot/)'),
('jbmifu1fqijeof7hojvo4ro613', 'csrf|N;TZ_OFFSET|s:4:\"-5.0\";TZ_DST|s:1:\"0\";', '2017-05-27 00:21:27', '2017-05-26 00:21:27', 0, '108.29.70.154', 'Mozilla/5.0 (Windows NT 6.2; WOW64) AppleWebKit/537.36 (KHTML, like Gecko) Chrome/39.0.2171.95 Safari/537.36'),
('rphsag45lm20ulmho50hp7b7a1', 'csrf|N;TZ_OFFSET|s:4:\"-5.0\";TZ_DST|s:1:\"0\";', '2017-05-28 01:12:35', '2017-05-27 01:12:35', 0, '82.211.58.123', 'Mozilla/5.0 (Windows NT 6.2; WOW64; rv:34.0) Gecko/20100101 Firefox/34.0'),
('k8ba3mau5sf39n3g2uorujtn42', 'csrf|N;TZ_OFFSET|s:4:\"-5.0\";TZ_DST|s:1:\"0\";', '2017-05-31 08:39:53', '2017-05-30 08:39:53', 0, '217.182.132.95', 'Mozilla/5.0 (compatible; AhrefsBot/5.2; +http://ahrefs.com/robot/)'),
('egkpatm6fhlhqnrqme478p5167', 'csrf|N;TZ_OFFSET|s:4:\"-5.0\";TZ_DST|s:1:\"0\";', '2017-06-02 04:53:48', '2017-06-01 04:53:48', 0, '193.111.177.51', 'Mozilla/5.0 (Windows NT 6.3; WOW64) AppleWebKit/537.36 (KHTML, like Gecko) Chrome/39.0.2171.95 Safari/537.36'),
('d1b0denlgs29embout8m1lqo53', 'csrf|N;TZ_OFFSET|s:4:\"-5.0\";TZ_DST|s:1:\"0\";', '2017-06-02 13:16:40', '2017-06-01 13:16:40', 0, '107.183.116.252', 'Mozilla/5.0 (Windows NT 6.3; WOW64) AppleWebKit/537.36 (KHTML, like Gecko) Chrome/39.0.2171.95 Safari/537.36'),
('kbll5lqnp2pd57derjsvo9je23', 'csrf|a:2:{s:5:\"token\";s:56:\"ZDU5ZDFlM2NjOWY0NDBjZGU5OGEyYTI3YTFkNWMxMWQ0NDJhYmY5Nw==\";s:4:\"time\";i:1496597504;}TZ_OFFSET|s:4:\"-5.0\";TZ_DST|s:1:\"0\";', '2017-06-05 13:31:44', '2017-06-04 13:31:44', 0, '51.255.71.127', 'Mozilla/5.0 (compatible; AhrefsBot/5.2; +http://ahrefs.com/robot/)');
INSERT INTO `ost_session` (`session_id`, `session_data`, `session_expire`, `session_updated`, `user_id`, `user_ip`, `user_agent`) VALUES
('ietmluoa5v6sla6lvjji4j7sm2', 'csrf|N;TZ_OFFSET|s:4:\"-5.0\";TZ_DST|s:1:\"0\";', '2017-06-07 20:29:25', '2017-06-06 20:29:25', 0, '104.218.192.225', 'Mozilla/5.0 (X11; Linux x86_64) AppleWebKit/537.36 (KHTML, like Gecko) Chrome/39.0.2171.99 Safari/537.36'),
('99nkigp0a67eci4bbja119df53', 'csrf|N;TZ_OFFSET|s:4:\"-5.0\";TZ_DST|s:1:\"0\";', '2017-06-08 00:34:50', '2017-06-07 00:34:50', 0, '107.173.201.73', 'Mozilla/5.0 (X11; Linux i686; rv:17.0) Gecko/20100101 Firefox/17.0'),
('unj5m9sb9h3ag8ffvchmev14t5', 'csrf|N;TZ_OFFSET|s:4:\"-5.0\";TZ_DST|s:1:\"0\";', '2017-06-08 14:37:29', '2017-06-07 14:37:29', 0, '107.152.193.20', 'Mozilla/5.0 (X11; Linux x86_64) AppleWebKit/537.36 (KHTML, like Gecko) Chrome/39.0.2171.99 Safari/537.36'),
('ju1nkf2uhe1mn4bd510lbf59d7', 'csrf|N;TZ_OFFSET|s:4:\"-5.0\";TZ_DST|s:1:\"0\";', '2017-06-08 16:05:46', '2017-06-07 16:05:46', 0, '5.34.244.166', 'Mozilla/5.0 (X11; Linux x86_64) AppleWebKit/537.36 (KHTML, like Gecko) Chrome/39.0.2171.99 Safari/537.36'),
('43jk0pajj82t63ficfnifqku87', 'csrf|N;TZ_OFFSET|s:4:\"-5.0\";TZ_DST|s:1:\"0\";', '2017-06-13 03:01:27', '2017-06-12 03:01:27', 0, '89.37.64.57', 'Mozilla/5.0 (Macintosh; Intel Mac OS X 10.9; rv:35.0) Gecko/20100101 Firefox/35.0'),
('qlq4ctruvkc37dsgf1h1bt0aj1', 'csrf|N;TZ_OFFSET|s:4:\"-5.0\";TZ_DST|s:1:\"0\";', '2017-06-15 16:35:21', '2017-06-14 16:35:21', 0, '89.35.105.69', 'Mozilla/5.0 (Macintosh; Intel Mac OS X 10_10_1) AppleWebKit/537.36 (KHTML, like Gecko) Chrome/39.0.2171.95 Safari/537.36'),
('tvf1kii0sr3p7lfvclmjvm5024', 'csrf|a:2:{s:5:\"token\";s:56:\"YjNkOTA2ZGM0MTNlZGIzNTI4NmU0NDJlY2M3MWE0ZGM5NDU5ZDljMA==\";s:4:\"time\";i:1497627020;}TZ_OFFSET|s:4:\"-5.0\";TZ_DST|s:1:\"0\";', '2017-06-17 11:30:20', '2017-06-16 11:30:20', 0, '157.55.39.160', 'Mozilla/5.0 (compatible; bingbot/2.0; +http://www.bing.com/bingbot.htm)'),
('qhd2g4bgv46l8m8lcjt3lnkb13', 'csrf|a:2:{s:5:\"token\";s:56:\"NjRkZTVkY2RkNzg5NWIxMzU5NGU3MmQxYWE4NGM4ZjA4YmYzMmM0ZQ==\";s:4:\"time\";i:1497872050;}TZ_OFFSET|s:4:\"-5.0\";TZ_DST|s:1:\"0\";', '2017-06-20 07:34:10', '2017-06-19 07:34:10', 0, '51.255.71.122', 'Mozilla/5.0 (compatible; AhrefsBot/5.2; +http://ahrefs.com/robot/)'),
('03kmtodfjk9r75cjjinqnhrug4', 'csrf|N;TZ_OFFSET|s:4:\"-5.0\";TZ_DST|s:1:\"0\";', '2017-06-23 22:38:33', '2017-06-22 22:38:33', 0, '191.180.77.231', 'Mozilla/5.0 (Windows NT 6.0; rv:34.0) Gecko/20100101 Firefox/34.0'),
('h8i25k0jj5m8l7mfnaqgevu1i2', 'csrf|N;TZ_OFFSET|s:4:\"-5.0\";TZ_DST|s:1:\"0\";', '2017-06-24 00:21:36', '2017-06-23 00:21:36', 0, '179.208.128.148', 'Mozilla/5.0 (Windows NT 6.0; rv:34.0) Gecko/20100101 Firefox/34.0'),
('h8ns8nta4u2oe59o37lbd4bmj7', 'csrf|a:2:{s:5:\"token\";s:56:\"YjBhYTlkMDZmNzk4OTJiMjM3NGM3MjZlZGY3Nzc3ZGQzZTcwZDNhNQ==\";s:4:\"time\";i:1498305727;}TZ_OFFSET|s:4:\"-5.0\";TZ_DST|s:1:\"0\";', '2017-06-25 08:02:07', '2017-06-24 08:02:07', 0, '103.208.244.199', 'Mozilla/5.0 (Windows NT 6.1) AppleWebKit/537.36 (KHTML, like Gecko) Chrome/39.0.2171.95 Safari/537.36'),
('unvpsdc77esslp3ki8riq5dj52', 'csrf|N;TZ_OFFSET|s:4:\"-5.0\";TZ_DST|s:1:\"0\";', '2017-06-26 01:13:15', '2017-06-25 01:13:15', 0, '107.158.219.7', 'Mozilla/5.0 (Windows NT 6.1) AppleWebKit/537.36 (KHTML, like Gecko) Chrome/39.0.2171.95 Safari/537.36'),
('9c9ql7rbuv3u61pq4gji80bac1', 'csrf|N;TZ_OFFSET|s:4:\"-5.0\";TZ_DST|s:1:\"0\";', '2017-06-26 06:39:28', '2017-06-25 06:39:28', 0, '185.145.195.227', 'Mozilla/5.0 (Windows NT 6.1) AppleWebKit/537.36 (KHTML, like Gecko) Chrome/39.0.2171.95 Safari/537.36 OPR/26.0.1656.60'),
('terkhkaatjf4i11djo0osabjf0', 'csrf|a:2:{s:5:\"token\";s:56:\"MzFjY2Y1OGM5ZjczZTNiOGQ5YjRmNTUyZDQ1Y2I4ZGM2YmVlNDVlNQ==\";s:4:\"time\";i:1498399707;}TZ_OFFSET|s:4:\"-5.0\";TZ_DST|s:1:\"0\";', '2017-06-26 10:08:27', '2017-06-25 10:08:27', 0, '40.77.167.86', 'Mozilla/5.0 (compatible; bingbot/2.0; +http://www.bing.com/bingbot.htm)'),
('pvdardegvlkqjhi7r3cm78vjb4', 'csrf|N;TZ_OFFSET|s:4:\"-5.0\";TZ_DST|s:1:\"0\";', '2017-06-28 03:19:40', '2017-06-27 03:19:40', 0, '50.2.36.241', 'Mozilla/5.0 (Windows NT 6.1; rv:32.0) Gecko/20100101 Firefox/32.0'),
('vtg11kulpshghqdfgak5mnsqs3', 'csrf|N;TZ_OFFSET|s:4:\"-5.0\";TZ_DST|s:1:\"0\";', '2017-06-29 12:03:52', '2017-06-28 12:03:52', 0, '185.145.195.190', 'Mozilla/5.0 (Windows NT 6.1; rv:34.0) Gecko/20100101 Firefox/34.0'),
('9t81mjmt7s36o4rhpk3vvsmrs7', 'csrf|N;TZ_OFFSET|s:4:\"-5.0\";TZ_DST|s:1:\"0\";', '2017-06-29 14:22:45', '2017-06-28 14:22:45', 0, '62.210.116.41', 'Mozilla/5.0 (Windows NT 6.1; rv:34.0) Gecko/20100101 Firefox/34.0'),
('kc7rbne56578tb8sq5815q7u73', 'csrf|N;TZ_OFFSET|s:4:\"-5.0\";TZ_DST|s:1:\"0\";', '2017-06-29 15:23:11', '2017-06-28 15:23:11', 0, '157.55.39.200', 'Mozilla/5.0 (compatible; bingbot/2.0; +http://www.bing.com/bingbot.htm)'),
('egtreske0ib1htiqr25cbumkl3', 'csrf|a:2:{s:5:\"token\";s:56:\"NjFlM2ZjZGU4MTY1ZWI5NDQzNjI4OTlkZTBjZGQ0MGM1ZTZlZmY1Zg==\";s:4:\"time\";i:1498852049;}TZ_OFFSET|s:4:\"-5.0\";TZ_DST|s:1:\"0\";', '2017-07-01 15:47:29', '2017-06-30 15:47:29', 0, '164.132.161.50', 'Mozilla/5.0 (compatible; AhrefsBot/5.2; +http://ahrefs.com/robot/)'),
('3e6q4vl2js4qjnvlpfuneajc30', 'csrf|N;TZ_OFFSET|s:4:\"-5.0\";TZ_DST|s:1:\"0\";', '2017-07-03 01:18:01', '2017-07-02 01:18:01', 0, '185.158.116.230', 'Mozilla/5.0 (Windows NT 6.1; WOW64) AppleWebKit/537.36 (KHTML, like Gecko) Chrome/34.0.1847.116 Safari/537.36'),
('astfgl3mtiqdr7rahpjh6krk14', 'csrf|N;TZ_OFFSET|s:4:\"-5.0\";TZ_DST|s:1:\"0\";', '2017-07-03 10:34:51', '2017-07-02 10:34:51', 0, '107.152.193.20', 'Mozilla/5.0 (Windows NT 6.1; WOW64) AppleWebKit/537.36 (KHTML, like Gecko) Chrome/34.0.1847.116 Safari/537.36'),
('j3rn0ds98av9k0n1s7ec9iovh7', 'csrf|a:2:{s:5:\"token\";s:56:\"NDBjOTNhZWVjMzQzNTY5ODM3N2UxZmEyM2E0NzRkNTAxNGRiNGJmMQ==\";s:4:\"time\";i:1499600154;}TZ_OFFSET|s:4:\"-5.0\";TZ_DST|s:1:\"0\";', '2017-07-10 07:35:54', '2017-07-09 07:35:54', 0, '164.132.162.157', 'Mozilla/5.0 (compatible; AhrefsBot/5.2; +http://ahrefs.com/robot/)'),
('m05n9lgmv6g67hh93lf4k5qld4', 'csrf|N;TZ_OFFSET|s:4:\"-5.0\";TZ_DST|s:1:\"0\";', '2017-07-11 08:59:49', '2017-07-10 08:59:49', 0, '217.182.132.172', 'Mozilla/5.0 (compatible; AhrefsBot/5.2; +http://ahrefs.com/robot/)'),
('5sdn756n1t5ronjise2kqildu7', 'csrf|N;TZ_OFFSET|s:4:\"-5.0\";TZ_DST|s:1:\"0\";', '2017-07-25 09:15:20', '2017-07-24 09:15:20', 0, '157.55.39.146', 'Mozilla/5.0 (compatible; bingbot/2.0; +http://www.bing.com/bingbot.htm)'),
('bummid340hpstjdngkcbp71qc6', 'csrf|a:2:{s:5:\"token\";s:56:\"YzdiYWNiZTdlYjUyOGM1Mzg4ZDQyNWRjYTY4MDhmNDUwNGVjMDE1Ng==\";s:4:\"time\";i:1501135639;}TZ_OFFSET|s:4:\"-5.0\";TZ_DST|s:1:\"0\";', '2017-07-28 02:07:19', '2017-07-27 02:07:19', 0, '217.182.132.183', 'Mozilla/5.0 (compatible; AhrefsBot/5.2; +http://ahrefs.com/robot/)'),
('7v7ec9dvgecbg5jce64va02rh0', 'csrf|N;TZ_OFFSET|s:4:\"-5.0\";TZ_DST|s:1:\"0\";', '2017-08-12 02:38:57', '2017-08-11 02:38:57', 0, '217.182.132.188', 'Mozilla/5.0 (compatible; AhrefsBot/5.2; +http://ahrefs.com/robot/)'),
('brdr2t58jqnvvr3eikofnc20d1', 'csrf|a:2:{s:5:\"token\";s:56:\"MzQ0MmZlNzExMzE4MmJjZjU2MWU1ZTA0YjU1YzY3OGMyZWMzNzNiNQ==\";s:4:\"time\";i:1502525550;}TZ_OFFSET|s:4:\"-5.0\";TZ_DST|s:1:\"0\";', '2017-08-13 04:12:30', '2017-08-12 04:12:30', 0, '217.182.132.30', 'Mozilla/5.0 (compatible; AhrefsBot/5.2; +http://ahrefs.com/robot/)'),
('s3qhmhe1lhuq7v0sjvb268fci4', 'csrf|a:2:{s:5:\"token\";s:56:\"NjNkNDJiNGQ1N2Q3MzIyMGU0ZjFhNzQ3YTE1Yzk3Zjg1YjBkODc5Yg==\";s:4:\"time\";i:1502715903;}TZ_OFFSET|s:4:\"-5.0\";TZ_DST|s:1:\"0\";', '2017-08-15 09:05:03', '2017-08-14 09:05:03', 0, '157.55.39.181', 'Mozilla/5.0 (compatible; bingbot/2.0; +http://www.bing.com/bingbot.htm)'),
('aqmri0gakcpvrm98r0ji12p134', 'csrf|a:2:{s:5:\"token\";s:56:\"OTQ5YzhjNGE3MDAzOWEzMGVjNmM3NjFiMjExNGRhZGJhMTE4YmNiZA==\";s:4:\"time\";i:1502781014;}TZ_OFFSET|s:4:\"-5.0\";TZ_DST|s:1:\"0\";', '2017-08-16 03:10:14', '2017-08-15 03:10:14', 0, '51.255.65.15', 'Mozilla/5.0 (compatible; AhrefsBot/5.2; +http://ahrefs.com/robot/)'),
('2viqi6jp97t020deep6krf4at3', 'csrf|a:2:{s:5:\"token\";s:56:\"MjU2ODhlZWVkNDZjMmI0NGI1YTkzNDE3NjQ5ODZhZWYwNWYwZjYwOQ==\";s:4:\"time\";i:1504046389;}TZ_OFFSET|s:4:\"-5.0\";TZ_DST|s:1:\"0\";', '2017-08-30 18:39:49', '2017-08-29 18:39:49', 0, '40.77.167.45', 'Mozilla/5.0 (compatible; bingbot/2.0; +http://www.bing.com/bingbot.htm)'),
('7brrgpt0t5utcir7e3vdi9vb35', 'csrf|a:2:{s:5:\"token\";s:56:\"ODYwOTRiZDc2NmNkOThlOTg1ZDc4MzBmNTRhZjYwN2E1MWQ4YmE2Mw==\";s:4:\"time\";i:1504738644;}TZ_OFFSET|s:4:\"-5.0\";TZ_DST|s:1:\"0\";', '2017-09-07 18:57:24', '2017-09-06 18:57:24', 0, '164.132.161.69', 'Mozilla/5.0 (compatible; AhrefsBot/5.2; +http://ahrefs.com/robot/)'),
('a81pf3v91v1frv1euk23dfd0c4', 'csrf|a:2:{s:5:\"token\";s:56:\"YzI3MDg0YjI3MGUzODEwMzYyNzg0MmY5MTFlMTljOGUzMzc1Zjg0Yw==\";s:4:\"time\";i:1506072761;}TZ_OFFSET|s:4:\"-5.0\";TZ_DST|s:1:\"0\";', '2017-09-23 05:32:41', '2017-09-22 05:32:41', 0, '164.132.161.57', 'Mozilla/5.0 (compatible; AhrefsBot/5.2; +http://ahrefs.com/robot/)'),
('kb2r0bi5a6r82p78h2ukikfb27', 'csrf|N;TZ_OFFSET|s:4:\"-5.0\";TZ_DST|s:1:\"0\";', '2017-09-23 14:40:14', '2017-09-22 14:40:14', 0, '217.182.132.21', 'Mozilla/5.0 (compatible; AhrefsBot/5.2; +http://ahrefs.com/robot/)'),
('9b89tiju15s3cslu4mf5t0pd20', 'csrf|a:2:{s:5:\"token\";s:56:\"Njc4NTk5Y2UxNTIxOTI2MGNmNTUyMWE4YjY3ZWMzYTdjZDQ3OTYzNg==\";s:4:\"time\";i:1506116840;}TZ_OFFSET|s:4:\"-5.0\";TZ_DST|s:1:\"0\";', '2017-09-23 17:47:20', '2017-09-22 17:47:20', 0, '51.255.65.81', 'Mozilla/5.0 (compatible; AhrefsBot/5.2; +http://ahrefs.com/robot/)');

-- --------------------------------------------------------

--
