INSERT INTO `cache_update` (`cid`, `data`, `expire`, `created`, `serialized`) VALUES
('available_releases::pathauto', 0x[encoded data, 14466 characters], 1663371389, 1663284987, 1),
('available_releases::special_menu_items', 0x[encoded data, 9076 characters], 1663371389, 1663284987, 1);
INSERT INTO `cache_update` (`cid`, `data`, `expire`, `created`, `serialized`) VALUES
('available_releases::token', 0x[encoded data, 30470 characters], 1663371390, 1663284987, 1),
('fetch_failures', 0x613a303a7b7d, 1663285290, 1663284987, 1);
INSERT INTO `cache_update` (`cid`, `data`, `expire`, `created`, `serialized`) VALUES
('update_project_data', 0x[encoded data, 49528 characters], 1663288587, 1663284987, 1);
INSERT INTO `cache_update` (`cid`, `data`, `expire`, `created`, `serialized`) VALUES
('update_project_projects', 0x[encoded data, 10518 characters], 1663288587, 1663284987, 1);

-- --------------------------------------------------------

--
-- Table structure for table `comment`
--

CREATE TABLE `comment` (
  `cid` int(11) NOT NULL COMMENT 'Primary Key: Unique comment ID.',
  `pid` int(11) NOT NULL DEFAULT '0' COMMENT 'The comment.cid to which this comment is a reply. If set to 0, this comment is not a reply to an existing comment.',
  `nid` int(11) NOT NULL DEFAULT '0' COMMENT 'The node.nid to which this comment is a reply.',
  `uid` int(11) NOT NULL DEFAULT '0' COMMENT 'The users.uid who authored the comment. If set to 0, this comment was created by an anonymous user.',
  `subject` varchar(64) NOT NULL DEFAULT '' COMMENT 'The comment title.',
  `hostname` varchar(128) NOT NULL DEFAULT '' COMMENT 'The author’s host name.',
  `created` int(11) NOT NULL DEFAULT '0' COMMENT 'The time that the comment was created, as a Unix timestamp.',
  `changed` int(11) NOT NULL DEFAULT '0' COMMENT 'The time that the comment was last edited, as a Unix timestamp.',
  `status` tinyint(3) UNSIGNED NOT NULL DEFAULT '1' COMMENT 'The published status of a comment. (0 = Not Published, 1 = Published)',
  `thread` varchar(255) NOT NULL COMMENT 'The vancode representation of the comment’s place in a thread.',
  `name` varchar(60) DEFAULT NULL COMMENT 'The comment author’s name. Uses users.name if the user is logged in, otherwise uses the value typed into the comment form.',
  `mail` varchar(64) DEFAULT NULL COMMENT 'The comment author’s e-mail address from the comment form, if user is anonymous, and the ’Anonymous users may/must leave their contact information’ setting is turned on.',
  `homepage` varchar(255) DEFAULT NULL COMMENT 'The comment author’s home page address from the comment form, if user is anonymous, and the ’Anonymous users may/must leave their contact information’ setting is turned on.',
  `language` varchar(12) NOT NULL DEFAULT '' COMMENT 'The languages.language of this comment.'
) ENGINE=InnoDB DEFAULT CHARSET=utf8 COMMENT='Stores comments and associated data.';

-- --------------------------------------------------------

--
-- Table structure for table `ctools_css_cache`
--

CREATE TABLE `ctools_css_cache` (
  `cid` varchar(128) NOT NULL COMMENT 'The CSS ID this cache object belongs to.',
  `filename` varchar(255) DEFAULT NULL COMMENT 'The filename this CSS is stored in.',
  `css` longtext COMMENT 'CSS being stored.',
  `filter` tinyint(4) DEFAULT NULL COMMENT 'Whether or not this CSS needs to be filtered.'
) ENGINE=InnoDB DEFAULT CHARSET=utf8 COMMENT='A special cache used to store CSS that must be non-volatile.';

-- --------------------------------------------------------

--
-- Table structure for table `ctools_object_cache`
--

CREATE TABLE `ctools_object_cache` (
  `sid` varchar(64) NOT NULL COMMENT 'The session ID this cache object belongs to.',
  `name` varchar(128) NOT NULL COMMENT 'The name of the object this cache is attached to.',
  `obj` varchar(32) NOT NULL COMMENT 'The type of the object this cache is attached to; this essentially represents the owner so that several sub-systems can use this cache.',
  `updated` int(10) UNSIGNED NOT NULL DEFAULT '0' COMMENT 'The time this cache was created or updated.',
  `data` longblob COMMENT 'Serialized data being stored.'
) ENGINE=InnoDB DEFAULT CHARSET=utf8 COMMENT='A special cache used to store objects that are being...';

-- --------------------------------------------------------

--
-- Table structure for table `date_formats`
--

CREATE TABLE `date_formats` (
  `dfid` int(10) UNSIGNED NOT NULL COMMENT 'The date format identifier.',
  `format` varchar(100) CHARACTER SET utf8 COLLATE utf8_bin NOT NULL COMMENT 'The date format string.',
  `type` varchar(64) NOT NULL COMMENT 'The date format type, e.g. medium.',
  `locked` tinyint(4) NOT NULL DEFAULT '0' COMMENT 'Whether or not this format can be modified.'
) ENGINE=InnoDB DEFAULT CHARSET=utf8 COMMENT='Stores configured date formats.';

--
-- Dumping data for table `date_formats`
--

INSERT INTO `date_formats` (`dfid`, `format`, `type`, `locked`) VALUES
(1, 'Y-m-d H:i', 'short', 1),
(2, 'm/d/Y - H:i', 'short', 1),
(3, 'd/m/Y - H:i', 'short', 1),
(4, 'Y/m/d - H:i', 'short', 1),
(5, 'd.m.Y - H:i', 'short', 1),
(6, 'm/d/Y - g:ia', 'short', 1),
(7, 'd/m/Y - g:ia', 'short', 1),
(8, 'Y/m/d - g:ia', 'short', 1),
(9, 'M j Y - H:i', 'short', 1),
(10, 'j M Y - H:i', 'short', 1),
(11, 'Y M j - H:i', 'short', 1),
(12, 'M j Y - g:ia', 'short', 1),
(13, 'j M Y - g:ia', 'short', 1),
(14, 'Y M j - g:ia', 'short', 1),
(15, 'D, Y-m-d H:i', 'medium', 1),
(16, 'D, m/d/Y - H:i', 'medium', 1),
(17, 'D, d/m/Y - H:i', 'medium', 1),
(18, 'D, Y/m/d - H:i', 'medium', 1),
(19, 'F j, Y - H:i', 'medium', 1),
(20, 'j F, Y - H:i', 'medium', 1),
(21, 'Y, F j - H:i', 'medium', 1),
(22, 'D, m/d/Y - g:ia', 'medium', 1),
(23, 'D, d/m/Y - g:ia', 'medium', 1),
(24, 'D, Y/m/d - g:ia', 'medium', 1),
(25, 'F j, Y - g:ia', 'medium', 1),
(26, 'j F Y - g:ia', 'medium', 1),
(27, 'Y, F j - g:ia', 'medium', 1),
(28, 'j. F Y - G:i', 'medium', 1),
(29, 'l, F j, Y - H:i', 'long', 1),
(30, 'l, j F, Y - H:i', 'long', 1),
(31, 'l, Y,  F j - H:i', 'long', 1),
(32, 'l, F j, Y - g:ia', 'long', 1),
(33, 'l, j F Y - g:ia', 'long', 1),
(34, 'l, Y,  F j - g:ia', 'long', 1),
(35, 'l, j. F Y - G:i', 'long', 1);

-- --------------------------------------------------------

--
-- Table structure for table `date_format_locale`
--

CREATE TABLE `date_format_locale` (
  `format` varchar(100) NOT NULL COMMENT 'The date format string.',
  `type` varchar(64) NOT NULL COMMENT 'The date format type, e.g. medium.',
  `language` varchar(12) NOT NULL COMMENT 'A languages.language for this format to be used with.'
) ENGINE=InnoDB DEFAULT CHARSET=utf8 COMMENT='Stores configured date formats for each locale.';

--
-- Dumping data for table `date_format_locale`
--

INSERT INTO `date_format_locale` (`format`, `type`, `language`) VALUES
('l, j F, Y - H:i', 'long', 'es'),
('D, d/m/Y - H:i', 'medium', 'es'),
('d/m/Y - H:i', 'short', 'es');

-- --------------------------------------------------------

--
-- Table structure for table `date_format_type`
--

CREATE TABLE `date_format_type` (
  `type` varchar(64) NOT NULL COMMENT 'The date format type, e.g. medium.',
  `title` varchar(255) NOT NULL COMMENT 'The human readable name of the format type.',
  `locked` tinyint(4) NOT NULL DEFAULT '0' COMMENT 'Whether or not this is a system provided format.'
) ENGINE=InnoDB DEFAULT CHARSET=utf8 COMMENT='Stores configured date format types.';

--
-- Dumping data for table `date_format_type`
--

INSERT INTO `date_format_type` (`type`, `title`, `locked`) VALUES
('long', 'Largo', 1),
('medium', 'Medio', 1),
('short', 'Corto', 1);

-- --------------------------------------------------------

--
-- Table structure for table `field_config`
--

CREATE TABLE `field_config` (
  `id` int(11) NOT NULL COMMENT 'The primary identifier for a field',
  `field_name` varchar(32) NOT NULL COMMENT 'The name of this field. Non-deleted field names are unique, but multiple deleted fields can have the same name.',
  `type` varchar(128) NOT NULL COMMENT 'The type of this field.',
  `module` varchar(128) NOT NULL DEFAULT '' COMMENT 'The module that implements the field type.',
  `active` tinyint(4) NOT NULL DEFAULT '0' COMMENT 'Boolean indicating whether the module that implements the field type is enabled.',
  `storage_type` varchar(128) NOT NULL COMMENT 'The storage backend for the field.',
  `storage_module` varchar(128) NOT NULL DEFAULT '' COMMENT 'The module that implements the storage backend.',
  `storage_active` tinyint(4) NOT NULL DEFAULT '0' COMMENT 'Boolean indicating whether the module that implements the storage backend is enabled.',
  `locked` tinyint(4) NOT NULL DEFAULT '0' COMMENT '@TODO',
  `data` longblob NOT NULL COMMENT 'Serialized data containing the field properties that do not warrant a dedicated column.',
  `cardinality` tinyint(4) NOT NULL DEFAULT '0',
  `translatable` tinyint(4) NOT NULL DEFAULT '0',
  `deleted` tinyint(4) NOT NULL DEFAULT '0'
) ENGINE=InnoDB DEFAULT CHARSET=utf8;

--
-- Dumping data for table `field_config`
--

INSERT INTO `field_config` (`id`, `field_name`, `type`, `module`, `active`, `storage_type`, `storage_module`, `storage_active`, `locked`, `data`, `cardinality`, `translatable`, `deleted`) VALUES
(1, 'comment_body', 'text_long', 'text', 1, 'field_sql_storage', 'field_sql_storage', 1, 0, 0x613a363a7b733a31323a22656e746974795f7479706573223b613a313a7b693a303b733a373a22636f6d6d656e74223b7d733a31323a227472616e736c617461626c65223b623a303b733a383a2273657474696e6773223b613a303a7b7d733a373a2273746f72616765223b613a343a7b733a343a2274797065223b733a31373a226669656c645f73716c5f73746f72616765223b733a383a2273657474696e6773223b613a303a7b7d733a363a226d6f64756c65223b733a31373a226669656c645f73716c5f73746f72616765223b733a363a22616374697665223b693a313b7d733a31323a22666f726569676e206b657973223b613a313a7b733a363a22666f726d6174223b613a323a7b733a353a227461626c65223b733a31333a2266696c7465725f666f726d6174223b733a373a22636f6c756d6e73223b613a313a7b733a363a22666f726d6174223b733a363a22666f726d6174223b7d7d7d733a373a22696e6465786573223b613a313a7b733a363a22666f726d6174223b613a313a7b693a303b733a363a22666f726d6174223b7d7d7d, 1, 0, 0),
(2, 'body', 'text_with_summary', 'text', 1, 'field_sql_storage', 'field_sql_storage', 1, 0, 0x613a363a7b733a31323a22656e746974795f7479706573223b613a313a7b693a303b733a343a226e6f6465223b7d733a31323a227472616e736c617461626c65223b623a303b733a383a2273657474696e6773223b613a303a7b7d733a373a2273746f72616765223b613a343a7b733a343a2274797065223b733a31373a226669656c645f73716c5f73746f72616765223b733a383a2273657474696e6773223b613a303a7b7d733a363a226d6f64756c65223b733a31373a226669656c645f73716c5f73746f72616765223b733a363a22616374697665223b693a313b7d733a31323a22666f726569676e206b657973223b613a313a7b733a363a22666f726d6174223b613a323a7b733a353a227461626c65223b733a31333a2266696c7465725f666f726d6174223b733a373a22636f6c756d6e73223b613a313a7b733a363a22666f726d6174223b733a363a22666f726d6174223b7d7d7d733a373a22696e6465786573223b613a313a7b733a363a22666f726d6174223b613a313a7b693a303b733a363a22666f726d6174223b7d7d7d, 1, 0, 0),
(3, 'field_tags', 'taxonomy_term_reference', 'taxonomy', 1, 'field_sql_storage', 'field_sql_storage', 1, 0, 0x613a373a7b733a383a2273657474696e6773223b613a313a7b733a31343a22616c6c6f7765645f76616c756573223b613a313a7b693a303b613a323a7b733a31303a22766f636162756c617279223b733a343a2274616773223b733a363a22706172656e74223b693a303b7d7d7d733a31323a22656e746974795f7479706573223b613a303a7b7d733a31323a227472616e736c617461626c65223b733a313a2230223b733a373a2273746f72616765223b613a353a7b733a343a2274797065223b733a31373a226669656c645f73716c5f73746f72616765223b733a383a2273657474696e6773223b613a303a7b7d733a363a226d6f64756c65223b733a31373a226669656c645f73716c5f73746f72616765223b733a363a22616374697665223b733a313a2231223b733a373a2264657461696c73223b613a313a7b733a333a2273716c223b613a323a7b733a31383a224649454c445f4c4f41445f43555252454e54223b613a313a7b733a32313a226669656c645f646174615f6669656c645f74616773223b613a313a7b733a333a22746964223b733a31343a226669656c645f746167735f746964223b7d7d733a31393a224649454c445f4c4f41445f5245564953494f4e223b613a313a7b733a32353a226669656c645f7265766973696f6e5f6669656c645f74616773223b613a313a7b733a333a22746964223b733a31343a226669656c645f746167735f746964223b7d7d7d7d7d733a31323a22666f726569676e206b657973223b613a313a7b733a333a22746964223b613a323a7b733a353a227461626c65223b733a31383a227461786f6e6f6d795f7465726d5f64617461223b733a373a22636f6c756d6e73223b613a313a7b733a333a22746964223b733a333a22746964223b7d7d7d733a373a22696e6465786573223b613a313a7b733a333a22746964223b613a313a7b693a303b733a333a22746964223b7d7d733a323a226964223b733a313a2233223b7d, -1, 0, 0),
(4, 'field_image', 'image', 'image', 1, 'field_sql_storage', 'field_sql_storage', 1, 0, 0x613a373a7b733a373a22696e6465786573223b613a313a7b733a333a22666964223b613a313a7b693a303b733a333a22666964223b7d7d733a383a2273657474696e6773223b613a323a7b733a31303a227572695f736368656d65223b733a363a227075626c6963223b733a31333a2264656661756c745f696d616765223b693a303b7d733a373a2273746f72616765223b613a353a7b733a343a2274797065223b733a31373a226669656c645f73716c5f73746f72616765223b733a383a2273657474696e6773223b613a303a7b7d733a363a226d6f64756c65223b733a31373a226669656c645f73716c5f73746f72616765223b733a363a22616374697665223b733a313a2231223b733a373a2264657461696c73223b613a313a7b733a333a2273716c223b613a323a7b733a31383a224649454c445f4c4f41445f43555252454e54223b613a313a7b733a32323a226669656c645f646174615f6669656c645f696d616765223b613a353a7b733a333a22666964223b733a31353a226669656c645f696d6167655f666964223b733a333a22616c74223b733a31353a226669656c645f696d6167655f616c74223b733a353a227469746c65223b733a31373a226669656c645f696d6167655f7469746c65223b733a353a227769647468223b733a31373a226669656c645f696d6167655f7769647468223b733a363a22686569676874223b733a31383a226669656c645f696d6167655f686569676874223b7d7d733a31393a224649454c445f4c4f41445f5245564953494f4e223b613a313a7b733a32363a226669656c645f7265766973696f6e5f6669656c645f696d616765223b613a353a7b733a333a22666964223b733a31353a226669656c645f696d6167655f666964223b733a333a22616c74223b733a31353a226669656c645f696d6167655f616c74223b733a353a227469746c65223b733a31373a226669656c645f696d6167655f7469746c65223b733a353a227769647468223b733a31373a226669656c645f696d6167655f7769647468223b733a363a22686569676874223b733a31383a226669656c645f696d6167655f686569676874223b7d7d7d7d7d733a31323a22656e746974795f7479706573223b613a303a7b7d733a31323a227472616e736c617461626c65223b733a313a2230223b733a31323a22666f726569676e206b657973223b613a313a7b733a333a22666964223b613a323a7b733a353a227461626c65223b733a31323a2266696c655f6d616e61676564223b733a373a22636f6c756d6e73223b613a313a7b733a333a22666964223b733a333a22666964223b7d7d7d733a323a226964223b733a313a2234223b7d, -1, 0, 0),
(5, 'field_id_empresa', 'list_integer', 'list', 1, 'field_sql_storage', 'field_sql_storage', 1, 0, 0x613a373a7b733a31323a227472616e736c617461626c65223b733a313a2230223b733a31323a22656e746974795f7479706573223b613a303a7b7d733a383a2273657474696e6773223b613a323a7b733a31343a22616c6c6f7765645f76616c756573223b613a303a7b7d733a32333a22616c6c6f7765645f76616c7565735f66756e6374696f6e223b733a303a22223b7d733a373a2273746f72616765223b613a353a7b733a343a2274797065223b733a31373a226669656c645f73716c5f73746f72616765223b733a383a2273657474696e6773223b613a303a7b7d733a363a226d6f64756c65223b733a31373a226669656c645f73716c5f73746f72616765223b733a363a22616374697665223b733a313a2231223b733a373a2264657461696c73223b613a313a7b733a333a2273716c223b613a323a7b733a31383a224649454c445f4c4f41445f43555252454e54223b613a313a7b733a32373a226669656c645f646174615f6669656c645f69645f656d7072657361223b613a313a7b733a353a2276616c7565223b733a32323a226669656c645f69645f656d70726573615f76616c7565223b7d7d733a31393a224649454c445f4c4f41445f5245564953494f4e223b613a313a7b733a33313a226669656c645f7265766973696f6e5f6669656c645f69645f656d7072657361223b613a313a7b733a353a2276616c7565223b733a32323a226669656c645f69645f656d70726573615f76616c7565223b7d7d7d7d7d733a31323a22666f726569676e206b657973223b613a303a7b7d733a373a22696e6465786573223b613a313a7b733a353a2276616c7565223b613a313a7b693a303b733a353a2276616c7565223b7d7d733a323a226964223b733a313a2235223b7d, 1, 0, 0),
(6, 'field_localidades', 'list_integer', 'list', 1, 'field_sql_storage', 'field_sql_storage', 1, 0, 0x613a373a7b733a31323a227472616e736c617461626c65223b733a313a2230223b733a31323a22656e746974795f7479706573223b613a303a7b7d733a383a2273657474696e6773223b613a323a7b733a31343a22616c6c6f7765645f76616c756573223b613a303a7b7d733a32333a22616c6c6f7765645f76616c7565735f66756e6374696f6e223b733a303a22223b7d733a373a2273746f72616765223b613a353a7b733a343a2274797065223b733a31373a226669656c645f73716c5f73746f72616765223b733a383a2273657474696e6773223b613a303a7b7d733a363a226d6f64756c65223b733a31373a226669656c645f73716c5f73746f72616765223b733a363a22616374697665223b733a313a2231223b733a373a2264657461696c73223b613a313a7b733a333a2273716c223b613a323a7b733a31383a224649454c445f4c4f41445f43555252454e54223b613a313a7b733a32383a226669656c645f646174615f6669656c645f6c6f63616c696461646573223b613a313a7b733a353a2276616c7565223b733a32333a226669656c645f6c6f63616c6964616465735f76616c7565223b7d7d733a31393a224649454c445f4c4f41445f5245564953494f4e223b613a313a7b733a33323a226669656c645f7265766973696f6e5f6669656c645f6c6f63616c696461646573223b613a313a7b733a353a2276616c7565223b733a32333a226669656c645f6c6f63616c6964616465735f76616c7565223b7d7d7d7d7d733a31323a22666f726569676e206b657973223b613a303a7b7d733a373a22696e6465786573223b613a313a7b733a353a2276616c7565223b613a313a7b693a303b733a353a2276616c7565223b7d7d733a323a226964223b733a313a2236223b7d, -1, 0, 0);

-- --------------------------------------------------------

--
-- Table structure for table `field_config_instance`
--

CREATE TABLE `field_config_instance` (
  `id` int(11) NOT NULL COMMENT 'The primary identifier for a field instance',
  `field_id` int(11) NOT NULL COMMENT 'The identifier of the field attached by this instance',
  `field_name` varchar(32) NOT NULL DEFAULT '',
  `entity_type` varchar(32) NOT NULL DEFAULT '',
  `bundle` varchar(128) NOT NULL DEFAULT '',
  `data` longblob NOT NULL,
  `deleted` tinyint(4) NOT NULL DEFAULT '0'
) ENGINE=InnoDB DEFAULT CHARSET=utf8;

--
-- Dumping data for table `field_config_instance`
--

INSERT INTO `field_config_instance` (`id`, `field_id`, `field_name`, `entity_type`, `bundle`, `data`, `deleted`) VALUES
(1, 1, 'comment_body', 'comment', 'comment_node_page', 0x613a363a7b733a353a226c6162656c223b733a373a22436f6d6d656e74223b733a383a2273657474696e6773223b613a323a7b733a31353a22746578745f70726f63657373696e67223b693a313b733a31383a22757365725f72656769737465725f666f726d223b623a303b7d733a383a227265717569726564223b623a313b733a373a22646973706c6179223b613a313a7b733a373a2264656661756c74223b613a353a7b733a353a226c6162656c223b733a363a2268696464656e223b733a343a2274797065223b733a31323a22746578745f64656661756c74223b733a363a22776569676874223b693a303b733a383a2273657474696e6773223b613a303a7b7d733a363a226d6f64756c65223b733a343a2274657874223b7d7d733a363a22776964676574223b613a343a7b733a343a2274797065223b733a31333a22746578745f7465787461726561223b733a383a2273657474696e6773223b613a313a7b733a343a22726f7773223b693a353b7d733a363a22776569676874223b693a303b733a363a226d6f64756c65223b733a343a2274657874223b7d733a31313a226465736372697074696f6e223b733a303a22223b7d, 0),
(2, 2, 'body', 'node', 'page', 0x613a363a7b733a353a226c6162656c223b733a343a22426f6479223b733a363a22776964676574223b613a343a7b733a343a2274797065223b733a32363a22746578745f74657874617265615f776974685f73756d6d617279223b733a383a2273657474696e6773223b613a323a7b733a343a22726f7773223b693a32303b733a31323a2273756d6d6172795f726f7773223b693a353b7d733a363a22776569676874223b733a313a2232223b733a363a226d6f64756c65223b733a343a2274657874223b7d733a383a2273657474696e6773223b613a333a7b733a31353a22646973706c61795f73756d6d617279223b623a313b733a31353a22746578745f70726f63657373696e67223b693a313b733a31383a22757365725f72656769737465725f666f726d223b623a303b7d733a373a22646973706c6179223b613a353a7b733a373a2264656661756c74223b613a353a7b733a353a226c6162656c223b733a363a2268696464656e223b733a343a2274797065223b733a31323a22746578745f64656661756c74223b733a363a22776569676874223b733a313a2230223b733a383a2273657474696e6773223b613a303a7b7d733a363a226d6f64756c65223b733a343a2274657874223b7d733a363a22746561736572223b613a353a7b733a353a226c6162656c223b733a363a2268696464656e223b733a343a2274797065223b733a32333a22746578745f73756d6d6172795f6f725f7472696d6d6564223b733a383a2273657474696e6773223b613a313a7b733a31313a227472696d5f6c656e677468223b693a3630303b7d733a363a226d6f64756c65223b733a343a2274657874223b733a363a22776569676874223b693a303b7d733a363a22617265612d32223b613a353a7b733a353a226c6162656c223b733a363a2268696464656e223b733a343a2274797065223b733a32333a22746578745f73756d6d6172795f6f725f7472696d6d6564223b733a363a22776569676874223b733a313a2230223b733a383a2273657474696e6773223b613a313a7b733a31313a227472696d5f6c656e677468223b733a333a22323030223b7d733a363a226d6f64756c65223b733a343a2274657874223b7d733a363a22617265612d31223b613a343a7b733a353a226c6162656c223b733a363a2268696464656e223b733a343a2274797065223b733a363a2268696464656e223b733a363a22776569676874223b733a313a2231223b733a383a2273657474696e6773223b613a303a7b7d7d733a363a22617265612d33223b613a353a7b733a353a226c6162656c223b733a363a2268696464656e223b733a343a2274797065223b733a32333a22746578745f73756d6d6172795f6f725f7472696d6d6564223b733a363a22776569676874223b733a313a2231223b733a383a2273657474696e6773223b613a313a7b733a31313a227472696d5f6c656e677468223b693a3630303b7d733a363a226d6f64756c65223b733a343a2274657874223b7d7d733a383a227265717569726564223b623a303b733a31313a226465736372697074696f6e223b733a303a22223b7d, 0),
(3, 1, 'comment_body', 'comment', 'comment_node_article', 0x613a363a7b733a353a226c6162656c223b733a373a22436f6d6d656e74223b733a383a2273657474696e6773223b613a323a7b733a31353a22746578745f70726f63657373696e67223b693a313b733a31383a22757365725f72656769737465725f666f726d223b623a303b7d733a383a227265717569726564223b623a313b733a373a22646973706c6179223b613a313a7b733a373a2264656661756c74223b613a353a7b733a353a226c6162656c223b733a363a2268696464656e223b733a343a2274797065223b733a31323a22746578745f64656661756c74223b733a363a22776569676874223b693a303b733a383a2273657474696e6773223b613a303a7b7d733a363a226d6f64756c65223b733a343a2274657874223b7d7d733a363a22776964676574223b613a343a7b733a343a2274797065223b733a31333a22746578745f7465787461726561223b733a383a2273657474696e6773223b613a313a7b733a343a22726f7773223b693a353b7d733a363a22776569676874223b693a303b733a363a226d6f64756c65223b733a343a2274657874223b7d733a31313a226465736372697074696f6e223b733a303a22223b7d, 0),
(4, 2, 'body', 'node', 'article', 0x613a363a7b733a353a226c6162656c223b733a343a22426f6479223b733a363a22776964676574223b613a343a7b733a343a2274797065223b733a32363a22746578745f74657874617265615f776974685f73756d6d617279223b733a383a2273657474696e6773223b613a323a7b733a343a22726f7773223b693a32303b733a31323a2273756d6d6172795f726f7773223b693a353b7d733a363a22776569676874223b733a313a2232223b733a363a226d6f64756c65223b733a343a2274657874223b7d733a383a2273657474696e6773223b613a333a7b733a31353a22646973706c61795f73756d6d617279223b623a313b733a31353a22746578745f70726f63657373696e67223b693a313b733a31383a22757365725f72656769737465725f666f726d223b623a303b7d733a373a22646973706c6179223b613a353a7b733a373a2264656661756c74223b613a353a7b733a353a226c6162656c223b733a363a2268696464656e223b733a343a2274797065223b733a31323a22746578745f64656661756c74223b733a363a22776569676874223b733a313a2230223b733a383a2273657474696e6773223b613a303a7b7d733a363a226d6f64756c65223b733a343a2274657874223b7d733a363a22746561736572223b613a353a7b733a353a226c6162656c223b733a363a2268696464656e223b733a343a2274797065223b733a32333a22746578745f73756d6d6172795f6f725f7472696d6d6564223b733a363a22776569676874223b733a313a2231223b733a383a2273657474696e6773223b613a313a7b733a31313a227472696d5f6c656e677468223b693a3630303b7d733a363a226d6f64756c65223b733a343a2274657874223b7d733a363a22617265612d32223b613a353a7b733a353a226c6162656c223b733a363a2268696464656e223b733a343a2274797065223b733a32333a22746578745f73756d6d6172795f6f725f7472696d6d6564223b733a363a22776569676874223b733a313a2232223b733a383a2273657474696e6773223b613a313a7b733a31313a227472696d5f6c656e677468223b733a333a22323030223b7d733a363a226d6f64756c65223b733a343a2274657874223b7d733a363a22617265612d31223b613a343a7b733a353a226c6162656c223b733a363a2268696464656e223b733a343a2274797065223b733a363a2268696464656e223b733a363a22776569676874223b733a313a2231223b733a383a2273657474696e6773223b613a303a7b7d7d733a363a22617265612d33223b613a353a7b733a353a226c6162656c223b733a363a2268696464656e223b733a343a2274797065223b733a32333a22746578745f73756d6d6172795f6f725f7472696d6d6564223b733a363a22776569676874223b733a313a2231223b733a383a2273657474696e6773223b613a313a7b733a31313a227472696d5f6c656e677468223b733a333a22343030223b7d733a363a226d6f64756c65223b733a343a2274657874223b7d7d733a383a227265717569726564223b623a303b733a31313a226465736372697074696f6e223b733a303a22223b7d, 0),
(5, 3, 'field_tags', 'node', 'article', 0x613a363a7b733a353a226c6162656c223b733a343a2254616773223b733a31313a226465736372697074696f6e223b733a37383a224573637269626120756e61206c697374612064652070616c61627261732073657061726164617320706f7220636f6d617320706172612064657363726962697220737520636f6e74656e69646f2e223b733a363a22776964676574223b613a343a7b733a343a2274797065223b733a32313a227461786f6e6f6d795f6175746f636f6d706c657465223b733a363a22776569676874223b733a313a2233223b733a383a2273657474696e6773223b613a323a7b733a343a2273697a65223b693a36303b733a31373a226175746f636f6d706c6574655f70617468223b733a32313a227461786f6e6f6d792f6175746f636f6d706c657465223b7d733a363a226d6f64756c65223b733a383a227461786f6e6f6d79223b7d733a373a22646973706c6179223b613a353a7b733a373a2264656661756c74223b613a353a7b733a353a226c6162656c223b733a353a2261626f7665223b733a343a2274797065223b733a32383a227461786f6e6f6d795f7465726d5f7265666572656e63655f6c696e6b223b733a363a22776569676874223b733a313a2231223b733a383a2273657474696e6773223b613a303a7b7d733a363a226d6f64756c65223b733a383a227461786f6e6f6d79223b7d733a363a22746561736572223b613a343a7b733a353a226c6162656c223b733a363a2268696464656e223b733a343a2274797065223b733a363a2268696464656e223b733a363a22776569676874223b733a313a2232223b733a383a2273657474696e6773223b613a303a7b7d7d733a363a22617265612d32223b613a343a7b733a353a226c6162656c223b733a353a2261626f7665223b733a343a2274797065223b733a363a2268696464656e223b733a363a22776569676874223b733a313a2231223b733a383a2273657474696e6773223b613a303a7b7d7d733a363a22617265612d31223b613a343a7b733a353a226c6162656c223b733a353a2261626f7665223b733a343a2274797065223b733a363a2268696464656e223b733a363a22776569676874223b733a313a2232223b733a383a2273657474696e6773223b613a303a7b7d7d733a363a22617265612d33223b613a343a7b733a353a226c6162656c223b733a353a2261626f7665223b733a343a2274797065223b733a363a2268696464656e223b733a363a22776569676874223b733a313a2232223b733a383a2273657474696e6773223b613a303a7b7d7d7d733a383a2273657474696e6773223b613a313a7b733a31383a22757365725f72656769737465725f666f726d223b623a303b7d733a383a227265717569726564223b623a303b7d, 0),
(6, 4, 'field_image', 'node', 'article', 0x613a363a7b733a353a226c6162656c223b733a353a22496d616765223b733a31313a226465736372697074696f6e223b733a34373a225375626120756e6120696d6167656e20706172612061636f6d7061c3b16172206573746520617274c3ad63756c6f2e223b733a383a227265717569726564223b623a303b733a383a2273657474696e6773223b613a393a7b733a31343a2266696c655f6469726563746f7279223b733a31313a226669656c642f696d616765223b733a31353a2266696c655f657874656e73696f6e73223b733a31363a22706e6720676966206a7067206a706567223b733a31323a226d61785f66696c6573697a65223b733a303a22223b733a31343a226d61785f7265736f6c7574696f6e223b733a303a22223b733a31343a226d696e5f7265736f6c7574696f6e223b733a303a22223b733a393a22616c745f6669656c64223b623a313b733a31313a227469746c655f6669656c64223b733a303a22223b733a31333a2264656661756c745f696d616765223b693a303b733a31383a22757365725f72656769737465725f666f726d223b623a303b7d733a363a22776964676574223b613a343a7b733a343a2274797065223b733a31313a22696d6167655f696d616765223b733a383a2273657474696e6773223b613a323a7b733a31383a2270726f67726573735f696e64696361746f72223b733a383a227468726f62626572223b733a31393a22707265766965775f696d6167655f7374796c65223b733a393a227468756d626e61696c223b7d733a363a22776569676874223b733a313a2231223b733a363a226d6f64756c65223b733a353a22696d616765223b7d733a373a22646973706c6179223b613a353a7b733a373a2264656661756c74223b613a353a7b733a353a226c6162656c223b733a363a2268696464656e223b733a343a2274797065223b733a383a22636f6c6f72626f78223b733a363a22776569676874223b733a313a2232223b733a383a2273657474696e6773223b613a363a7b733a31393a22636f6c6f72626f785f6e6f64655f7374796c65223b733a363a226d656469756d223b733a32303a22636f6c6f72626f785f696d6167655f7374796c65223b733a303a22223b733a31363a22636f6c6f72626f785f67616c6c657279223b733a343a22706f7374223b733a32333a22636f6c6f72626f785f67616c6c6572795f637573746f6d223b733a303a22223b733a31363a22636f6c6f72626f785f63617074696f6e223b733a343a226175746f223b733a32333a22636f6c6f72626f785f63617074696f6e5f637573746f6d223b733a303a22223b7d733a363a226d6f64756c65223b733a383a22636f6c6f72626f78223b7d733a363a22746561736572223b613a353a7b733a353a226c6162656c223b733a363a2268696464656e223b733a343a2274797065223b733a353a22696d616765223b733a363a22776569676874223b733a313a2230223b733a383a2273657474696e6773223b613a323a7b733a31313a22696d6167655f7374796c65223b733a363a226d656469756d223b733a31303a22696d6167655f6c696e6b223b733a373a22636f6e74656e74223b7d733a363a226d6f64756c65223b733a353a22696d616765223b7d733a363a22617265612d32223b613a353a7b733a353a226c6162656c223b733a363a2268696464656e223b733a343a2274797065223b733a353a22696d616765223b733a363a22776569676874223b733a313a2230223b733a383a2273657474696e6773223b613a323a7b733a31313a22696d6167655f7374796c65223b733a31313a22686f6d655f617272696261223b733a31303a22696d6167655f6c696e6b223b733a373a22636f6e74656e74223b7d733a363a226d6f64756c65223b733a353a22696d616765223b7d733a363a22617265612d31223b613a353a7b733a353a226c6162656c223b733a363a2268696464656e223b733a343a2274797065223b733a353a22696d616765223b733a363a22776569676874223b733a313a2230223b733a383a2273657474696e6773223b613a323a7b733a31313a22696d6167655f7374796c65223b733a31313a22686f6d655f617272696261223b733a31303a22696d6167655f6c696e6b223b733a373a22636f6e74656e74223b7d733a363a226d6f64756c65223b733a353a22696d616765223b7d733a363a22617265612d33223b613a353a7b733a353a226c6162656c223b733a363a2268696464656e223b733a343a2274797065223b733a353a22696d616765223b733a363a22776569676874223b733a313a2230223b733a383a2273657474696e6773223b613a323a7b733a31313a22696d6167655f7374796c65223b733a31343a22736572766963696f735f686f6d65223b733a31303a22696d6167655f6c696e6b223b733a373a22636f6e74656e74223b7d733a363a226d6f64756c65223b733a353a22696d616765223b7d7d7d, 0),
(7, 1, 'comment_body', 'comment', 'comment_node_webform', 0x613a363a7b733a353a226c6162656c223b733a373a22436f6d6d656e74223b733a383a2273657474696e6773223b613a323a7b733a31353a22746578745f70726f63657373696e67223b693a313b733a31383a22757365725f72656769737465725f666f726d223b623a303b7d733a383a227265717569726564223b623a313b733a373a22646973706c6179223b613a313a7b733a373a2264656661756c74223b613a353a7b733a353a226c6162656c223b733a363a2268696464656e223b733a343a2274797065223b733a31323a22746578745f64656661756c74223b733a363a22776569676874223b693a303b733a383a2273657474696e6773223b613a303a7b7d733a363a226d6f64756c65223b733a343a2274657874223b7d7d733a363a22776964676574223b613a343a7b733a343a2274797065223b733a31333a22746578745f7465787461726561223b733a383a2273657474696e6773223b613a313a7b733a343a22726f7773223b693a353b7d733a363a22776569676874223b693a303b733a363a226d6f64756c65223b733a343a2274657874223b7d733a31313a226465736372697074696f6e223b733a303a22223b7d, 0),
(8, 2, 'body', 'node', 'webform', 0x613a363a7b733a353a226c6162656c223b733a343a22426f6479223b733a363a22776964676574223b613a343a7b733a343a2274797065223b733a32363a22746578745f74657874617265615f776974685f73756d6d617279223b733a383a2273657474696e6773223b613a323a7b733a343a22726f7773223b693a32303b733a31323a2273756d6d6172795f726f7773223b693a353b7d733a363a22776569676874223b693a2d343b733a363a226d6f64756c65223b733a343a2274657874223b7d733a383a2273657474696e6773223b613a333a7b733a31353a22646973706c61795f73756d6d617279223b623a313b733a31353a22746578745f70726f63657373696e67223b693a313b733a31383a22757365725f72656769737465725f666f726d223b623a303b7d733a373a22646973706c6179223b613a333a7b733a373a2264656661756c74223b613a353a7b733a353a226c6162656c223b733a363a2268696464656e223b733a343a2274797065223b733a31323a22746578745f64656661756c74223b733a383a2273657474696e6773223b613a303a7b7d733a363a226d6f64756c65223b733a343a2274657874223b733a363a22776569676874223b693a303b7d733a363a22746561736572223b613a353a7b733a353a226c6162656c223b733a363a2268696464656e223b733a343a2274797065223b733a32333a22746578745f73756d6d6172795f6f725f7472696d6d6564223b733a383a2273657474696e6773223b613a313a7b733a31313a227472696d5f6c656e677468223b693a3630303b7d733a363a226d6f64756c65223b733a343a2274657874223b733a363a22776569676874223b693a303b7d733a363a22617265612d34223b613a343a7b733a353a226c6162656c223b733a353a2261626f7665223b733a343a2274797065223b733a363a2268696464656e223b733a363a22776569676874223b733a313a2231223b733a383a2273657474696e6773223b613a303a7b7d7d7d733a383a227265717569726564223b623a303b733a31313a226465736372697074696f6e223b733a303a22223b7d, 0),
(9, 3, 'field_tags', 'node', 'page', 0x613a373a7b733a353a226c6162656c223b733a343a2254616773223b733a363a22776964676574223b613a353a7b733a363a22776569676874223b733a313a2233223b733a343a2274797065223b733a32313a227461786f6e6f6d795f6175746f636f6d706c657465223b733a363a226d6f64756c65223b733a383a227461786f6e6f6d79223b733a363a22616374697665223b693a303b733a383a2273657474696e6773223b613a323a7b733a343a2273697a65223b693a36303b733a31373a226175746f636f6d706c6574655f70617468223b733a32313a227461786f6e6f6d792f6175746f636f6d706c657465223b7d7d733a383a2273657474696e6773223b613a313a7b733a31383a22757365725f72656769737465725f666f726d223b623a303b7d733a373a22646973706c6179223b613a343a7b733a373a2264656661756c74223b613a353a7b733a353a226c6162656c223b733a363a2268696464656e223b733a343a2274797065223b733a32383a227461786f6e6f6d795f7465726d5f7265666572656e63655f6c696e6b223b733a363a22776569676874223b733a313a2231223b733a383a2273657474696e6773223b613a303a7b7d733a363a226d6f64756c65223b733a383a227461786f6e6f6d79223b7d733a363a22617265612d32223b613a343a7b733a353a226c6162656c223b733a353a2261626f7665223b733a343a2274797065223b733a363a2268696464656e223b733a363a22776569676874223b733a313a2230223b733a383a2273657474696e6773223b613a303a7b7d7d733a363a22617265612d31223b613a343a7b733a353a226c6162656c223b733a363a2268696464656e223b733a343a2274797065223b733a363a2268696464656e223b733a363a22776569676874223b733a313a2232223b733a383a2273657474696e6773223b613a303a7b7d7d733a363a22617265612d33223b613a343a7b733a353a226c6162656c223b733a353a2261626f7665223b733a343a2274797065223b733a363a2268696464656e223b733a363a22776569676874223b733a313a2232223b733a383a2273657474696e6773223b613a303a7b7d7d7d733a383a227265717569726564223b693a303b733a31313a226465736372697074696f6e223b733a303a22223b733a31333a2264656661756c745f76616c7565223b4e3b7d, 0),
(10, 4, 'field_image', 'node', 'page', 0x613a363a7b733a353a226c6162656c223b733a353a22496d616765223b733a363a22776964676574223b613a353a7b733a363a22776569676874223b733a313a2231223b733a343a2274797065223b733a31313a22696d6167655f696d616765223b733a363a226d6f64756c65223b733a353a22696d616765223b733a363a22616374697665223b693a313b733a383a2273657474696e6773223b613a323a7b733a31383a2270726f67726573735f696e64696361746f72223b733a383a227468726f62626572223b733a31393a22707265766965775f696d6167655f7374796c65223b733a393a227468756d626e61696c223b7d7d733a383a2273657474696e6773223b613a393a7b733a31343a2266696c655f6469726563746f7279223b733a303a22223b733a31353a2266696c655f657874656e73696f6e73223b733a31363a22706e6720676966206a7067206a706567223b733a31323a226d61785f66696c6573697a65223b733a303a22223b733a31343a226d61785f7265736f6c7574696f6e223b733a303a22223b733a31343a226d696e5f7265736f6c7574696f6e223b733a303a22223b733a393a22616c745f6669656c64223b693a303b733a31313a227469746c655f6669656c64223b693a303b733a31333a2264656661756c745f696d616765223b693a303b733a31383a22757365725f72656769737465725f666f726d223b623a303b7d733a373a22646973706c6179223b613a343a7b733a373a2264656661756c74223b613a353a7b733a353a226c6162656c223b733a363a2268696464656e223b733a343a2274797065223b733a383a22636f6c6f72626f78223b733a363a22776569676874223b733a313a2232223b733a383a2273657474696e6773223b613a363a7b733a31393a22636f6c6f72626f785f6e6f64655f7374796c65223b733a363a226d656469756d223b733a32303a22636f6c6f72626f785f696d6167655f7374796c65223b733a303a22223b733a31363a22636f6c6f72626f785f67616c6c657279223b733a343a2270616765223b733a32333a22636f6c6f72626f785f67616c6c6572795f637573746f6d223b733a303a22223b733a31363a22636f6c6f72626f785f63617074696f6e223b733a343a226175746f223b733a32333a22636f6c6f72626f785f63617074696f6e5f637573746f6d223b733a303a22223b7d733a363a226d6f64756c65223b733a383a22636f6c6f72626f78223b7d733a363a22617265612d32223b613a353a7b733a353a226c6162656c223b733a363a2268696464656e223b733a343a2274797065223b733a353a22696d616765223b733a363a22776569676874223b733a313a2230223b733a383a2273657474696e6773223b613a323a7b733a31313a22696d6167655f7374796c65223b733a31313a22686f6d655f617272696261223b733a31303a22696d6167655f6c696e6b223b733a373a22636f6e74656e74223b7d733a363a226d6f64756c65223b733a353a22696d616765223b7d733a363a22617265612d31223b613a353a7b733a353a226c6162656c223b733a363a2268696464656e223b733a343a2274797065223b733a353a22696d616765223b733a363a22776569676874223b733a313a2230223b733a383a2273657474696e6773223b613a323a7b733a31313a22696d6167655f7374796c65223b733a31313a22686f6d655f617272696261223b733a31303a22696d6167655f6c696e6b223b733a373a22636f6e74656e74223b7d733a363a226d6f64756c65223b733a353a22696d616765223b7d733a363a22617265612d33223b613a353a7b733a353a226c6162656c223b733a363a2268696464656e223b733a343a2274797065223b733a353a22696d616765223b733a363a22776569676874223b733a313a2230223b733a383a2273657474696e6773223b613a323a7b733a31313a22696d6167655f7374796c65223b733a31343a22736572766963696f735f686f6d65223b733a31303a22696d6167655f6c696e6b223b733a373a22636f6e74656e74223b7d733a363a226d6f64756c65223b733a353a22696d616765223b7d7d733a383a227265717569726564223b693a303b733a31313a226465736372697074696f6e223b733a303a22223b7d, 0),
(11, 5, 'field_id_empresa', 'user', 'user', 0x613a373a7b733a353a226c6162656c223b733a373a22456d7072657361223b733a363a22776964676574223b613a353a7b733a363a22776569676874223b733a313a2237223b733a343a2274797065223b733a31343a226f7074696f6e735f73656c656374223b733a363a226d6f64756c65223b733a373a226f7074696f6e73223b733a363a22616374697665223b693a313b733a383a2273657474696e6773223b613a303a7b7d7d733a383a2273657474696e6773223b613a313a7b733a31383a22757365725f72656769737465725f666f726d223b693a303b7d733a373a22646973706c6179223b613a313a7b733a373a2264656661756c74223b613a343a7b733a353a226c6162656c223b733a363a2268696464656e223b733a343a2274797065223b733a363a2268696464656e223b733a363a22776569676874223b733a313a2231223b733a383a2273657474696e6773223b613a303a7b7d7d7d733a383a227265717569726564223b693a303b733a31313a226465736372697074696f6e223b733a303a22223b733a31333a2264656661756c745f76616c7565223b4e3b7d, 0),
(12, 6, 'field_localidades', 'user', 'user', 0x613a373a7b733a353a226c6162656c223b733a31313a224c6f63616c696461646573223b733a363a22776964676574223b613a353a7b733a363a22776569676874223b733a313a2238223b733a343a2274797065223b733a31353a226f7074696f6e735f627574746f6e73223b733a363a226d6f64756c65223b733a373a226f7074696f6e73223b733a363a22616374697665223b693a313b733a383a2273657474696e6773223b613a303a7b7d7d733a383a2273657474696e6773223b613a313a7b733a31383a22757365725f72656769737465725f666f726d223b693a303b7d733a373a22646973706c6179223b613a313a7b733a373a2264656661756c74223b613a343a7b733a353a226c6162656c223b733a363a2268696464656e223b733a343a2274797065223b733a363a2268696464656e223b733a363a22776569676874223b733a313a2232223b733a383a2273657474696e6773223b613a303a7b7d7d7d733a383a227265717569726564223b693a303b733a31313a226465736372697074696f6e223b733a303a22223b733a31333a2264656661756c745f76616c7565223b4e3b7d, 0);

-- --------------------------------------------------------

--
-- Table structure for table `field_data_body`
--

CREATE TABLE `field_data_body` (
  `entity_type` varchar(128) NOT NULL DEFAULT '' COMMENT 'The entity type this data is attached to',
  `bundle` varchar(128) NOT NULL DEFAULT '' COMMENT 'The field instance bundle to which this row belongs, used when deleting a field instance',
  `deleted` tinyint(4) NOT NULL DEFAULT '0' COMMENT 'A boolean indicating whether this data item has been deleted',
  `entity_id` int(10) UNSIGNED NOT NULL COMMENT 'The entity id this data is attached to',
  `revision_id` int(10) UNSIGNED DEFAULT NULL COMMENT 'The entity revision id this data is attached to, or NULL if the entity type is not versioned',
  `language` varchar(32) NOT NULL DEFAULT '' COMMENT 'The language for this data item.',
  `delta` int(10) UNSIGNED NOT NULL COMMENT 'The sequence number for this data item, used for multi-value fields',
  `body_value` longtext,
  `body_summary` longtext,
  `body_format` varchar(255) DEFAULT NULL
) ENGINE=InnoDB DEFAULT CHARSET=utf8 COMMENT='Data storage for field 2 (body)';

--
-- Dumping data for table `field_data_body`
--

INSERT INTO `field_data_body` (`entity_type`, `bundle`, `deleted`, `entity_id`, `revision_id`, `language`, `delta`, `body_value`, `body_summary`, `body_format`) VALUES
('node', 'article', 0, 3, 3, 'und', 0, 'ADA: Resolución 660/11\r\nDeclaraciones Juradas deberán ser presentadas con una periodicidad anual a partir de la fecha inicial de presentación.\r\n', '', 'filtered_html'),
('node', 'article', 0, 4, 4, 'und', 0, '<p>Ambito de aplicación y disposiciones generales. Registro de Generadores y Operadores. Manifiesto. Generadores. Transportistas. Plantas de Tratamiento y disposición final. Responsabilidades. Infracciones y sanciones. Régimen penal. Autoridad de Aplicación. Disposiciones Complementarias. Ver ley completa <a title=\"Ley de Residuos Peligrosos\" href=\"http://infoleg.mecon.gov.ar/infolegInternet/anexos/0-4999/450/texact.htm\" target=\"_blank\">aquí </a></p>', '', 'full_html'),
('node', 'page', 0, 7, 7, 'und', 0, 'Somos una empresa moderna y joven dedicada a la Seguridad e Higiene Industrial, Medio Ambiente y Protección Contra Incendios, que inició sus operaciones en 1992.\r\nPoseemos gran experiencia, distribuida en las personas que la integramos, donde se combinan más de 30 años de trayectoria en la industria del petróleo y experiencia en la industria de la construcción además de Plantas químicas e Industriales.\r\nNuestros profesionales y técnicos poseen una amplia capacitación en diferentes temas relacionados con la industria, recibida tanto en el país como en el exterior, lo que brinda un sólido respaldo técnico y práctico a nuestras operaciones.\r\nComo empresa de servicios, nuestro principal objetivo es la satisfacción del cliente, y en ese marco trabajamos continuamente a efectos de lograr la excelencia en las operaciones, tanto en las propias como aquellas de quienes contratan nuestros servicios.\r\n\r\n\r\n\r\nNuestra Visión\r\n“Basándonos en los servicios integrales de seguridad higiene y medio ambiente, diversificarnos como empresa líder en productos y servicios para la industria en general, en el ámbito local, nacional e internacional”\r\n\r\n\r\nNuestra Misión\r\n“Lograr un crecimiento sustentable, brindando productos y servicios con la más alta calidad. Ofreciendo a nuestros colaboradores oportunidad de desarrollo. Sosteniendo y promoviendo los valores fundamentales de Tec Precinc , respetando la diversidad y comprometiéndonos con la comunidad y nuestra responsabilidad social.”.\r\n\r\nNuestro lema\r\n“Responsabilidad, respeto, solidaridad, honestidad y compromiso”.\r\n', '', 'filtered_html'),
('node', 'page', 0, 8, 8, 'und', 0, 'Tecprecinc cumple rigurosamente con las normas y las siguientes certificaciones :\r\n\r\nISO 9001-2008\r\n\r\nISO 14001-200\r\n\r\nOSHA 18001\r\n\r\nTalleres certificados de mantenedores de extintores IRAM 3517/2\r\n\r\nProfesionales certificados por NFPA 25 y NFPA 20\r\n\r\nRegistrados en el SICLAR', '', 'filtered_html'),
('node', 'page', 0, 9, 9, 'und', 0, 'La experiencia desarrollada a través de los años, en la realización de este tipo de trabajos nos permite afirmar que el mantenimiento de equipos contra incendio es un servicio que nos destaca en el mercado.\r\nDetallamos a continuación las actividades más relevantes\r\n•	Mantenimiento, control y reparación de extintores\r\n•	Mantenimiento, inspección y prueba de redes fijas contra incendios (incluye la reparación integral de todos los accesorios) en:\r\n	.	Plantas industriales\r\n	.	Baterías de producción\r\n	.	Cargaderos y descargaderos de hidrocarburos\r\n	.	Galpones Industriales para diferentes usos\r\n	.	Sistemas de rociadores de Tanques de Almacenamiento\r\n	.	Sistemas de generación de espumas extintoras\r\n•	Mantenimiento, reparación y calibración de equipos de venteo de tanques (válvulas de presión y vacío, arresta llamas y cuello de cisne).\r\n\r\nEn este servicio incluimos la Ingeniería Básica, Diseño y Montaje de sistemas fijos contra incendio.', '', 'filtered_html'),
('node', 'page', 0, 10, 10, 'und', 0, 'Tecprecinc S.R.L cuenta con un servicio de venta y post venta de equipamiento integral para las redes contra incendio y otros.', '', 'filtered_html'),
('node', 'page', 0, 11, 11, 'und', 0, '<p>La experiencia desarrollada a través de los años, en la realización de este tipo de trabajos nos permite afirmar que el mantenimiento de equipos contra incendio es un servicio que nos destaca en el mercado.<br />Detallamos a continuación las actividades más relevantes<br />•&nbsp;&nbsp;&nbsp; Mantenimiento, control y reparación de extintores<br />•&nbsp;&nbsp;&nbsp; Mantenimiento, inspección y prueba de redes fijas contra incendios (incluye la reparación integral de todos los accesorios) en:<br />&nbsp;&nbsp;&nbsp; .&nbsp;&nbsp;&nbsp; Plantas industriales<br />&nbsp;&nbsp;&nbsp; .&nbsp;&nbsp;&nbsp; Baterías de producción<br />&nbsp;&nbsp;&nbsp; .&nbsp;&nbsp;&nbsp; Cargaderos y descargaderos de hidrocarburos<br />&nbsp;&nbsp;&nbsp; .&nbsp;&nbsp;&nbsp; Galpones Industriales para diferentes usos<br />&nbsp;&nbsp;&nbsp; .&nbsp;&nbsp;&nbsp; Sistemas de rociadores de Tanques de Almacenamiento<br />&nbsp;&nbsp;&nbsp; .&nbsp;&nbsp;&nbsp; Sistemas de generación de espumas extintoras<br />•&nbsp;&nbsp;&nbsp; Mantenimiento, reparación y calibración de equipos de venteo de tanques&nbsp; (válvulas de presión y vacío, arresta llamas y cuello de cisne).<br /><br />En este servicio incluimos la Ingeniería Básica, Diseño y Montaje de sistemas fijos contra incendio.<br /><br /></p>', 'La experiencia desarrollada a través de los años, en la realización de este tipo de trabajos nos permite afirmar que el mantenimiento de equipos contra incendio es un servicio que nos destaca en el mercado.', 'full_html'),
('node', 'page', 0, 12, 12, 'und', 0, 'La capacitación es el eje sobre el cual debe girar todo sistema de gestión, ya que el grado de instrucción de las personas es la clave del éxito de la gestión empresarial.\r\nNuestro objetivo en este sentido es ayudar a incrementar el capital intelectual de nuestros clientes, dándoles así valor agregado a sus actividades.\r\nLa cantidad de horas promedio de capacitación anual brindada a nuestros clientes se encuentra en el orden de 15.000, que nos posiciona como una de las empresas de servicios con más experiencia en la materia.\r\nDicha capacitación abarca todo el espectro de temas incluidos en nuestra disciplina entre los que se pueden mencionar:\r\n•	Seguridad Integrada\r\n•	Manejo Defensivo\r\n•	El conductor profesional de flota (Manejo defensivo para chóferes de cargaslíquidas, sólidas, gaseosas y/o peligrosas)\r\n•	Elementos de protección personal (EPP)\r\n•	Riesgo eléctrico\r\n•	Clases de fuego y medios de extinción\r\n•	Matafuegos, clases y usos\r\n•	Trabajos en caliente en la industria petrolera\r\n•	Técnicas Resucitación Cardio Pulmonar (RCP)\r\n•	Recomendaciones básicas de seguridad e higiene para personal ingresante\r\n•	Estadística de accidentes de trabajo\r\n', '', 'filtered_html'),
('node', 'page', 0, 13, 13, 'und', 0, 'La experiencia adquirida durante todos estos años, la calidad de nuestros profesionales y la capacitación recibida nos posiciona entre los mejores del mercado como empresa proveedora de Servicios Externos.\r\nNuestro personal cuenta además con el apoyo de una infraestructura adecuada para lograr una amplia cobertura geográfica. \r\nContamos con bases operativas en diferentes ciudades de las Provincias de Neuquén y Rio Negro.\r\nEste servicio abarca todos los aspectos requeridos tanto por la legislación vigente como por las empresas líderes que marcan las pautas de comportamiento de mercado.\r\nContamos en la actualidad con una vasta cartera de clientes, a los que les ofrecemos, entre otras, las siguientes prestaciones:\r\n\r\n•	Auditorias sobre las condiciones de seguridad de las instalaciones\r\n•	Servicios externos de Seguridad e Higiene\r\n•	Estadísticas y análisis sistemático de accidentes\r\n•	Determinación de riesgos potenciales y estudio de medidas correctivas\r\n•	Determinación de necesidades de usos de elementos de protección personal\r\n•	Confección y adecuación de legajos técnicos\r\n•	Seguridad en equipos de perforación, RTP y Pulling\r\n•	Diseño y cálculo de redes fijas contra incendios\r\n•	Asistencia en seguridad, para trabajos de estimulación y cementación de pozos petrolíferos\r\n•	Asesoramiento en paros de planta\r\n•	Análisis de riesgos bajo metodologías internacionales.\r\n•	Capacitación.\r\n•	Estudios de ruidos, iluminación, etc.', '', 'filtered_html'),
('node', 'page', 0, 14, 14, 'und', 0, 'Evaluación del Impacto Ambiental (EIA):\r\nEs un procedimiento jurídico – técnico – administrativo que tiene por objeto la identificación, predicción e interpretación de los impactos ambientales que un proyecto o actividad podría producir en caso de ser ejecutado; así como la prevención, corrección y valoración de los mismos. Todo ello con el fin de ser aceptado, modificado o rechazado por parte de las distintas administraciones públicas competentes (Municipales, Provinciales o Nacionales).\r\n\r\nInformes Ambientales:\r\nAsesoramiento en la confección del procedimiento para la Identificación y Evaluación de Aspectos Ambientales que se generan en los procesos que se desarrollan en la empresa y el correspondiente Programa de Mejora.\r\n\r\nGestión de residuos:\r\nAsesoramiento en la implementación del Plan Integral de Gestión de Residuos (PIGR); que consiste básicamente en un sistema de recolección, segregación (almacenamiento) y disposición de residuos en las áreas del cliente.\r\nCapacitación al personal. Construcción de repositorios temporarios. Construcción del conjunto o Rack (estructura de hierro donde se colocan los tachos) servicio PIGR.\r\n\r\nRecuperación de Picadas:\r\nLa pérdida de cobertura vegetal agrava el problema de desertificación que presentan aquellos lugares donde es más intensa la actividad hidrocarburífera.\r\nUna posible metodología de trabajo consiste en el subsolado lineal o la escarificación de la zona afectada respetando siempre la pendiente natural, con lo cual se aumenta la rugosidad superficial del terreno. De esta manera, se disminuye la velocidad superficial del agua que eventualmente escurre. Además, se logra entrampar las semillas dispersadas por acción eólica; posibilitando inducir el proceso de re-vegetación natural.\r\n\r\nRecuperación de canteras:\r\nLa recolonización natural de la flora autóctona se logra a partir de los trabajos de reacondicionamiento de la topografía, mediante la distribución y perfilaje del material de rechazo y la escarificación del suelo, así como los accesos, con su posterior cierre. De esta manera, se inducirá al incremento en el banco de semilla generado por la rugosidad del terreno, induciendo la posterior re-vegetación natural.\r\n\r\nRestauración de cuencas:\r\nEsta metodología de trabajo consiste básicamente en la realización de tareas integradas, tales como:\r\n•	Recuperación de suelos degradados por la erosión hídrica y derrames.\r\n•	Manejo de aguas de escurrimiento para re-vegetar sitios degradados.\r\n•	Almacenaje de escurrimientos.\r\n•	Recuperación de cursos de agua y de sus riberas, mediante trabajos 	hidrológicos y re-vegetación de riberas.\r\n\r\nRestauración de la cubierta vegetal en la cuenca:\r\nEste tipo de trabajos tiende básicamente al comienzo en las tareas de mitigación de los problemas de desertificación ocasionados en los lugares donde se desarrolla la actividad hidrocarburífera y el impacto que esto generó en la actividad pecuaria, por lo cual se pueden desarrollar los siguientes trabajos:\r\n\r\n•	Aumento de la cobertura, evaluación de la condición y tendencia.\r\n•	Evaluación del sobre-uso de la vegetación.\r\n•	Métodos para la repoblación de las especies del monte.\r\n•	Métodos para la multiplicación en vivero de especies nativas.\r\n•	Introducción de especies exóticas no invasoras.\r\n•	Manejo ganadero sostenible.\r\n\r\n', '', 'filtered_html'),
('node', 'page', 0, 15, 15, 'und', 0, '<p>Contamos con un staff de personal profesional con amplia experiencia especializado en estudios de riesgos industriales, según metodologías y normas&nbsp; internacionales tales como las de Banco Mundial, Direct. SEVESO, AIChE, ISO, ASTM, IEC, MIL STD y otras. Todas ellas permiten identificar el grado de compromiso de seguridad del personal propio, terceros y linderos, del Ambiente, al patrimonio y productividad de la empresa, ya sea para las etapas de proyecto, instalación, operación, modificación y abandono de las instalaciones:<br />&nbsp;<br />•&nbsp;&nbsp;&nbsp; Estudios de Análisis de Riesgo <br />&nbsp;&nbsp;&nbsp; .&nbsp;&nbsp;&nbsp; Semi-cuantitativos: PHA, Check List, WI, Hazop, Hazid, FMEA , FMECA, Causa raíz, Causa Efecto, Árbol de eventos, Árbol de Fallas <br />&nbsp;&nbsp;&nbsp;&nbsp; .&nbsp;&nbsp;&nbsp; Cuantitativos: ECR, EAC, ACR <br />•&nbsp;&nbsp;&nbsp; Investigación de Accidentes<br />•&nbsp;&nbsp;&nbsp; Estudios de Clasificación de Áreas (ATEX) <br />•&nbsp;&nbsp;&nbsp; Estudios de Clasificación de Áreas Potenciales de Incendio (API)<br />•&nbsp;&nbsp;&nbsp; Estudios LOPA / SIL de los sistemas integrados de Seguridad<br />•&nbsp;&nbsp;&nbsp; Estudios FRACAS y RVI</p>', 'Contamos con un staff de personal profesional con amplia experiencia especializado en estudios de riesgos industriales, según metodologías y normas  internacionales tales como las de Banco Mundial, Direct. SEVESO, AIChE, ISO, ASTM, IEC, MIL STD y otras. Todas ellas permiten identificar el grado de compromiso de seguridad del personal propio, terceros y linderos, del Ambiente, al patrimonio y productividad de la empresa, ya sea para las etapas de proyecto, instalación, operación, modificación y abandono de las instalaciones', 'full_html'),
('node', 'page', 0, 16, 16, 'und', 0, 'Este servicio está destinado a la asistencia a contingencias que puedan comprometer al ambiente, como así también instalaciones y equipamientos. A través de dicho Grupo, conformado por profesionales, técnicos y personal altamente capacitado, con experiencia comprobable en tareas de control, y posterior remediación, estamos preparados para intervenir en forma rápida y eficiente en contingencias de los siguientes tipos:\r\n\r\n•	Roturas de oleoductos, con consiguientes derrames.\r\n•	Accidentes de tránsito en transportes de hidrocarburos líquidos, gaseosos y de metanol.\r\n•	Descontroles de pozos petrolíferos.\r\n•	Derrames de Hidrocarburos líquidos.Contamos con el equipamiento completo y adecuado para la ejecución de este tipo de tareas.\r\n\r\n\r\n', '', 'filtered_html'),
('node', 'page', 0, 17, 17, 'und', 0, 'Asesoramiento en Sistemas de Gestión', '', 'filtered_html'),
('node', 'page', 0, 18, 18, 'und', 0, 'Contamos con un staff de profesionales dedicados al asesoramiento, para acompañar a nuestros clientes a comprender y aplicar los conocimientos necesarios para la planificación e implementación eficaz de los sistemas de la Calidad, Ambiente, Seguridad y Salud Ocupacional, destacando las siguientes actividades:\r\n\r\n•	. Confección de Manuales.\r\n•	. Colaboración en la redacción de las políticas, procedimientos de gestión.\r\n•	. Realización de auditorías internas.\r\n\r\nPara cada una de las normas citadas más abajo, se cuenta con personal especializado, como así también con auditores internos y lideres.\r\nLuego de completar las etapas de implementación, hacemos los contactos necesarios para la intervención de las firmas certificadoras y los acompañamos en dicho proceso.\r\nNormas de referencia:\r\n•	Norma ISO 9001, Sistema de Gestión de la Calidad.\r\n•	Norma ISO 14.001, Sistema de Gestión Ambiental.\r\n•	Norma IRAM 3800 y OSHAS 18.001, Sistema de Gestión de Seguridad y Salud Ocupacional.', '', 'filtered_html'),
('node', 'page', 0, 19, 19, 'und', 0, 'Poseemos un servicio del más jerarquizado nivel Profesional regional en la asesoría responsable y probado para la “adaptación del hombre a su trabajo y del trabajo al hombre”. La permanente capacitación cuali-cuantitativa se efectua acorde a cada lugar de tareas, en la búsqueda integral para que el Trabajador alcance la plenitud de su Estado de Salud Práctica, genere su total Capacidad de Producción y posibilite la máxima Capacidad de Ganancia para él y la Empresa.\r\n•	Exámenes acabados y personalizados acorde a Ley de Ingreso Laboral /  Periódicos / Egreso laboral.\r\n•	Auditorías de ausentismos por Enf. Inculpables / At. de Fam. Enf. / Infortunios Laborales en consultorio / domicilio / internación acompañadas de gráficas digitales de las entrevistas.\r\n•	Coordinación con CSMA de las vacunaciones anuales.\r\n•	Banco de datos de ausentismos por patologías y sectores laborales.\r\n•	Asesoramiento en ausentismos prolongados y/o situaciones problemáticas controversiales Médicas.\r\n•	Representación Pericial en Juntas Médicas privadas, Administrativas y/o judiciales.\r\n•	Capacitación teórico-audiovisual y práctica continua en educación para la  prevención en coordinación con CSMA.\r\n•	Asesoramiento en la elección de la ART.\r\n•	Acompañamiento y permanente control evolutivo en la asistencia de los  infortunios Laborales mediante auditorías conjuntas con los Especialistas de	 la ART.\r\n\r\n', 'Poseemos un servicio del más jerarquizado nivel Profesional regional en la asesoría responsable y probado para la “adaptación del hombre a su trabajo y del trabajo al hombre”. La permanente capacitación cuali-cuantitativa se efectua acorde a cada lugar de tareas, en la búsqueda integral para que el Trabajador alcance la plenitud de su Estado de Salud Práctica, genere su total Capacidad de Producción y posibilite la máxima Capacidad de Ganancia para él y la Empresa.', 'filtered_html'),
('node', 'article', 0, 20, 20, 'und', 0, '<p>El objetivo principal es el de realizar los trabajos encomendados por el cliente, respetando y cumpliendo con las normas del buen arte en la construcción, y en búsqueda de la excelencia y amplia conformidad sobre lo realizado<br /><br /><strong>Anteproyectos / Estado de factibilidad:</strong><br />Este ítem engloba la proyección de la futura obra plasmada en planos, ya sea en lo referente a obra civil o Piping mecánico, cuidando los detalles inherente a los mismos y procurando aprovechar al máximo los materiales, Recursos Humanos, tiempos y costos.<br />Todo esto se complementa con el estudio de factibilidad del proyecto encomendado por el cliente.<br /><br /><strong>Ejecución</strong>:<br />Contamos con recursos humanos, materiales y herramientas para ejecutar el proyecto, ya sea llave en mano o con la provisión de mano de obra únicamente, según los requerimientos exigidos, tratando de optimizar los recursos.<br /><br /><strong>Entrega</strong> de la documentación Final:<br />Al finalizar la obra, se emiten los planos conforme a obra dejando plasmado posibles diferencias en el proyecto original, entregando de esta manera al cliente la documentación real del proyecto.</p>', 'El objetivo principal es el de realizar los trabajos encomendados por el cliente, respetando y cumpliendo con las normas del buen arte en la construcción, y en búsqueda de la excelencia y amplia conformidad sobre lo realizado', 'full_html'),
('node', 'page', 0, 21, 21, 'und', 0, 'En el marco de la legislación vigente, hemos desarrollado una gama de servicios que cubren la mayoría de los aspectos de la problemática ambiental.\r\nEstán incluidos en este rubro el control de los aspectos ambientales significativos tanto en aire como en suelo y tierra.\r\nSe detallan a continuación las tareas ofrecidas:\r\n\r\n•	Relevamientos sonoros\r\n•	Relevamientos lumínicos. Estudio, evaluación y cálculos\r\n•	Evaluación y cálculos de carga térmica\r\n•	Auditorias en contaminación y protección del ambiente\r\n•	Confección y actualización de Planes de Contingencias\r\n•	Adecuación en Higiene Industrial y  Ambiente de los establecimientos de acuerdo a las legislaciones Nacionales y Provinciales\r\n•	Evaluaciones de impacto ambiental\r\n•	Implementación del Sistema de Gestión S.G.M.A.\r\n•	Evaluación de contaminantes\r\n•	Remediación de suelos.\r\n•	Recuperación en cuna de agua.\r\n•	Asesoramiento en casos de emergencia.\r\n•	Capacitación del personal, para actuar adecuadamente ante una emergencia.\r\n\r\n', '', 'filtered_html'),
('node', 'article', 0, 25, 25, 'und', 0, 'PF duplicará el año próximo sus pozos en busca de petróleo y gas.  La empresa planea incrementar dos veces y media los pozos exploratorios hasta los 50 por año. Así lo reveló a este diario Carlos Colo, gerente de Exploración de la empresa, tras su disertación en la Oil & Gas.\r\n\r\nAyer por la mañana el foco estuvo puesto en los planes de exploración de las principales compañías.  “Vamos a  hacer unos 50 pozos por año, estamos cerrando el plan para el 2014. Tenemos una cartera de prospectos donde se incrementan dos veces y media la cantidad de pozos exploratorios con foco en Vaca Muerta”, explicó Colo.\r\n\r\nEl plan de la compañía dirigida por Miguel Galuccio también prevé ampliar el alcance del no convencional a otras cuencas. “En el Golfo de San Jorge, en la formación D-129 hemos perforado tres pozos, hemos obtenido información del subsuelo y está en estudio”, precisó Colo.\r\n\r\nLas norteamericanas\r\n\r\nEn tanto, ExxonMobil y Chevron también avanzan con sus planes. Ricardo Livieres, gerente de Operaciones de ExxonMobil comentó que ya la petrolera norteamericana ha perforado 8 pozos exploratorios en Vaca Muerta en las tres áreas donde participa y ya armaron una estructura fija en Neuquén.\r\n\r\nLivieres reveló que “hemos perforado el primer pozo de shale en agosto pasado y luego hemos perforado otros tres pozos más, de los que se van a evaluar los resultados de los reservorios para ver cómo continuamos”.\r\n\r\nEl directivo explicó que para la búsqueda de shale oil en Vaca Muerta la petrolera participa en dos tipos de actividades. Por un lado integra los consorcios con Petrobras, YPF y Americas Petrogas aunque allí no participa como operador. También en socia de G&P, donde sí son operadores. El ejecutivo de ExxonMobil aclaró que las  perforaciones realizadas fueron en el área Bajo del Choique, a 50 km de Rincón. También tienen operaciones en Sierra Chata, Los Toldos, Pampa de las Yeguas y Loma del Molle con YPF.\r\n\r\nEn tanto, Chevron, además de sus planes con YPF también tiene avanzados sus planes exploratorios en El Trapial, la principal área petrolera de la provincia donde busca avanzar haca Vaca Muerta.', '', 'filtered_html'),
('node', 'article', 0, 26, 26, 'und', 0, 'La cervecera Mahou-San Miguel ha reducido sus índices de siniestralidad laboral en un 80% desde 1996 gracias a programas como \'A tu Salud\', una iniciativa innovadora creada por la compañía para mejorar la calidad de vida de sus empleados no sólo en su entorno laboral sino fuera del mismo.\r\n\r\nAsí ha sido puesto de manifiesto este miércoles en la sede de la propia cervecera en Alovera (Guadalajara), donde desde el Instituto Nacional de Seguridad e Higiene en el Trabajo (INSHT) se ha promovido esta visita a la planta para conocer de primera mano las actuaciones de vigilancia y promoción de la salud que se ofrecen a los trabajadores.\r\n\r\nEn concreto, se analiza el estado general de la columna vertebral de los trabajadores, se estudia su tonificación muscular y se les sigue un plan de nutrición adecuado, todo ello contribuye también al descenso del absentismo, según reconocen desde la propia compañía.\r\n\r\nAl acto han asistido, entre otros, la directora del INSHT, María Dolores Limón Tamés, y la directora general de Relaciones Laborales y Seguridad y Salud Laboral de la Junta, María del Sagrario Gómez de Vivar, además de directivos de la empresa.\r\n\r\nAenor ha otorgado a Mahou el certificado que la acredita como empresa saludable, que promueve y protege la salud de su equipo humano, siendo la primera empresa de alimentación y bebidas en conseguir esta certificación.\r\n\r\nEn declaraciones a los periodistas durante la visita, Limón Tamés ha resaltado los programas realizados por Mahou encaminados a la promoción de la salud y empresas saludables.\r\n\r\nNUEVA ESTRATEGIA\r\n\r\nPor su parte, Gómez de Vivar se ha referido a los \"importantes descensos\" en la siniestralidad laboral en las empresas de la región y ha anunciado la preparación de la nueva estratégica de acuerdo tanto con la española como con la europea.\r\n\r\nAdemás, ha destacado como la integración de políticas de salud pública en las políticas de salud laboral están dando sus frutos al contribuir a reducir la siniestralidad laboral y costes a nivel empresarial y mejorar las condiciones de los trabajadores.\r\n\r\nLa responsable regional ha manifestado su \"orgullo\" ante el hecho de que una empresa de estas características de la región haya participado en los galardones de buenas prácticas que concede la Agencia Europea de Salud en el Trabajo.\r\n\r\nPor último, ha aprovechado para referirse al programa específico que se está llevando a cabo desde la Consejería de Empleo y Economía sobre trastorno musculoesquelético, en el que los técnicos de prevención están visitando unas 200 empresas de la región para asesorarles a fin de implantar medidas y acciones para paliar este tipo de patologías, sobre las que todavía no hay datos.', '', 'filtered_html'),
('node', 'article', 0, 27, 27, 'und', 0, 'Objetivo\r\nDotar de los conocimientos generales necesarios en las técnicas de seguridad en laboratorios químicos, ofreciendo herramientas prácticas y efectivas para poder desempeñarse bajo un marco de seguridad en esta área de trabajo. Aceptándolas como herramientas indispensables para la prevención.\r\nFomentar el compromiso con la organización y buena predisposición para el cambio, reconociendo al factor humano como principal causa de accidentes.\r\n\r\nDestinatarios\r\nProfesionales, técnicos y personal en general que realiza tareas en laboratorios químicos.\r\n\r\nDocentes\r\nIng. Damián Merlino. Lic. Medardo Elorga.\r\n\r\nMerlino Damian\r\nIngeniero en Sistemas de Protección contra siniestros y Seguridad Ambiental\r\nLicenciado en Higiene y Seguridad\r\nInstituto Universitario de la Policía Federal Argentina\r\nResponsable interino del Servicio de Higiene y Seguridad Laboral en el INTI\r\nBombero Voluntario de la Provincia de Buenos Aires\r\nDocente de la Escuela de Capacitación para Bomberos Voluntarios.\r\n\r\nMedardo Jorge Elorga\r\nInstituto Argentino de Seguridad (I.A.S.)- Articulado con la Universidad de Morón - Tecnicatura Superior en Higiene y Seguridad Laboral.\r\nUniversidad de Morón – Licenciatura en Higiene y Seguridad Laboral\r\nMiembro del Servicio de Higiene y Seguridad en el trabajo del INTI\r\nDocente interno del INTI.\r\n\r\nDesarrollo\r\nTres clases, en el horario de 16 a 20 horas, con una carga horaria de 12 horas.\r\n\r\nFecha\r\nVer cartelera\r\n\r\nTemario\r\nIntroducción\r\nObjetivos del Curso. Definiciones: Accidentes; Riesgo; Seguridad.\r\nLeyes vigentes\r\nAntecedentes Ley 19.587/72; Dto. 351/79 – Ley 24.557/95 de Riesgos del Trabajo; Dto. 170/96.\r\nAccidentología\r\nDefinición de accidentes. Definición de incidente. Teoría de la pirámide de Bird.\r\nEtapas para controlar un riesgo\r\nEl ambiente del Laboratorio\r\nEl factor humano. Condiciones en que se desarrolla la tarea. Capacitación al personal estable en que se desarrolla la tarea. Lo fundamental el orden y la limpieza: por dónde empezar y ventajas que acarrea. Normativa de los procedimientos. La tarea. El estado de las instalaciones de servicio y edilicias. Provisión de elementos de protección personal. Equipos y utensilios. Elementos de Seguridad Disponibles.\r\nClasificación de los riesgos\r\nRiesgos químicos, físicos, ergonómicos, naturales, biológicos y mecánicos. Detalle de los riesgos\r\nquímicos y biológicos. Riesgos en equipos y utensilios de laboratorio. Límites de exposición a sustancias.\r\nAlmacenamiento de productos y reactivos\r\nCómo hacerlo. Las especies químicas y sus particularidades. Recomendaciones. Recipientes y\r\narmarios de seguridad. Trasvases, dónde y cómo hacerlos.\r\nLa Señalización como idioma visual del laboratorio.\r\nEn instalaciones y rotulado de reactivos y productos. IRAM 2507 (colores de cañerías) IRAM 2641\r\n(colores para cilindros de gases) IRAM 10005 (colores y señales de seguridad – parte 1) IRAM 10007\r\nSseñales de advertencia.\r\nPrincipales normas internacionales a consultar: ONU – NFPA – C.E.E.; símbolos de peligrosidad: Frases R y S.\r\nElementos de protección personal.\r\nCuándo y porqué usarlos. Su carácter de personal. Constancias de entrega. Criterios para su selección. Riesgos a atenuar. Comodidad. Efectividad certificada. Tipos habituales de protección. La protección respiratoria, su selección.\r\nHábitos a desarrollar\r\nHábitos personales: comportamientos seguros, hábitos a adquirir y hábitos a erradicar.\r\nHábitos de trabajo: recomendaciones fundamentales. Procederes seguros. Manejo y almacenamiento de reactivos. Orden antes y después de las tareas. Nociones de la problemática en los Laboratorios Microbiológicos: utensilios; manejo de la esterilización; radiación UV; residuos.\r\nNormas de procedimiento.\r\nDe seguridad y rutinarias. Su documentación y difusión. Responsabilidad de los coordinadores. La función del Sector Higiene y Seguridad. El Art. 213 Dto. 351/79 y el derecho a conocer. Ejemplo de una norma de procedimiento.\r\nInstalaciones de Servicio\r\nTomas eléctricos. Puesta a tierra y otros sistemas de protección. Iluminación. El confort.. Sistemas de extracción. Instalaciones periféricas: autoclaves, bombas, muflas, etc. Tubos de gases licuados y permanentes, industriales y medicinales. Colores de identificación. Identificación de cañerías. Campanas de extracción: su selección. Material de vidrio. Instrumental. Riesgos asociados.\r\nEncuadre de los riesgos presentes en el Laboratorio Químico.\r\nAgresiones físicas: riesgo eléctrico. Contacto con superficies calientes. Salpicaduras. Cortes. Atrape de extremidades. Radiaciones ionizantes y no ionizantes. Agresiones químicas: vías de ingreso.\r\nManejo adecuado de Residuos\r\nCuándo y cómo se justifica hacerlo. Legislación involucrada. Normativas y convenios internacionales. Importancia de tener un procedimiento del manejo de los residuos.\r\nLas emergencias en el Laboratorio.\r\nHojas de datos de reactivas y productos: qué deben contener. Formas de obtenerlas y/o confeccionarlas.\r\nControl de derrames. Salpicaduras. Incendio: cómo actuar. Elementos para contrarrestarlos y prevenirlos. Roles de actuación en la emergencia. El botiquín: contenido y función. De las comunicaciones en la emergencia. Prevención de incendios.\r\n\r\nArancel\r\n$  600.- (pesos seiscientos)\r\nIncluye los materiales de apoyo para trabajar en el curso, y certificado de asistencia para todos aquellos que concurran al 80% de las clases.\r\n\r\nFormas de pago\r\nUna vez confirmada la realización del curso, el interesado deberá reservar su vacante abonando el arancel según desee: En efectivo (contado) o cheque (no diferidos a la orden de: INTI – Centros de Investigación) (1). En transferencia bancaria (Banco de la Nación Argentina, CTA. CTE. 310160/91, INTI-Centros de Investigación, CBU 0110093820000310160911, CUIT 34–54668706-8)\r\n\r\nImportante\r\nEn la primer clase el participante deberá acreditarse presentando copia del comprobante de pago.\r\n\r\nLugar\r\nINTI. Parque Tecnológico Miguelete. Av. Gral. Paz 5454(colectora entre  Av. Constituyentes y vías ex FFCC Mitre), San Martín. Buenos Aires\r\n\r\nInscripción\r\nINTI –Extensión y desarrollo.\r\nTel 4724 6293 / 6419;\r\nfax 4754-4071.\r\nConmutador 4724 6200/6300 interno 7050 ó 6109\r\nformar@inti.gob.ar   ', '', 'filtered_html'),
('node', 'article', 0, 28, 28, 'und', 0, '<p><a href=\"http://www.tecprecincsrl.com.ar/RegistroIdentificacionAspectos17_01_13.pdf\"><strong>Identificación de aspecto e impactos</strong></a><br><a href=\"http://www.tecprecincsrl.com.ar/RegistroEvaluacionAspectos17_01_13.pdf\"><strong> Evaluación de impactos ambientales</strong></a></p>', '', 'full_html'),
('node', 'article', 0, 29, 29, 'und', 0, '<p>Como empresa de servicios, nuestro principal objetivo es la satisfacción del cliente, y en ese marco trabajamos continuamente a efectos de lograr la excelencia en nuestras operaciones.<br><br> <strong>Nuestra Visión<br><br></strong>“Basándonos en los servicios integrales de seguridad higiene y medio ambiente, diversificarnos como empresa líder en productos y servicios para la industria en general, en el ámbito local, nacional e internacional” <br><br><strong>Nuestra Misión<br><br><br></strong>“Lograr un crecimiento sustentable, brindando productos y servicios con la más alta calidad. Ofreciendo a nuestros colaboradores oportunidad de desarrollo. Sosteniendo y promoviendo los valores fundamentales de Tec Precinc , respetando la diversidad y comprometiéndonos con la comunidad y nuestra responsabilidad social.”.<br><br> <strong>Nuestro lema<br><br></strong>“Responsabilidad, respeto, solidaridad, honestidad y compromiso”.</p>', '', 'full_html');

-- --------------------------------------------------------

--
-- Table structure for table `field_data_comment_body`
--

CREATE TABLE `field_data_comment_body` (
  `entity_type` varchar(128) NOT NULL DEFAULT '' COMMENT 'The entity type this data is attached to',
  `bundle` varchar(128) NOT NULL DEFAULT '' COMMENT 'The field instance bundle to which this row belongs, used when deleting a field instance',
  `deleted` tinyint(4) NOT NULL DEFAULT '0' COMMENT 'A boolean indicating whether this data item has been deleted',
  `entity_id` int(10) UNSIGNED NOT NULL COMMENT 'The entity id this data is attached to',
  `revision_id` int(10) UNSIGNED DEFAULT NULL COMMENT 'The entity revision id this data is attached to, or NULL if the entity type is not versioned',
  `language` varchar(32) NOT NULL DEFAULT '' COMMENT 'The language for this data item.',
  `delta` int(10) UNSIGNED NOT NULL COMMENT 'The sequence number for this data item, used for multi-value fields',
  `comment_body_value` longtext,
  `comment_body_format` varchar(255) DEFAULT NULL
) ENGINE=InnoDB DEFAULT CHARSET=utf8 COMMENT='Data storage for field 1 (comment_body)';

-- --------------------------------------------------------

--
-- Table structure for table `field_data_field_id_empresa`
--

CREATE TABLE `field_data_field_id_empresa` (
  `entity_type` varchar(128) NOT NULL DEFAULT '' COMMENT 'The entity type this data is attached to',
  `bundle` varchar(128) NOT NULL DEFAULT '' COMMENT 'The field instance bundle to which this row belongs, used when deleting a field instance',
  `deleted` tinyint(4) NOT NULL DEFAULT '0' COMMENT 'A boolean indicating whether this data item has been deleted',
  `entity_id` int(10) UNSIGNED NOT NULL COMMENT 'The entity id this data is attached to',
  `revision_id` int(10) UNSIGNED DEFAULT NULL COMMENT 'The entity revision id this data is attached to, or NULL if the entity type is not versioned',
  `language` varchar(32) NOT NULL DEFAULT '' COMMENT 'The language for this data item.',
  `delta` int(10) UNSIGNED NOT NULL COMMENT 'The sequence number for this data item, used for multi-value fields',
  `field_id_empresa_value` int(11) DEFAULT NULL
) ENGINE=InnoDB DEFAULT CHARSET=utf8 COMMENT='Data storage for field 5 (field_id_empresa)';

--
-- Dumping data for table `field_data_field_id_empresa`
--

INSERT INTO `field_data_field_id_empresa` (`entity_type`, `bundle`, `deleted`, `entity_id`, `revision_id`, `language`, `delta`, `field_id_empresa_value`) VALUES
('user', 'user', 0, 1, 1, 'und', 0, 77),
('user', 'user', 0, 5, 5, 'und', 0, 106),
('user', 'user', 0, 9, 9, 'und', 0, 106),
('user', 'user', 0, 10, 10, 'und', 0, 106),
('user', 'user', 0, 11, 11, 'und', 0, 106),
('user', 'user', 0, 12, 12, 'und', 0, 106),
('user', 'user', 0, 13, 13, 'und', 0, 106),
('user', 'user', 0, 14, 14, 'und', 0, 106),
('user', 'user', 0, 15, 15, 'und', 0, 106),
('user', 'user', 0, 16, 16, 'und', 0, 106),
('user', 'user', 0, 17, 17, 'und', 0, 106),
('user', 'user', 0, 18, 18, 'und', 0, 106),
('user', 'user', 0, 19, 19, 'und', 0, 242),
('user', 'user', 0, 21, 21, 'und', 0, 1),
('user', 'user', 0, 22, 22, 'und', 0, 77),
('user', 'user', 0, 23, 23, 'und', 0, 242),
('user', 'user', 0, 27, 27, 'und', 0, 106),
('user', 'user', 0, 28, 28, 'und', 0, 106),
('user', 'user', 0, 29, 29, 'und', 0, 106),
('user', 'user', 0, 30, 30, 'und', 0, 106),
('user', 'user', 0, 31, 31, 'und', 0, 1),
('user', 'user', 0, 32, 32, 'und', 0, 1),
('user', 'user', 0, 33, 33, 'und', 0, 241),
('user', 'user', 0, 34, 34, 'und', 0, 77),
('user', 'user', 0, 35, 35, 'und', 0, 77),
('user', 'user', 0, 36, 36, 'und', 0, 80),
('user', 'user', 0, 37, 37, 'und', 0, 245),
('user', 'user', 0, 38, 38, 'und', 0, 103),
('user', 'user', 0, 39, 39, 'und', 0, 1),
('user', 'user', 0, 40, 40, 'und', 0, 86),
('user', 'user', 0, 41, 41, 'und', 0, 106),
('user', 'user', 0, 43, 43, 'und', 0, 100002),
('user', 'user', 0, 44, 44, 'und', 0, 100002),
('user', 'user', 0, 47, 47, 'und', 0, 100002),
('user', 'user', 0, 60, 60, 'und', 0, 106),
('user', 'user', 0, 61, 61, 'und', 0, 77),
('user', 'user', 0, 62, 62, 'und', 0, 77),
('user', 'user', 0, 63, 63, 'und', 0, 80),
('user', 'user', 0, 64, 64, 'und', 0, 106),
('user', 'user', 0, 65, 65, 'und', 0, 1),
('user', 'user', 0, 79, 79, 'und', 0, 1),
('user', 'user', 0, 83, 83, 'und', 0, 245);

-- --------------------------------------------------------

--
-- Table structure for table `field_data_field_image`
--

CREATE TABLE `field_data_field_image` (
  `entity_type` varchar(128) NOT NULL DEFAULT '' COMMENT 'The entity type this data is attached to',
  `bundle` varchar(128) NOT NULL DEFAULT '' COMMENT 'The field instance bundle to which this row belongs, used when deleting a field instance',
  `deleted` tinyint(4) NOT NULL DEFAULT '0' COMMENT 'A boolean indicating whether this data item has been deleted',
  `entity_id` int(10) UNSIGNED NOT NULL COMMENT 'The entity id this data is attached to',
  `revision_id` int(10) UNSIGNED DEFAULT NULL COMMENT 'The entity revision id this data is attached to, or NULL if the entity type is not versioned',
  `language` varchar(32) NOT NULL DEFAULT '' COMMENT 'The language for this data item.',
  `delta` int(10) UNSIGNED NOT NULL COMMENT 'The sequence number for this data item, used for multi-value fields',
  `field_image_fid` int(10) UNSIGNED DEFAULT NULL COMMENT 'The file_managed.fid being referenced in this field.',
  `field_image_alt` varchar(512) DEFAULT NULL COMMENT 'Alternative image text, for the image’s ’alt’ attribute.',
  `field_image_title` varchar(1024) DEFAULT NULL COMMENT 'Image title text, for the image’s ’title’ attribute.',
  `field_image_width` int(10) UNSIGNED DEFAULT NULL COMMENT 'The width of the image in pixels.',
  `field_image_height` int(10) UNSIGNED DEFAULT NULL COMMENT 'The height of the image in pixels.'
) ENGINE=InnoDB DEFAULT CHARSET=utf8 COMMENT='Data storage for field 4 (field_image)';

--
-- Dumping data for table `field_data_field_image`
--

INSERT INTO `field_data_field_image` (`entity_type`, `bundle`, `deleted`, `entity_id`, `revision_id`, `language`, `delta`, `field_image_fid`, `field_image_alt`, `field_image_title`, `field_image_width`, `field_image_height`) VALUES
('node', 'article', 0, 3, 3, 'und', 0, 3, '', '', 720, 350),
('node', 'article', 0, 4, 4, 'und', 0, 4, '', '', 251, 201),
('node', 'page', 0, 9, 9, 'und', 0, 12, '', '', 572, 323),
('node', 'page', 0, 11, 11, 'und', 0, 7, '', '', 572, 323),
('node', 'page', 0, 12, 12, 'und', 0, 11, '', '', 600, 373),
('node', 'page', 0, 16, 16, 'und', 0, 9, '', '', 490, 308),
('node', 'page', 0, 18, 18, 'und', 0, 10, '', '', 600, 373),
('node', 'article', 0, 20, 20, 'und', 0, 6, '', '', 572, 323),
('node', 'page', 0, 21, 21, 'und', 0, 13, '', '', 572, 323),
('node', 'article', 0, 25, 25, 'und', 0, 2, '', '', 600, 360),
('node', 'article', 0, 26, 26, 'und', 0, 14, '', '', 642, 481),
('node', 'article', 0, 28, 28, 'und', 0, 15, '', '', 630, 120);

-- --------------------------------------------------------

--
-- Table structure for table `field_data_field_localidades`
--

CREATE TABLE `field_data_field_localidades` (
  `entity_type` varchar(128) NOT NULL DEFAULT '' COMMENT 'The entity type this data is attached to',
  `bundle` varchar(128) NOT NULL DEFAULT '' COMMENT 'The field instance bundle to which this row belongs, used when deleting a field instance',
  `deleted` tinyint(4) NOT NULL DEFAULT '0' COMMENT 'A boolean indicating whether this data item has been deleted',
  `entity_id` int(10) UNSIGNED NOT NULL COMMENT 'The entity id this data is attached to',
  `revision_id` int(10) UNSIGNED DEFAULT NULL COMMENT 'The entity revision id this data is attached to, or NULL if the entity type is not versioned',
  `language` varchar(32) NOT NULL DEFAULT '' COMMENT 'The language for this data item.',
  `delta` int(10) UNSIGNED NOT NULL COMMENT 'The sequence number for this data item, used for multi-value fields',
  `field_localidades_value` int(11) DEFAULT NULL
) ENGINE=InnoDB DEFAULT CHARSET=utf8 COMMENT='Data storage for field 6 (field_localidades)';

--
-- Dumping data for table `field_data_field_localidades`
--

INSERT INTO `field_data_field_localidades` (`entity_type`, `bundle`, `deleted`, `entity_id`, `revision_id`, `language`, `delta`, `field_localidades_value`) VALUES
('user', 'user', 0, 1, 1, 'und', 0, 8),
('user', 'user', 0, 1, 1, 'und', 1, 40),
('user', 'user', 0, 1, 1, 'und', 2, 74),
('user', 'user', 0, 1, 1, 'und', 3, 81),
('user', 'user', 0, 1, 1, 'und', 4, 549),
('user', 'user', 0, 5, 5, 'und', 0, 873),
('user', 'user', 0, 5, 5, 'und', 1, 878),
('user', 'user', 0, 5, 5, 'und', 2, 100032),
('user', 'user', 0, 9, 9, 'und', 0, 100037),
('user', 'user', 0, 10, 10, 'und', 0, 301),
('user', 'user', 0, 11, 11, 'und', 0, 879),
('user', 'user', 0, 12, 12, 'und', 0, 12),
('user', 'user', 0, 12, 12, 'und', 1, 301),
('user', 'user', 0, 12, 12, 'und', 2, 375),
('user', 'user', 0, 12, 12, 'und', 3, 455),
('user', 'user', 0, 12, 12, 'und', 4, 578),
('user', 'user', 0, 12, 12, 'und', 5, 873),
('user', 'user', 0, 12, 12, 'und', 6, 875),
('user', 'user', 0, 12, 12, 'und', 7, 877),
('user', 'user', 0, 12, 12, 'und', 8, 878),
('user', 'user', 0, 12, 12, 'und', 9, 879),
('user', 'user', 0, 12, 12, 'und', 10, 880),
('user', 'user', 0, 12, 12, 'und', 11, 100017),
('user', 'user', 0, 12, 12, 'und', 12, 100018),
('user', 'user', 0, 12, 12, 'und', 13, 100032),
('user', 'user', 0, 12, 12, 'und', 14, 100037),
('user', 'user', 0, 13, 13, 'und', 0, 12),
('user', 'user', 0, 13, 13, 'und', 1, 873),
('user', 'user', 0, 13, 13, 'und', 2, 100017),
('user', 'user', 0, 14, 14, 'und', 0, 455),
('user', 'user', 0, 14, 14, 'und', 1, 877),
('user', 'user', 0, 14, 14, 'und', 2, 100018),
('user', 'user', 0, 15, 15, 'und', 0, 875),
('user', 'user', 0, 16, 16, 'und', 0, 880),
('user', 'user', 0, 17, 17, 'und', 0, 100032),
('user', 'user', 0, 18, 18, 'und', 0, 375),
('user', 'user', 0, 19, 19, 'und', 0, 276),
('user', 'user', 0, 19, 19, 'und', 1, 284),
('user', 'user', 0, 19, 19, 'und', 2, 714),
('user', 'user', 0, 21, 21, 'und', 0, 4),
('user', 'user', 0, 21, 21, 'und', 1, 7),
('user', 'user', 0, 21, 21, 'und', 2, 9),
('user', 'user', 0, 21, 21, 'und', 3, 11),
('user', 'user', 0, 21, 21, 'und', 4, 15),
('user', 'user', 0, 21, 21, 'und', 5, 28),
('user', 'user', 0, 21, 21, 'und', 6, 30),
('user', 'user', 0, 21, 21, 'und', 7, 32),
('user', 'user', 0, 21, 21, 'und', 8, 41),
('user', 'user', 0, 21, 21, 'und', 9, 50),
('user', 'user', 0, 21, 21, 'und', 10, 65),
('user', 'user', 0, 21, 21, 'und', 11, 75),
('user', 'user', 0, 21, 21, 'und', 12, 76),
('user', 'user', 0, 21, 21, 'und', 13, 83),
('user', 'user', 0, 22, 22, 'und', 0, 8),
('user', 'user', 0, 22, 22, 'und', 1, 40),
('user', 'user', 0, 22, 22, 'und', 2, 74),
('user', 'user', 0, 22, 22, 'und', 3, 81),
('user', 'user', 0, 22, 22, 'und', 4, 549),
('user', 'user', 0, 23, 23, 'und', 0, 276),
('user', 'user', 0, 27, 27, 'und', 0, 12),
('user', 'user', 0, 27, 27, 'und', 1, 301),
('user', 'user', 0, 27, 27, 'und', 2, 375),
('user', 'user', 0, 27, 27, 'und', 3, 455),
('user', 'user', 0, 27, 27, 'und', 4, 578),
('user', 'user', 0, 27, 27, 'und', 5, 873),
('user', 'user', 0, 27, 27, 'und', 6, 875),
('user', 'user', 0, 27, 27, 'und', 7, 877),
('user', 'user', 0, 27, 27, 'und', 8, 878),
('user', 'user', 0, 27, 27, 'und', 9, 879),
('user', 'user', 0, 27, 27, 'und', 10, 880),
('user', 'user', 0, 27, 27, 'und', 11, 100017),
('user', 'user', 0, 27, 27, 'und', 12, 100018),
('user', 'user', 0, 27, 27, 'und', 13, 100032),
('user', 'user', 0, 27, 27, 'und', 14, 100037),
('user', 'user', 0, 28, 28, 'und', 0, 12),
('user', 'user', 0, 28, 28, 'und', 1, 455),
('user', 'user', 0, 28, 28, 'und', 2, 873),
('user', 'user', 0, 28, 28, 'und', 3, 875),
('user', 'user', 0, 28, 28, 'und', 4, 878),
('user', 'user', 0, 28, 28, 'und', 5, 879),
('user', 'user', 0, 28, 28, 'und', 6, 880),
('user', 'user', 0, 28, 28, 'und', 7, 100017),
('user', 'user', 0, 28, 28, 'und', 8, 100018),
('user', 'user', 0, 29, 29, 'und', 0, 12),
('user', 'user', 0, 29, 29, 'und', 1, 455),
('user', 'user', 0, 29, 29, 'und', 2, 873),
('user', 'user', 0, 29, 29, 'und', 3, 875),
('user', 'user', 0, 29, 29, 'und', 4, 877),
('user', 'user', 0, 29, 29, 'und', 5, 878),
('user', 'user', 0, 29, 29, 'und', 6, 879),
('user', 'user', 0, 29, 29, 'und', 7, 880),
('user', 'user', 0, 29, 29, 'und', 8, 100017),
('user', 'user', 0, 29, 29, 'und', 9, 100018),
('user', 'user', 0, 30, 30, 'und', 0, 100037),
('user', 'user', 0, 31, 31, 'und', 0, 4),
('user', 'user', 0, 31, 31, 'und', 1, 7),
('user', 'user', 0, 31, 31, 'und', 2, 9),
('user', 'user', 0, 31, 31, 'und', 3, 11),
('user', 'user', 0, 31, 31, 'und', 4, 15),
('user', 'user', 0, 31, 31, 'und', 5, 28),
('user', 'user', 0, 31, 31, 'und', 6, 30),
('user', 'user', 0, 31, 31, 'und', 7, 32),
('user', 'user', 0, 31, 31, 'und', 8, 41),
('user', 'user', 0, 31, 31, 'und', 9, 50),
('user', 'user', 0, 31, 31, 'und', 10, 65),
('user', 'user', 0, 31, 31, 'und', 11, 75),
('user', 'user', 0, 31, 31, 'und', 12, 76),
('user', 'user', 0, 31, 31, 'und', 13, 83),
('user', 'user', 0, 32, 32, 'und', 0, 4),
('user', 'user', 0, 32, 32, 'und', 1, 7),
('user', 'user', 0, 32, 32, 'und', 2, 9),
('user', 'user', 0, 32, 32, 'und', 3, 11),
('user', 'user', 0, 32, 32, 'und', 4, 15),
('user', 'user', 0, 32, 32, 'und', 5, 28),
('user', 'user', 0, 32, 32, 'und', 6, 30),
('user', 'user', 0, 32, 32, 'und', 7, 32),
('user', 'user', 0, 32, 32, 'und', 8, 41),
('user', 'user', 0, 32, 32, 'und', 9, 50),
('user', 'user', 0, 32, 32, 'und', 10, 65),
('user', 'user', 0, 32, 32, 'und', 11, 75),
('user', 'user', 0, 32, 32, 'und', 12, 76),
('user', 'user', 0, 32, 32, 'und', 13, 83),
('user', 'user', 0, 32, 32, 'und', 14, 100071),
('user', 'user', 0, 32, 32, 'und', 15, 100199),
('user', 'user', 0, 32, 32, 'und', 16, 100200),
('user', 'user', 0, 32, 32, 'und', 17, 100244),
('user', 'user', 0, 32, 32, 'und', 18, 100245),
('user', 'user', 0, 33, 33, 'und', 0, 274),
('user', 'user', 0, 33, 33, 'und', 1, 278),
('user', 'user', 0, 33, 33, 'und', 2, 279),
('user', 'user', 0, 33, 33, 'und', 3, 280),
('user', 'user', 0, 33, 33, 'und', 4, 281),
('user', 'user', 0, 33, 33, 'und', 5, 282),
('user', 'user', 0, 33, 33, 'und', 6, 283),
('user', 'user', 0, 33, 33, 'und', 7, 285),
('user', 'user', 0, 33, 33, 'und', 8, 286),
('user', 'user', 0, 33, 33, 'und', 9, 287),
('user', 'user', 0, 33, 33, 'und', 10, 288),
('user', 'user', 0, 33, 33, 'und', 11, 290),
('user', 'user', 0, 33, 33, 'und', 12, 291),
('user', 'user', 0, 33, 33, 'und', 13, 292),
('user', 'user', 0, 33, 33, 'und', 14, 294),
('user', 'user', 0, 33, 33, 'und', 15, 295),
('user', 'user', 0, 33, 33, 'und', 16, 296),
('user', 'user', 0, 33, 33, 'und', 17, 297),
('user', 'user', 0, 33, 33, 'und', 18, 298),
('user', 'user', 0, 33, 33, 'und', 19, 299),
('user', 'user', 0, 33, 33, 'und', 20, 300),
('user', 'user', 0, 33, 33, 'und', 21, 302),
('user', 'user', 0, 33, 33, 'und', 22, 304),
('user', 'user', 0, 33, 33, 'und', 23, 306),
('user', 'user', 0, 33, 33, 'und', 24, 308),
('user', 'user', 0, 33, 33, 'und', 25, 310),
('user', 'user', 0, 33, 33, 'und', 26, 337),
('user', 'user', 0, 33, 33, 'und', 27, 391),
('user', 'user', 0, 33, 33, 'und', 28, 444),
('user', 'user', 0, 33, 33, 'und', 29, 448),
('user', 'user', 0, 33, 33, 'und', 30, 450),
('user', 'user', 0, 33, 33, 'und', 31, 452),
('user', 'user', 0, 33, 33, 'und', 32, 453),
('user', 'user', 0, 33, 33, 'und', 33, 457),
('user', 'user', 0, 33, 33, 'und', 34, 458),
('user', 'user', 0, 33, 33, 'und', 35, 464),
('user', 'user', 0, 33, 33, 'und', 36, 469),
('user', 'user', 0, 33, 33, 'und', 37, 471),
('user', 'user', 0, 33, 33, 'und', 38, 472),
('user', 'user', 0, 33, 33, 'und', 39, 713),
('user', 'user', 0, 34, 34, 'und', 0, 1),
('user', 'user', 0, 34, 34, 'und', 1, 8),
('user', 'user', 0, 34, 34, 'und', 2, 40),
('user', 'user', 0, 34, 34, 'und', 3, 74),
('user', 'user', 0, 34, 34, 'und', 4, 81),
('user', 'user', 0, 35, 35, 'und', 0, 1),
('user', 'user', 0, 35, 35, 'und', 1, 8),
('user', 'user', 0, 35, 35, 'und', 2, 40),
('user', 'user', 0, 35, 35, 'und', 3, 74),
('user', 'user', 0, 35, 35, 'und', 4, 81),
('user', 'user', 0, 35, 35, 'und', 5, 549),
('user', 'user', 0, 36, 36, 'und', 0, 10),
('user', 'user', 0, 36, 36, 'und', 1, 18),
('user', 'user', 0, 36, 36, 'und', 2, 20),
('user', 'user', 0, 36, 36, 'und', 3, 21),
('user', 'user', 0, 36, 36, 'und', 4, 22),
('user', 'user', 0, 36, 36, 'und', 5, 23),
('user', 'user', 0, 36, 36, 'und', 6, 25),
('user', 'user', 0, 36, 36, 'und', 7, 26),
('user', 'user', 0, 36, 36, 'und', 8, 27),
('user', 'user', 0, 36, 36, 'und', 9, 33),
('user', 'user', 0, 36, 36, 'und', 10, 34),
('user', 'user', 0, 36, 36, 'und', 11, 35),
('user', 'user', 0, 36, 36, 'und', 12, 47),
('user', 'user', 0, 36, 36, 'und', 13, 52),
('user', 'user', 0, 36, 36, 'und', 14, 56),
('user', 'user', 0, 36, 36, 'und', 15, 58),
('user', 'user', 0, 36, 36, 'und', 16, 64),
('user', 'user', 0, 36, 36, 'und', 17, 66),
('user', 'user', 0, 36, 36, 'und', 18, 77),
('user', 'user', 0, 36, 36, 'und', 19, 78),
('user', 'user', 0, 36, 36, 'und', 20, 552),
('user', 'user', 0, 36, 36, 'und', 21, 100004),
('user', 'user', 0, 36, 36, 'und', 22, 100005),
('user', 'user', 0, 36, 36, 'und', 23, 100006),
('user', 'user', 0, 36, 36, 'und', 24, 100007),
('user', 'user', 0, 37, 37, 'und', 0, 277),
('user', 'user', 0, 37, 37, 'und', 1, 874),
('user', 'user', 0, 37, 37, 'und', 2, 876),
('user', 'user', 0, 38, 38, 'und', 0, 29),
('user', 'user', 0, 38, 38, 'und', 1, 31),
('user', 'user', 0, 39, 39, 'und', 0, 4),
('user', 'user', 0, 39, 39, 'und', 1, 7),
('user', 'user', 0, 39, 39, 'und', 2, 9),
('user', 'user', 0, 39, 39, 'und', 3, 11),
('user', 'user', 0, 39, 39, 'und', 4, 15),
('user', 'user', 0, 39, 39, 'und', 5, 28),
('user', 'user', 0, 39, 39, 'und', 6, 30),
('user', 'user', 0, 39, 39, 'und', 7, 32),
('user', 'user', 0, 39, 39, 'und', 8, 41),
('user', 'user', 0, 39, 39, 'und', 9, 50),
('user', 'user', 0, 39, 39, 'und', 10, 65),
('user', 'user', 0, 39, 39, 'und', 11, 75),
('user', 'user', 0, 39, 39, 'und', 12, 76),
('user', 'user', 0, 39, 39, 'und', 13, 83),
('user', 'user', 0, 39, 39, 'und', 14, 473),
('user', 'user', 0, 40, 40, 'und', 0, 558),
('user', 'user', 0, 40, 40, 'und', 1, 100048),
('user', 'user', 0, 41, 41, 'und', 0, 301),
('user', 'user', 0, 43, 43, 'und', 0, 100041),
('user', 'user', 0, 43, 43, 'und', 1, 100042),
('user', 'user', 0, 43, 43, 'und', 2, 100043),
('user', 'user', 0, 43, 43, 'und', 3, 100044),
('user', 'user', 0, 43, 43, 'und', 4, 100045),
('user', 'user', 0, 43, 43, 'und', 5, 100046),
('user', 'user', 0, 43, 43, 'und', 6, 100085),
('user', 'user', 0, 44, 44, 'und', 0, 100041),
('user', 'user', 0, 44, 44, 'und', 1, 100042),
('user', 'user', 0, 44, 44, 'und', 2, 100043),
('user', 'user', 0, 44, 44, 'und', 3, 100044),
('user', 'user', 0, 44, 44, 'und', 4, 100045),
('user', 'user', 0, 44, 44, 'und', 5, 100046),
('user', 'user', 0, 47, 47, 'und', 0, 100041),
('user', 'user', 0, 47, 47, 'und', 1, 100042),
('user', 'user', 0, 47, 47, 'und', 2, 100043),
('user', 'user', 0, 47, 47, 'und', 3, 100044),
('user', 'user', 0, 47, 47, 'und', 4, 100045),
('user', 'user', 0, 47, 47, 'und', 5, 100046),
('user', 'user', 0, 60, 60, 'und', 0, 12),
('user', 'user', 0, 60, 60, 'und', 1, 873),
('user', 'user', 0, 60, 60, 'und', 2, 875),
('user', 'user', 0, 60, 60, 'und', 3, 879),
('user', 'user', 0, 60, 60, 'und', 4, 100017),
('user', 'user', 0, 60, 60, 'und', 5, 100079),
('user', 'user', 0, 60, 60, 'und', 6, 100081),
('user', 'user', 0, 61, 61, 'und', 0, 1),
('user', 'user', 0, 61, 61, 'und', 1, 8),
('user', 'user', 0, 61, 61, 'und', 2, 40),
('user', 'user', 0, 61, 61, 'und', 3, 74),
('user', 'user', 0, 61, 61, 'und', 4, 81),
('user', 'user', 0, 61, 61, 'und', 5, 549),
('user', 'user', 0, 62, 62, 'und', 0, 1),
('user', 'user', 0, 62, 62, 'und', 1, 8),
('user', 'user', 0, 62, 62, 'und', 2, 40),
('user', 'user', 0, 62, 62, 'und', 3, 74),
('user', 'user', 0, 62, 62, 'und', 4, 81),
('user', 'user', 0, 62, 62, 'und', 5, 549),
('user', 'user', 0, 63, 63, 'und', 0, 10),
('user', 'user', 0, 63, 63, 'und', 1, 18),
('user', 'user', 0, 63, 63, 'und', 2, 20),
('user', 'user', 0, 63, 63, 'und', 3, 21),
('user', 'user', 0, 63, 63, 'und', 4, 22),
('user', 'user', 0, 63, 63, 'und', 5, 23),
('user', 'user', 0, 63, 63, 'und', 6, 25),
('user', 'user', 0, 63, 63, 'und', 7, 26),
('user', 'user', 0, 63, 63, 'und', 8, 27),
('user', 'user', 0, 63, 63, 'und', 9, 33),
('user', 'user', 0, 63, 63, 'und', 10, 35),
('user', 'user', 0, 63, 63, 'und', 11, 47),
('user', 'user', 0, 63, 63, 'und', 12, 52),
('user', 'user', 0, 63, 63, 'und', 13, 56),
('user', 'user', 0, 63, 63, 'und', 14, 58),
('user', 'user', 0, 63, 63, 'und', 15, 66),
('user', 'user', 0, 63, 63, 'und', 16, 77),
('user', 'user', 0, 63, 63, 'und', 17, 78),
('user', 'user', 0, 63, 63, 'und', 18, 552),
('user', 'user', 0, 63, 63, 'und', 19, 100004),
('user', 'user', 0, 63, 63, 'und', 20, 100005),
('user', 'user', 0, 63, 63, 'und', 21, 100006),
('user', 'user', 0, 63, 63, 'und', 22, 100007),
('user', 'user', 0, 63, 63, 'und', 23, 100053),
('user', 'user', 0, 63, 63, 'und', 24, 100054),
('user', 'user', 0, 63, 63, 'und', 25, 100055),
('user', 'user', 0, 63, 63, 'und', 26, 100087),
('user', 'user', 0, 63, 63, 'und', 27, 100092),
('user', 'user', 0, 63, 63, 'und', 28, 100093),
('user', 'user', 0, 64, 64, 'und', 0, 100037),
('user', 'user', 0, 64, 64, 'und', 1, 100141),
('user', 'user', 0, 64, 64, 'und', 2, 100158),
('user', 'user', 0, 65, 65, 'und', 0, 4),
('user', 'user', 0, 65, 65, 'und', 1, 7),
('user', 'user', 0, 65, 65, 'und', 2, 9),
('user', 'user', 0, 65, 65, 'und', 3, 11),
('user', 'user', 0, 65, 65, 'und', 4, 15),
('user', 'user', 0, 65, 65, 'und', 5, 28),
('user', 'user', 0, 65, 65, 'und', 6, 30),
('user', 'user', 0, 65, 65, 'und', 7, 32),
('user', 'user', 0, 65, 65, 'und', 8, 41),
('user', 'user', 0, 65, 65, 'und', 9, 50),
('user', 'user', 0, 65, 65, 'und', 10, 65),
('user', 'user', 0, 65, 65, 'und', 11, 75),
('user', 'user', 0, 65, 65, 'und', 12, 76),
('user', 'user', 0, 65, 65, 'und', 13, 83),
('user', 'user', 0, 79, 79, 'und', 0, 4),
('user', 'user', 0, 79, 79, 'und', 1, 7),
('user', 'user', 0, 79, 79, 'und', 2, 9),
('user', 'user', 0, 79, 79, 'und', 3, 11),
('user', 'user', 0, 79, 79, 'und', 4, 15),
('user', 'user', 0, 79, 79, 'und', 5, 28),
('user', 'user', 0, 79, 79, 'und', 6, 30),
('user', 'user', 0, 79, 79, 'und', 7, 32),
('user', 'user', 0, 79, 79, 'und', 8, 41),
('user', 'user', 0, 79, 79, 'und', 9, 50),
('user', 'user', 0, 79, 79, 'und', 10, 65),
('user', 'user', 0, 79, 79, 'und', 11, 75),
('user', 'user', 0, 79, 79, 'und', 12, 76),
('user', 'user', 0, 79, 79, 'und', 13, 83),
('user', 'user', 0, 79, 79, 'und', 14, 100071),
('user', 'user', 0, 79, 79, 'und', 15, 100199),
('user', 'user', 0, 79, 79, 'und', 16, 100200),
('user', 'user', 0, 79, 79, 'und', 17, 100244),
('user', 'user', 0, 79, 79, 'und', 18, 100245),
('user', 'user', 0, 83, 83, 'und', 0, 277),
('user', 'user', 0, 83, 83, 'und', 1, 717),
('user', 'user', 0, 83, 83, 'und', 2, 874),
('user', 'user', 0, 83, 83, 'und', 3, 876),
('user', 'user', 0, 83, 83, 'und', 4, 100318),
('user', 'user', 0, 83, 83, 'und', 5, 100319),
('user', 'user', 0, 83, 83, 'und', 6, 100350),
('user', 'user', 0, 83, 83, 'und', 7, 100363);

-- --------------------------------------------------------

--
-- Table structure for table `field_data_field_tags`
--

CREATE TABLE `field_data_field_tags` (
  `entity_type` varchar(128) NOT NULL DEFAULT '' COMMENT 'The entity type this data is attached to',
  `bundle` varchar(128) NOT NULL DEFAULT '' COMMENT 'The field instance bundle to which this row belongs, used when deleting a field instance',
  `deleted` tinyint(4) NOT NULL DEFAULT '0' COMMENT 'A boolean indicating whether this data item has been deleted',
  `entity_id` int(10) UNSIGNED NOT NULL COMMENT 'The entity id this data is attached to',
  `revision_id` int(10) UNSIGNED DEFAULT NULL COMMENT 'The entity revision id this data is attached to, or NULL if the entity type is not versioned',
  `language` varchar(32) NOT NULL DEFAULT '' COMMENT 'The language for this data item.',
  `delta` int(10) UNSIGNED NOT NULL COMMENT 'The sequence number for this data item, used for multi-value fields',
  `field_tags_tid` int(10) UNSIGNED DEFAULT NULL
) ENGINE=InnoDB DEFAULT CHARSET=utf8 COMMENT='Data storage for field 3 (field_tags)';

--
-- Dumping data for table `field_data_field_tags`
--

INSERT INTO `field_data_field_tags` (`entity_type`, `bundle`, `deleted`, `entity_id`, `revision_id`, `language`, `delta`, `field_tags_tid`) VALUES
('node', 'page', 0, 11, 11, 'und', 0, 2),
('node', 'page', 0, 12, 12, 'und', 0, 2),
('node', 'page', 0, 13, 13, 'und', 0, 2),
('node', 'page', 0, 14, 14, 'und', 0, 2),
('node', 'page', 0, 15, 15, 'und', 0, 2),
('node', 'page', 0, 16, 16, 'und', 0, 2),
('node', 'page', 0, 19, 19, 'und', 0, 2),
('node', 'article', 0, 20, 20, 'und', 0, 2),
('node', 'page', 0, 21, 21, 'und', 0, 2);

-- --------------------------------------------------------

--
-- Table structure for table `field_revision_body`
--

CREATE TABLE `field_revision_body` (
  `entity_type` varchar(128) NOT NULL DEFAULT '' COMMENT 'The entity type this data is attached to',
  `bundle` varchar(128) NOT NULL DEFAULT '' COMMENT 'The field instance bundle to which this row belongs, used when deleting a field instance',
  `deleted` tinyint(4) NOT NULL DEFAULT '0' COMMENT 'A boolean indicating whether this data item has been deleted',
  `entity_id` int(10) UNSIGNED NOT NULL COMMENT 'The entity id this data is attached to',
  `revision_id` int(10) UNSIGNED NOT NULL COMMENT 'The entity revision id this data is attached to',
  `language` varchar(32) NOT NULL DEFAULT '' COMMENT 'The language for this data item.',
  `delta` int(10) UNSIGNED NOT NULL COMMENT 'The sequence number for this data item, used for multi-value fields',
  `body_value` longtext,
  `body_summary` longtext,
  `body_format` varchar(255) DEFAULT NULL
) ENGINE=InnoDB DEFAULT CHARSET=utf8 COMMENT='Revision archive storage for field 2 (body)';

--
-- Dumping data for table `field_revision_body`
--

INSERT INTO `field_revision_body` (`entity_type`, `bundle`, `deleted`, `entity_id`, `revision_id`, `language`, `delta`, `body_value`, `body_summary`, `body_format`) VALUES
('node', 'article', 0, 3, 3, 'und', 0, 'ADA: Resolución 660/11\r\nDeclaraciones Juradas deberán ser presentadas con una periodicidad anual a partir de la fecha inicial de presentación.\r\n', '', 'filtered_html'),
('node', 'article', 0, 4, 4, 'und', 0, '<p>Ambito de aplicación y disposiciones generales. Registro de Generadores y Operadores. Manifiesto. Generadores. Transportistas. Plantas de Tratamiento y disposición final. Responsabilidades. Infracciones y sanciones. Régimen penal. Autoridad de Aplicación. Disposiciones Complementarias. Ver ley completa <a title=\"Ley de Residuos Peligrosos\" href=\"http://infoleg.mecon.gov.ar/infolegInternet/anexos/0-4999/450/texact.htm\" target=\"_blank\">aquí </a></p>', '', 'full_html'),
('node', 'page', 0, 7, 7, 'und', 0, 'Somos una empresa moderna y joven dedicada a la Seguridad e Higiene Industrial, Medio Ambiente y Protección Contra Incendios, que inició sus operaciones en 1992.\r\nPoseemos gran experiencia, distribuida en las personas que la integramos, donde se combinan más de 30 años de trayectoria en la industria del petróleo y experiencia en la industria de la construcción además de Plantas químicas e Industriales.\r\nNuestros profesionales y técnicos poseen una amplia capacitación en diferentes temas relacionados con la industria, recibida tanto en el país como en el exterior, lo que brinda un sólido respaldo técnico y práctico a nuestras operaciones.\r\nComo empresa de servicios, nuestro principal objetivo es la satisfacción del cliente, y en ese marco trabajamos continuamente a efectos de lograr la excelencia en las operaciones, tanto en las propias como aquellas de quienes contratan nuestros servicios.\r\n\r\n\r\n\r\nNuestra Visión\r\n“Basándonos en los servicios integrales de seguridad higiene y medio ambiente, diversificarnos como empresa líder en productos y servicios para la industria en general, en el ámbito local, nacional e internacional”\r\n\r\n\r\nNuestra Misión\r\n“Lograr un crecimiento sustentable, brindando productos y servicios con la más alta calidad. Ofreciendo a nuestros colaboradores oportunidad de desarrollo. Sosteniendo y promoviendo los valores fundamentales de Tec Precinc , respetando la diversidad y comprometiéndonos con la comunidad y nuestra responsabilidad social.”.\r\n\r\nNuestro lema\r\n“Responsabilidad, respeto, solidaridad, honestidad y compromiso”.\r\n', '', 'filtered_html'),
('node', 'page', 0, 8, 8, 'und', 0, 'Tecprecinc cumple rigurosamente con las normas y las siguientes certificaciones :\r\n\r\nISO 9001-2008\r\n\r\nISO 14001-200\r\n\r\nOSHA 18001\r\n\r\nTalleres certificados de mantenedores de extintores IRAM 3517/2\r\n\r\nProfesionales certificados por NFPA 25 y NFPA 20\r\n\r\nRegistrados en el SICLAR', '', 'filtered_html'),
('node', 'page', 0, 9, 9, 'und', 0, 'La experiencia desarrollada a través de los años, en la realización de este tipo de trabajos nos permite afirmar que el mantenimiento de equipos contra incendio es un servicio que nos destaca en el mercado.\r\nDetallamos a continuación las actividades más relevantes\r\n•	Mantenimiento, control y reparación de extintores\r\n•	Mantenimiento, inspección y prueba de redes fijas contra incendios (incluye la reparación integral de todos los accesorios) en:\r\n	.	Plantas industriales\r\n	.	Baterías de producción\r\n	.	Cargaderos y descargaderos de hidrocarburos\r\n	.	Galpones Industriales para diferentes usos\r\n	.	Sistemas de rociadores de Tanques de Almacenamiento\r\n	.	Sistemas de generación de espumas extintoras\r\n•	Mantenimiento, reparación y calibración de equipos de venteo de tanques (válvulas de presión y vacío, arresta llamas y cuello de cisne).\r\n\r\nEn este servicio incluimos la Ingeniería Básica, Diseño y Montaje de sistemas fijos contra incendio.', '', 'filtered_html'),
('node', 'page', 0, 10, 10, 'und', 0, 'Tecprecinc S.R.L cuenta con un servicio de venta y post venta de equipamiento integral para las redes contra incendio y otros.', '', 'filtered_html'),
('node', 'page', 0, 11, 11, 'und', 0, '<p>La experiencia desarrollada a través de los años, en la realización de este tipo de trabajos nos permite afirmar que el mantenimiento de equipos contra incendio es un servicio que nos destaca en el mercado.<br />Detallamos a continuación las actividades más relevantes<br />•&nbsp;&nbsp;&nbsp; Mantenimiento, control y reparación de extintores<br />•&nbsp;&nbsp;&nbsp; Mantenimiento, inspección y prueba de redes fijas contra incendios (incluye la reparación integral de todos los accesorios) en:<br />&nbsp;&nbsp;&nbsp; .&nbsp;&nbsp;&nbsp; Plantas industriales<br />&nbsp;&nbsp;&nbsp; .&nbsp;&nbsp;&nbsp; Baterías de producción<br />&nbsp;&nbsp;&nbsp; .&nbsp;&nbsp;&nbsp; Cargaderos y descargaderos de hidrocarburos<br />&nbsp;&nbsp;&nbsp; .&nbsp;&nbsp;&nbsp; Galpones Industriales para diferentes usos<br />&nbsp;&nbsp;&nbsp; .&nbsp;&nbsp;&nbsp; Sistemas de rociadores de Tanques de Almacenamiento<br />&nbsp;&nbsp;&nbsp; .&nbsp;&nbsp;&nbsp; Sistemas de generación de espumas extintoras<br />•&nbsp;&nbsp;&nbsp; Mantenimiento, reparación y calibración de equipos de venteo de tanques&nbsp; (válvulas de presión y vacío, arresta llamas y cuello de cisne).<br /><br />En este servicio incluimos la Ingeniería Básica, Diseño y Montaje de sistemas fijos contra incendio.<br /><br /></p>', 'La experiencia desarrollada a través de los años, en la realización de este tipo de trabajos nos permite afirmar que el mantenimiento de equipos contra incendio es un servicio que nos destaca en el mercado.', 'full_html'),
('node', 'page', 0, 12, 12, 'und', 0, 'La capacitación es el eje sobre el cual debe girar todo sistema de gestión, ya que el grado de instrucción de las personas es la clave del éxito de la gestión empresarial.\r\nNuestro objetivo en este sentido es ayudar a incrementar el capital intelectual de nuestros clientes, dándoles así valor agregado a sus actividades.\r\nLa cantidad de horas promedio de capacitación anual brindada a nuestros clientes se encuentra en el orden de 15.000, que nos posiciona como una de las empresas de servicios con más experiencia en la materia.\r\nDicha capacitación abarca todo el espectro de temas incluidos en nuestra disciplina entre los que se pueden mencionar:\r\n•	Seguridad Integrada\r\n•	Manejo Defensivo\r\n•	El conductor profesional de flota (Manejo defensivo para chóferes de cargaslíquidas, sólidas, gaseosas y/o peligrosas)\r\n•	Elementos de protección personal (EPP)\r\n•	Riesgo eléctrico\r\n•	Clases de fuego y medios de extinción\r\n•	Matafuegos, clases y usos\r\n•	Trabajos en caliente en la industria petrolera\r\n•	Técnicas Resucitación Cardio Pulmonar (RCP)\r\n•	Recomendaciones básicas de seguridad e higiene para personal ingresante\r\n•	Estadística de accidentes de trabajo\r\n', '', 'filtered_html'),
('node', 'page', 0, 13, 13, 'und', 0, 'La experiencia adquirida durante todos estos años, la calidad de nuestros profesionales y la capacitación recibida nos posiciona entre los mejores del mercado como empresa proveedora de Servicios Externos.\r\nNuestro personal cuenta además con el apoyo de una infraestructura adecuada para lograr una amplia cobertura geográfica. \r\nContamos con bases operativas en diferentes ciudades de las Provincias de Neuquén y Rio Negro.\r\nEste servicio abarca todos los aspectos requeridos tanto por la legislación vigente como por las empresas líderes que marcan las pautas de comportamiento de mercado.\r\nContamos en la actualidad con una vasta cartera de clientes, a los que les ofrecemos, entre otras, las siguientes prestaciones:\r\n\r\n•	Auditorias sobre las condiciones de seguridad de las instalaciones\r\n•	Servicios externos de Seguridad e Higiene\r\n•	Estadísticas y análisis sistemático de accidentes\r\n•	Determinación de riesgos potenciales y estudio de medidas correctivas\r\n•	Determinación de necesidades de usos de elementos de protección personal\r\n•	Confección y adecuación de legajos técnicos\r\n•	Seguridad en equipos de perforación, RTP y Pulling\r\n•	Diseño y cálculo de redes fijas contra incendios\r\n•	Asistencia en seguridad, para trabajos de estimulación y cementación de pozos petrolíferos\r\n•	Asesoramiento en paros de planta\r\n•	Análisis de riesgos bajo metodologías internacionales.\r\n•	Capacitación.\r\n•	Estudios de ruidos, iluminación, etc.', '', 'filtered_html'),
('node', 'page', 0, 14, 14, 'und', 0, 'Evaluación del Impacto Ambiental (EIA):\r\nEs un procedimiento jurídico – técnico – administrativo que tiene por objeto la identificación, predicción e interpretación de los impactos ambientales que un proyecto o actividad podría producir en caso de ser ejecutado; así como la prevención, corrección y valoración de los mismos. Todo ello con el fin de ser aceptado, modificado o rechazado por parte de las distintas administraciones públicas competentes (Municipales, Provinciales o Nacionales).\r\n\r\nInformes Ambientales:\r\nAsesoramiento en la confección del procedimiento para la Identificación y Evaluación de Aspectos Ambientales que se generan en los procesos que se desarrollan en la empresa y el correspondiente Programa de Mejora.\r\n\r\nGestión de residuos:\r\nAsesoramiento en la implementación del Plan Integral de Gestión de Residuos (PIGR); que consiste básicamente en un sistema de recolección, segregación (almacenamiento) y disposición de residuos en las áreas del cliente.\r\nCapacitación al personal. Construcción de repositorios temporarios. Construcción del conjunto o Rack (estructura de hierro donde se colocan los tachos) servicio PIGR.\r\n\r\nRecuperación de Picadas:\r\nLa pérdida de cobertura vegetal agrava el problema de desertificación que presentan aquellos lugares donde es más intensa la actividad hidrocarburífera.\r\nUna posible metodología de trabajo consiste en el subsolado lineal o la escarificación de la zona afectada respetando siempre la pendiente natural, con lo cual se aumenta la rugosidad superficial del terreno. De esta manera, se disminuye la velocidad superficial del agua que eventualmente escurre. Además, se logra entrampar las semillas dispersadas por acción eólica; posibilitando inducir el proceso de re-vegetación natural.\r\n\r\nRecuperación de canteras:\r\nLa recolonización natural de la flora autóctona se logra a partir de los trabajos de reacondicionamiento de la topografía, mediante la distribución y perfilaje del material de rechazo y la escarificación del suelo, así como los accesos, con su posterior cierre. De esta manera, se inducirá al incremento en el banco de semilla generado por la rugosidad del terreno, induciendo la posterior re-vegetación natural.\r\n\r\nRestauración de cuencas:\r\nEsta metodología de trabajo consiste básicamente en la realización de tareas integradas, tales como:\r\n•	Recuperación de suelos degradados por la erosión hídrica y derrames.\r\n•	Manejo de aguas de escurrimiento para re-vegetar sitios degradados.\r\n•	Almacenaje de escurrimientos.\r\n•	Recuperación de cursos de agua y de sus riberas, mediante trabajos 	hidrológicos y re-vegetación de riberas.\r\n\r\nRestauración de la cubierta vegetal en la cuenca:\r\nEste tipo de trabajos tiende básicamente al comienzo en las tareas de mitigación de los problemas de desertificación ocasionados en los lugares donde se desarrolla la actividad hidrocarburífera y el impacto que esto generó en la actividad pecuaria, por lo cual se pueden desarrollar los siguientes trabajos:\r\n\r\n•	Aumento de la cobertura, evaluación de la condición y tendencia.\r\n•	Evaluación del sobre-uso de la vegetación.\r\n•	Métodos para la repoblación de las especies del monte.\r\n•	Métodos para la multiplicación en vivero de especies nativas.\r\n•	Introducción de especies exóticas no invasoras.\r\n•	Manejo ganadero sostenible.\r\n\r\n', '', 'filtered_html'),
('node', 'page', 0, 15, 15, 'und', 0, '<p>Contamos con un staff de personal profesional con amplia experiencia especializado en estudios de riesgos industriales, según metodologías y normas&nbsp; internacionales tales como las de Banco Mundial, Direct. SEVESO, AIChE, ISO, ASTM, IEC, MIL STD y otras. Todas ellas permiten identificar el grado de compromiso de seguridad del personal propio, terceros y linderos, del Ambiente, al patrimonio y productividad de la empresa, ya sea para las etapas de proyecto, instalación, operación, modificación y abandono de las instalaciones:<br />&nbsp;<br />•&nbsp;&nbsp;&nbsp; Estudios de Análisis de Riesgo <br />&nbsp;&nbsp;&nbsp; .&nbsp;&nbsp;&nbsp; Semi-cuantitativos: PHA, Check List, WI, Hazop, Hazid, FMEA , FMECA, Causa raíz, Causa Efecto, Árbol de eventos, Árbol de Fallas <br />&nbsp;&nbsp;&nbsp;&nbsp; .&nbsp;&nbsp;&nbsp; Cuantitativos: ECR, EAC, ACR <br />•&nbsp;&nbsp;&nbsp; Investigación de Accidentes<br />•&nbsp;&nbsp;&nbsp; Estudios de Clasificación de Áreas (ATEX) <br />•&nbsp;&nbsp;&nbsp; Estudios de Clasificación de Áreas Potenciales de Incendio (API)<br />•&nbsp;&nbsp;&nbsp; Estudios LOPA / SIL de los sistemas integrados de Seguridad<br />•&nbsp;&nbsp;&nbsp; Estudios FRACAS y RVI</p>', 'Contamos con un staff de personal profesional con amplia experiencia especializado en estudios de riesgos industriales, según metodologías y normas  internacionales tales como las de Banco Mundial, Direct. SEVESO, AIChE, ISO, ASTM, IEC, MIL STD y otras. Todas ellas permiten identificar el grado de compromiso de seguridad del personal propio, terceros y linderos, del Ambiente, al patrimonio y productividad de la empresa, ya sea para las etapas de proyecto, instalación, operación, modificación y abandono de las instalaciones', 'full_html'),
('node', 'page', 0, 16, 16, 'und', 0, 'Este servicio está destinado a la asistencia a contingencias que puedan comprometer al ambiente, como así también instalaciones y equipamientos. A través de dicho Grupo, conformado por profesionales, técnicos y personal altamente capacitado, con experiencia comprobable en tareas de control, y posterior remediación, estamos preparados para intervenir en forma rápida y eficiente en contingencias de los siguientes tipos:\r\n\r\n•	Roturas de oleoductos, con consiguientes derrames.\r\n•	Accidentes de tránsito en transportes de hidrocarburos líquidos, gaseosos y de metanol.\r\n•	Descontroles de pozos petrolíferos.\r\n•	Derrames de Hidrocarburos líquidos.Contamos con el equipamiento completo y adecuado para la ejecución de este tipo de tareas.\r\n\r\n\r\n', '', 'filtered_html'),
('node', 'page', 0, 17, 17, 'und', 0, 'Asesoramiento en Sistemas de Gestión', '', 'filtered_html'),
('node', 'page', 0, 18, 18, 'und', 0, 'Contamos con un staff de profesionales dedicados al asesoramiento, para acompañar a nuestros clientes a comprender y aplicar los conocimientos necesarios para la planificación e implementación eficaz de los sistemas de la Calidad, Ambiente, Seguridad y Salud Ocupacional, destacando las siguientes actividades:\r\n\r\n•	. Confección de Manuales.\r\n•	. Colaboración en la redacción de las políticas, procedimientos de gestión.\r\n•	. Realización de auditorías internas.\r\n\r\nPara cada una de las normas citadas más abajo, se cuenta con personal especializado, como así también con auditores internos y lideres.\r\nLuego de completar las etapas de implementación, hacemos los contactos necesarios para la intervención de las firmas certificadoras y los acompañamos en dicho proceso.\r\nNormas de referencia:\r\n•	Norma ISO 9001, Sistema de Gestión de la Calidad.\r\n•	Norma ISO 14.001, Sistema de Gestión Ambiental.\r\n•	Norma IRAM 3800 y OSHAS 18.001, Sistema de Gestión de Seguridad y Salud Ocupacional.', '', 'filtered_html'),
('node', 'page', 0, 19, 19, 'und', 0, 'Poseemos un servicio del más jerarquizado nivel Profesional regional en la asesoría responsable y probado para la “adaptación del hombre a su trabajo y del trabajo al hombre”. La permanente capacitación cuali-cuantitativa se efectua acorde a cada lugar de tareas, en la búsqueda integral para que el Trabajador alcance la plenitud de su Estado de Salud Práctica, genere su total Capacidad de Producción y posibilite la máxima Capacidad de Ganancia para él y la Empresa.\r\n•	Exámenes acabados y personalizados acorde a Ley de Ingreso Laboral /  Periódicos / Egreso laboral.\r\n•	Auditorías de ausentismos por Enf. Inculpables / At. de Fam. Enf. / Infortunios Laborales en consultorio / domicilio / internación acompañadas de gráficas digitales de las entrevistas.\r\n•	Coordinación con CSMA de las vacunaciones anuales.\r\n•	Banco de datos de ausentismos por patologías y sectores laborales.\r\n•	Asesoramiento en ausentismos prolongados y/o situaciones problemáticas controversiales Médicas.\r\n•	Representación Pericial en Juntas Médicas privadas, Administrativas y/o judiciales.\r\n•	Capacitación teórico-audiovisual y práctica continua en educación para la  prevención en coordinación con CSMA.\r\n•	Asesoramiento en la elección de la ART.\r\n•	Acompañamiento y permanente control evolutivo en la asistencia de los  infortunios Laborales mediante auditorías conjuntas con los Especialistas de	 la ART.\r\n\r\n', 'Poseemos un servicio del más jerarquizado nivel Profesional regional en la asesoría responsable y probado para la “adaptación del hombre a su trabajo y del trabajo al hombre”. La permanente capacitación cuali-cuantitativa se efectua acorde a cada lugar de tareas, en la búsqueda integral para que el Trabajador alcance la plenitud de su Estado de Salud Práctica, genere su total Capacidad de Producción y posibilite la máxima Capacidad de Ganancia para él y la Empresa.', 'filtered_html'),
('node', 'article', 0, 20, 20, 'und', 0, '<p>El objetivo principal es el de realizar los trabajos encomendados por el cliente, respetando y cumpliendo con las normas del buen arte en la construcción, y en búsqueda de la excelencia y amplia conformidad sobre lo realizado<br /><br /><strong>Anteproyectos / Estado de factibilidad:</strong><br />Este ítem engloba la proyección de la futura obra plasmada en planos, ya sea en lo referente a obra civil o Piping mecánico, cuidando los detalles inherente a los mismos y procurando aprovechar al máximo los materiales, Recursos Humanos, tiempos y costos.<br />Todo esto se complementa con el estudio de factibilidad del proyecto encomendado por el cliente.<br /><br /><strong>Ejecución</strong>:<br />Contamos con recursos humanos, materiales y herramientas para ejecutar el proyecto, ya sea llave en mano o con la provisión de mano de obra únicamente, según los requerimientos exigidos, tratando de optimizar los recursos.<br /><br /><strong>Entrega</strong> de la documentación Final:<br />Al finalizar la obra, se emiten los planos conforme a obra dejando plasmado posibles diferencias en el proyecto original, entregando de esta manera al cliente la documentación real del proyecto.</p>', 'El objetivo principal es el de realizar los trabajos encomendados por el cliente, respetando y cumpliendo con las normas del buen arte en la construcción, y en búsqueda de la excelencia y amplia conformidad sobre lo realizado', 'full_html'),
('node', 'page', 0, 21, 21, 'und', 0, 'En el marco de la legislación vigente, hemos desarrollado una gama de servicios que cubren la mayoría de los aspectos de la problemática ambiental.\r\nEstán incluidos en este rubro el control de los aspectos ambientales significativos tanto en aire como en suelo y tierra.\r\nSe detallan a continuación las tareas ofrecidas:\r\n\r\n•	Relevamientos sonoros\r\n•	Relevamientos lumínicos. Estudio, evaluación y cálculos\r\n•	Evaluación y cálculos de carga térmica\r\n•	Auditorias en contaminación y protección del ambiente\r\n•	Confección y actualización de Planes de Contingencias\r\n•	Adecuación en Higiene Industrial y  Ambiente de los establecimientos de acuerdo a las legislaciones Nacionales y Provinciales\r\n•	Evaluaciones de impacto ambiental\r\n•	Implementación del Sistema de Gestión S.G.M.A.\r\n•	Evaluación de contaminantes\r\n•	Remediación de suelos.\r\n•	Recuperación en cuna de agua.\r\n•	Asesoramiento en casos de emergencia.\r\n•	Capacitación del personal, para actuar adecuadamente ante una emergencia.\r\n\r\n', '', 'filtered_html'),
('node', 'article', 0, 25, 25, 'und', 0, 'PF duplicará el año próximo sus pozos en busca de petróleo y gas.  La empresa planea incrementar dos veces y media los pozos exploratorios hasta los 50 por año. Así lo reveló a este diario Carlos Colo, gerente de Exploración de la empresa, tras su disertación en la Oil & Gas.\r\n\r\nAyer por la mañana el foco estuvo puesto en los planes de exploración de las principales compañías.  “Vamos a  hacer unos 50 pozos por año, estamos cerrando el plan para el 2014. Tenemos una cartera de prospectos donde se incrementan dos veces y media la cantidad de pozos exploratorios con foco en Vaca Muerta”, explicó Colo.\r\n\r\nEl plan de la compañía dirigida por Miguel Galuccio también prevé ampliar el alcance del no convencional a otras cuencas. “En el Golfo de San Jorge, en la formación D-129 hemos perforado tres pozos, hemos obtenido información del subsuelo y está en estudio”, precisó Colo.\r\n\r\nLas norteamericanas\r\n\r\nEn tanto, ExxonMobil y Chevron también avanzan con sus planes. Ricardo Livieres, gerente de Operaciones de ExxonMobil comentó que ya la petrolera norteamericana ha perforado 8 pozos exploratorios en Vaca Muerta en las tres áreas donde participa y ya armaron una estructura fija en Neuquén.\r\n\r\nLivieres reveló que “hemos perforado el primer pozo de shale en agosto pasado y luego hemos perforado otros tres pozos más, de los que se van a evaluar los resultados de los reservorios para ver cómo continuamos”.\r\n\r\nEl directivo explicó que para la búsqueda de shale oil en Vaca Muerta la petrolera participa en dos tipos de actividades. Por un lado integra los consorcios con Petrobras, YPF y Americas Petrogas aunque allí no participa como operador. También en socia de G&P, donde sí son operadores. El ejecutivo de ExxonMobil aclaró que las  perforaciones realizadas fueron en el área Bajo del Choique, a 50 km de Rincón. También tienen operaciones en Sierra Chata, Los Toldos, Pampa de las Yeguas y Loma del Molle con YPF.\r\n\r\nEn tanto, Chevron, además de sus planes con YPF también tiene avanzados sus planes exploratorios en El Trapial, la principal área petrolera de la provincia donde busca avanzar haca Vaca Muerta.', '', 'filtered_html'),
('node', 'article', 0, 26, 26, 'und', 0, 'La cervecera Mahou-San Miguel ha reducido sus índices de siniestralidad laboral en un 80% desde 1996 gracias a programas como \'A tu Salud\', una iniciativa innovadora creada por la compañía para mejorar la calidad de vida de sus empleados no sólo en su entorno laboral sino fuera del mismo.\r\n\r\nAsí ha sido puesto de manifiesto este miércoles en la sede de la propia cervecera en Alovera (Guadalajara), donde desde el Instituto Nacional de Seguridad e Higiene en el Trabajo (INSHT) se ha promovido esta visita a la planta para conocer de primera mano las actuaciones de vigilancia y promoción de la salud que se ofrecen a los trabajadores.\r\n\r\nEn concreto, se analiza el estado general de la columna vertebral de los trabajadores, se estudia su tonificación muscular y se les sigue un plan de nutrición adecuado, todo ello contribuye también al descenso del absentismo, según reconocen desde la propia compañía.\r\n\r\nAl acto han asistido, entre otros, la directora del INSHT, María Dolores Limón Tamés, y la directora general de Relaciones Laborales y Seguridad y Salud Laboral de la Junta, María del Sagrario Gómez de Vivar, además de directivos de la empresa.\r\n\r\nAenor ha otorgado a Mahou el certificado que la acredita como empresa saludable, que promueve y protege la salud de su equipo humano, siendo la primera empresa de alimentación y bebidas en conseguir esta certificación.\r\n\r\nEn declaraciones a los periodistas durante la visita, Limón Tamés ha resaltado los programas realizados por Mahou encaminados a la promoción de la salud y empresas saludables.\r\n\r\nNUEVA ESTRATEGIA\r\n\r\nPor su parte, Gómez de Vivar se ha referido a los \"importantes descensos\" en la siniestralidad laboral en las empresas de la región y ha anunciado la preparación de la nueva estratégica de acuerdo tanto con la española como con la europea.\r\n\r\nAdemás, ha destacado como la integración de políticas de salud pública en las políticas de salud laboral están dando sus frutos al contribuir a reducir la siniestralidad laboral y costes a nivel empresarial y mejorar las condiciones de los trabajadores.\r\n\r\nLa responsable regional ha manifestado su \"orgullo\" ante el hecho de que una empresa de estas características de la región haya participado en los galardones de buenas prácticas que concede la Agencia Europea de Salud en el Trabajo.\r\n\r\nPor último, ha aprovechado para referirse al programa específico que se está llevando a cabo desde la Consejería de Empleo y Economía sobre trastorno musculoesquelético, en el que los técnicos de prevención están visitando unas 200 empresas de la región para asesorarles a fin de implantar medidas y acciones para paliar este tipo de patologías, sobre las que todavía no hay datos.', '', 'filtered_html'),
('node', 'article', 0, 27, 27, 'und', 0, 'Objetivo\r\nDotar de los conocimientos generales necesarios en las técnicas de seguridad en laboratorios químicos, ofreciendo herramientas prácticas y efectivas para poder desempeñarse bajo un marco de seguridad en esta área de trabajo. Aceptándolas como herramientas indispensables para la prevención.\r\nFomentar el compromiso con la organización y buena predisposición para el cambio, reconociendo al factor humano como principal causa de accidentes.\r\n\r\nDestinatarios\r\nProfesionales, técnicos y personal en general que realiza tareas en laboratorios químicos.\r\n\r\nDocentes\r\nIng. Damián Merlino. Lic. Medardo Elorga.\r\n\r\nMerlino Damian\r\nIngeniero en Sistemas de Protección contra siniestros y Seguridad Ambiental\r\nLicenciado en Higiene y Seguridad\r\nInstituto Universitario de la Policía Federal Argentina\r\nResponsable interino del Servicio de Higiene y Seguridad Laboral en el INTI\r\nBombero Voluntario de la Provincia de Buenos Aires\r\nDocente de la Escuela de Capacitación para Bomberos Voluntarios.\r\n\r\nMedardo Jorge Elorga\r\nInstituto Argentino de Seguridad (I.A.S.)- Articulado con la Universidad de Morón - Tecnicatura Superior en Higiene y Seguridad Laboral.\r\nUniversidad de Morón – Licenciatura en Higiene y Seguridad Laboral\r\nMiembro del Servicio de Higiene y Seguridad en el trabajo del INTI\r\nDocente interno del INTI.\r\n\r\nDesarrollo\r\nTres clases, en el horario de 16 a 20 horas, con una carga horaria de 12 horas.\r\n\r\nFecha\r\nVer cartelera\r\n\r\nTemario\r\nIntroducción\r\nObjetivos del Curso. Definiciones: Accidentes; Riesgo; Seguridad.\r\nLeyes vigentes\r\nAntecedentes Ley 19.587/72; Dto. 351/79 – Ley 24.557/95 de Riesgos del Trabajo; Dto. 170/96.\r\nAccidentología\r\nDefinición de accidentes. Definición de incidente. Teoría de la pirámide de Bird.\r\nEtapas para controlar un riesgo\r\nEl ambiente del Laboratorio\r\nEl factor humano. Condiciones en que se desarrolla la tarea. Capacitación al personal estable en que se desarrolla la tarea. Lo fundamental el orden y la limpieza: por dónde empezar y ventajas que acarrea. Normativa de los procedimientos. La tarea. El estado de las instalaciones de servicio y edilicias. Provisión de elementos de protección personal. Equipos y utensilios. Elementos de Seguridad Disponibles.\r\nClasificación de los riesgos\r\nRiesgos químicos, físicos, ergonómicos, naturales, biológicos y mecánicos. Detalle de los riesgos\r\nquímicos y biológicos. Riesgos en equipos y utensilios de laboratorio. Límites de exposición a sustancias.\r\nAlmacenamiento de productos y reactivos\r\nCómo hacerlo. Las especies químicas y sus particularidades. Recomendaciones. Recipientes y\r\narmarios de seguridad. Trasvases, dónde y cómo hacerlos.\r\nLa Señalización como idioma visual del laboratorio.\r\nEn instalaciones y rotulado de reactivos y productos. IRAM 2507 (colores de cañerías) IRAM 2641\r\n(colores para cilindros de gases) IRAM 10005 (colores y señales de seguridad – parte 1) IRAM 10007\r\nSseñales de advertencia.\r\nPrincipales normas internacionales a consultar: ONU – NFPA – C.E.E.; símbolos de peligrosidad: Frases R y S.\r\nElementos de protección personal.\r\nCuándo y porqué usarlos. Su carácter de personal. Constancias de entrega. Criterios para su selección. Riesgos a atenuar. Comodidad. Efectividad certificada. Tipos habituales de protección. La protección respiratoria, su selección.\r\nHábitos a desarrollar\r\nHábitos personales: comportamientos seguros, hábitos a adquirir y hábitos a erradicar.\r\nHábitos de trabajo: recomendaciones fundamentales. Procederes seguros. Manejo y almacenamiento de reactivos. Orden antes y después de las tareas. Nociones de la problemática en los Laboratorios Microbiológicos: utensilios; manejo de la esterilización; radiación UV; residuos.\r\nNormas de procedimiento.\r\nDe seguridad y rutinarias. Su documentación y difusión. Responsabilidad de los coordinadores. La función del Sector Higiene y Seguridad. El Art. 213 Dto. 351/79 y el derecho a conocer. Ejemplo de una norma de procedimiento.\r\nInstalaciones de Servicio\r\nTomas eléctricos. Puesta a tierra y otros sistemas de protección. Iluminación. El confort.. Sistemas de extracción. Instalaciones periféricas: autoclaves, bombas, muflas, etc. Tubos de gases licuados y permanentes, industriales y medicinales. Colores de identificación. Identificación de cañerías. Campanas de extracción: su selección. Material de vidrio. Instrumental. Riesgos asociados.\r\nEncuadre de los riesgos presentes en el Laboratorio Químico.\r\nAgresiones físicas: riesgo eléctrico. Contacto con superficies calientes. Salpicaduras. Cortes. Atrape de extremidades. Radiaciones ionizantes y no ionizantes. Agresiones químicas: vías de ingreso.\r\nManejo adecuado de Residuos\r\nCuándo y cómo se justifica hacerlo. Legislación involucrada. Normativas y convenios internacionales. Importancia de tener un procedimiento del manejo de los residuos.\r\nLas emergencias en el Laboratorio.\r\nHojas de datos de reactivas y productos: qué deben contener. Formas de obtenerlas y/o confeccionarlas.\r\nControl de derrames. Salpicaduras. Incendio: cómo actuar. Elementos para contrarrestarlos y prevenirlos. Roles de actuación en la emergencia. El botiquín: contenido y función. De las comunicaciones en la emergencia. Prevención de incendios.\r\n\r\nArancel\r\n$  600.- (pesos seiscientos)\r\nIncluye los materiales de apoyo para trabajar en el curso, y certificado de asistencia para todos aquellos que concurran al 80% de las clases.\r\n\r\nFormas de pago\r\nUna vez confirmada la realización del curso, el interesado deberá reservar su vacante abonando el arancel según desee: En efectivo (contado) o cheque (no diferidos a la orden de: INTI – Centros de Investigación) (1). En transferencia bancaria (Banco de la Nación Argentina, CTA. CTE. 310160/91, INTI-Centros de Investigación, CBU 0110093820000310160911, CUIT 34–54668706-8)\r\n\r\nImportante\r\nEn la primer clase el participante deberá acreditarse presentando copia del comprobante de pago.\r\n\r\nLugar\r\nINTI. Parque Tecnológico Miguelete. Av. Gral. Paz 5454(colectora entre  Av. Constituyentes y vías ex FFCC Mitre), San Martín. Buenos Aires\r\n\r\nInscripción\r\nINTI –Extensión y desarrollo.\r\nTel 4724 6293 / 6419;\r\nfax 4754-4071.\r\nConmutador 4724 6200/6300 interno 7050 ó 6109\r\nformar@inti.gob.ar   ', '', 'filtered_html'),
('node', 'article', 0, 28, 28, 'und', 0, '<p><a href=\"http://www.tecprecincsrl.com.ar/RegistroIdentificacionAspectos17_01_13.pdf\"><strong>Identificación de aspecto e impactos</strong></a><br><a href=\"http://www.tecprecincsrl.com.ar/RegistroEvaluacionAspectos17_01_13.pdf\"><strong> Evaluación de impactos ambientales</strong></a></p>', '', 'full_html'),
('node', 'article', 0, 29, 29, 'und', 0, '<p>Como empresa de servicios, nuestro principal objetivo es la satisfacción del cliente, y en ese marco trabajamos continuamente a efectos de lograr la excelencia en nuestras operaciones.<br><br> <strong>Nuestra Visión<br><br></strong>“Basándonos en los servicios integrales de seguridad higiene y medio ambiente, diversificarnos como empresa líder en productos y servicios para la industria en general, en el ámbito local, nacional e internacional” <br><br><strong>Nuestra Misión<br><br><br></strong>“Lograr un crecimiento sustentable, brindando productos y servicios con la más alta calidad. Ofreciendo a nuestros colaboradores oportunidad de desarrollo. Sosteniendo y promoviendo los valores fundamentales de Tec Precinc , respetando la diversidad y comprometiéndonos con la comunidad y nuestra responsabilidad social.”.<br><br> <strong>Nuestro lema<br><br></strong>“Responsabilidad, respeto, solidaridad, honestidad y compromiso”.</p>', '', 'full_html');

-- --------------------------------------------------------

--
-- Table structure for table `field_revision_comment_body`
--

CREATE TABLE `field_revision_comment_body` (
  `entity_type` varchar(128) NOT NULL DEFAULT '' COMMENT 'The entity type this data is attached to',
  `bundle` varchar(128) NOT NULL DEFAULT '' COMMENT 'The field instance bundle to which this row belongs, used when deleting a field instance',
  `deleted` tinyint(4) NOT NULL DEFAULT '0' COMMENT 'A boolean indicating whether this data item has been deleted',
  `entity_id` int(10) UNSIGNED NOT NULL COMMENT 'The entity id this data is attached to',
  `revision_id` int(10) UNSIGNED NOT NULL COMMENT 'The entity revision id this data is attached to',
  `language` varchar(32) NOT NULL DEFAULT '' COMMENT 'The language for this data item.',
  `delta` int(10) UNSIGNED NOT NULL COMMENT 'The sequence number for this data item, used for multi-value fields',
  `comment_body_value` longtext,
  `comment_body_format` varchar(255) DEFAULT NULL
) ENGINE=InnoDB DEFAULT CHARSET=utf8 COMMENT='Revision archive storage for field 1 (comment_body)';

-- --------------------------------------------------------

--
-- Table structure for table `field_revision_field_id_empresa`
--

CREATE TABLE `field_revision_field_id_empresa` (
  `entity_type` varchar(128) NOT NULL DEFAULT '' COMMENT 'The entity type this data is attached to',
  `bundle` varchar(128) NOT NULL DEFAULT '' COMMENT 'The field instance bundle to which this row belongs, used when deleting a field instance',
  `deleted` tinyint(4) NOT NULL DEFAULT '0' COMMENT 'A boolean indicating whether this data item has been deleted',
  `entity_id` int(10) UNSIGNED NOT NULL COMMENT 'The entity id this data is attached to',
  `revision_id` int(10) UNSIGNED NOT NULL COMMENT 'The entity revision id this data is attached to',
  `language` varchar(32) NOT NULL DEFAULT '' COMMENT 'The language for this data item.',
  `delta` int(10) UNSIGNED NOT NULL COMMENT 'The sequence number for this data item, used for multi-value fields',
  `field_id_empresa_value` int(11) DEFAULT NULL
) ENGINE=InnoDB DEFAULT CHARSET=utf8 COMMENT='Revision archive storage for field 5 (field_id_empresa)';

--
-- Dumping data for table `field_revision_field_id_empresa`
--

INSERT INTO `field_revision_field_id_empresa` (`entity_type`, `bundle`, `deleted`, `entity_id`, `revision_id`, `language`, `delta`, `field_id_empresa_value`) VALUES
('user', 'user', 0, 1, 1, 'und', 0, 77),
('user', 'user', 0, 5, 5, 'und', 0, 106),
('user', 'user', 0, 9, 9, 'und', 0, 106),
('user', 'user', 0, 10, 10, 'und', 0, 106),
('user', 'user', 0, 11, 11, 'und', 0, 106),
('user', 'user', 0, 12, 12, 'und', 0, 106),
('user', 'user', 0, 13, 13, 'und', 0, 106),
('user', 'user', 0, 14, 14, 'und', 0, 106),
('user', 'user', 0, 15, 15, 'und', 0, 106),
('user', 'user', 0, 16, 16, 'und', 0, 106),
('user', 'user', 0, 17, 17, 'und', 0, 106),
('user', 'user', 0, 18, 18, 'und', 0, 106),
('user', 'user', 0, 19, 19, 'und', 0, 242),
('user', 'user', 0, 21, 21, 'und', 0, 1),
('user', 'user', 0, 22, 22, 'und', 0, 77),
('user', 'user', 0, 23, 23, 'und', 0, 242),
('user', 'user', 0, 27, 27, 'und', 0, 106),
('user', 'user', 0, 28, 28, 'und', 0, 106),
('user', 'user', 0, 29, 29, 'und', 0, 106),
('user', 'user', 0, 30, 30, 'und', 0, 106),
('user', 'user', 0, 31, 31, 'und', 0, 1),
('user', 'user', 0, 32, 32, 'und', 0, 1),
('user', 'user', 0, 33, 33, 'und', 0, 241),
('user', 'user', 0, 34, 34, 'und', 0, 77),
('user', 'user', 0, 35, 35, 'und', 0, 77),
('user', 'user', 0, 36, 36, 'und', 0, 80),
('user', 'user', 0, 37, 37, 'und', 0, 245),
('user', 'user', 0, 38, 38, 'und', 0, 103),
('user', 'user', 0, 39, 39, 'und', 0, 1),
('user', 'user', 0, 40, 40, 'und', 0, 86),
('user', 'user', 0, 41, 41, 'und', 0, 106),
('user', 'user', 0, 43, 43, 'und', 0, 100002),
('user', 'user', 0, 44, 44, 'und', 0, 100002),
('user', 'user', 0, 47, 47, 'und', 0, 100002),
('user', 'user', 0, 60, 60, 'und', 0, 106),
('user', 'user', 0, 61, 61, 'und', 0, 77),
('user', 'user', 0, 62, 62, 'und', 0, 77),
('user', 'user', 0, 63, 63, 'und', 0, 80),
('user', 'user', 0, 64, 64, 'und', 0, 106),
('user', 'user', 0, 65, 65, 'und', 0, 1),
('user', 'user', 0, 79, 79, 'und', 0, 1),
('user', 'user', 0, 83, 83, 'und', 0, 245);

-- --------------------------------------------------------

--
-- Table structure for table `field_revision_field_image`
--

CREATE TABLE `field_revision_field_image` (
  `entity_type` varchar(128) NOT NULL DEFAULT '' COMMENT 'The entity type this data is attached to',
  `bundle` varchar(128) NOT NULL DEFAULT '' COMMENT 'The field instance bundle to which this row belongs, used when deleting a field instance',
  `deleted` tinyint(4) NOT NULL DEFAULT '0' COMMENT 'A boolean indicating whether this data item has been deleted',
  `entity_id` int(10) UNSIGNED NOT NULL COMMENT 'The entity id this data is attached to',
  `revision_id` int(10) UNSIGNED NOT NULL COMMENT 'The entity revision id this data is attached to',
  `language` varchar(32) NOT NULL DEFAULT '' COMMENT 'The language for this data item.',
  `delta` int(10) UNSIGNED NOT NULL COMMENT 'The sequence number for this data item, used for multi-value fields',
  `field_image_fid` int(10) UNSIGNED DEFAULT NULL COMMENT 'The file_managed.fid being referenced in this field.',
  `field_image_alt` varchar(512) DEFAULT NULL COMMENT 'Alternative image text, for the image’s ’alt’ attribute.',
  `field_image_title` varchar(1024) DEFAULT NULL COMMENT 'Image title text, for the image’s ’title’ attribute.',
  `field_image_width` int(10) UNSIGNED DEFAULT NULL COMMENT 'The width of the image in pixels.',
  `field_image_height` int(10) UNSIGNED DEFAULT NULL COMMENT 'The height of the image in pixels.'
) ENGINE=InnoDB DEFAULT CHARSET=utf8 COMMENT='Revision archive storage for field 4 (field_image)';

--
-- Dumping data for table `field_revision_field_image`
--

INSERT INTO `field_revision_field_image` (`entity_type`, `bundle`, `deleted`, `entity_id`, `revision_id`, `language`, `delta`, `field_image_fid`, `field_image_alt`, `field_image_title`, `field_image_width`, `field_image_height`) VALUES
('node', 'article', 0, 3, 3, 'und', 0, 3, '', '', 720, 350),
('node', 'article', 0, 4, 4, 'und', 0, 4, '', '', 251, 201),
('node', 'page', 0, 9, 9, 'und', 0, 12, '', '', 572, 323),
('node', 'page', 0, 11, 11, 'und', 0, 7, '', '', 572, 323),
('node', 'page', 0, 12, 12, 'und', 0, 11, '', '', 600, 373),
('node', 'page', 0, 16, 16, 'und', 0, 9, '', '', 490, 308),
('node', 'page', 0, 18, 18, 'und', 0, 10, '', '', 600, 373),
('node', 'article', 0, 20, 20, 'und', 0, 6, '', '', 572, 323),
('node', 'page', 0, 21, 21, 'und', 0, 13, '', '', 572, 323),
('node', 'article', 0, 25, 25, 'und', 0, 2, '', '', 600, 360),
('node', 'article', 0, 26, 26, 'und', 0, 14, '', '', 642, 481),
('node', 'article', 0, 28, 28, 'und', 0, 15, '', '', 630, 120);

-- --------------------------------------------------------

--
-- Table structure for table `field_revision_field_localidades`
--

CREATE TABLE `field_revision_field_localidades` (
  `entity_type` varchar(128) NOT NULL DEFAULT '' COMMENT 'The entity type this data is attached to',
  `bundle` varchar(128) NOT NULL DEFAULT '' COMMENT 'The field instance bundle to which this row belongs, used when deleting a field instance',
  `deleted` tinyint(4) NOT NULL DEFAULT '0' COMMENT 'A boolean indicating whether this data item has been deleted',
  `entity_id` int(10) UNSIGNED NOT NULL COMMENT 'The entity id this data is attached to',
  `revision_id` int(10) UNSIGNED NOT NULL COMMENT 'The entity revision id this data is attached to',
  `language` varchar(32) NOT NULL DEFAULT '' COMMENT 'The language for this data item.',
  `delta` int(10) UNSIGNED NOT NULL COMMENT 'The sequence number for this data item, used for multi-value fields',
  `field_localidades_value` int(11) DEFAULT NULL
) ENGINE=InnoDB DEFAULT CHARSET=utf8 COMMENT='Revision archive storage for field 6 (field_localidades)';

--
-- Dumping data for table `field_revision_field_localidades`
--

INSERT INTO `field_revision_field_localidades` (`entity_type`, `bundle`, `deleted`, `entity_id`, `revision_id`, `language`, `delta`, `field_localidades_value`) VALUES
('user', 'user', 0, 1, 1, 'und', 0, 8),
('user', 'user', 0, 1, 1, 'und', 1, 40),
('user', 'user', 0, 1, 1, 'und', 2, 74),
('user', 'user', 0, 1, 1, 'und', 3, 81),
('user', 'user', 0, 1, 1, 'und', 4, 549),
('user', 'user', 0, 5, 5, 'und', 0, 873),
('user', 'user', 0, 5, 5, 'und', 1, 878),
('user', 'user', 0, 5, 5, 'und', 2, 100032),
('user', 'user', 0, 9, 9, 'und', 0, 100037),
('user', 'user', 0, 10, 10, 'und', 0, 301),
('user', 'user', 0, 11, 11, 'und', 0, 879),
('user', 'user', 0, 12, 12, 'und', 0, 12),
('user', 'user', 0, 12, 12, 'und', 1, 301),
('user', 'user', 0, 12, 12, 'und', 2, 375),
('user', 'user', 0, 12, 12, 'und', 3, 455),
('user', 'user', 0, 12, 12, 'und', 4, 578),
('user', 'user', 0, 12, 12, 'und', 5, 873),
('user', 'user', 0, 12, 12, 'und', 6, 875),
('user', 'user', 0, 12, 12, 'und', 7, 877),
('user', 'user', 0, 12, 12, 'und', 8, 878),
('user', 'user', 0, 12, 12, 'und', 9, 879),
('user', 'user', 0, 12, 12, 'und', 10, 880),
('user', 'user', 0, 12, 12, 'und', 11, 100017),
('user', 'user', 0, 12, 12, 'und', 12, 100018),
('user', 'user', 0, 12, 12, 'und', 13, 100032),
('user', 'user', 0, 12, 12, 'und', 14, 100037),
('user', 'user', 0, 13, 13, 'und', 0, 12),
('user', 'user', 0, 13, 13, 'und', 1, 873),
('user', 'user', 0, 13, 13, 'und', 2, 100017),
('user', 'user', 0, 14, 14, 'und', 0, 455),
('user', 'user', 0, 14, 14, 'und', 1, 877),
('user', 'user', 0, 14, 14, 'und', 2, 100018),
('user', 'user', 0, 15, 15, 'und', 0, 875),
('user', 'user', 0, 16, 16, 'und', 0, 880),
('user', 'user', 0, 17, 17, 'und', 0, 100032),
('user', 'user', 0, 18, 18, 'und', 0, 375),
('user', 'user', 0, 19, 19, 'und', 0, 276),
('user', 'user', 0, 19, 19, 'und', 1, 284),
('user', 'user', 0, 19, 19, 'und', 2, 714),
('user', 'user', 0, 21, 21, 'und', 0, 4),
('user', 'user', 0, 21, 21, 'und', 1, 7),
('user', 'user', 0, 21, 21, 'und', 2, 9),
('user', 'user', 0, 21, 21, 'und', 3, 11),
('user', 'user', 0, 21, 21, 'und', 4, 15),
('user', 'user', 0, 21, 21, 'und', 5, 28),
('user', 'user', 0, 21, 21, 'und', 6, 30),
('user', 'user', 0, 21, 21, 'und', 7, 32),
('user', 'user', 0, 21, 21, 'und', 8, 41),
('user', 'user', 0, 21, 21, 'und', 9, 50),
('user', 'user', 0, 21, 21, 'und', 10, 65),
('user', 'user', 0, 21, 21, 'und', 11, 75),
('user', 'user', 0, 21, 21, 'und', 12, 76),
('user', 'user', 0, 21, 21, 'und', 13, 83),
('user', 'user', 0, 22, 22, 'und', 0, 8),
('user', 'user', 0, 22, 22, 'und', 1, 40),
('user', 'user', 0, 22, 22, 'und', 2, 74),
('user', 'user', 0, 22, 22, 'und', 3, 81),
('user', 'user', 0, 22, 22, 'und', 4, 549),
('user', 'user', 0, 23, 23, 'und', 0, 276),
('user', 'user', 0, 27, 27, 'und', 0, 12),
('user', 'user', 0, 27, 27, 'und', 1, 301),
('user', 'user', 0, 27, 27, 'und', 2, 375),
('user', 'user', 0, 27, 27, 'und', 3, 455),
('user', 'user', 0, 27, 27, 'und', 4, 578),
('user', 'user', 0, 27, 27, 'und', 5, 873),
('user', 'user', 0, 27, 27, 'und', 6, 875),
('user', 'user', 0, 27, 27, 'und', 7, 877),
('user', 'user', 0, 27, 27, 'und', 8, 878),
('user', 'user', 0, 27, 27, 'und', 9, 879),
('user', 'user', 0, 27, 27, 'und', 10, 880),
('user', 'user', 0, 27, 27, 'und', 11, 100017),
('user', 'user', 0, 27, 27, 'und', 12, 100018),
('user', 'user', 0, 27, 27, 'und', 13, 100032),
('user', 'user', 0, 27, 27, 'und', 14, 100037),
('user', 'user', 0, 28, 28, 'und', 0, 12),
('user', 'user', 0, 28, 28, 'und', 1, 455),
('user', 'user', 0, 28, 28, 'und', 2, 873),
('user', 'user', 0, 28, 28, 'und', 3, 875),
('user', 'user', 0, 28, 28, 'und', 4, 878),
('user', 'user', 0, 28, 28, 'und', 5, 879),
('user', 'user', 0, 28, 28, 'und', 6, 880),
('user', 'user', 0, 28, 28, 'und', 7, 100017),
('user', 'user', 0, 28, 28, 'und', 8, 100018),
('user', 'user', 0, 29, 29, 'und', 0, 12),
('user', 'user', 0, 29, 29, 'und', 1, 455),
('user', 'user', 0, 29, 29, 'und', 2, 873),
('user', 'user', 0, 29, 29, 'und', 3, 875),
('user', 'user', 0, 29, 29, 'und', 4, 877),
('user', 'user', 0, 29, 29, 'und', 5, 878),
('user', 'user', 0, 29, 29, 'und', 6, 879),
('user', 'user', 0, 29, 29, 'und', 7, 880),
('user', 'user', 0, 29, 29, 'und', 8, 100017),
('user', 'user', 0, 29, 29, 'und', 9, 100018),
('user', 'user', 0, 30, 30, 'und', 0, 100037),
('user', 'user', 0, 31, 31, 'und', 0, 4),
('user', 'user', 0, 31, 31, 'und', 1, 7),
('user', 'user', 0, 31, 31, 'und', 2, 9),
('user', 'user', 0, 31, 31, 'und', 3, 11),
('user', 'user', 0, 31, 31, 'und', 4, 15),
('user', 'user', 0, 31, 31, 'und', 5, 28),
('user', 'user', 0, 31, 31, 'und', 6, 30),
('user', 'user', 0, 31, 31, 'und', 7, 32),
('user', 'user', 0, 31, 31, 'und', 8, 41),
('user', 'user', 0, 31, 31, 'und', 9, 50),
('user', 'user', 0, 31, 31, 'und', 10, 65),
('user', 'user', 0, 31, 31, 'und', 11, 75),
('user', 'user', 0, 31, 31, 'und', 12, 76),
('user', 'user', 0, 31, 31, 'und', 13, 83),
('user', 'user', 0, 32, 32, 'und', 0, 4),
('user', 'user', 0, 32, 32, 'und', 1, 7),
('user', 'user', 0, 32, 32, 'und', 2, 9),
('user', 'user', 0, 32, 32, 'und', 3, 11),
('user', 'user', 0, 32, 32, 'und', 4, 15),
('user', 'user', 0, 32, 32, 'und', 5, 28),
('user', 'user', 0, 32, 32, 'und', 6, 30),
('user', 'user', 0, 32, 32, 'und', 7, 32),
('user', 'user', 0, 32, 32, 'und', 8, 41),
('user', 'user', 0, 32, 32, 'und', 9, 50),
('user', 'user', 0, 32, 32, 'und', 10, 65),
('user', 'user', 0, 32, 32, 'und', 11, 75),
('user', 'user', 0, 32, 32, 'und', 12, 76),
('user', 'user', 0, 32, 32, 'und', 13, 83),
('user', 'user', 0, 32, 32, 'und', 14, 100071),
('user', 'user', 0, 32, 32, 'und', 15, 100199),
('user', 'user', 0, 32, 32, 'und', 16, 100200),
('user', 'user', 0, 32, 32, 'und', 17, 100244),
('user', 'user', 0, 32, 32, 'und', 18, 100245),
('user', 'user', 0, 33, 33, 'und', 0, 274),
('user', 'user', 0, 33, 33, 'und', 1, 278),
('user', 'user', 0, 33, 33, 'und', 2, 279),
('user', 'user', 0, 33, 33, 'und', 3, 280),
('user', 'user', 0, 33, 33, 'und', 4, 281),
('user', 'user', 0, 33, 33, 'und', 5, 282),
('user', 'user', 0, 33, 33, 'und', 6, 283),
('user', 'user', 0, 33, 33, 'und', 7, 285),
('user', 'user', 0, 33, 33, 'und', 8, 286),
('user', 'user', 0, 33, 33, 'und', 9, 287),
('user', 'user', 0, 33, 33, 'und', 10, 288),
('user', 'user', 0, 33, 33, 'und', 11, 290),
('user', 'user', 0, 33, 33, 'und', 12, 291),
('user', 'user', 0, 33, 33, 'und', 13, 292),
('user', 'user', 0, 33, 33, 'und', 14, 294),
('user', 'user', 0, 33, 33, 'und', 15, 295),
('user', 'user', 0, 33, 33, 'und', 16, 296),
('user', 'user', 0, 33, 33, 'und', 17, 297),
('user', 'user', 0, 33, 33, 'und', 18, 298),
('user', 'user', 0, 33, 33, 'und', 19, 299),
('user', 'user', 0, 33, 33, 'und', 20, 300),
('user', 'user', 0, 33, 33, 'und', 21, 302),
('user', 'user', 0, 33, 33, 'und', 22, 304),
('user', 'user', 0, 33, 33, 'und', 23, 306),
('user', 'user', 0, 33, 33, 'und', 24, 308),
('user', 'user', 0, 33, 33, 'und', 25, 310),
('user', 'user', 0, 33, 33, 'und', 26, 337),
('user', 'user', 0, 33, 33, 'und', 27, 391),
('user', 'user', 0, 33, 33, 'und', 28, 444),
('user', 'user', 0, 33, 33, 'und', 29, 448),
('user', 'user', 0, 33, 33, 'und', 30, 450),
('user', 'user', 0, 33, 33, 'und', 31, 452),
('user', 'user', 0, 33, 33, 'und', 32, 453),
('user', 'user', 0, 33, 33, 'und', 33, 457),
('user', 'user', 0, 33, 33, 'und', 34, 458),
('user', 'user', 0, 33, 33, 'und', 35, 464),
('user', 'user', 0, 33, 33, 'und', 36, 469),
('user', 'user', 0, 33, 33, 'und', 37, 471),
('user', 'user', 0, 33, 33, 'und', 38, 472),
('user', 'user', 0, 33, 33, 'und', 39, 713),
('user', 'user', 0, 34, 34, 'und', 0, 1),
('user', 'user', 0, 34, 34, 'und', 1, 8),
('user', 'user', 0, 34, 34, 'und', 2, 40),
('user', 'user', 0, 34, 34, 'und', 3, 74),
('user', 'user', 0, 34, 34, 'und', 4, 81),
('user', 'user', 0, 35, 35, 'und', 0, 1),
('user', 'user', 0, 35, 35, 'und', 1, 8),
('user', 'user', 0, 35, 35, 'und', 2, 40),
('user', 'user', 0, 35, 35, 'und', 3, 74),
('user', 'user', 0, 35, 35, 'und', 4, 81),
('user', 'user', 0, 35, 35, 'und', 5, 549),
('user', 'user', 0, 36, 36, 'und', 0, 10),
('user', 'user', 0, 36, 36, 'und', 1, 18),
('user', 'user', 0, 36, 36, 'und', 2, 20),
('user', 'user', 0, 36, 36, 'und', 3, 21),
('user', 'user', 0, 36, 36, 'und', 4, 22),
('user', 'user', 0, 36, 36, 'und', 5, 23),
('user', 'user', 0, 36, 36, 'und', 6, 25),
('user', 'user', 0, 36, 36, 'und', 7, 26),
('user', 'user', 0, 36, 36, 'und', 8, 27),
('user', 'user', 0, 36, 36, 'und', 9, 33),
('user', 'user', 0, 36, 36, 'und', 10, 34),
('user', 'user', 0, 36, 36, 'und', 11, 35),
('user', 'user', 0, 36, 36, 'und', 12, 47),
('user', 'user', 0, 36, 36, 'und', 13, 52),
('user', 'user', 0, 36, 36, 'und', 14, 56),
('user', 'user', 0, 36, 36, 'und', 15, 58),
('user', 'user', 0, 36, 36, 'und', 16, 64),
('user', 'user', 0, 36, 36, 'und', 17, 66),
('user', 'user', 0, 36, 36, 'und', 18, 77),
('user', 'user', 0, 36, 36, 'und', 19, 78),
('user', 'user', 0, 36, 36, 'und', 20, 552),
('user', 'user', 0, 36, 36, 'und', 21, 100004),
('user', 'user', 0, 36, 36, 'und', 22, 100005),
('user', 'user', 0, 36, 36, 'und', 23, 100006),
('user', 'user', 0, 36, 36, 'und', 24, 100007),
('user', 'user', 0, 37, 37, 'und', 0, 277),
('user', 'user', 0, 37, 37, 'und', 1, 874),
('user', 'user', 0, 37, 37, 'und', 2, 876),
('user', 'user', 0, 38, 38, 'und', 0, 29),
('user', 'user', 0, 38, 38, 'und', 1, 31),
('user', 'user', 0, 39, 39, 'und', 0, 4),
('user', 'user', 0, 39, 39, 'und', 1, 7),
('user', 'user', 0, 39, 39, 'und', 2, 9),
('user', 'user', 0, 39, 39, 'und', 3, 11),
('user', 'user', 0, 39, 39, 'und', 4, 15),
('user', 'user', 0, 39, 39, 'und', 5, 28),
('user', 'user', 0, 39, 39, 'und', 6, 30),
('user', 'user', 0, 39, 39, 'und', 7, 32),
('user', 'user', 0, 39, 39, 'und', 8, 41),
('user', 'user', 0, 39, 39, 'und', 9, 50),
('user', 'user', 0, 39, 39, 'und', 10, 65),
('user', 'user', 0, 39, 39, 'und', 11, 75),
('user', 'user', 0, 39, 39, 'und', 12, 76),
('user', 'user', 0, 39, 39, 'und', 13, 83),
('user', 'user', 0, 39, 39, 'und', 14, 473),
('user', 'user', 0, 40, 40, 'und', 0, 558),
('user', 'user', 0, 40, 40, 'und', 1, 100048),
('user', 'user', 0, 41, 41, 'und', 0, 301),
('user', 'user', 0, 43, 43, 'und', 0, 100041),
('user', 'user', 0, 43, 43, 'und', 1, 100042),
('user', 'user', 0, 43, 43, 'und', 2, 100043),
('user', 'user', 0, 43, 43, 'und', 3, 100044),
('user', 'user', 0, 43, 43, 'und', 4, 100045),
('user', 'user', 0, 43, 43, 'und', 5, 100046),
('user', 'user', 0, 43, 43, 'und', 6, 100085),
('user', 'user', 0, 44, 44, 'und', 0, 100041),
('user', 'user', 0, 44, 44, 'und', 1, 100042),
('user', 'user', 0, 44, 44, 'und', 2, 100043),
('user', 'user', 0, 44, 44, 'und', 3, 100044),
('user', 'user', 0, 44, 44, 'und', 4, 100045),
('user', 'user', 0, 44, 44, 'und', 5, 100046),
('user', 'user', 0, 47, 47, 'und', 0, 100041),
('user', 'user', 0, 47, 47, 'und', 1, 100042),
('user', 'user', 0, 47, 47, 'und', 2, 100043),
('user', 'user', 0, 47, 47, 'und', 3, 100044),
('user', 'user', 0, 47, 47, 'und', 4, 100045),
('user', 'user', 0, 47, 47, 'und', 5, 100046),
('user', 'user', 0, 60, 60, 'und', 0, 12),
('user', 'user', 0, 60, 60, 'und', 1, 873),
('user', 'user', 0, 60, 60, 'und', 2, 875),
('user', 'user', 0, 60, 60, 'und', 3, 879),
('user', 'user', 0, 60, 60, 'und', 4, 100017),
('user', 'user', 0, 60, 60, 'und', 5, 100079),
('user', 'user', 0, 60, 60, 'und', 6, 100081),
('user', 'user', 0, 61, 61, 'und', 0, 1),
('user', 'user', 0, 61, 61, 'und', 1, 8),
('user', 'user', 0, 61, 61, 'und', 2, 40),
('user', 'user', 0, 61, 61, 'und', 3, 74),
('user', 'user', 0, 61, 61, 'und', 4, 81),
('user', 'user', 0, 61, 61, 'und', 5, 549),
('user', 'user', 0, 62, 62, 'und', 0, 1),
('user', 'user', 0, 62, 62, 'und', 1, 8),
('user', 'user', 0, 62, 62, 'und', 2, 40),
('user', 'user', 0, 62, 62, 'und', 3, 74),
('user', 'user', 0, 62, 62, 'und', 4, 81),
('user', 'user', 0, 62, 62, 'und', 5, 549),
('user', 'user', 0, 63, 63, 'und', 0, 10),
('user', 'user', 0, 63, 63, 'und', 1, 18),
('user', 'user', 0, 63, 63, 'und', 2, 20),
('user', 'user', 0, 63, 63, 'und', 3, 21),
('user', 'user', 0, 63, 63, 'und', 4, 22),
('user', 'user', 0, 63, 63, 'und', 5, 23),
('user', 'user', 0, 63, 63, 'und', 6, 25),
('user', 'user', 0, 63, 63, 'und', 7, 26),
('user', 'user', 0, 63, 63, 'und', 8, 27),
('user', 'user', 0, 63, 63, 'und', 9, 33),
('user', 'user', 0, 63, 63, 'und', 10, 35),
('user', 'user', 0, 63, 63, 'und', 11, 47),
('user', 'user', 0, 63, 63, 'und', 12, 52),
('user', 'user', 0, 63, 63, 'und', 13, 56),
('user', 'user', 0, 63, 63, 'und', 14, 58),
('user', 'user', 0, 63, 63, 'und', 15, 66),
('user', 'user', 0, 63, 63, 'und', 16, 77),
('user', 'user', 0, 63, 63, 'und', 17, 78),
('user', 'user', 0, 63, 63, 'und', 18, 552),
('user', 'user', 0, 63, 63, 'und', 19, 100004),
('user', 'user', 0, 63, 63, 'und', 20, 100005),
('user', 'user', 0, 63, 63, 'und', 21, 100006),
('user', 'user', 0, 63, 63, 'und', 22, 100007),
('user', 'user', 0, 63, 63, 'und', 23, 100053),
('user', 'user', 0, 63, 63, 'und', 24, 100054),
('user', 'user', 0, 63, 63, 'und', 25, 100055),
('user', 'user', 0, 63, 63, 'und', 26, 100087),
('user', 'user', 0, 63, 63, 'und', 27, 100092),
('user', 'user', 0, 63, 63, 'und', 28, 100093),
('user', 'user', 0, 64, 64, 'und', 0, 100037),
('user', 'user', 0, 64, 64, 'und', 1, 100141),
('user', 'user', 0, 64, 64, 'und', 2, 100158),
('user', 'user', 0, 65, 65, 'und', 0, 4),
('user', 'user', 0, 65, 65, 'und', 1, 7),
('user', 'user', 0, 65, 65, 'und', 2, 9),
('user', 'user', 0, 65, 65, 'und', 3, 11),
('user', 'user', 0, 65, 65, 'und', 4, 15),
('user', 'user', 0, 65, 65, 'und', 5, 28),
('user', 'user', 0, 65, 65, 'und', 6, 30),
('user', 'user', 0, 65, 65, 'und', 7, 32),
('user', 'user', 0, 65, 65, 'und', 8, 41),
('user', 'user', 0, 65, 65, 'und', 9, 50),
('user', 'user', 0, 65, 65, 'und', 10, 65),
('user', 'user', 0, 65, 65, 'und', 11, 75),
('user', 'user', 0, 65, 65, 'und', 12, 76),
('user', 'user', 0, 65, 65, 'und', 13, 83),
('user', 'user', 0, 79, 79, 'und', 0, 4),
('user', 'user', 0, 79, 79, 'und', 1, 7),
('user', 'user', 0, 79, 79, 'und', 2, 9),
('user', 'user', 0, 79, 79, 'und', 3, 11),
('user', 'user', 0, 79, 79, 'und', 4, 15),
('user', 'user', 0, 79, 79, 'und', 5, 28),
('user', 'user', 0, 79, 79, 'und', 6, 30),
('user', 'user', 0, 79, 79, 'und', 7, 32),
('user', 'user', 0, 79, 79, 'und', 8, 41),
('user', 'user', 0, 79, 79, 'und', 9, 50),
('user', 'user', 0, 79, 79, 'und', 10, 65),
('user', 'user', 0, 79, 79, 'und', 11, 75),
('user', 'user', 0, 79, 79, 'und', 12, 76),
('user', 'user', 0, 79, 79, 'und', 13, 83),
('user', 'user', 0, 79, 79, 'und', 14, 100071),
('user', 'user', 0, 79, 79, 'und', 15, 100199),
('user', 'user', 0, 79, 79, 'und', 16, 100200),
('user', 'user', 0, 79, 79, 'und', 17, 100244),
('user', 'user', 0, 79, 79, 'und', 18, 100245),
('user', 'user', 0, 83, 83, 'und', 0, 277),
('user', 'user', 0, 83, 83, 'und', 1, 717),
('user', 'user', 0, 83, 83, 'und', 2, 874),
('user', 'user', 0, 83, 83, 'und', 3, 876),
('user', 'user', 0, 83, 83, 'und', 4, 100318),
('user', 'user', 0, 83, 83, 'und', 5, 100319),
('user', 'user', 0, 83, 83, 'und', 6, 100350),
('user', 'user', 0, 83, 83, 'und', 7, 100363);

-- --------------------------------------------------------

--
