-- Table structure for table `menu_token`
--

CREATE TABLE `menu_token` (
  `mlid` int(10) UNSIGNED NOT NULL COMMENT 'The menu link menu_links.mlid',
  `link_path` varchar(255) NOT NULL DEFAULT '' COMMENT 'The actual path with tokens'
) ENGINE=InnoDB DEFAULT CHARSET=utf8 COMMENT='Menu token properties';

-- --------------------------------------------------------

--
-- Table structure for table `node`
--

CREATE TABLE `node` (
  `nid` int(10) UNSIGNED NOT NULL COMMENT 'The primary identifier for a node.',
  `vid` int(10) UNSIGNED DEFAULT NULL COMMENT 'The current node_revision.vid version identifier.',
  `type` varchar(32) NOT NULL DEFAULT '' COMMENT 'The node_type.type of this node.',
  `language` varchar(12) NOT NULL DEFAULT '' COMMENT 'The languages.language of this node.',
  `title` varchar(255) NOT NULL DEFAULT '' COMMENT 'The title of this node, always treated as non-markup plain text.',
  `uid` int(11) NOT NULL DEFAULT '0' COMMENT 'The users.uid that owns this node; initially, this is the user that created it.',
  `status` int(11) NOT NULL DEFAULT '1' COMMENT 'Boolean indicating whether the node is published (visible to non-administrators).',
  `created` int(11) NOT NULL DEFAULT '0' COMMENT 'The Unix timestamp when the node was created.',
  `changed` int(11) NOT NULL DEFAULT '0' COMMENT 'The Unix timestamp when the node was most recently saved.',
  `comment` int(11) NOT NULL DEFAULT '0' COMMENT 'Whether comments are allowed on this node: 0 = no, 1 = closed (read only), 2 = open (read/write).',
  `promote` int(11) NOT NULL DEFAULT '0' COMMENT 'Boolean indicating whether the node should be displayed on the front page.',
  `sticky` int(11) NOT NULL DEFAULT '0' COMMENT 'Boolean indicating whether the node should be displayed at the top of lists in which it appears.',
  `tnid` int(10) UNSIGNED NOT NULL DEFAULT '0' COMMENT 'The translation set id for this node, which equals the node id of the source post in each set.',
  `translate` int(11) NOT NULL DEFAULT '0' COMMENT 'A boolean indicating whether this translation page needs to be updated.'
) ENGINE=InnoDB DEFAULT CHARSET=utf8 COMMENT='The base table for nodes.';

--
-- Dumping data for table `node`
--

INSERT INTO `node` (`nid`, `vid`, `type`, `language`, `title`, `uid`, `status`, `created`, `changed`, `comment`, `promote`, `sticky`, `tnid`, `translate`) VALUES
(3, 3, 'article', 'es', 'Vencimiento Declaración Jurada BUDURH', 1, 0, 1372429708, 1401750663, 2, 2, 0, 0, 0),
(4, 4, 'article', 'es', 'Ley de Residuos Peligrosos.', 1, 0, 1372429723, 1401750663, 2, 2, 0, 0, 0),
(6, 6, 'webform', 'es', 'Bolsa de Trabajo', 1, 0, 1372444022, 1401750663, 2, 0, 0, 0, 0),
(7, 7, 'page', 'es', 'Historia', 1, 0, 1373477119, 1401750663, 0, 0, 0, 0, 0),
(8, 8, 'page', 'es', 'Certificaciones', 1, 0, 1373485161, 1401750663, 0, 0, 0, 0, 0),
(9, 9, 'page', 'es', 'Ingeniería Básica, Diseño y Montaje de Redes Contra Incendio', 1, 0, 1373485550, 1401750663, 0, 0, 0, 0, 0),
(10, 10, 'page', 'es', 'Provisión de equipamiento de redes contra incendio', 1, 0, 1373485599, 1401750663, 0, 0, 0, 0, 0),
(11, 11, 'page', 'es', 'Mantenimiento de sistemas fijos y móviles contra incendio', 1, 0, 1373485632, 1401750663, 0, 3, 0, 0, 0),
(12, 12, 'page', 'es', 'Capacitación en seguridad, higiene, medio ambiente y Sistemas de Gestión', 1, 0, 1373485661, 1401750663, 0, 3, 0, 0, 0),
(13, 13, 'page', 'es', 'Servicios externos de Seguridad e higiene en el Trabajo', 1, 0, 1373485748, 1401750663, 0, 0, 0, 0, 0),
(14, 14, 'page', 'es', 'Servicios para el cuidado del ambiente', 1, 0, 1373485769, 1401750663, 0, 0, 0, 0, 0),
(15, 15, 'page', 'es', 'Analisis de riesgos', 1, 0, 1373485825, 1401750663, 0, 0, 0, 0, 0),
(16, 16, 'page', 'es', 'Respuestas a Emergencias Ambientales', 1, 0, 1373485856, 1401750663, 0, 0, 0, 0, 0),
(17, 17, 'page', 'es', 'Asesoramiento en Sistemas de Gestión', 1, 0, 1373485899, 1401750663, 0, 0, 0, 0, 0),
(18, 18, 'page', 'es', 'Asesoramiento e implementación de Normas y Certificaciones', 1, 0, 1373485981, 1401750663, 0, 3, 0, 0, 0),
(19, 19, 'page', 'es', 'Consultoría Medico Legal y del Trabajo para Empresas', 1, 0, 1373486017, 1401750663, 0, 0, 0, 0, 0),
(20, 20, 'article', 'es', 'Servicios de obras civiles y mecanicas. ingenieria y obras', 1, 0, 1373640013, 1401750663, 0, 3, 0, 0, 0),
(21, 21, 'page', 'es', 'Servicios de Higiene Industrial y Medio Ambiente', 1, 0, 1373640480, 1401750663, 0, 3, 0, 0, 0),
(23, 23, 'webform', 'es', 'Bolsa de Trabajo', 1, 0, 1373997463, 1401750663, 0, 4, 0, 0, 0),
(24, 24, 'webform', 'es', 'Contacto', 1, 0, 1381512248, 1401750663, 0, 0, 0, 0, 0),
(25, 25, 'article', 'es', 'Galuccio incentiva la exploración. YPF duplicará, el año próximo, los pozos perforados', 1, 0, 1381754867, 1401750663, 0, 1, 0, 0, 0),
(26, 26, 'article', 'es', 'La cervecera Mahou-San Miguel reduce la siniestralidad laboral un 80% desde 1996', 1, 0, 1381760974, 1401750663, 0, 1, 0, 0, 0),
(27, 27, 'article', 'es', 'Seguridad en laboratorios químicos', 1, 0, 1381762340, 1401750663, 0, 4, 0, 0, 0),
(28, 28, 'article', 'es', 'Compromiso con la Comunidad', 1, 0, 1381764005, 1401750663, 0, 0, 0, 0, 0),
(29, 29, 'article', 'es', 'Filosofia', 1, 0, 1381835776, 1401750663, 0, 0, 0, 0, 0);

-- --------------------------------------------------------

--
-- Table structure for table `node_access`
--

CREATE TABLE `node_access` (
  `nid` int(10) UNSIGNED NOT NULL DEFAULT '0' COMMENT 'The node.nid this record affects.',
  `gid` int(10) UNSIGNED NOT NULL DEFAULT '0' COMMENT 'The grant ID a user must possess in the specified realm to gain this row’s privileges on the node.',
  `realm` varchar(255) NOT NULL DEFAULT '' COMMENT 'The realm in which the user must possess the grant ID. Each node access node can define one or more realms.',
  `grant_view` tinyint(3) UNSIGNED NOT NULL DEFAULT '0' COMMENT 'Boolean indicating whether a user with the realm/grant pair can view this node.',
  `grant_update` tinyint(3) UNSIGNED NOT NULL DEFAULT '0' COMMENT 'Boolean indicating whether a user with the realm/grant pair can edit this node.',
  `grant_delete` tinyint(3) UNSIGNED NOT NULL DEFAULT '0' COMMENT 'Boolean indicating whether a user with the realm/grant pair can delete this node.'
) ENGINE=InnoDB DEFAULT CHARSET=utf8 COMMENT='Identifies which realm/grant pairs a user must possess in...';

--
-- Dumping data for table `node_access`
--

INSERT INTO `node_access` (`nid`, `gid`, `realm`, `grant_view`, `grant_update`, `grant_delete`) VALUES
(0, 0, 'all', 1, 0, 0);

-- --------------------------------------------------------

--
-- Table structure for table `node_comment_statistics`
--

CREATE TABLE `node_comment_statistics` (
  `nid` int(10) UNSIGNED NOT NULL DEFAULT '0' COMMENT 'The node.nid for which the statistics are compiled.',
  `cid` int(11) NOT NULL DEFAULT '0' COMMENT 'The comment.cid of the last comment.',
  `last_comment_timestamp` int(11) NOT NULL DEFAULT '0' COMMENT 'The Unix timestamp of the last comment that was posted within this node, from comment.changed.',
  `last_comment_name` varchar(60) DEFAULT NULL COMMENT 'The name of the latest author to post a comment on this node, from comment.name.',
  `last_comment_uid` int(11) NOT NULL DEFAULT '0' COMMENT 'The user ID of the latest author to post a comment on this node, from comment.uid.',
  `comment_count` int(10) UNSIGNED NOT NULL DEFAULT '0' COMMENT 'The total number of comments on this node.'
) ENGINE=InnoDB DEFAULT CHARSET=utf8 COMMENT='Maintains statistics of node and comments posts to show ...';

--
-- Dumping data for table `node_comment_statistics`
--

INSERT INTO `node_comment_statistics` (`nid`, `cid`, `last_comment_timestamp`, `last_comment_name`, `last_comment_uid`, `comment_count`) VALUES
(1, 0, 1372424504, NULL, 1, 0),
(2, 0, 1372424525, NULL, 1, 0),
(3, 0, 1372429708, NULL, 1, 0),
(4, 0, 1372429723, NULL, 1, 0),
(5, 0, 1372431431, NULL, 1, 0),
(6, 0, 1372444022, NULL, 1, 0);

-- --------------------------------------------------------

--
-- Table structure for table `node_revision`
--

CREATE TABLE `node_revision` (
  `nid` int(10) UNSIGNED NOT NULL DEFAULT '0' COMMENT 'The node this version belongs to.',
  `vid` int(10) UNSIGNED NOT NULL COMMENT 'The primary identifier for this version.',
  `uid` int(11) NOT NULL DEFAULT '0' COMMENT 'The users.uid that created this version.',
  `title` varchar(255) NOT NULL DEFAULT '' COMMENT 'The title of this version.',
  `log` longtext NOT NULL COMMENT 'The log entry explaining the changes in this version.',
  `timestamp` int(11) NOT NULL DEFAULT '0' COMMENT 'A Unix timestamp indicating when this version was created.',
  `status` int(11) NOT NULL DEFAULT '1' COMMENT 'Boolean indicating whether the node (at the time of this revision) is published (visible to non-administrators).',
  `comment` int(11) NOT NULL DEFAULT '0' COMMENT 'Whether comments are allowed on this node (at the time of this revision): 0 = no, 1 = closed (read only), 2 = open (read/write).',
  `promote` int(11) NOT NULL DEFAULT '0' COMMENT 'Boolean indicating whether the node (at the time of this revision) should be displayed on the front page.',
  `sticky` int(11) NOT NULL DEFAULT '0' COMMENT 'Boolean indicating whether the node (at the time of this revision) should be displayed at the top of lists in which it appears.'
) ENGINE=InnoDB DEFAULT CHARSET=utf8 COMMENT='Stores information about each saved version of a node.';

--
-- Dumping data for table `node_revision`
--

INSERT INTO `node_revision` (`nid`, `vid`, `uid`, `title`, `log`, `timestamp`, `status`, `comment`, `promote`, `sticky`) VALUES
(3, 3, 1, 'Vencimiento Declaración Jurada BUDURH', '', 1401750663, 0, 2, 2, 0),
(4, 4, 1, 'Ley de Residuos Peligrosos.', '', 1401750663, 0, 2, 2, 0),
(6, 6, 1, 'Bolsa de Trabajo', '', 1401750663, 0, 2, 0, 0),
(7, 7, 1, 'Historia', '', 1401750663, 0, 0, 0, 0),
(8, 8, 1, 'Certificaciones', '', 1401750663, 0, 0, 0, 0),
(9, 9, 1, 'Ingeniería Básica, Diseño y Montaje de Redes Contra Incendio', '', 1401750663, 0, 0, 0, 0),
(10, 10, 1, 'Provisión de equipamiento de redes contra incendio', '', 1401750663, 0, 0, 0, 0),
(11, 11, 1, 'Mantenimiento de sistemas fijos y móviles contra incendio', '', 1401750663, 0, 0, 3, 0),
(12, 12, 1, 'Capacitación en seguridad, higiene, medio ambiente y Sistemas de Gestión', '', 1401750663, 0, 0, 3, 0),
(13, 13, 1, 'Servicios externos de Seguridad e higiene en el Trabajo', '', 1401750663, 0, 0, 0, 0),
(14, 14, 1, 'Servicios para el cuidado del ambiente', '', 1401750663, 0, 0, 0, 0),
(15, 15, 1, 'Analisis de riesgos', '', 1401750663, 0, 0, 0, 0),
(16, 16, 1, 'Respuestas a Emergencias Ambientales', '', 1401750663, 0, 0, 0, 0),
(17, 17, 1, 'Asesoramiento en Sistemas de Gestión', '', 1401750663, 0, 0, 0, 0),
(18, 18, 1, 'Asesoramiento e implementación de Normas y Certificaciones', '', 1401750663, 0, 0, 3, 0),
(19, 19, 1, 'Consultoría Medico Legal y del Trabajo para Empresas', '', 1401750663, 0, 0, 0, 0),
(20, 20, 1, 'Servicios de obras civiles y mecanicas. ingenieria y obras', '', 1401750663, 0, 0, 3, 0),
(21, 21, 1, 'Servicios de Higiene Industrial y Medio Ambiente', '', 1401750663, 0, 0, 3, 0),
(23, 23, 1, 'Bolsa de Trabajo', '', 1401750663, 0, 0, 4, 0),
(24, 24, 1, 'Contacto', '', 1401750663, 0, 0, 0, 0),
(25, 25, 1, 'Galuccio incentiva la exploración. YPF duplicará, el año próximo, los pozos perforados', '', 1401750663, 0, 0, 1, 0),
(26, 26, 1, 'La cervecera Mahou-San Miguel reduce la siniestralidad laboral un 80% desde 1996', '', 1401750663, 0, 0, 1, 0),
(27, 27, 1, 'Seguridad en laboratorios químicos', '', 1401750663, 0, 0, 4, 0),
(28, 28, 1, 'Compromiso con la Comunidad', '', 1401750663, 0, 0, 0, 0),
(29, 29, 1, 'Filosofia', '', 1401750663, 0, 0, 0, 0);

-- --------------------------------------------------------

--
-- Table structure for table `node_type`
--

CREATE TABLE `node_type` (
  `type` varchar(32) NOT NULL COMMENT 'The machine-readable name of this type.',
  `name` varchar(255) NOT NULL DEFAULT '' COMMENT 'The human-readable name of this type.',
  `base` varchar(255) NOT NULL COMMENT 'The base string used to construct callbacks corresponding to this node type.',
  `module` varchar(255) NOT NULL COMMENT 'The module defining this node type.',
  `description` mediumtext NOT NULL COMMENT 'A brief description of this type.',
  `help` mediumtext NOT NULL COMMENT 'Help information shown to the user when creating a node of this type.',
  `has_title` tinyint(3) UNSIGNED NOT NULL COMMENT 'Boolean indicating whether this type uses the node.title field.',
  `title_label` varchar(255) NOT NULL DEFAULT '' COMMENT 'The label displayed for the title field on the edit form.',
  `custom` tinyint(4) NOT NULL DEFAULT '0' COMMENT 'A boolean indicating whether this type is defined by a module (FALSE) or by a user via Add content type (TRUE).',
  `modified` tinyint(4) NOT NULL DEFAULT '0' COMMENT 'A boolean indicating whether this type has been modified by an administrator; currently not used in any way.',
  `locked` tinyint(4) NOT NULL DEFAULT '0' COMMENT 'A boolean indicating whether the administrator can change the machine name of this type.',
  `disabled` tinyint(4) NOT NULL DEFAULT '0' COMMENT 'A boolean indicating whether the node type is disabled.',
  `orig_type` varchar(255) NOT NULL DEFAULT '' COMMENT 'The original machine-readable name of this node type. This may be different from the current type name if the locked field is 0.'
) ENGINE=InnoDB DEFAULT CHARSET=utf8 COMMENT='Stores information about all defined node types.';

--
-- Dumping data for table `node_type`
--

INSERT INTO `node_type` (`type`, `name`, `base`, `module`, `description`, `help`, `has_title`, `title_label`, `custom`, `modified`, `locked`, `disabled`, `orig_type`) VALUES
('article', 'Artículo', 'node_content', 'node', 'Utilice <em>artículos</em> para contenido que dependa de fecha y hora, como ser noticias, artículos de prensa o entradas de blogs.', '', 1, 'Title', 1, 1, 0, 0, 'article'),
('page', 'Página básica', 'node_content', 'node', 'Use las <em>páginas básicas</em> para su contenido estático, como una página \"Acerca de...\".', '', 1, 'Title', 1, 1, 0, 0, 'page'),
('webform', 'Webform', 'node_content', 'node', 'Create a new form or questionnaire accessible to users. Submission results and statistics are recorded and accessible to privileged users.', '', 1, 'Title', 1, 1, 0, 0, 'webform');

-- --------------------------------------------------------

--
-- Table structure for table `queue`
--

CREATE TABLE `queue` (
  `item_id` int(10) UNSIGNED NOT NULL COMMENT 'Primary Key: Unique item ID.',
  `name` varchar(255) NOT NULL DEFAULT '' COMMENT 'The queue name.',
  `data` longblob COMMENT 'The arbitrary data for the item.',
  `expire` int(11) NOT NULL DEFAULT '0' COMMENT 'Timestamp when the claim lease expires on the item.',
  `created` int(11) NOT NULL DEFAULT '0' COMMENT 'Timestamp when the item was created.'
) ENGINE=InnoDB DEFAULT CHARSET=utf8 COMMENT='Stores items in queues.';

-- --------------------------------------------------------

--
-- Table structure for table `rdf_mapping`
--

CREATE TABLE `rdf_mapping` (
  `type` varchar(128) NOT NULL COMMENT 'The name of the entity type a mapping applies to (node, user, comment, etc.).',
  `bundle` varchar(128) NOT NULL COMMENT 'The name of the bundle a mapping applies to.',
  `mapping` longblob COMMENT 'The serialized mapping of the bundle type and fields to RDF terms.'
) ENGINE=InnoDB DEFAULT CHARSET=utf8 COMMENT='Stores custom RDF mappings for user defined content types...';

--
-- Dumping data for table `rdf_mapping`
--

INSERT INTO `rdf_mapping` (`type`, `bundle`, `mapping`) VALUES
('node', 'article', 0x613a31313a7b733a31313a226669656c645f696d616765223b613a323a7b733a31303a2270726564696361746573223b613a323a7b693a303b733a383a226f673a696d616765223b693a313b733a31323a22726466733a736565416c736f223b7d733a343a2274797065223b733a333a2272656c223b7d733a31303a226669656c645f74616773223b613a323a7b733a31303a2270726564696361746573223b613a313a7b693a303b733a31303a2264633a7375626a656374223b7d733a343a2274797065223b733a333a2272656c223b7d733a373a2272646674797065223b613a323a7b693a303b733a393a2273696f633a4974656d223b693a313b733a31333a22666f61663a446f63756d656e74223b7d733a353a227469746c65223b613a313a7b733a31303a2270726564696361746573223b613a313a7b693a303b733a383a2264633a7469746c65223b7d7d733a373a2263726561746564223b613a333a7b733a31303a2270726564696361746573223b613a323a7b693a303b733a373a2264633a64617465223b693a313b733a31303a2264633a63726561746564223b7d733a383a226461746174797065223b733a31323a227873643a6461746554696d65223b733a383a2263616c6c6261636b223b733a31323a22646174655f69736f38363031223b7d733a373a226368616e676564223b613a333a7b733a31303a2270726564696361746573223b613a313a7b693a303b733a31313a2264633a6d6f646966696564223b7d733a383a226461746174797065223b733a31323a227873643a6461746554696d65223b733a383a2263616c6c6261636b223b733a31323a22646174655f69736f38363031223b7d733a343a22626f6479223b613a313a7b733a31303a2270726564696361746573223b613a313a7b693a303b733a31353a22636f6e74656e743a656e636f646564223b7d7d733a333a22756964223b613a323a7b733a31303a2270726564696361746573223b613a313a7b693a303b733a31363a2273696f633a6861735f63726561746f72223b7d733a343a2274797065223b733a333a2272656c223b7d733a343a226e616d65223b613a313a7b733a31303a2270726564696361746573223b613a313a7b693a303b733a393a22666f61663a6e616d65223b7d7d733a31333a22636f6d6d656e745f636f756e74223b613a323a7b733a31303a2270726564696361746573223b613a313a7b693a303b733a31363a2273696f633a6e756d5f7265706c696573223b7d733a383a226461746174797065223b733a31313a227873643a696e7465676572223b7d733a31333a226c6173745f6163746976697479223b613a333a7b733a31303a2270726564696361746573223b613a313a7b693a303b733a32333a2273696f633a6c6173745f61637469766974795f64617465223b7d733a383a226461746174797065223b733a31323a227873643a6461746554696d65223b733a383a2263616c6c6261636b223b733a31323a22646174655f69736f38363031223b7d7d),
('node', 'page', 0x613a393a7b733a373a2272646674797065223b613a313a7b693a303b733a31333a22666f61663a446f63756d656e74223b7d733a353a227469746c65223b613a313a7b733a31303a2270726564696361746573223b613a313a7b693a303b733a383a2264633a7469746c65223b7d7d733a373a2263726561746564223b613a333a7b733a31303a2270726564696361746573223b613a323a7b693a303b733a373a2264633a64617465223b693a313b733a31303a2264633a63726561746564223b7d733a383a226461746174797065223b733a31323a227873643a6461746554696d65223b733a383a2263616c6c6261636b223b733a31323a22646174655f69736f38363031223b7d733a373a226368616e676564223b613a333a7b733a31303a2270726564696361746573223b613a313a7b693a303b733a31313a2264633a6d6f646966696564223b7d733a383a226461746174797065223b733a31323a227873643a6461746554696d65223b733a383a2263616c6c6261636b223b733a31323a22646174655f69736f38363031223b7d733a343a22626f6479223b613a313a7b733a31303a2270726564696361746573223b613a313a7b693a303b733a31353a22636f6e74656e743a656e636f646564223b7d7d733a333a22756964223b613a323a7b733a31303a2270726564696361746573223b613a313a7b693a303b733a31363a2273696f633a6861735f63726561746f72223b7d733a343a2274797065223b733a333a2272656c223b7d733a343a226e616d65223b613a313a7b733a31303a2270726564696361746573223b613a313a7b693a303b733a393a22666f61663a6e616d65223b7d7d733a31333a22636f6d6d656e745f636f756e74223b613a323a7b733a31303a2270726564696361746573223b613a313a7b693a303b733a31363a2273696f633a6e756d5f7265706c696573223b7d733a383a226461746174797065223b733a31313a227873643a696e7465676572223b7d733a31333a226c6173745f6163746976697479223b613a333a7b733a31303a2270726564696361746573223b613a313a7b693a303b733a32333a2273696f633a6c6173745f61637469766974795f64617465223b7d733a383a226461746174797065223b733a31323a227873643a6461746554696d65223b733a383a2263616c6c6261636b223b733a31323a22646174655f69736f38363031223b7d7d);

-- --------------------------------------------------------

--
-- Table structure for table `registry`
--

CREATE TABLE `registry` (
  `name` varchar(255) NOT NULL DEFAULT '' COMMENT 'The name of the function, class, or interface.',
  `type` varchar(9) NOT NULL DEFAULT '' COMMENT 'Either function or class or interface.',
  `filename` varchar(255) NOT NULL COMMENT 'Name of the file.',
  `module` varchar(255) NOT NULL DEFAULT '' COMMENT 'Name of the module the file belongs to.',
  `weight` int(11) NOT NULL DEFAULT '0' COMMENT 'The order in which this module’s hooks should be invoked relative to other modules. Equal-weighted modules are ordered by name.'
) ENGINE=InnoDB DEFAULT CHARSET=utf8 COMMENT='Each record is a function, class, or interface name and...';

--
-- Dumping data for table `registry`
--

INSERT INTO `registry` (`name`, `type`, `filename`, `module`, `weight`) VALUES
('AccessDeniedTestCase', 'class', 'modules/system/system.test', 'system', 0),
('AdminMetaTagTestCase', 'class', 'modules/system/system.test', 'system', 0),
('ArchiverTar', 'class', 'modules/system/system.archiver.inc', 'system', 0),
('ArchiverZip', 'class', 'modules/system/system.archiver.inc', 'system', 0),
('Archive_Tar', 'class', 'modules/system/system.tar.inc', 'system', 0),
('BlockAdminThemeTestCase', 'class', 'modules/block/block.test', 'block', -5),
('BlockCacheTestCase', 'class', 'modules/block/block.test', 'block', -5),
('BlockHashTestCase', 'class', 'modules/block/block.test', 'block', -5),
('BlockHiddenRegionTestCase', 'class', 'modules/block/block.test', 'block', -5),
('BlockHTMLIdTestCase', 'class', 'modules/block/block.test', 'block', -5),
('BlockInvalidRegionTestCase', 'class', 'modules/block/block.test', 'block', -5),
('BlockTemplateSuggestionsUnitTest', 'class', 'modules/block/block.test', 'block', -5),
('BlockTestCase', 'class', 'modules/block/block.test', 'block', -5),
('BlockViewModuleDeltaAlterWebTest', 'class', 'modules/block/block.test', 'block', -5),
('ConfirmFormTest', 'class', 'modules/system/system.test', 'system', 0),
('ContextualDynamicContextTestCase', 'class', 'modules/contextual/contextual.test', 'contextual', 0),
('CronQueueTestCase', 'class', 'modules/system/system.test', 'system', 0),
('CronRunTestCase', 'class', 'modules/system/system.test', 'system', 0),
('ctools_context', 'class', 'modules/ctools/includes/context.inc', 'ctools', 0),
('ctools_context_optional', 'class', 'modules/ctools/includes/context.inc', 'ctools', 0),
('ctools_context_required', 'class', 'modules/ctools/includes/context.inc', 'ctools', 0),
('ctools_export_ui', 'class', 'modules/ctools/plugins/export_ui/ctools_export_ui.class.php', 'ctools', 0),
('ctools_math_expr', 'class', 'modules/ctools/includes/math-expr.inc', 'ctools', 0),
('ctools_math_expr_stack', 'class', 'modules/ctools/includes/math-expr.inc', 'ctools', 0),
('ctools_stylizer_image_processor', 'class', 'modules/ctools/includes/stylizer.inc', 'ctools', 0),
('DashboardBlocksTestCase', 'class', 'modules/dashboard/dashboard.test', 'dashboard', 0),
('Database', 'class', 'includes/database/database.inc', '', 0),
('DatabaseCondition', 'class', 'includes/database/query.inc', '', 0),
('DatabaseConnection', 'class', 'includes/database/database.inc', '', 0),
('DatabaseConnectionNotDefinedException', 'class', 'includes/database/database.inc', '', 0),
('DatabaseConnection_mysql', 'class', 'includes/database/mysql/database.inc', '', 0),
('DatabaseConnection_pgsql', 'class', 'includes/database/pgsql/database.inc', '', 0),
('DatabaseConnection_sqlite', 'class', 'includes/database/sqlite/database.inc', '', 0),
('DatabaseDriverNotSpecifiedException', 'class', 'includes/database/database.inc', '', 0),
('DatabaseSchema', 'class', 'includes/database/schema.inc', '', 0),
('DatabaseSchemaObjectDoesNotExistException', 'class', 'includes/database/schema.inc', '', 0),
('DatabaseSchemaObjectExistsException', 'class', 'includes/database/schema.inc', '', 0),
('DatabaseSchema_mysql', 'class', 'includes/database/mysql/schema.inc', '', 0),
('DatabaseSchema_pgsql', 'class', 'includes/database/pgsql/schema.inc', '', 0),
('DatabaseSchema_sqlite', 'class', 'includes/database/sqlite/schema.inc', '', 0),
('DatabaseStatementBase', 'class', 'includes/database/database.inc', '', 0),
('DatabaseStatementEmpty', 'class', 'includes/database/database.inc', '', 0),
('DatabaseStatementInterface', 'interface', 'includes/database/database.inc', '', 0),
('DatabaseStatement_sqlite', 'class', 'includes/database/sqlite/database.inc', '', 0),
('DatabaseTaskException', 'class', 'includes/install.inc', '', 0),
('DatabaseTasks', 'class', 'includes/install.inc', '', 0),
('DatabaseTasks_mysql', 'class', 'includes/database/mysql/install.inc', '', 0),
('DatabaseTransaction', 'class', 'includes/database/database.inc', '', 0),
('DatabaseTransactionCommitFailedException', 'class', 'includes/database/database.inc', '', 0),
('DatabaseTransactionExplicitCommitNotAllowedException', 'class', 'includes/database/database.inc', '', 0),
('DatabaseTransactionNameNonUniqueException', 'class', 'includes/database/database.inc', '', 0),
('DatabaseTransactionNoActiveException', 'class', 'includes/database/database.inc', '', 0),
('DatabaseTransactionOutOfOrderException', 'class', 'includes/database/database.inc', '', 0),
('DateAPITestCase', 'class', 'sites/all/modules/date/tests/date_api.test', 'date', 0),
('DateFieldBasic', 'class', 'sites/all/modules/date/tests/date_field.test', 'date', 0),
('DateFieldTestCase', 'class', 'sites/all/modules/date/tests/date_field.test', 'date', 0),
('DateObject', 'class', 'sites/all/modules/date/date_api/date_api.module', 'date_api', 0),
('DateTimeFunctionalTest', 'class', 'modules/system/system.test', 'system', 0),
('DateTimezoneTestCase', 'class', 'sites/all/modules/date/tests/date_timezone.test', 'date', 0),
('DateUITestCase', 'class', 'sites/all/modules/date/tests/date.test', 'date', 0),
('DateValidationTestCase', 'class', 'sites/all/modules/date/tests/date_validation.test', 'date', 0),
('date_sql_handler', 'class', 'sites/all/modules/date/date_api/date_api_sql.inc', 'date_api', 0),
('DBLogTestCase', 'class', 'modules/dblog/dblog.test', 'dblog', 0),
('DefaultMailSystem', 'class', 'modules/system/system.mail.inc', 'system', 0),
('DeleteQuery', 'class', 'includes/database/query.inc', '', 0),
('DeleteQuery_sqlite', 'class', 'includes/database/sqlite/query.inc', '', 0),
('DrupalCacheArray', 'class', 'includes/bootstrap.inc', '', 0),
('DrupalCacheInterface', 'interface', 'includes/cache.inc', '', 0),
('DrupalDatabaseCache', 'class', 'includes/cache.inc', '', 0),
('DrupalDefaultEntityController', 'class', 'includes/entity.inc', '', 0),
('DrupalEntityControllerInterface', 'interface', 'includes/entity.inc', '', 0),
('DrupalLocalStreamWrapper', 'class', 'includes/stream_wrappers.inc', '', 0),
('DrupalPrivateStreamWrapper', 'class', 'includes/stream_wrappers.inc', '', 0),
('DrupalPublicStreamWrapper', 'class', 'includes/stream_wrappers.inc', '', 0),
('DrupalQueue', 'class', 'modules/system/system.queue.inc', 'system', 0),
('DrupalQueueInterface', 'interface', 'modules/system/system.queue.inc', 'system', 0),
('DrupalReliableQueueInterface', 'interface', 'modules/system/system.queue.inc', 'system', 0),
('DrupalSetMessageTest', 'class', 'modules/system/system.test', 'system', 0),
('DrupalStreamWrapperInterface', 'interface', 'includes/stream_wrappers.inc', '', 0),
('DrupalTemporaryStreamWrapper', 'class', 'includes/stream_wrappers.inc', '', 0),
('EnableDisableTestCase', 'class', 'modules/system/system.test', 'system', 0),
('Entity', 'class', 'modules/entity/includes/entity.inc', 'entity', 0),
('EntityAPICommentNodeAccessTestCase', 'class', 'modules/entity/entity.test', 'entity', 0),
('EntityAPIController', 'class', 'modules/entity/includes/entity.controller.inc', 'entity', 0),
('EntityAPIControllerExportable', 'class', 'modules/entity/includes/entity.controller.inc', 'entity', 0),
('EntityAPIControllerInterface', 'interface', 'modules/entity/includes/entity.controller.inc', 'entity', 0),
('EntityAPIControllerRevisionableInterface', 'interface', 'modules/entity/includes/entity.controller.inc', 'entity', 0),
('EntityAPIi18nItegrationTestCase', 'class', 'modules/entity/entity.test', 'entity', 0),
('EntityAPIRulesIntegrationTestCase', 'class', 'modules/entity/entity.test', 'entity', 0),
('EntityAPITestCase', 'class', 'modules/entity/entity.test', 'entity', 0),
('EntityBundleableUIController', 'class', 'modules/entity/includes/entity.ui.inc', 'entity', 0),
('EntityContentUIController', 'class', 'modules/entity/includes/entity.ui.inc', 'entity', 0),
('EntityDB', 'class', 'modules/entity/includes/entity.inc', 'entity', 0),
('EntityDBExtendable', 'class', 'modules/entity/includes/entity.inc', 'entity', 0),
('EntityDefaultExtraFieldsController', 'class', 'modules/entity/entity.info.inc', 'entity', 0),
('EntityDefaultFeaturesController', 'class', 'modules/entity/entity.features.inc', 'entity', 0),
('EntityDefaultI18nStringController', 'class', 'modules/entity/entity.i18n.inc', 'entity', 0),
('EntityDefaultMetadataController', 'class', 'modules/entity/entity.info.inc', 'entity', 0),
('EntityDefaultRulesController', 'class', 'modules/entity/entity.rules.inc', 'entity', 0),
('EntityDefaultUIController', 'class', 'modules/entity/includes/entity.ui.inc', 'entity', 0),
('EntityDefaultViewsController', 'class', 'modules/entity/views/entity.views.inc', 'entity', 0),
('EntityDrupalWrapper', 'class', 'modules/entity/includes/entity.wrapper.inc', 'entity', 0),
('EntityExtendable', 'class', 'modules/entity/includes/entity.inc', 'entity', 0),
('EntityExtraFieldsControllerInterface', 'interface', 'modules/entity/entity.info.inc', 'entity', 0),
('EntityFieldHandlerHelper', 'class', 'modules/entity/views/handlers/entity_views_field_handler_helper.inc', 'entity', 0),
('EntityFieldQuery', 'class', 'includes/entity.inc', '', 0),
('EntityFieldQueryException', 'class', 'includes/entity.inc', '', 0),
('EntityListWrapper', 'class', 'modules/entity/includes/entity.wrapper.inc', 'entity', 0),
('EntityMalformedException', 'class', 'includes/entity.inc', '', 0),
('EntityMetadataArrayObject', 'class', 'modules/entity/includes/entity.wrapper.inc', 'entity', 0),
('EntityMetadataIntegrationTestCase', 'class', 'modules/entity/entity.test', 'entity', 0),
('EntityMetadataNodeAccessTestCase', 'class', 'modules/entity/entity.test', 'entity', 0),
('EntityMetadataNodeCreateAccessTestCase', 'class', 'modules/entity/entity.test', 'entity', 0),
('EntityMetadataNodeRevisionAccessTestCase', 'class', 'modules/entity/entity.test', 'entity', 0),
('EntityMetadataTestCase', 'class', 'modules/entity/entity.test', 'entity', 0),
('EntityMetadataWrapper', 'class', 'modules/entity/includes/entity.wrapper.inc', 'entity', 0),
('EntityMetadataWrapperException', 'class', 'modules/entity/includes/entity.wrapper.inc', 'entity', 0),
('EntityMetadataWrapperIterator', 'class', 'modules/entity/includes/entity.wrapper.inc', 'entity', 0),
('EntityPropertiesTestCase', 'class', 'modules/field/tests/field.test', 'field', 0),
('EntityStructureWrapper', 'class', 'modules/entity/includes/entity.wrapper.inc', 'entity', 0),
('EntityTokenTestCase', 'class', 'modules/entity/entity.test', 'entity', 0),
('EntityValueWrapper', 'class', 'modules/entity/includes/entity.wrapper.inc', 'entity', 0),
('EntityWebTestCase', 'class', 'modules/entity/entity.test', 'entity', 0),
('entity_views_handler_area_entity', 'class', 'modules/entity/views/handlers/entity_views_handler_area_entity.inc', 'entity', 0),
('entity_views_handler_field_boolean', 'class', 'modules/entity/views/handlers/entity_views_handler_field_boolean.inc', 'entity', 0),
('entity_views_handler_field_date', 'class', 'modules/entity/views/handlers/entity_views_handler_field_date.inc', 'entity', 0),
('entity_views_handler_field_duration', 'class', 'modules/entity/views/handlers/entity_views_handler_field_duration.inc', 'entity', 0),
('entity_views_handler_field_entity', 'class', 'modules/entity/views/handlers/entity_views_handler_field_entity.inc', 'entity', 0),
('entity_views_handler_field_field', 'class', 'modules/entity/views/handlers/entity_views_handler_field_field.inc', 'entity', 0),
('entity_views_handler_field_numeric', 'class', 'modules/entity/views/handlers/entity_views_handler_field_numeric.inc', 'entity', 0),
('entity_views_handler_field_options', 'class', 'modules/entity/views/handlers/entity_views_handler_field_options.inc', 'entity', 0),
('entity_views_handler_field_text', 'class', 'modules/entity/views/handlers/entity_views_handler_field_text.inc', 'entity', 0),
('entity_views_handler_field_uri', 'class', 'modules/entity/views/handlers/entity_views_handler_field_uri.inc', 'entity', 0),
('entity_views_handler_relationship', 'class', 'modules/entity/views/handlers/entity_views_handler_relationship.inc', 'entity', 0),
('entity_views_handler_relationship_by_bundle', 'class', 'modules/entity/views/handlers/entity_views_handler_relationship_by_bundle.inc', 'entity', 0),
('entity_views_plugin_row_entity_view', 'class', 'modules/entity/views/plugins/entity_views_plugin_row_entity_view.inc', 'entity', 0),
('FieldAttachOtherTestCase', 'class', 'modules/field/tests/field.test', 'field', 0),
('FieldAttachStorageTestCase', 'class', 'modules/field/tests/field.test', 'field', 0),
('FieldAttachTestCase', 'class', 'modules/field/tests/field.test', 'field', 0),
('FieldBulkDeleteTestCase', 'class', 'modules/field/tests/field.test', 'field', 0),
('FieldCrudTestCase', 'class', 'modules/field/tests/field.test', 'field', 0),
('FieldDisplayAPITestCase', 'class', 'modules/field/tests/field.test', 'field', 0),
('FieldException', 'class', 'modules/field/field.module', 'field', 0),
('FieldFormTestCase', 'class', 'modules/field/tests/field.test', 'field', 0),
('FieldInfo', 'class', 'modules/field/field.info.class.inc', 'field', 0),
('FieldInfoTestCase', 'class', 'modules/field/tests/field.test', 'field', 0),
('FieldInstanceCrudTestCase', 'class', 'modules/field/tests/field.test', 'field', 0),
('FieldsOverlapException', 'class', 'includes/database/database.inc', '', 0),
('FieldSqlStorageTestCase', 'class', 'modules/field/modules/field_sql_storage/field_sql_storage.test', 'field_sql_storage', 0),
('FieldTestCase', 'class', 'modules/field/tests/field.test', 'field', 0),
('FieldTranslationsTestCase', 'class', 'modules/field/tests/field.test', 'field', 0),
('FieldUIAlterTestCase', 'class', 'modules/field_ui/field_ui.test', 'field_ui', 0),
('FieldUIManageDisplayTestCase', 'class', 'modules/field_ui/field_ui.test', 'field_ui', 0),
('FieldUIManageFieldsTestCase', 'class', 'modules/field_ui/field_ui.test', 'field_ui', 0),
('FieldUITestCase', 'class', 'modules/field_ui/field_ui.test', 'field_ui', 0),
('FieldUpdateForbiddenException', 'class', 'modules/field/field.module', 'field', 0),
('FieldValidationException', 'class', 'modules/field/field.attach.inc', 'field', 0),
('FileFieldDisplayTestCase', 'class', 'modules/file/tests/file.test', 'file', 0),
('FileFieldPathTestCase', 'class', 'modules/file/tests/file.test', 'file', 0),
('FileFieldRevisionTestCase', 'class', 'modules/file/tests/file.test', 'file', 0),
('FileFieldTestCase', 'class', 'modules/file/tests/file.test', 'file', 0),
('FileFieldValidateTestCase', 'class', 'modules/file/tests/file.test', 'file', 0),
('FileFieldWidgetTestCase', 'class', 'modules/file/tests/file.test', 'file', 0),
('FileManagedFileElementTestCase', 'class', 'modules/file/tests/file.test', 'file', 0),
('FilePrivateTestCase', 'class', 'modules/file/tests/file.test', 'file', 0),
('FileTaxonomyTermTestCase', 'class', 'modules/file/tests/file.test', 'file', 0),
('FileTokenReplaceTestCase', 'class', 'modules/file/tests/file.test', 'file', 0),
('FileTransferFTP', 'class', 'includes/filetransfer/ftp.inc', '', 0),
('FileTransferFTPExtension', 'class', 'includes/filetransfer/ftp.inc', '', 0),
('FileTransferSSH', 'class', 'includes/filetransfer/ssh.inc', '', 0),
('FilterAdminTestCase', 'class', 'modules/filter/filter.test', 'filter', 0),
('FilterCRUDTestCase', 'class', 'modules/filter/filter.test', 'filter', 0),
('FilterDefaultFormatTestCase', 'class', 'modules/filter/filter.test', 'filter', 0),
('FilterFormatAccessTestCase', 'class', 'modules/filter/filter.test', 'filter', 0),
('FilterHooksTestCase', 'class', 'modules/filter/filter.test', 'filter', 0),
('FilterNoFormatTestCase', 'class', 'modules/filter/filter.test', 'filter', 0),
('FilterSecurityTestCase', 'class', 'modules/filter/filter.test', 'filter', 0),
('FilterSettingsTestCase', 'class', 'modules/filter/filter.test', 'filter', 0),
('FilterUnitTestCase', 'class', 'modules/filter/filter.test', 'filter', 0),
('FloodFunctionalTest', 'class', 'modules/system/system.test', 'system', 0),
('FrontPageTestCase', 'class', 'modules/system/system.test', 'system', 0),
('HelpTestCase', 'class', 'modules/help/help.test', 'help', 0),
('HookRequirementsTestCase', 'class', 'modules/system/system.test', 'system', 0),
('ImageAdminStylesUnitTest', 'class', 'modules/image/image.test', 'image', 0),
('ImageDimensionsScaleTestCase', 'class', 'modules/image/image.test', 'image', 0),
('ImageDimensionsTestCase', 'class', 'modules/image/image.test', 'image', 0),
('ImageEffectsUnitTest', 'class', 'modules/image/image.test', 'image', 0),
('ImageFieldDefaultImagesTestCase', 'class', 'modules/image/image.test', 'image', 0),
('ImageFieldDisplayTestCase', 'class', 'modules/image/image.test', 'image', 0),
('ImageFieldTestCase', 'class', 'modules/image/image.test', 'image', 0),
('ImageFieldValidateTestCase', 'class', 'modules/image/image.test', 'image', 0),
('ImageStyleFlushTest', 'class', 'modules/image/image.test', 'image', 0),
('ImageStylesPathAndUrlTestCase', 'class', 'modules/image/image.test', 'image', 0),
('ImageThemeFunctionWebTestCase', 'class', 'modules/image/image.test', 'image', 0),
('InfoFileParserTestCase', 'class', 'modules/system/system.test', 'system', 0),
('InsertQuery', 'class', 'includes/database/query.inc', '', 0),
('InsertQuery_mysql', 'class', 'includes/database/mysql/query.inc', '', 0),
('InsertQuery_pgsql', 'class', 'includes/database/pgsql/query.inc', '', 0),
('InsertQuery_sqlite', 'class', 'includes/database/sqlite/query.inc', '', 0),
('InvalidMergeQueryException', 'class', 'includes/database/database.inc', '', 0),
('IPAddressBlockingTestCase', 'class', 'modules/system/system.test', 'system', 0),
('LibrariesTestCase', 'class', 'modules/libraries/tests/libraries.test', 'libraries', 0),
('LibrariesUnitTestCase', 'class', 'modules/libraries/tests/libraries.test', 'libraries', 0),
('ListDynamicValuesTestCase', 'class', 'modules/field/modules/list/tests/list.test', 'list', 0),
('ListDynamicValuesValidationTestCase', 'class', 'modules/field/modules/list/tests/list.test', 'list', 0),
('ListFieldTestCase', 'class', 'modules/field/modules/list/tests/list.test', 'list', 0),
('ListFieldUITestCase', 'class', 'modules/field/modules/list/tests/list.test', 'list', 0),
('LocaleBrowserDetectionTest', 'class', 'modules/locale/locale.test', 'locale', 0),
('LocaleCommentLanguageFunctionalTest', 'class', 'modules/locale/locale.test', 'locale', 0),
('LocaleConfigurationTest', 'class', 'modules/locale/locale.test', 'locale', 0),
('LocaleContentFunctionalTest', 'class', 'modules/locale/locale.test', 'locale', 0),
('LocaleCSSAlterTest', 'class', 'modules/locale/locale.test', 'locale', 0),
('LocaleDateFormatsFunctionalTest', 'class', 'modules/locale/locale.test', 'locale', 0),
('LocaleExportFunctionalTest', 'class', 'modules/locale/locale.test', 'locale', 0),
('LocaleImportFunctionalTest', 'class', 'modules/locale/locale.test', 'locale', 0),
('LocaleInstallTest', 'class', 'modules/locale/locale.test', 'locale', 0),
('LocaleJavascriptTranslationTest', 'class', 'modules/locale/locale.test', 'locale', 0),
('LocaleLanguageNegotiationInfoFunctionalTest', 'class', 'modules/locale/locale.test', 'locale', 0),
('LocaleLanguageSwitchingFunctionalTest', 'class', 'modules/locale/locale.test', 'locale', 0),
('LocaleLibraryInfoAlterTest', 'class', 'modules/locale/locale.test', 'locale', 0),
('LocaleMultilingualFieldsFunctionalTest', 'class', 'modules/locale/locale.test', 'locale', 0),
('LocalePathFunctionalTest', 'class', 'modules/locale/locale.test', 'locale', 0),
('LocalePluralFormatTest', 'class', 'modules/locale/locale.test', 'locale', 0),
('LocaleTranslationFunctionalTest', 'class', 'modules/locale/locale.test', 'locale', 0),
('LocaleUILanguageNegotiationTest', 'class', 'modules/locale/locale.test', 'locale', 0),
('LocaleUninstallFrenchFunctionalTest', 'class', 'modules/locale/locale.test', 'locale', 0),
('LocaleUninstallFunctionalTest', 'class', 'modules/locale/locale.test', 'locale', 0),
('LocaleUrlRewritingTest', 'class', 'modules/locale/locale.test', 'locale', 0),
('LocaleUserCreationTest', 'class', 'modules/locale/locale.test', 'locale', 0),
('LocaleUserLanguageFunctionalTest', 'class', 'modules/locale/locale.test', 'locale', 0),
('MailSystemInterface', 'interface', 'includes/mail.inc', '', 0),
('MemoryQueue', 'class', 'modules/system/system.queue.inc', 'system', 0),
('MenuNodeTestCase', 'class', 'modules/menu/menu.test', 'menu', 0),
('MenuTestCase', 'class', 'modules/menu/menu.test', 'menu', 0),
('MergeQuery', 'class', 'includes/database/query.inc', '', 0),
('ModuleDependencyTestCase', 'class', 'modules/system/system.test', 'system', 0),
('ModuleRequiredTestCase', 'class', 'modules/system/system.test', 'system', 0),
('ModuleTestCase', 'class', 'modules/system/system.test', 'system', 0),
('ModuleUpdater', 'class', 'modules/system/system.updater.inc', 'system', 0),
('ModuleVersionTestCase', 'class', 'modules/system/system.test', 'system', 0),
('MultiStepNodeFormBasicOptionsTest', 'class', 'modules/node/node.test', 'node', 0),
('NewDefaultThemeBlocks', 'class', 'modules/block/block.test', 'block', -5),
('NodeAccessBaseTableTestCase', 'class', 'modules/node/node.test', 'node', 0),
('NodeAccessFieldTestCase', 'class', 'modules/node/node.test', 'node', 0),
('NodeAccessPagerTestCase', 'class', 'modules/node/node.test', 'node', 0),
('NodeAccessRebuildTestCase', 'class', 'modules/node/node.test', 'node', 0),
('NodeAccessRecordsTestCase', 'class', 'modules/node/node.test', 'node', 0),
('NodeAccessTestCase', 'class', 'modules/node/node.test', 'node', 0),
('NodeAdminTestCase', 'class', 'modules/node/node.test', 'node', 0),
('NodeBlockFunctionalTest', 'class', 'modules/node/node.test', 'node', 0),
('NodeBlockTestCase', 'class', 'modules/node/node.test', 'node', 0),
('NodeBuildContent', 'class', 'modules/node/node.test', 'node', 0),
('NodeController', 'class', 'modules/node/node.module', 'node', 0),
('NodeCreationTestCase', 'class', 'modules/node/node.test', 'node', 0),
('NodeEntityFieldQueryAlter', 'class', 'modules/node/node.test', 'node', 0),
('NodeEntityViewModeAlterTest', 'class', 'modules/node/node.test', 'node', 0),
('NodeFeedTestCase', 'class', 'modules/node/node.test', 'node', 0),
('NodeLoadHooksTestCase', 'class', 'modules/node/node.test', 'node', 0),
('NodeLoadMultipleTestCase', 'class', 'modules/node/node.test', 'node', 0),
('NodePageCacheTest', 'class', 'modules/node/node.test', 'node', 0),
('NodePostSettingsTestCase', 'class', 'modules/node/node.test', 'node', 0),
('NodeQueryAlter', 'class', 'modules/node/node.test', 'node', 0),
('NodeRevisionPermissionsTestCase', 'class', 'modules/node/node.test', 'node', 0),
('NodeRevisionsTestCase', 'class', 'modules/node/node.test', 'node', 0),
('NodeRSSContentTestCase', 'class', 'modules/node/node.test', 'node', 0),
('NodeSaveTestCase', 'class', 'modules/node/node.test', 'node', 0),
('NodeTitleTestCase', 'class', 'modules/node/node.test', 'node', 0),
('NodeTitleXSSTestCase', 'class', 'modules/node/node.test', 'node', 0),
('NodeTokenReplaceTestCase', 'class', 'modules/node/node.test', 'node', 0),
('NodeTypePersistenceTestCase', 'class', 'modules/node/node.test', 'node', 0),
('NodeTypeTestCase', 'class', 'modules/node/node.test', 'node', 0),
('NodeWebTestCase', 'class', 'modules/node/node.test', 'node', 0),
('NoFieldsException', 'class', 'includes/database/database.inc', '', 0),
('NoHelpTestCase', 'class', 'modules/help/help.test', 'help', 0),
('NonDefaultBlockAdmin', 'class', 'modules/block/block.test', 'block', -5),
('NumberFieldTestCase', 'class', 'modules/field/modules/number/number.test', 'number', 0),
('OptionsSelectDynamicValuesTestCase', 'class', 'modules/field/modules/options/options.test', 'options', 0),
('OptionsWidgetsTestCase', 'class', 'modules/field/modules/options/options.test', 'options', 0),
('PageEditTestCase', 'class', 'modules/node/node.test', 'node', 0),
('PageNotFoundTestCase', 'class', 'modules/system/system.test', 'system', 0),
('PagePreviewTestCase', 'class', 'modules/node/node.test', 'node', 0),
('PageTitleFiltering', 'class', 'modules/system/system.test', 'system', 0),
('PageViewTestCase', 'class', 'modules/node/node.test', 'node', 0),
('PathautoBulkUpdateTestCase', 'class', 'modules/pathauto/pathauto.test', 'pathauto', 0),
('PathautoFunctionalTestCase', 'class', 'modules/pathauto/pathauto.test', 'pathauto', 0),
('PathautoFunctionalTestHelper', 'class', 'modules/pathauto/pathauto.test', 'pathauto', 0),
('PathautoLocaleTestCase', 'class', 'modules/pathauto/pathauto.test', 'pathauto', 0),
('PathautoTestHelper', 'class', 'modules/pathauto/pathauto.test', 'pathauto', 0),
('PathautoTokenTestCase', 'class', 'modules/pathauto/pathauto.test', 'pathauto', 0),
('PathautoUnitTestCase', 'class', 'modules/pathauto/pathauto.test', 'pathauto', 0),
('PathLanguageTestCase', 'class', 'modules/path/path.test', 'path', 0),
('PathLanguageUITestCase', 'class', 'modules/path/path.test', 'path', 0),
('PathMonolingualTestCase', 'class', 'modules/path/path.test', 'path', 0),
('PathTaxonomyTermTestCase', 'class', 'modules/path/path.test', 'path', 0),
('PathTestCase', 'class', 'modules/path/path.test', 'path', 0),
('Query', 'class', 'includes/database/query.inc', '', 0),
('QueryAlterableInterface', 'interface', 'includes/database/query.inc', '', 0),
('QueryConditionInterface', 'interface', 'includes/database/query.inc', '', 0),
('QueryExtendableInterface', 'interface', 'includes/database/select.inc', '', 0),
('QueryPlaceholderInterface', 'interface', 'includes/database/query.inc', '', 0),
('QueueTestCase', 'class', 'modules/system/system.test', 'system', 0),
('RdfCommentAttributesTestCase', 'class', 'modules/rdf/rdf.test', 'rdf', 0),
('RdfCrudTestCase', 'class', 'modules/rdf/rdf.test', 'rdf', 0),
('RdfGetRdfNamespacesTestCase', 'class', 'modules/rdf/rdf.test', 'rdf', 0),
('RdfMappingDefinitionTestCase', 'class', 'modules/rdf/rdf.test', 'rdf', 0),
('RdfMappingHookTestCase', 'class', 'modules/rdf/rdf.test', 'rdf', 0),
('RdfRdfaMarkupTestCase', 'class', 'modules/rdf/rdf.test', 'rdf', 0),
('RdfTrackerAttributesTestCase', 'class', 'modules/rdf/rdf.test', 'rdf', 0),
('RetrieveFileTestCase', 'class', 'modules/system/system.test', 'system', 0),
('SchemaCache', 'class', 'includes/bootstrap.inc', '', 0),
('SearchAdvancedSearchForm', 'class', 'modules/search/search.test', 'search', 0),
('SearchBlockTestCase', 'class', 'modules/search/search.test', 'search', 0),
('SearchCommentCountToggleTestCase', 'class', 'modules/search/search.test', 'search', 0),
('SearchCommentTestCase', 'class', 'modules/search/search.test', 'search', 0),
('SearchConfigSettingsForm', 'class', 'modules/search/search.test', 'search', 0),
('SearchEmbedForm', 'class', 'modules/search/search.test', 'search', 0),
('SearchExactTestCase', 'class', 'modules/search/search.test', 'search', 0),
('SearchExcerptTestCase', 'class', 'modules/search/search.test', 'search', 0),
('SearchExpressionInsertExtractTestCase', 'class', 'modules/search/search.test', 'search', 0),
('SearchKeywordsConditions', 'class', 'modules/search/search.test', 'search', 0),
('SearchLanguageTestCase', 'class', 'modules/search/search.test', 'search', 0),
('SearchMatchTestCase', 'class', 'modules/search/search.test', 'search', 0),
('SearchNodeAccessTest', 'class', 'modules/search/search.test', 'search', 0),
('SearchNodeTagTest', 'class', 'modules/search/search.test', 'search', 0),
('SearchNumberMatchingTestCase', 'class', 'modules/search/search.test', 'search', 0),
('SearchNumbersTestCase', 'class', 'modules/search/search.test', 'search', 0),
('SearchPageOverride', 'class', 'modules/search/search.test', 'search', 0),
('SearchPageText', 'class', 'modules/search/search.test', 'search', 0),
('SearchQuery', 'class', 'modules/search/search.extender.inc', 'search', 0),
('SearchRankingTestCase', 'class', 'modules/search/search.test', 'search', 0),
('SearchSetLocaleTest', 'class', 'modules/search/search.test', 'search', 0),
('SearchSimplifyTestCase', 'class', 'modules/search/search.test', 'search', 0),
('SearchTokenizerTestCase', 'class', 'modules/search/search.test', 'search', 0),
('SelectQuery', 'class', 'includes/database/select.inc', '', 0),
('SelectQueryExtender', 'class', 'includes/database/select.inc', '', 0),
('SelectQueryInterface', 'interface', 'includes/database/select.inc', '', 0),
('SelectQuery_pgsql', 'class', 'includes/database/pgsql/select.inc', '', 0),
('ShortcutLinksTestCase', 'class', 'modules/shortcut/shortcut.test', 'shortcut', 0),
('ShortcutSetsTestCase', 'class', 'modules/shortcut/shortcut.test', 'shortcut', 0),
('ShortcutTestCase', 'class', 'modules/shortcut/shortcut.test', 'shortcut', 0),
('ShutdownFunctionsTest', 'class', 'modules/system/system.test', 'system', 0),
('SiteMaintenanceTestCase', 'class', 'modules/system/system.test', 'system', 0),
('StreamWrapperInterface', 'interface', 'includes/stream_wrappers.inc', '', 0),
('SummaryLengthTestCase', 'class', 'modules/node/node.test', 'node', 0),
('SystemAdminTestCase', 'class', 'modules/system/system.test', 'system', 0),
('SystemAuthorizeCase', 'class', 'modules/system/system.test', 'system', 0),
('SystemBlockTestCase', 'class', 'modules/system/system.test', 'system', 0),
('SystemIndexPhpTest', 'class', 'modules/system/system.test', 'system', 0),
('SystemInfoAlterTestCase', 'class', 'modules/system/system.test', 'system', 0),
('SystemMainContentFallback', 'class', 'modules/system/system.test', 'system', 0),
('SystemQueue', 'class', 'modules/system/system.queue.inc', 'system', 0),
('SystemThemeFunctionalTest', 'class', 'modules/system/system.test', 'system', 0),
('SystemValidTokenTest', 'class', 'modules/system/system.test', 'system', 0),
('TableSort', 'class', 'includes/tablesort.inc', '', 0),
('TaxonomyEFQTestCase', 'class', 'modules/taxonomy/taxonomy.test', 'taxonomy', 0),
('TaxonomyHooksTestCase', 'class', 'modules/taxonomy/taxonomy.test', 'taxonomy', 0),
('TaxonomyLegacyTestCase', 'class', 'modules/taxonomy/taxonomy.test', 'taxonomy', 0),
('TaxonomyLoadMultipleTestCase', 'class', 'modules/taxonomy/taxonomy.test', 'taxonomy', 0),
('TaxonomyRSSTestCase', 'class', 'modules/taxonomy/taxonomy.test', 'taxonomy', 0),
('TaxonomyTermController', 'class', 'modules/taxonomy/taxonomy.module', 'taxonomy', 0),
('TaxonomyTermFieldMultipleVocabularyTestCase', 'class', 'modules/taxonomy/taxonomy.test', 'taxonomy', 0),
('TaxonomyTermFieldTestCase', 'class', 'modules/taxonomy/taxonomy.test', 'taxonomy', 0),
('TaxonomyTermFunctionTestCase', 'class', 'modules/taxonomy/taxonomy.test', 'taxonomy', 0),
('TaxonomyTermIndexTestCase', 'class', 'modules/taxonomy/taxonomy.test', 'taxonomy', 0),
('TaxonomyTermTestCase', 'class', 'modules/taxonomy/taxonomy.test', 'taxonomy', 0),
('TaxonomyThemeTestCase', 'class', 'modules/taxonomy/taxonomy.test', 'taxonomy', 0),
('TaxonomyTokenReplaceTestCase', 'class', 'modules/taxonomy/taxonomy.test', 'taxonomy', 0),
('TaxonomyVocabularyController', 'class', 'modules/taxonomy/taxonomy.module', 'taxonomy', 0),
('TaxonomyVocabularyFunctionalTest', 'class', 'modules/taxonomy/taxonomy.test', 'taxonomy', 0),
('TaxonomyVocabularyTestCase', 'class', 'modules/taxonomy/taxonomy.test', 'taxonomy', 0),
('TaxonomyWebTestCase', 'class', 'modules/taxonomy/taxonomy.test', 'taxonomy', 0),
('TestingMailSystem', 'class', 'modules/system/system.mail.inc', 'system', 0),
('TextFieldTestCase', 'class', 'modules/field/modules/text/text.test', 'text', 0),
('TextSummaryTestCase', 'class', 'modules/field/modules/text/text.test', 'text', 0),
('TextTranslationTestCase', 'class', 'modules/field/modules/text/text.test', 'text', 0),
('ThemeRegistry', 'class', 'includes/theme.inc', '', 0),
('ThemeUpdater', 'class', 'modules/system/system.updater.inc', 'system', 0),
('TokenArrayTestCase', 'class', 'modules/token/token.test', 'token', 0),
('TokenBlockTestCase', 'class', 'modules/token/token.test', 'token', 0),
('TokenCommentTestCase', 'class', 'modules/token/token.test', 'token', 0),
('TokenCurrentPageTestCase', 'class', 'modules/token/token.test', 'token', 0),
('TokenDateTestCase', 'class', 'modules/token/token.test', 'token', 0),
('TokenEntityTestCase', 'class', 'modules/token/token.test', 'token', 0),
('TokenFileTestCase', 'class', 'modules/token/token.test', 'token', 0),
('TokenMenuTestCase', 'class', 'modules/token/token.test', 'token', 0),
('TokenNodeTestCase', 'class', 'modules/token/token.test', 'token', 0),
('TokenProfileTestCase', 'class', 'modules/token/token.test', 'token', 0),
('TokenRandomTestCase', 'class', 'modules/token/token.test', 'token', 0),
('TokenReplaceTestCase', 'class', 'modules/system/system.test', 'system', 0),
('TokenScanTest', 'class', 'modules/system/system.test', 'system', 0),
('TokenTaxonomyTestCase', 'class', 'modules/token/token.test', 'token', 0),
('TokenTestHelper', 'class', 'modules/token/token.test', 'token', 0),
('TokenUnitTestCase', 'class', 'modules/token/token.test', 'token', 0),
('TokenURLTestCase', 'class', 'modules/token/token.test', 'token', 0),
('TokenUserTestCase', 'class', 'modules/token/token.test', 'token', 0),
('TruncateQuery', 'class', 'includes/database/query.inc', '', 0),
('TruncateQuery_mysql', 'class', 'includes/database/mysql/query.inc', '', 0),
('TruncateQuery_sqlite', 'class', 'includes/database/sqlite/query.inc', '', 0),
('UpdateCoreTestCase', 'class', 'modules/update/update.test', 'update', 0),
('UpdateCoreUnitTestCase', 'class', 'modules/update/update.test', 'update', 0),
('UpdateQuery', 'class', 'includes/database/query.inc', '', 0),
('UpdateQuery_pgsql', 'class', 'includes/database/pgsql/query.inc', '', 0),
('UpdateQuery_sqlite', 'class', 'includes/database/sqlite/query.inc', '', 0),
('UpdateScriptFunctionalTest', 'class', 'modules/system/system.test', 'system', 0),
('UpdateTestContribCase', 'class', 'modules/update/update.test', 'update', 0),
('UpdateTestHelper', 'class', 'modules/update/update.test', 'update', 0),
('UpdateTestUploadCase', 'class', 'modules/update/update.test', 'update', 0),
('UserAccountLinksUnitTests', 'class', 'modules/user/user.test', 'user', 0),
('UserAdminTestCase', 'class', 'modules/user/user.test', 'user', 0),
('UserAuthmapAssignmentTestCase', 'class', 'modules/user/user.test', 'user', 0),
('UserAutocompleteTestCase', 'class', 'modules/user/user.test', 'user', 0),
('UserBlocksUnitTests', 'class', 'modules/user/user.test', 'user', 0),
('UserCancelTestCase', 'class', 'modules/user/user.test', 'user', 0),
('UserController', 'class', 'modules/user/user.module', 'user', 0),
('UserCreateTestCase', 'class', 'modules/user/user.test', 'user', 0),
('UserEditedOwnAccountTestCase', 'class', 'modules/user/user.test', 'user', 0),
('UserEditTestCase', 'class', 'modules/user/user.test', 'user', 0),
('UserLoginTestCase', 'class', 'modules/user/user.test', 'user', 0),
('UserPasswordResetTestCase', 'class', 'modules/user/user.test', 'user', 0),
('UserPermissionsTestCase', 'class', 'modules/user/user.test', 'user', 0),
('UserPictureTestCase', 'class', 'modules/user/user.test', 'user', 0),
('UserRegistrationTestCase', 'class', 'modules/user/user.test', 'user', 0),
('UserRoleAdminTestCase', 'class', 'modules/user/user.test', 'user', 0),
('UserRolesAssignmentTestCase', 'class', 'modules/user/user.test', 'user', 0),
('UserSaveTestCase', 'class', 'modules/user/user.test', 'user', 0),
('UserSignatureTestCase', 'class', 'modules/user/user.test', 'user', 0),
('UserTimeZoneFunctionalTest', 'class', 'modules/user/user.test', 'user', 0),
('UserTokenReplaceTestCase', 'class', 'modules/user/user.test', 'user', 0),
('UserUserSearchTestCase', 'class', 'modules/user/user.test', 'user', 0),
('UserValidateCurrentPassCustomForm', 'class', 'modules/user/user.test', 'user', 0),
('UserValidationTestCase', 'class', 'modules/user/user.test', 'user', 0);

-- --------------------------------------------------------

--
-- Table structure for table `registry_file`
--

CREATE TABLE `registry_file` (
  `filename` varchar(255) NOT NULL COMMENT 'Path to the file.',
  `hash` varchar(64) NOT NULL COMMENT 'sha-256 hash of the file’s contents when last parsed.'
) ENGINE=InnoDB DEFAULT CHARSET=utf8 COMMENT='Files parsed to build the registry.';

--
-- Dumping data for table `registry_file`
--

INSERT INTO `registry_file` (`filename`, `hash`) VALUES
('includes/actions.inc', 'f36b066681463c7dfe189e0430cb1a89bf66f7e228cbb53cdfcd93987193f759'),
('includes/ajax.inc', 'a22c8f7345c1f714ea40bbaa1385fa0e3763b389c82656cf6ff3e4d051532ee4'),
('includes/archiver.inc', 'bdbb21b712a62f6b913590b609fd17cd9f3c3b77c0d21f68e71a78427ed2e3e9'),
('includes/authorize.inc', '6d64d8c21aa01eb12fc29918732e4df6b871ed06e5d41373cb95c197ed661d13'),
('includes/batch.inc', '059da9e36e1f3717f27840aae73f10dea7d6c8daf16f6520401cc1ca3b4c0388'),
('includes/batch.queue.inc', '554b2e92e1dad0f7fd5a19cb8dff7e109f10fbe2441a5692d076338ec908de0f'),
('includes/bootstrap.inc', 'f86fec7b2776659b205e4349fb19b287b17845cd6b899f236e51912c7a26d3ce'),
('includes/cache-install.inc', 'e7ed123c5805703c84ad2cce9c1ca46b3ce8caeeea0d8ef39a3024a4ab95fa0e'),
('includes/cache.inc', 'd01e10e4c18010b6908026f3d71b72717e3272cfb91a528490eba7f339f8dd1b'),
('includes/common.inc', 'de944671514c45341492008f75a9b780d3eec515a35b127f9188a2450dd6e63c'),
('includes/database/database.inc', '975772973731aa41e5a87df40a8c88bb5278267735ef4a3efcc15664d14534cb'),
('includes/database/log.inc', '9feb5a17ae2fabcf26a96d2a634ba73da501f7bcfc3599a693d916a6971d00d1'),
('includes/database/mysql/database.inc', '311f6444b3aa9ce44f95a848e407b4418d2b583ecbf70643ffeb61c23a1ae6df'),
('includes/database/mysql/install.inc', '6ae316941f771732fbbabed7e1d6b4cbb41b1f429dd097d04b3345aa15e461a0'),
('includes/database/mysql/query.inc', '0212a871646c223bf77aa26b945c77a8974855373967b5fb9fdc09f8a1de88a6'),
('includes/database/mysql/schema.inc', '6f43ac87508f868fe38ee09994fc18d69915bada0237f8ac3b717cafe8f22c6b'),
('includes/database/pgsql/database.inc', 'd737f95947d78eb801e8ec8ca8b01e72d2e305924efce8abca0a98c1b5264cff'),
('includes/database/pgsql/install.inc', '585b80c5bbd6f134bff60d06397f15154657a577d4da8d1b181858905f09dea5'),
('includes/database/pgsql/query.inc', '0df57377686c921e722a10b49d5e433b131176c8059a4ace4680964206fc14b4'),
('includes/database/pgsql/schema.inc', '1588daadfa53506aa1f5d94572162a45a46dc3ceabdd0e2f224532ded6508403'),
('includes/database/pgsql/select.inc', 'fd4bba7887c1dc6abc8f080fc3a76c01d92ea085434e355dc1ecb50d8743c22d'),
('includes/database/prefetch.inc', 'b5b207a66a69ecb52ee4f4459af16a7b5eabedc87254245f37cc33bebb61c0fb'),
('includes/database/query.inc', '4016a397f10f071cac338fd0a9b004296106e42ab2b9db8c7ff0db341658e88f'),
('includes/database/schema.inc', 'a98b69d33975e75f7d99cb85b20c36b7fc10e35a588e07b20c1b37500f5876ca'),
('includes/database/select.inc', '5e9cdc383564ba86cb9dcad0046990ce15415a3000e4f617d6e0f30a205b852c'),
('includes/database/sqlite/database.inc', '4281c6e80932560ecbeb07d1757efd133e8699a6fccf58c27a55df0f71794622'),
('includes/database/sqlite/install.inc', '381f3db8c59837d961978ba3097bb6443534ed1659fd713aa563963fa0c42cc5'),
('includes/database/sqlite/query.inc', 'f33ab1b6350736a231a4f3f93012d3aac4431ac4e5510fb3a015a5aa6cab8303'),
('includes/database/sqlite/schema.inc', 'cd829700205a8574f8b9d88cd1eaf909519c64754c6f84d6c62b5d21f5886f8d'),
('includes/database/sqlite/select.inc', '8d1c426dbd337733c206cce9f59a172546c6ed856d8ef3f1c7bef05a16f7bf68'),
('includes/date.inc', '18c047be64f201e16d189f1cc47ed9dcf0a145151b1ee187e90511b24e5d2b36'),
('includes/entity.inc', 'e4fc9ff21b165a804d7ac4f036b3b5bd1d3c73da7029bf3f761d4bdee9ae3c96'),
('includes/errors.inc', '72cc29840b24830df98a5628286b4d82738f2abbb78e69b4980310ff12062668'),
('includes/file.inc', '7d0fab68c433d8068b67537ffad3ab94ddeffc971ed1339fab915fa90d284e1b'),
('includes/file.mimetypes.inc', '33266e837f4ce076378e7e8cef6c5af46446226ca4259f83e13f605856a7f147'),
('includes/filetransfer/filetransfer.inc', 'fdea8ae48345ec91885ac48a9bc53daf87616271472bb7c29b7e3ce219b22034'),
('includes/filetransfer/ftp.inc', '51eb119b8e1221d598ffa6cc46c8a322aa77b49a3d8879f7fb38b7221cf7e06d'),
('includes/filetransfer/local.inc', '7cbfdb46abbdf539640db27e66fb30e5265128f31002bd0dfc3af16ae01a9492'),
('includes/filetransfer/ssh.inc', '92f1232158cb32ab04cbc93ae38ad3af04796e18f66910a9bc5ca8e437f06891'),
('includes/form.inc', '73b6f2ebfdbd0aa8b81178d7369a4aa67a22cd6b224f44e7bec229eb9ad2de35'),
('includes/graph.inc', '8e0e313a8bb33488f371df11fc1b58d7cf80099b886cd1003871e2c896d1b536'),
('includes/image.inc', 'bcdc7e1599c02227502b9d0fe36eeb2b529b130a392bc709eb737647bd361826'),
('includes/install.core.inc', '83ea48af045d58fab2d6b7101f3229d66ecf6d874ca41ad1cf15bf438d79bcc5'),
('includes/install.inc', '781c54771c14b067bb38d222096f981121d479222fbdea9c433405de561a2881'),
('includes/iso.inc', '0ce4c225edcfa9f037703bc7dd09d4e268a69bcc90e55da0a3f04c502bd2f349'),
('includes/json-encode.inc', '02a822a652d00151f79db9aa9e171c310b69b93a12f549bc2ce00533a8efa14e'),
('includes/language.inc', '4e08f30843a7ccaeea5c041083e9f77d33d57ff002f1ab4f66168e2c683ce128'),
('includes/locale.inc', 'b957302ca8912d1f3c0afa9f05e72015d27239b263447c5628432196025108a0'),
('includes/lock.inc', 'a181c8bd4f88d292a0a73b9f1fbd727e3314f66ec3631f288e6b9a54ba2b70fa'),
('includes/mail.inc', 'd9fb2b99025745cbb73ebcfc7ac12df100508b9273ce35c433deacf12dd6a13a'),
('includes/menu.inc', 'e2bb49670d826450110b0ee1d31867c175eebee36b925693d156fa19db975be5'),
('includes/module.inc', 'dc33027e05640be98906147e3dac86856841de8a45a754194b664e3a67721d05'),
('includes/pager.inc', '6f9494b85c07a2cc3be4e54aff2d2757485238c476a7da084d25bde1d88be6d8'),
('includes/password.inc', 'fd9a1c94fe5a0fa7c7049a2435c7280b1d666b2074595010e3c492dd15712775'),
('includes/path.inc', '74bf05f3c68b0218730abf3e539fcf08b271959c8f4611940d05124f34a6a66f'),
('includes/registry.inc', 'c225de772f86eebd21b0b52fa8fcc6671e05fa2374cedb3164f7397f27d3c88d'),
('includes/session.inc', '7548621ae4c273179a76eba41aa58b740100613bc015ad388a5c30132b61e34b'),
('includes/stream_wrappers.inc', '4f1feb774a8dbc04ca382fa052f59e58039c7261625f3df29987d6b31f08d92d'),
('includes/tablesort.inc', '2d88768a544829595dd6cda2a5eb008bedb730f36bba6dfe005d9ddd999d5c0f'),
('includes/theme.inc', '904076056d8cd49042d6c1faefbd7f8ec40469143a2a22ae2c36a2ecf54444c6'),
('includes/theme.maintenance.inc', '39f068b3eee4d10a90d6aa3c86db587b6d25844c2919d418d34d133cfe330f5a'),
('includes/token.inc', '5e7898cd78689e2c291ed3cd8f41c032075656896f1db57e49217aac19ae0428'),
('includes/unicode.entities.inc', '2b858138596d961fbaa4c6e3986e409921df7f76b6ee1b109c4af5970f1e0f54'),
('includes/unicode.inc', 'e18772dafe0f80eb139fcfc582fef1704ba9f730647057d4f4841d6a6e4066ca'),
('includes/update.inc', '177ce24362efc7f28b384c90a09c3e485396bbd18c3721d4b21e57dd1733bd92'),
('includes/updater.inc', 'd2da0e74ed86e93c209f16069f3d32e1a134ceb6c06a0044f78e841a1b54e380'),
('includes/utility.inc', '3458fd2b55ab004dd0cc529b8e58af12916e8bd36653b072bdd820b26b907ed5'),
('includes/xmlrpc.inc', 'ea24176ec445c440ba0c825fc7b04a31b440288df8ef02081560dc418e34e659'),
('includes/xmlrpcs.inc', '741aa8d6fcc6c45a9409064f52351f7999b7c702d73def8da44de2567946598a'),
('modules/block/block.test', '40d9de00589211770a85c47d38c8ad61c598ec65d9332128a882eb8750e65a16'),
('modules/contextual/contextual.test', '023dafa199bd325ecc55a17b2a3db46ac0a31e23059f701f789f3bc42427ba0b'),
('modules/ctools/includes/context.inc', '335d0c873c1641490abf6d67e20e8973b2b957887762698feea10cbbd53bba24'),
('modules/ctools/includes/math-expr.inc', '3386323b01da62e02c9f3607cd7f0a0d46f1af90a107a07aed726b1fa8c28235'),
('modules/ctools/includes/stylizer.inc', 'e18f5a1b8af526751d7175354162c06c2013c96f62d9baa399564d8c45a1c90e'),
('modules/ctools/plugins/export_ui/ctools_export_ui.class.php', '41343bd7446446e352d5820e9559f146ea1e16d8e0d9a6453decc46a8155b926'),
('modules/dashboard/dashboard.test', '125df00fc6deb985dc554aa7807a48e60a68dbbddbad9ec2c4718da724f0e683'),
('modules/dblog/dblog.test', '11fbb8522b1c9dc7c85edba3aed7308a8891f26fc7292008822bea1b54722912'),
('modules/entity/entity.features.inc', '47261e1f4f39ac3707a16fdea8a8147c09df1281bcb4b9e46b0c8120603137e8'),
('modules/entity/entity.i18n.inc', '41e0e62af7e2774f62b162d597bb3244551c280296b692b29d039a2c243d7059'),
('modules/entity/entity.info.inc', '88ce9a9831f9e2d48655a94f25676d9f1473c627dcc0c1cb1a3375ad287ebd03'),
('modules/entity/entity.rules.inc', '774199059d1b3ebe6d3fe7a49dbb1550df489055a3d066b5de54edda8dd7ba84'),
('modules/entity/entity.test', '700c0652df35441d6b11d9280406e96a1ed197c4d5d628d057a0f5dbfd230d22'),
('modules/entity/includes/entity.controller.inc', 'f2d9428b5270f329f52a96fa05c8fe94878f3f31b3ba522666b7535aecb10dd2'),
('modules/entity/includes/entity.inc', '0e8ab676f94b98031514d5b887b44f2b0e6387a610085156a14fb174676cbe11'),
('modules/entity/includes/entity.ui.inc', '8e6bf8a8c3c05f82fc3aa65c7b3dfe4a9c5070cd70aec21dd9febae821c30ce3'),
('modules/entity/includes/entity.wrapper.inc', '2fc41a22848723c1bf056744d497cd3d96f02c007e6151de367a3aac71fbe1c6'),
('modules/entity/views/entity.views.inc', '5466fd809815bffd63614ce4ee986cd5b5f22103a7837cfa1f1fbe8b162bcdad'),
('modules/entity/views/handlers/entity_views_field_handler_helper.inc', '85b40f2fa272b008ffe6d91ee0abafc12da4c57300746bffa244e498b8fe0862'),
('modules/entity/views/handlers/entity_views_handler_area_entity.inc', '7b7bb88e53861739b7279f705f0492fc83ce95f5b20d89339480f546422ebf25'),
('modules/entity/views/handlers/entity_views_handler_field_boolean.inc', 'b28b8eee8761ba7a6af35d97ab7aaee28406e6c227271f9769818560626c5791'),
('modules/entity/views/handlers/entity_views_handler_field_date.inc', 'b0f5be5b399de94934b24e84c8cf6053a043f6b00c60dcffa752daeafdd38778'),
('modules/entity/views/handlers/entity_views_handler_field_duration.inc', '6a7f83e4ce141428d3d782db0c71f3cf4b141eff4f551b826fef7e52ac728e01'),
('modules/entity/views/handlers/entity_views_handler_field_entity.inc', '4f255918a22fefebe9c7734f200751457a7ca4d3648e32a98511bb51968d7521'),
('modules/entity/views/handlers/entity_views_handler_field_field.inc', '893121efbce2a7181e31147bade260c9cc657cbd33b0d254cb28b2650e57566d'),
('modules/entity/views/handlers/entity_views_handler_field_numeric.inc', 'f14e2b063930e8820af381b4f5e83c7278440e7804ab88cfde865b6c94e7c0f6'),
('modules/entity/views/handlers/entity_views_handler_field_options.inc', '16317359cf59afb290d78eb61228f93dda408081e8c2f88db2f90a60d68d31d6'),
('modules/entity/views/handlers/entity_views_handler_field_text.inc', 'ae26b8a9a86c36a166644a1f5a9bae0676f535345c092d882df0177ded305bdd'),
('modules/entity/views/handlers/entity_views_handler_field_uri.inc', '79ecaa3eb17dfdd0ca077351b75a2c0adf411ebc04720e7cc0e2397674225f24'),
('modules/entity/views/handlers/entity_views_handler_relationship.inc', 'b69bc538d1e1e0f91f8485ca54c3b6e2be025caa47619734c467377cf89041b9'),
('modules/entity/views/handlers/entity_views_handler_relationship_by_bundle.inc', '25aebf66cd2437bd5867fef8f0e0e25d4308b9ce491cc79801e9d3cbed68bcba'),
('modules/entity/views/plugins/entity_views_plugin_row_entity_view.inc', 'ba557790215f2658146424d933e0d17787a0b15180c5815f23428448ccf056a0'),
('modules/field/field.attach.inc', '2df4687b5ec078c4893dc1fea514f67524fd5293de717b9e05caf977e5ae2327'),
('modules/field/field.info.class.inc', 'a6f2f418552dba0e03f57ee812a6f0f63bbfe4bf81fe805d51ecec47ef84b845'),
('modules/field/field.module', 'e9359f8cac64b2d81ac067d7da22972116dc10b9b346752a8ef8292943a958c9'),
('modules/field/modules/field_sql_storage/field_sql_storage.test', '315eedaf2022afc884c35efd3b7c400eddab6ea30bec91924bc82ab5cd3e79f2'),
('modules/field/modules/list/tests/list.test', '97e55bd49f6f4b0562d04aa3773b5ab9b35063aee05c8c7231780cdcf9c97714'),
('modules/field/modules/number/number.test', '9ccf835bbf80ff31b121286f6fbcf59cc42b622a51ab56b22362b2f55c656e18'),
('modules/field/modules/options/options.test', 'c71441020206b1587dece7296cca306a9f0fbd6e8f04dae272efc15ed3a38383'),
('modules/field/modules/text/text.test', 'a1e5cb0fa8c0651c68d560d9bb7781463a84200f701b00b6e797a9ca792a7e42'),
('modules/field/tests/field.test', '5eaad7a933ef8ea05b958056492ce17858cd542111f0fe81dd1a5949ad8f966e'),
('modules/field_ui/field_ui.test', 'ded58a83a37cf111834f68fde9c34cddc7f4d36b91f31281e41ed5220c65dac4'),
('modules/file/tests/file.test', '0857e948a3f433552a5a32a4a4a4cd8aec03af37d30e031c92f8e49807f19628'),
('modules/filter/filter.test', '6e5dde973a2ac613049ff524991cba1fab9765e7292876301f7ef10c674caa3f'),
('modules/help/help.test', 'bc934de8c71bd9874a05ccb5e8f927f4c227b3b2397d739e8504c8fd6ae5a83c'),
('modules/image/image.test', '628eb9ff10eb39cd37814cba6c7f93d2b63b299937f3029f7669929fe96bd467'),
('modules/jquery_update/jquery_update.install', '17d0b3e4e05f9dc32bf6227459e7303068b92b000e20352b5af2c3d2f67f7183'),
('modules/jquery_update/jquery_update.module', '28cbb57d05bd00f4042c04b477c8d309968b991aa077fdf08f092fcf82ae60e2'),
('modules/libraries/tests/libraries.test', '6dccb7969e83afd82de3c83af5e0b06c1f27e35ab1069f5f669640eed6d5d4af'),
('modules/locale/locale.test', '61c6a80ba44ff92e6ba4a350b7c95890368e2f9e029b8f84563df2490a8e93b1'),
('modules/menu/menu.test', 'cd187c84aa97dcc228d8a1556ea10640c62f86083034533b6ac6830be610ca2a'),
('modules/node/node.module', 'fbf1324ab7758c3f13de922a3094c5579747f9a98da248ff19c391880abc958b'),
('modules/node/node.test', 'e2e485fde00796305fd6926c8b4e9c4e1919020a3ec00819aa5cc1d2b3ebcc5c'),
('modules/path/path.test', '2004183b2c7c86028bf78c519c6a7afc4397a8267874462b0c2b49b0f8c20322'),
('modules/pathauto/pathauto.test', '9204240a755119e02eae68c77e7b9ab816747423ccaaf51742231fbaef1f604f'),
('modules/rdf/rdf.test', '9849d2b717119aa6b5f1496929e7ac7c9c0a6e98486b66f3876bda0a8c165525'),
('modules/search/search.extender.inc', 'd754e360bba0e997c7894faeea004c8fb0c6bf1c4ce909f87c7c2f619da602ad'),
('modules/search/search.test', 'da5b704c07a540fb53600a65aa9ff5e98afa5cb1fca5556531f8f0d672edffbd'),
('modules/shortcut/shortcut.test', '0d78280d4d0a05aa772218e45911552e39611ca9c258b9dd436307914ac3f254'),
('modules/system/system.archiver.inc', 'faa849f3e646a910ab82fd6c8bbf0a4e6b8c60725d7ba81ec0556bd716616cd1'),
('modules/system/system.mail.inc', 'd31e1769f5defbe5f27dc68f641ab80fb8d3de92f6e895f4c654ec05fc7e5f0f'),
('modules/system/system.queue.inc', 'a60cff401fc410cd81dc1d105ed66f79396ed7b15fdc3a5c5b80593ad5d4352a'),
('modules/system/system.tar.inc', '8a31d91f7b3cd7eac25b3fa46e1ed9a8527c39718ba76c3f8c0bbbeaa3aa4086'),
('modules/system/system.test', '0578e0b93202615c5f0a9971fded42bb0ba4db5fa037ded0846e7fa4f65e9d07'),
('modules/system/system.updater.inc', '338cf14cb691ba16ee551b3b9e0fa4f579a2f25c964130658236726d17563b6a'),
('modules/taxonomy/taxonomy.module', '45d6d5652a464318f3eccf8bad6220cc5784e7ffdb0c7b732bf4d540e1effe83'),
('modules/taxonomy/taxonomy.test', '8525035816906e327ad48bd48bb071597f4c58368a692bcec401299a86699e6e'),
('modules/token/token.test', '703ea26074b80cc85e5d9e5bcedf5e745dddda0917bf2db678bbfa2e58e0609c'),
('modules/update/update.test', '1ea3e22bd4d47afb8b2799057cdbdfbb57ce09013d9d5f2de7e61ef9c2ebc72d'),
('modules/user/user.module', 'ba99da1da371b6c4cc39f2f5523a350d33b710930ef734f33cf54f074fa5a399'),
('modules/user/user.test', '3ddbe3ec49425cb4eac7321f682d7734a5e008af2f7c6e9f4815ae948a94e8f5'),
('sites/all/modules/date/date_api/date_api.module', '2b28cfc898ce41ca98406ce3271f4a0073cf8d07e91b9610c2c3319286ba5c09'),
('sites/all/modules/date/date_api/date_api_sql.inc', 'fbf3de8c37ce4b59bfc3ef67ebd6cdc021985e9e6f1b22e0be521d33ccb9da3b'),
('sites/all/modules/date/tests/date.test', '2d46e3cb15f23762289621603ab82a2dba61e7d280a9cf2e4987b5b153b4568e'),
('sites/all/modules/date/tests/date_api.test', 'ebaf0427701be69bd3dc8a766528d7347a87ee15c2f69b240188aa5ab1182cbd'),
('sites/all/modules/date/tests/date_field.test', '785a6cf0afcd4619a58263487e27e130ae0724f532018a5a127f24be1dbb4871'),
('sites/all/modules/date/tests/date_timezone.test', '760c3e761d122bafd2fab2056362f33424416a1407e7a1423df42acd03f84495'),
('sites/all/modules/date/tests/date_validation.test', '2e4d27c29192c9d55eb27b985d7e9838702c4324d36ed6e3a85999e9f25ada99');

-- --------------------------------------------------------

--
-- Table structure for table `role`
--

CREATE TABLE `role` (
  `rid` int(10) UNSIGNED NOT NULL COMMENT 'Primary Key: Unique role ID.',
  `name` varchar(64) NOT NULL DEFAULT '' COMMENT 'Unique role name.',
  `weight` int(11) NOT NULL DEFAULT '0' COMMENT 'The weight of this role in listings and the user interface.'
) ENGINE=InnoDB DEFAULT CHARSET=utf8 COMMENT='Stores user roles.';

--
-- Dumping data for table `role`
--

INSERT INTO `role` (`rid`, `name`, `weight`) VALUES
(3, 'administrator', 2),
(1, 'anonymous user', 0),
(2, 'authenticated user', 1),
(4, 'Empresa', 3);



--
-- Dumping data for table `role_permission`
--

INSERT INTO `role_permission` (`rid`, `permission`, `module`) VALUES
(1, 'access comments', 'comment'),
(1, 'access content', 'node'),
(1, 'search content', 'search'),
(1, 'use advanced search', 'search'),
(1, 'use text format filtered_html', 'filter'),
(2, 'access comments', 'comment'),
(2, 'access content', 'node'),
(2, 'post comments', 'comment'),
(2, 'search content', 'search'),
(2, 'skip comment approval', 'comment'),
(2, 'use advanced search', 'search'),
(2, 'use text format filtered_html', 'filter'),
(3, 'access administration pages', 'system'),
(3, 'access all webform results', 'webform'),
(3, 'access comments', 'comment'),
(3, 'access content', 'node'),
(3, 'access content overview', 'node'),
(3, 'access contextual links', 'contextual'),
(3, 'access dashboard', 'dashboard'),
(3, 'access overlay', 'overlay'),
(3, 'access own webform results', 'webform'),
(3, 'access own webform submissions', 'webform'),
(3, 'access site in maintenance mode', 'system'),
(3, 'access site reports', 'system'),
(3, 'access toolbar', 'toolbar'),
(3, 'access user profiles', 'user'),
(3, 'administer actions', 'system'),
(3, 'administer blocks', 'block'),
(3, 'administer comments', 'comment'),
(3, 'administer content types', 'node'),
(3, 'administer filters', 'filter'),
(3, 'administer front page', 'front_page'),
(3, 'administer image styles', 'image'),
(3, 'administer languages', 'locale'),
(3, 'administer menu', 'menu'),
(3, 'administer menu_token', 'menu_token'),
(3, 'administer modules', 'system'),
(3, 'administer nodes', 'node'),
(3, 'administer pathauto', 'pathauto'),
(3, 'administer permissions', 'user'),
(3, 'administer search', 'search'),
(3, 'administer shortcuts', 'shortcut'),
(3, 'administer site configuration', 'system'),
(3, 'administer software updates', 'system'),
(3, 'administer taxonomy', 'taxonomy'),
(3, 'administer themes', 'system'),
(3, 'administer url aliases', 'path'),
(3, 'administer users', 'user'),
(3, 'block IP addresses', 'system'),
(3, 'bypass node access', 'node'),
(3, 'cancel account', 'user'),
(3, 'change own username', 'user'),
(3, 'create article content', 'node'),
(3, 'create page content', 'node'),
(3, 'create url aliases', 'path'),
(3, 'customize shortcut links', 'shortcut'),
(3, 'delete all webform submissions', 'webform'),
(3, 'delete any article content', 'node'),
(3, 'delete any page content', 'node'),
(3, 'delete own article content', 'node'),
(3, 'delete own page content', 'node'),
(3, 'delete own webform submissions', 'webform'),
(3, 'delete revisions', 'node'),
(3, 'delete terms in 1', 'taxonomy'),
(3, 'edit all webform submissions', 'webform'),
(3, 'edit any article content', 'node'),
(3, 'edit any page content', 'node'),
(3, 'edit own article content', 'node'),
(3, 'edit own comments', 'comment'),
(3, 'edit own page content', 'node'),
(3, 'edit own webform submissions', 'webform'),
(3, 'edit terms in 1', 'taxonomy'),
(3, 'notify of path changes', 'pathauto'),
(3, 'post comments', 'comment'),
(3, 'promote content', 'front_page'),
(3, 'revert revisions', 'node'),
(3, 'search content', 'search'),
(3, 'select account cancellation method', 'user'),
(3, 'skip comment approval', 'comment'),
(3, 'switch shortcut sets', 'shortcut'),
(3, 'translate interface', 'locale'),
(3, 'use advanced search', 'search'),
(3, 'use text format filtered_html', 'filter'),
(3, 'use text format full_html', 'filter'),
(3, 'view own unpublished content', 'node'),
(3, 'view revisions', 'node'),
(3, 'view tec reports', 'tec_reportes'),
(3, 'view the administration theme', 'system'),
(4, 'view tec reports', 'tec_reportes');

-- --------------------------------------------------------

--
-- Table structure for table `search_dataset`
--

CREATE TABLE `search_dataset` (
  `sid` int(10) UNSIGNED NOT NULL DEFAULT '0' COMMENT 'Search item ID, e.g. node ID for nodes.',
  `type` varchar(16) NOT NULL COMMENT 'Type of item, e.g. node.',
  `data` longtext NOT NULL COMMENT 'List of space-separated words from the item.',
  `reindex` int(10) UNSIGNED NOT NULL DEFAULT '0' COMMENT 'Set to force node reindexing.'
) ENGINE=InnoDB DEFAULT CHARSET=utf8 COMMENT='Stores items that will be searched.';

--
-- Dumping data for table `search_dataset`
--

INSERT INTO `search_dataset` (`sid`, `type`, `data`, `reindex`) VALUES
(3, 'node', ' vencimiento declaración jurada budurh ada resolución 66011 declaraciones juradas deberán ser presentadas con una periodicidad anual a partir de la fecha inicial de presentación  ', 0),
(4, 'node', ' ley de residuos peligrosos ambito de aplicación y disposiciones generales registro de generadores y operadores manifiesto generadores transportistas plantas de tratamiento y disposición final responsabilidades infracciones y sanciones régimen penal autoridad de aplicación disposiciones complementarias ver ley completa aquí ', 0),
(6, 'node', ' bolsa de trabajo ', 0),
(7, 'node', ' historia somos una empresa moderna y joven dedicada a la seguridad e higiene industrial medio ambiente y protección contra incendios que inició sus operaciones en 1992 poseemos gran experiencia distribuida en las personas que la integramos donde se combinan más de 30 años de trayectoria en la industria del petróleo y experiencia en la industria de la construcción además de plantas químicas e industriales nuestros profesionales y técnicos poseen una amplia capacitación en diferentes temas relacionados con la industria recibida tanto en el país como en el exterior lo que brinda un sólido respaldo técnico y práctico a nuestras operaciones como empresa de servicios nuestro principal objetivo es la satisfacción del cliente y en ese marco trabajamos continuamente a efectos de lograr la excelencia en las operaciones tanto en las propias como aquellas de quienes contratan nuestros servicios nuestra visión basándonos en los servicios integrales de seguridad higiene y medio ambiente diversificarnos como empresa líder en productos y servicios para la industria en general en el ámbito local nacional e internacional nuestra misión lograr un crecimiento sustentable brindando productos y servicios con la más alta calidad ofreciendo a nuestros colaboradores oportunidad de desarrollo sosteniendo y promoviendo los valores fundamentales de tec precinc respetando la diversidad y comprometiéndonos con la comunidad y nuestra responsabilidad social nuestro lema responsabilidad respeto solidaridad honestidad y compromiso  ', 0),
(8, 'node', ' certificaciones tecprecinc cumple rigurosamente con las normas y las siguientes certificaciones iso 90012008 iso 14001200 osha 18001 talleres certificados de mantenedores de extintores iram 35172 profesionales certificados por nfpa 25 y nfpa 20 registrados en el siclar  ', 0),
(9, 'node', ' ingeniería básica diseño y montaje de redes contra incendio la experiencia desarrollada a través de los años en la realización de este tipo de trabajos nos permite afirmar que el mantenimiento de equipos contra incendio es un servicio que nos destaca en el mercado detallamos a continuación las actividades más relevantes mantenimiento control y reparación de extintores mantenimiento inspección y prueba de redes fijas contra incendios incluye la reparación integral de todos los accesorios en plantas industriales baterías de producción cargaderos y descargaderos de hidrocarburos galpones industriales para diferentes usos sistemas de rociadores de tanques de almacenamiento sistemas de generación de espumas extintoras mantenimiento reparación y calibración de equipos de venteo de tanques válvulas de presión y vacío arresta llamas y cuello de cisne en este servicio incluimos la ingeniería básica diseño y montaje de sistemas fijos contra incendio  ', 0),
(10, 'node', ' provisión de equipamiento de redes contra incendio tecprecinc srl cuenta con un servicio de venta y post venta de equipamiento integral para las redes contra incendio y otros  ', 0),
(11, 'node', ' mantenimiento de sistemas fijos y móviles contra incendio la experiencia desarrollada a través de los años en la realización de este tipo de trabajos nos permite afirmar que el mantenimiento de equipos contra incendio es un servicio que nos destaca en el mercado detallamos a continuación las actividades más relevantes mantenimiento control y reparación de extintores mantenimiento inspección y prueba de redes fijas contra incendios incluye la reparación integral de todos los accesorios en plantas industriales baterías de producción cargaderos y descargaderos de hidrocarburos galpones industriales para diferentes usos sistemas de rociadores de tanques de almacenamiento sistemas de generación de espumas extintoras mantenimiento reparación y calibración de equipos de venteo de tanques válvulas de presión y vacío arresta llamas y cuello de cisne en este servicio incluimos la ingeniería básica diseño y montaje de sistemas fijos contra incendio servicios ', 0),
(12, 'node', ' capacitación en seguridad higiene medio ambiente y sistemas de gestión la capacitación es el eje sobre el cual debe girar todo sistema de gestión ya que el grado de instrucción de las personas es la clave del éxito de la gestión empresarial nuestro objetivo en este sentido es ayudar a incrementar el capital intelectual de nuestros clientes dándoles así valor agregado a sus actividades la cantidad de horas promedio de capacitación anual brindada a nuestros clientes se encuentra en el orden de 15000 que nos posiciona como una de las empresas de servicios con más experiencia en la materia dicha capacitación abarca todo el espectro de temas incluidos en nuestra disciplina entre los que se pueden mencionar seguridad integrada manejo defensivo el conductor profesional de flota manejo defensivo para chóferes de cargaslíquidas sólidas gaseosas y o peligrosas elementos de protección personal epp riesgo eléctrico clases de fuego y medios de extinción matafuegos clases y usos trabajos en caliente en la industria petrolera técnicas resucitación cardio pulmonar rcp recomendaciones básicas de seguridad e higiene para personal ingresante estadística de accidentes de trabajo servicios ', 0),
(13, 'node', ' servicios externos de seguridad e higiene en el trabajo la experiencia adquirida durante todos estos años la calidad de nuestros profesionales y la capacitación recibida nos posiciona entre los mejores del mercado como empresa proveedora de servicios externos nuestro personal cuenta además con el apoyo de una infraestructura adecuada para lograr una amplia cobertura geográfica contamos con bases operativas en diferentes ciudades de las provincias de neuquén y rio negro este servicio abarca todos los aspectos requeridos tanto por la legislación vigente como por las empresas líderes que marcan las pautas de comportamiento de mercado contamos en la actualidad con una vasta cartera de clientes a los que les ofrecemos entre otras las siguientes prestaciones auditorias sobre las condiciones de seguridad de las instalaciones servicios externos de seguridad e higiene estadísticas y análisis sistemático de accidentes determinación de riesgos potenciales y estudio de medidas correctivas determinación de necesidades de usos de elementos de protección personal confección y adecuación de legajos técnicos seguridad en equipos de perforación rtp y pulling diseño y cálculo de redes fijas contra incendios asistencia en seguridad para trabajos de estimulación y cementación de pozos petrolíferos asesoramiento en paros de planta análisis de riesgos bajo metodologías internacionales capacitación estudios de ruidos iluminación etc servicios ', 0),
(14, 'node', ' servicios para el cuidado del ambiente evaluación del impacto ambiental eia es un procedimiento jurídico técnico administrativo que tiene por objeto la identificación predicción e interpretación de los impactos ambientales que un proyecto o actividad podría producir en caso de ser ejecutado así como la prevención corrección y valoración de los mismos todo ello con el fin de ser aceptado modificado o rechazado por parte de las distintas administraciones públicas competentes municipales provinciales o nacionales informes ambientales asesoramiento en la confección del procedimiento para la identificación y evaluación de aspectos ambientales que se generan en los procesos que se desarrollan en la empresa y el correspondiente programa de mejora gestión de residuos asesoramiento en la implementación del plan integral de gestión de residuos pigr que consiste básicamente en un sistema de recolección segregación almacenamiento y disposición de residuos en las áreas del cliente capacitación al personal construcción de repositorios temporarios construcción del conjunto o rack estructura de hierro donde se colocan los tachos servicio pigr recuperación de picadas la pérdida de cobertura vegetal agrava el problema de desertificación que presentan aquellos lugares donde es más intensa la actividad hidrocarburífera una posible metodología de trabajo consiste en el subsolado lineal o la escarificación de la zona afectada respetando siempre la pendiente natural con lo cual se aumenta la rugosidad superficial del terreno de esta manera se disminuye la velocidad superficial del agua que eventualmente escurre además se logra entrampar las semillas dispersadas por acción eólica posibilitando inducir el proceso de revegetación natural recuperación de canteras la recolonización natural de la flora autóctona se logra a partir de los trabajos de reacondicionamiento de la topografía mediante la distribución y perfilaje del material de rechazo y la escarificación del suelo así como los accesos con su posterior cierre de esta manera se inducirá al incremento en el banco de semilla generado por la rugosidad del terreno induciendo la posterior revegetación natural restauración de cuencas esta metodología de trabajo consiste básicamente en la realización de tareas integradas tales como recuperación de suelos degradados por la erosión hídrica y derrames manejo de aguas de escurrimiento para revegetar sitios degradados almacenaje de escurrimientos recuperación de cursos de agua y de sus riberas mediante trabajos hidrológicos y revegetación de riberas restauración de la cubierta vegetal en la cuenca este tipo de trabajos tiende básicamente al comienzo en las tareas de mitigación de los problemas de desertificación ocasionados en los lugares donde se desarrolla la actividad hidrocarburífera y el impacto que esto generó en la actividad pecuaria por lo cual se pueden desarrollar los siguientes trabajos aumento de la cobertura evaluación de la condición y tendencia evaluación del sobreuso de la vegetación métodos para la repoblación de las especies del monte métodos para la multiplicación en vivero de especies nativas introducción de especies exóticas no invasoras manejo ganadero sostenible servicios ', 0),
(15, 'node', ' analisis de riesgos contamos con un staff de personal profesional con amplia experiencia especializado en estudios de riesgos industriales según metodologías y normas internacionales tales como las de banco mundial direct seveso aiche iso astm iec mil std y otras todas ellas permiten identificar el grado de compromiso de seguridad del personal propio terceros y linderos del ambiente al patrimonio y productividad de la empresa ya sea para las etapas de proyecto instalación operación modificación y abandono de las instalaciones estudios de análisis de riesgo semicuantitativos pha check list wi hazop hazid fmea fmeca causa raíz causa efecto árbol de eventos árbol de fallas cuantitativos ecr eac acr investigación de accidentes estudios de clasificación de áreas atex estudios de clasificación de áreas potenciales de incendio api estudios lopa sil de los sistemas integrados de seguridad estudios fracas y rvi servicios ', 0),
(16, 'node', ' respuestas a emergencias ambientales este servicio está destinado a la asistencia a contingencias que puedan comprometer al ambiente como así también instalaciones y equipamientos a través de dicho grupo conformado por profesionales técnicos y personal altamente capacitado con experiencia comprobable en tareas de control y posterior remediación estamos preparados para intervenir en forma rápida y eficiente en contingencias de los siguientes tipos roturas de oleoductos con consiguientes derrames accidentes de tránsito en transportes de hidrocarburos líquidos gaseosos y de metanol descontroles de pozos petrolíferos derrames de hidrocarburos líquidoscontamos con el equipamiento completo y adecuado para la ejecución de este tipo de tareas servicios ', 0),
(17, 'node', ' asesoramiento en sistemas de gestión asesoramiento en sistemas de gestión  ', 0),
(18, 'node', ' asesoramiento e implementación de normas y certificaciones contamos con un staff de profesionales dedicados al asesoramiento para acompañar a nuestros clientes a comprender y aplicar los conocimientos necesarios para la planificación e implementación eficaz de los sistemas de la calidad ambiente seguridad y salud ocupacional destacando las siguientes actividades confección de manuales colaboración en la redacción de las políticas procedimientos de gestión realización de auditorías internas para cada una de las normas citadas más abajo se cuenta con personal especializado como así también con auditores internos y lideres luego de completar las etapas de implementación hacemos los contactos necesarios para la intervención de las firmas certificadoras y los acompañamos en dicho proceso normas de referencia norma iso 9001 sistema de gestión de la calidad norma iso 14001 sistema de gestión ambiental norma iram 3800 y oshas 18001 sistema de gestión de seguridad y salud ocupacional  ', 0),
(19, 'node', ' consultoría medico legal y del trabajo para empresas poseemos un servicio del más jerarquizado nivel profesional regional en la asesoría responsable y probado para la adaptación del hombre a su trabajo y del trabajo al hombre la permanente capacitación cualicuantitativa se efectua acorde a cada lugar de tareas en la búsqueda integral para que el trabajador alcance la plenitud de su estado de salud práctica genere su total capacidad de producción y posibilite la máxima capacidad de ganancia para él y la empresa exámenes acabados y personalizados acorde a ley de ingreso laboral periódicos egreso laboral auditorías de ausentismos por enf inculpables at de fam enf infortunios laborales en consultorio domicilio internación acompañadas de gráficas digitales de las entrevistas coordinación con csma de las vacunaciones anuales banco de datos de ausentismos por patologías y sectores laborales asesoramiento en ausentismos prolongados y o situaciones problemáticas controversiales médicas representación pericial en juntas médicas privadas administrativas y o judiciales capacitación teóricoaudiovisual y práctica continua en educación para la prevención en coordinación con csma asesoramiento en la elección de la art acompañamiento y permanente control evolutivo en la asistencia de los infortunios laborales mediante auditorías conjuntas con los especialistas de la art servicios ', 0),
(20, 'node', ' servicios de obras civiles y mecanicas ingenieria y obras el objetivo principal es el de realizar los trabajos encomendados por el cliente respetando y cumpliendo con las normas del buen arte en la construcción y en búsqueda de la excelencia y amplia conformidad sobre lo realizado anteproyectos estado de factibilidad  este ítem engloba la proyección de la futura obra plasmada en planos ya sea en lo referente a obra civil o piping mecánico cuidando los detalles inherente a los mismos y procurando aprovechar al máximo los materiales recursos humanos tiempos y costos todo esto se complementa con el estudio de factibilidad del proyecto encomendado por el cliente ejecución  contamos con recursos humanos materiales y herramientas para ejecutar el proyecto ya sea llave en mano o con la provisión de mano de obra únicamente según los requerimientos exigidos tratando de optimizar los recursos entrega de la documentación final al finalizar la obra se emiten los planos conforme a obra dejando plasmado posibles diferencias en el proyecto original entregando de esta manera al cliente la documentación real del proyecto servicios ', 0),
(21, 'node', ' servicios de higiene industrial y medio ambiente en el marco de la legislación vigente hemos desarrollado una gama de servicios que cubren la mayoría de los aspectos de la problemática ambiental están incluidos en este rubro el control de los aspectos ambientales significativos tanto en aire como en suelo y tierra se detallan a continuación las tareas ofrecidas relevamientos sonoros relevamientos lumínicos estudio evaluación y cálculos evaluación y cálculos de carga térmica auditorias en contaminación y protección del ambiente confección y actualización de planes de contingencias adecuación en higiene industrial y ambiente de los establecimientos de acuerdo a las legislaciones nacionales y provinciales evaluaciones de impacto ambiental implementación del sistema de gestión sgma evaluación de contaminantes remediación de suelos recuperación en cuna de agua asesoramiento en casos de emergencia capacitación del personal para actuar adecuadamente ante una emergencia servicios ', 0),
(23, 'node', ' bolsa de trabajo ', 0),
(24, 'node', ' contacto ', 0),
(25, 'node', ' galuccio incentiva la exploración ypf duplicará el año próximo los pozos perforados pf duplicará el año próximo sus pozos en busca de petróleo y gas la empresa planea incrementar dos veces y media los pozos exploratorios hasta los 50 por año así lo reveló a este diario carlos colo gerente de exploración de la empresa tras su disertación en la oil gas ayer por la mañana el foco estuvo puesto en los planes de exploración de las principales compañías vamos a hacer unos 50 pozos por año estamos cerrando el plan para el 2014 tenemos una cartera de prospectos donde se incrementan dos veces y media la cantidad de pozos exploratorios con foco en vaca muerta explicó colo el plan de la compañía dirigida por miguel galuccio también prevé ampliar el alcance del no convencional a otras cuencas en el golfo de san jorge en la formación d129 hemos perforado tres pozos hemos obtenido información del subsuelo y está en estudio precisó colo las norteamericanas en tanto exxonmobil y chevron también avanzan con sus planes ricardo livieres gerente de operaciones de exxonmobil comentó que ya la petrolera norteamericana ha perforado 8 pozos exploratorios en vaca muerta en las tres áreas donde participa y ya armaron una estructura fija en neuquén livieres reveló que hemos perforado el primer pozo de shale en agosto pasado y luego hemos perforado otros tres pozos más de los que se van a evaluar los resultados de los reservorios para ver cómo continuamos el directivo explicó que para la búsqueda de shale oil en vaca muerta la petrolera participa en dos tipos de actividades por un lado integra los consorcios con petrobras ypf y americas petrogas aunque allí no participa como operador también en socia de g p donde sí son operadores el ejecutivo de exxonmobil aclaró que las perforaciones realizadas fueron en el área bajo del choique a 50 km de rincón también tienen operaciones en sierra chata los toldos pampa de las yeguas y loma del molle con ypf en tanto chevron además de sus planes con ypf también tiene avanzados sus planes exploratorios en el trapial la principal área petrolera de la provincia donde busca avanzar haca vaca muerta  ', 0),
(26, 'node', ' la cervecera mahousan miguel reduce la siniestralidad laboral un 80 desde 1996 la cervecera mahousan miguel ha reducido sus índices de siniestralidad laboral en un 80 desde 1996 gracias a programas como a tu salud una iniciativa innovadora creada por la compañía para mejorar la calidad de vida de sus empleados no sólo en su entorno laboral sino fuera del mismo así ha sido puesto de manifiesto este miércoles en la sede de la propia cervecera en alovera guadalajara donde desde el instituto nacional de seguridad e higiene en el trabajo insht se ha promovido esta visita a la planta para conocer de primera mano las actuaciones de vigilancia y promoción de la salud que se ofrecen a los trabajadores en concreto se analiza el estado general de la columna vertebral de los trabajadores se estudia su tonificación muscular y se les sigue un plan de nutrición adecuado todo ello contribuye también al descenso del absentismo según reconocen desde la propia compañía al acto han asistido entre otros la directora del insht maría dolores limón tamés y la directora general de relaciones laborales y seguridad y salud laboral de la junta maría del sagrario gómez de vivar además de directivos de la empresa aenor ha otorgado a mahou el certificado que la acredita como empresa saludable que promueve y protege la salud de su equipo humano siendo la primera empresa de alimentación y bebidas en conseguir esta certificación en declaraciones a los periodistas durante la visita limón tamés ha resaltado los programas realizados por mahou encaminados a la promoción de la salud y empresas saludables nueva estrategia por su parte gómez de vivar se ha referido a los importantes descensos en la siniestralidad laboral en las empresas de la región y ha anunciado la preparación de la nueva estratégica de acuerdo tanto con la española como con la europea además ha destacado como la integración de políticas de salud pública en las políticas de salud laboral están dando sus frutos al contribuir a reducir la siniestralidad laboral y costes a nivel empresarial y mejorar las condiciones de los trabajadores la responsable regional ha manifestado su orgullo ante el hecho de que una empresa de estas características de la región haya participado en los galardones de buenas prácticas que concede la agencia europea de salud en el trabajo por último ha aprovechado para referirse al programa específico que se está llevando a cabo desde la consejería de empleo y economía sobre trastorno musculoesquelético en el que los técnicos de prevención están visitando unas 200 empresas de la región para asesorarles a fin de implantar medidas y acciones para paliar este tipo de patologías sobre las que todavía no hay datos  ', 0),
(27, 'node', ' seguridad en laboratorios químicos objetivo dotar de los conocimientos generales necesarios en las técnicas de seguridad en laboratorios químicos ofreciendo herramientas prácticas y efectivas para poder desempeñarse bajo un marco de seguridad en esta área de trabajo aceptándolas como herramientas indispensables para la prevención fomentar el compromiso con la organización y buena predisposición para el cambio reconociendo al factor humano como principal causa de accidentes destinatarios profesionales técnicos y personal en general que realiza tareas en laboratorios químicos docentes ing damián merlino lic medardo elorga merlino damian ingeniero en sistemas de protección contra siniestros y seguridad ambiental licenciado en higiene y seguridad instituto universitario de la policía federal argentina responsable interino del servicio de higiene y seguridad laboral en el inti bombero voluntario de la provincia de buenos aires docente de la escuela de capacitación para bomberos voluntarios medardo jorge elorga instituto argentino de seguridad ias articulado con la universidad de morón tecnicatura superior en higiene y seguridad laboral universidad de morón licenciatura en higiene y seguridad laboral miembro del servicio de higiene y seguridad en el trabajo del inti docente interno del inti desarrollo tres clases en el horario de 16 a 20 horas con una carga horaria de 12 horas fecha ver cartelera temario introducción objetivos del curso definiciones accidentes riesgo seguridad leyes vigentes antecedentes ley 1958772 dto 35179 ley 2455795 de riesgos del trabajo dto 17096 accidentología definición de accidentes definición de incidente teoría de la pirámide de bird etapas para controlar un riesgo el ambiente del laboratorio el factor humano condiciones en que se desarrolla la tarea capacitación al personal estable en que se desarrolla la tarea lo fundamental el orden y la limpieza por dónde empezar y ventajas que acarrea normativa de los procedimientos la tarea el estado de las instalaciones de servicio y edilicias provisión de elementos de protección personal equipos y utensilios elementos de seguridad disponibles clasificación de los riesgos riesgos químicos físicos ergonómicos naturales biológicos y mecánicos detalle de los riesgos químicos y biológicos riesgos en equipos y utensilios de laboratorio límites de exposición a sustancias almacenamiento de productos y reactivos cómo hacerlo las especies químicas y sus particularidades recomendaciones recipientes y armarios de seguridad trasvases dónde y cómo hacerlos la señalización como idioma visual del laboratorio en instalaciones y rotulado de reactivos y productos iram 2507 colores de cañerías iram 2641 colores para cilindros de gases iram 10005 colores y señales de seguridad parte 1 iram 10007 sseñales de advertencia principales normas internacionales a consultar onu nfpa cee símbolos de peligrosidad frases r y s elementos de protección personal cuándo y porqué usarlos su carácter de personal constancias de entrega criterios para su selección riesgos a atenuar comodidad efectividad certificada tipos habituales de protección la protección respiratoria su selección hábitos a desarrollar hábitos personales comportamientos seguros hábitos a adquirir y hábitos a erradicar hábitos de trabajo recomendaciones fundamentales procederes seguros manejo y almacenamiento de reactivos orden antes y después de las tareas nociones de la problemática en los laboratorios microbiológicos utensilios manejo de la esterilización radiación uv residuos normas de procedimiento de seguridad y rutinarias su documentación y difusión responsabilidad de los coordinadores la función del sector higiene y seguridad el art 213 dto 35179 y el derecho a conocer ejemplo de una norma de procedimiento instalaciones de servicio tomas eléctricos puesta a tierra y otros sistemas de protección iluminación el confort sistemas de extracción instalaciones periféricas autoclaves bombas muflas etc tubos de gases licuados y permanentes industriales y medicinales colores de identificación identificación de cañerías campanas de extracción su selección material de vidrio instrumental riesgos asociados encuadre de los riesgos presentes en el laboratorio químico agresiones físicas riesgo eléctrico contacto con superficies calientes salpicaduras cortes atrape de extremidades radiaciones ionizantes y no ionizantes agresiones químicas vías de ingreso manejo adecuado de residuos cuándo y cómo se justifica hacerlo legislación involucrada normativas y convenios internacionales importancia de tener un procedimiento del manejo de los residuos las emergencias en el laboratorio hojas de datos de reactivas y productos qué deben contener formas de obtenerlas y o confeccionarlas control de derrames salpicaduras incendio cómo actuar elementos para contrarrestarlos y prevenirlos roles de actuación en la emergencia el botiquín contenido y función de las comunicaciones en la emergencia prevención de incendios arancel 600 pesos seiscientos incluye los materiales de apoyo para trabajar en el curso y certificado de asistencia para todos aquellos que concurran al 80 de las clases formas de pago una vez confirmada la realización del curso el interesado deberá reservar su vacante abonando el arancel según desee en efectivo contado o cheque no diferidos a la orden de inti centros de investigación 1 en transferencia bancaria banco de la nación argentina cta cte 31016091 inticentros de investigación cbu 110093820000310160911 cuit 34546687068 importante en la primer clase el participante deberá acreditarse presentando copia del comprobante de pago lugar inti parque tecnológico miguelete av gral paz 5454 colectora entre av constituyentes y vías ex ffcc mitre san martín buenos aires inscripción inti extensión y desarrollo tel 4724 6293 6419 fax 47544071 conmutador 4724 62006300 interno 7050 ó 6109 formar intigobar ', 0),
(28, 'node', ' compromiso con la comunidad identificación de aspecto e impactos evaluación de impactos ambientales ', 0),
(29, 'node', ' filosofia como empresa de servicios nuestro principal objetivo es la satisfacción del cliente y en ese marco trabajamos continuamente a efectos de lograr la excelencia en nuestras operaciones nuestra visión  basándonos en los servicios integrales de seguridad higiene y medio ambiente diversificarnos como empresa líder en productos y servicios para la industria en general en el ámbito local nacional e internacional  nuestra misión  lograr un crecimiento sustentable brindando productos y servicios con la más alta calidad ofreciendo a nuestros colaboradores oportunidad de desarrollo sosteniendo y promoviendo los valores fundamentales de tec precinc respetando la diversidad y comprometiéndonos con la comunidad y nuestra responsabilidad social  nuestro lema  responsabilidad respeto solidaridad honestidad y compromiso  ', 0);

-- --------------------------------------------------------

--
-- Table structure for table `search_index`
--

CREATE TABLE `search_index` (
  `word` varchar(50) NOT NULL DEFAULT '' COMMENT 'The search_total.word that is associated with the search item.',
  `sid` int(10) UNSIGNED NOT NULL DEFAULT '0' COMMENT 'The search_dataset.sid of the searchable item to which the word belongs.',
  `type` varchar(16) NOT NULL COMMENT 'The search_dataset.type of the searchable item to which the word belongs.',
  `score` float DEFAULT NULL COMMENT 'The numeric score of the word, higher being more important.'
) ENGINE=InnoDB DEFAULT CHARSET=utf8 COMMENT='Stores the search index, associating words, items and...';

--
-- Dumping data for table `search_index`
--

INSERT INTO `search_index` (`word`, `sid`, `type`, `score`) VALUES
('1', 27, 'node', 1.20148),
('10005', 27, 'node', 0.725015),
('10007', 27, 'node', 0.716357),
('110093820000310160911', 27, 'node', 0.474499),
('12', 27, 'node', 0.98493),
('14001', 18, 'node', 1),
('14001200', 8, 'node', 1),
('15000', 12, 'node', 1),
('16', 27, 'node', 1),
('17096', 27, 'node', 0.913226),
('18001', 8, 'node', 1),
('18001', 18, 'node', 1),
('1958772', 27, 'node', 0.931053),
('1992', 7, 'node', 1),
('1996', 26, 'node', 27),
('20', 8, 'node', 1),
('20', 27, 'node', 1),
('200', 26, 'node', 0.731649),
('2014', 25, 'node', 1),
('213', 27, 'node', 0.615536),
('2455795', 27, 'node', 0.920273),
('25', 8, 'node', 1),
('2507', 27, 'node', 0.738408),
('2641', 27, 'node', 0.731649),
('30', 7, 'node', 1),
('31016091', 27, 'node', 0.47729),
('34546687068', 27, 'node', 0.472657),
('35172', 8, 'node', 1),
('35179', 27, 'node', 1.53781),
('3800', 18, 'node', 1),
('4724', 27, 'node', 0.895028),
('47544071', 27, 'node', 0.446681),
('50', 25, 'node', 2.84532),
('5454', 27, 'node', 0.459294),
('600', 27, 'node', 0.513597),
('6109', 27, 'node', 0.443437),
('62006300', 27, 'node', 0.445053),
('6293', 27, 'node', 0.449147),
('6419', 27, 'node', 0.448322),
('66011', 3, 'node', 1),
('7050', 27, 'node', 0.444243),
('8', 25, 'node', 1),
('80', 26, 'node', 27),
('80', 27, 'node', 0.500884),
('9001', 18, 'node', 1),
('90012008', 8, 'node', 1),
('abajo', 18, 'node', 1),
('abandono', 15, 'node', 1),
('abarca', 12, 'node', 1),
('abarca', 13, 'node', 1),
('abonando', 27, 'node', 0.491762),
('absentismo', 26, 'node', 1),
('acabados', 19, 'node', 1),
('acarrea', 27, 'node', 0.842342),
('accesorios', 9, 'node', 1),
('accesorios', 11, 'node', 1),
('accesos', 14, 'node', 0.819249),
('accidentes', 12, 'node', 0.989021),
('accidentes', 13, 'node', 1),
('accidentes', 15, 'node', 1),
('accidentes', 16, 'node', 1),
('accidentes', 27, 'node', 2.85245),
('accidentología', 27, 'node', 0.909743),
('acción', 14, 'node', 0.879565),
('acciones', 26, 'node', 0.72066),
('aceptado', 14, 'node', 1),
('aceptándolas', 27, 'node', 1),
('aclaró', 25, 'node', 0.866793),
('acompañadas', 19, 'node', 1),
('acompañamiento', 19, 'node', 1),
('acompañamos', 18, 'node', 1),
('acompañar', 18, 'node', 1),
('acorde', 19, 'node', 2),
('acr', 15, 'node', 1),
('acredita', 26, 'node', 0.968904),
('acreditarse', 27, 'node', 0.468115),
('actividad', 14, 'node', 3.42587),
('actividades', 9, 'node', 1),
('actividades', 11, 'node', 1),
('actividades', 12, 'node', 1),
('actividades', 18, 'node', 1),
('actividades', 25, 'node', 0.916736),
('acto', 26, 'node', 1),
('actuación', 27, 'node', 0.521322),
('actuaciones', 26, 'node', 1),
('actualidad', 13, 'node', 1),
('actualización', 21, 'node', 1),
('actuar', 21, 'node', 1),
('actuar', 27, 'node', 0.525844),
('acuerdo', 21, 'node', 1),
('acuerdo', 26, 'node', 0.866793),
('ada', 3, 'node', 1),
('adaptación', 19, 'node', 1),
('adecuación', 13, 'node', 1),
('adecuación', 21, 'node', 1),
('adecuada', 13, 'node', 1),
('adecuadamente', 21, 'node', 1),
('adecuado', 16, 'node', 1),
('adecuado', 26, 'node', 1),
('adecuado', 27, 'node', 0.550958),
('además', 7, 'node', 1),
('además', 13, 'node', 1),
('además', 14, 'node', 0.896076),
('además', 25, 'node', 0.819249),
('además', 26, 'node', 1.84865),
('administraciones', 14, 'node', 1),
('administrativas', 19, 'node', 1),
('administrativo', 14, 'node', 1),
('adquirida', 13, 'node', 1),
('adquirir', 27, 'node', 0.652202),
('advertencia', 27, 'node', 0.712106),
('aenor', 26, 'node', 0.98493),
('afectada', 14, 'node', 0.957226),
('afirmar', 9, 'node', 1),
('afirmar', 11, 'node', 1),
('agencia', 26, 'node', 0.776703),
('agosto', 25, 'node', 0.972861),
('agrava', 14, 'node', 1),
('agregado', 12, 'node', 1),
('agresiones', 27, 'node', 1.12258),
('agua', 14, 'node', 1.65391),
('agua', 21, 'node', 1),
('aguas', 14, 'node', 0.76431),
('aiche', 15, 'node', 1),
('aire', 21, 'node', 1),
('aires', 27, 'node', 1.45248),
('alcance', 19, 'node', 1),
('alcance', 25, 'node', 1),
('alimentación', 26, 'node', 0.942091),
('allí', 25, 'node', 0.889397),
('almacenaje', 14, 'node', 0.754681),
('almacenamiento', 9, 'node', 1),
('almacenamiento', 11, 'node', 1),
('almacenamiento', 14, 'node', 1),
('almacenamiento', 27, 'node', 1.42782),
('alovera', 26, 'node', 1),
('alta', 7, 'node', 1),
('alta', 29, 'node', 1),
('altamente', 16, 'node', 1),
('ambiental', 14, 'node', 1),
('ambiental', 18, 'node', 1),
('ambiental', 21, 'node', 2),
('ambiental', 27, 'node', 1),
('ambientales', 14, 'node', 3),
('ambientales', 16, 'node', 26),
('ambientales', 21, 'node', 1),
('ambientales', 28, 'node', 14),
('ambiente', 7, 'node', 2),
('ambiente', 12, 'node', 26),
('ambiente', 14, 'node', 26),
('ambiente', 15, 'node', 1),
('ambiente', 16, 'node', 1),
('ambiente', 18, 'node', 1),
('ambiente', 21, 'node', 28),
('ambiente', 27, 'node', 0.882818),
('ambiente', 29, 'node', 1),
('ambito', 4, 'node', 1),
('ámbito', 7, 'node', 1),
('ámbito', 29, 'node', 1),
('americas', 25, 'node', 0.899454),
('amplia', 7, 'node', 1),
('amplia', 13, 'node', 1),
('amplia', 15, 'node', 1),
('amplia', 20, 'node', 1),
('ampliar', 25, 'node', 1),
('análisis', 13, 'node', 1.9496),
('analisis', 15, 'node', 27),
('analiza', 26, 'node', 1),
('año', 25, 'node', 29),
('años', 7, 'node', 1),
('años', 9, 'node', 1),
('años', 11, 'node', 1),
('años', 13, 'node', 1),
('ante', 21, 'node', 1),
('ante', 26, 'node', 0.802752),
('antecedentes', 27, 'node', 0.938382),
('anteproyectos', 20, 'node', 4),
('antes', 27, 'node', 0.643484),
('anual', 3, 'node', 1),
('anual', 12, 'node', 1),
('anuales', 19, 'node', 1),
('anunciado', 26, 'node', 0.876337),
('api', 15, 'node', 1),
('aplicación', 4, 'node', 2),
('aplicar', 18, 'node', 1),
('apoyo', 13, 'node', 1),
('apoyo', 27, 'node', 0.508221),
('aprovechado', 26, 'node', 0.771698),
('aprovechar', 20, 'node', 1),
('aquellas', 7, 'node', 1),
('aquellos', 14, 'node', 1),
('aquellos', 27, 'node', 0.502958),
('aquí', 4, 'node', 11),
('arancel', 27, 'node', 1.00546),
('árbol', 15, 'node', 2),
('área', 25, 'node', 1.65985),
('área', 27, 'node', 1),
('áreas', 14, 'node', 1),
('áreas', 15, 'node', 2),
('áreas', 25, 'node', 1),
('argentina', 27, 'node', 1.47917),
('argentino', 27, 'node', 1),
('armarios', 27, 'node', 0.757065),
('armaron', 25, 'node', 1),
('arresta', 9, 'node', 1),
('arresta', 11, 'node', 1),
('art', 19, 'node', 1.99731),
('art', 27, 'node', 0.617112),
('arte', 20, 'node', 1),
('articulado', 27, 'node', 1),
('asesoramiento', 13, 'node', 0.961087),
('asesoramiento', 14, 'node', 2),
('asesoramiento', 17, 'node', 27),
('asesoramiento', 18, 'node', 27),
('asesoramiento', 19, 'node', 2),
('asesoramiento', 21, 'node', 1),
('asesorarles', 26, 'node', 0.729424),
('asesoría', 19, 'node', 1),
('así', 12, 'node', 1),
('así', 14, 'node', 1.81925),
('así', 16, 'node', 1),
('así', 18, 'node', 1),
('así', 25, 'node', 1),
('así', 26, 'node', 1),
('asistencia', 13, 'node', 0.98493),
('asistencia', 16, 'node', 1),
('asistencia', 19, 'node', 1),
('asistencia', 27, 'node', 0.50505),
('asistido', 26, 'node', 1),
('asociados', 27, 'node', 0.574516),
('aspecto', 28, 'node', 14),
('aspectos', 13, 'node', 1),
('aspectos', 14, 'node', 1),
('aspectos', 21, 'node', 2),
('astm', 15, 'node', 1),
('atenuar', 27, 'node', 0.674137),
('atex', 15, 'node', 1),
('atrape', 27, 'node', 0.558589),
('auditores', 18, 'node', 1),
('auditorias', 13, 'node', 1),
('auditorías', 18, 'node', 1),
('auditorías', 19, 'node', 2),
('auditorias', 21, 'node', 1),
('aumenta', 14, 'node', 0.934703),
('aumento', 14, 'node', 0.705825),
('aunque', 25, 'node', 0.892724),
('ausentismos', 19, 'node', 3),
('autoclaves', 27, 'node', 0.594307),
('autóctona', 14, 'node', 0.851346),
('autoridad', 4, 'node', 1),
('avanzados', 25, 'node', 0.813674),
('avanzan', 25, 'node', 1),
('avanzar', 25, 'node', 0.802752),
('ayer', 25, 'node', 1),
('ayudar', 12, 'node', 1),
('bajo', 13, 'node', 0.949597),
('bajo', 25, 'node', 0.851346),
('bajo', 27, 'node', 1),
('bancaria', 27, 'node', 0.482016),
('banco', 14, 'node', 0.805455),
('banco', 15, 'node', 1),
('banco', 19, 'node', 1),
('banco', 27, 'node', 0.481063),
('basándonos', 7, 'node', 1),
('basándonos', 29, 'node', 1),
('bases', 13, 'node', 1),
('básica', 9, 'node', 27),
('básica', 11, 'node', 1),
('básicamente', 14, 'node', 2.51893),
('básicas', 12, 'node', 1),
('baterías', 9, 'node', 1),
('baterías', 11, 'node', 1),
('bebidas', 26, 'node', 0.938382),
('biológicos', 27, 'node', 1.59219),
('bird', 27, 'node', 0.892724),
('bolsa', 6, 'node', 26),
('bolsa', 23, 'node', 26),
('bombas', 27, 'node', 0.592848),
('bombero', 27, 'node', 1),
('bomberos', 27, 'node', 1),
('botiquín', 27, 'node', 0.519091),
('brinda', 7, 'node', 1),
('brindada', 12, 'node', 1),
('brindando', 7, 'node', 1),
('brindando', 29, 'node', 1),
('budurh', 3, 'node', 26),
('buen', 20, 'node', 1),
('buena', 27, 'node', 1),
('buenas', 26, 'node', 0.784336),
('buenos', 27, 'node', 1.45248),
('busca', 25, 'node', 1.80275),
('búsqueda', 19, 'node', 1),
('búsqueda', 20, 'node', 1),
('búsqueda', 25, 'node', 0.923838),
('cabo', 26, 'node', 0.757065),
('cada', 18, 'node', 1),
('cada', 19, 'node', 1),
('cálculo', 13, 'node', 1),
('cálculos', 21, 'node', 2),
('calibración', 9, 'node', 1),
('calibración', 11, 'node', 1),
('calidad', 7, 'node', 1),
('calidad', 13, 'node', 1),
('calidad', 18, 'node', 2),
('calidad', 26, 'node', 1),
('calidad', 29, 'node', 1),
('caliente', 12, 'node', 1),
('calientes', 27, 'node', 0.562486),
('cambio', 27, 'node', 1),
('campanas', 27, 'node', 0.580033),
('cañerías', 27, 'node', 1.31392),
('canteras', 14, 'node', 0.860547),
('cantidad', 12, 'node', 1),
('cantidad', 25, 'node', 1),
('capacidad', 19, 'node', 2),
('capacitación', 7, 'node', 1),
('capacitación', 12, 'node', 29),
('capacitación', 13, 'node', 1.93838),
('capacitación', 14, 'node', 1),
('capacitación', 19, 'node', 2),
('capacitación', 21, 'node', 1),
('capacitación', 27, 'node', 1.86679),
('capacitado', 16, 'node', 1),
('capital', 12, 'node', 1),
('carácter', 27, 'node', 0.683725),
('características', 26, 'node', 0.794753),
('cardio', 12, 'node', 1),
('carga', 21, 'node', 1),
('carga', 27, 'node', 0.993146),
('cargaderos', 9, 'node', 1),
('cargaderos', 11, 'node', 1),
('cargaslíquidas', 12, 'node', 1),
('carlos', 25, 'node', 1),
('cartelera', 27, 'node', 0.972861),
('cartera', 13, 'node', 1),
('cartera', 25, 'node', 1),
('caso', 14, 'node', 1),
('casos', 21, 'node', 1),
('causa', 15, 'node', 2),
('causa', 27, 'node', 1),
('cbu', 27, 'node', 0.475426),
('cee', 27, 'node', 0.697623),
('cementación', 13, 'node', 0.972861),
('centros', 27, 'node', 0.484898),
('cerrando', 25, 'node', 1),
('certificación', 26, 'node', 0.931053),
('certificaciones', 8, 'node', 27),
('certificaciones', 18, 'node', 26),
('certificada', 27, 'node', 0.668514),
('certificado', 26, 'node', 0.972861),
('certificado', 27, 'node', 0.506102),
('certificadoras', 18, 'node', 1),
('certificados', 8, 'node', 2),
('cervecera', 26, 'node', 28),
('chata', 25, 'node', 0.836446),
('check', 15, 'node', 1),
('cheque', 27, 'node', 0.486839),
('chevron', 25, 'node', 1.81925),
('chóferes', 12, 'node', 1),
('choique', 25, 'node', 0.848323),
('cierre', 14, 'node', 0.813674),
('cilindros', 27, 'node', 0.729424),
('cisne', 9, 'node', 1),
('cisne', 11, 'node', 1),
('citadas', 18, 'node', 1),
('ciudades', 13, 'node', 1),
('civil', 20, 'node', 1),
('civiles', 20, 'node', 26),
('clase', 27, 'node', 0.469921),
('clases', 12, 'node', 2),
('clases', 27, 'node', 1.49985),
('clasificación', 15, 'node', 2),
('clasificación', 27, 'node', 0.810915),
('clave', 12, 'node', 1),
('cliente', 7, 'node', 1),
('cliente', 14, 'node', 1),
('cliente', 20, 'node', 3),
('cliente', 29, 'node', 1),
('clientes', 12, 'node', 2),
('clientes', 13, 'node', 1),
('clientes', 18, 'node', 1),
('cobertura', 13, 'node', 1),
('cobertura', 14, 'node', 1.70376),
('colaboración', 18, 'node', 1),
('colaboradores', 7, 'node', 1),
('colaboradores', 29, 'node', 1),
('colectora', 27, 'node', 0.45843),
('colo', 25, 'node', 3),
('colocan', 14, 'node', 1),
('colores', 27, 'node', 2.76982),
('columna', 26, 'node', 1),
('combinan', 7, 'node', 1),
('comentó', 25, 'node', 1),
('comienzo', 14, 'node', 0.729424),
('como', 7, 'node', 4),
('como', 12, 'node', 1),
('como', 13, 'node', 2),
('como', 14, 'node', 2.59848),
('como', 15, 'node', 1),
('como', 16, 'node', 1),
('como', 18, 'node', 1),
('como', 21, 'node', 1),
('cómo', 25, 'node', 1.8208),
('como', 26, 'node', 3.66769),
('como', 27, 'node', 5.35218),
('como', 29, 'node', 2),
('comodidad', 27, 'node', 0.672252),
('compañía', 25, 'node', 1),
('compañía', 26, 'node', 2),
('compañías', 25, 'node', 1),
('competentes', 14, 'node', 1),
('complementa', 20, 'node', 1),
('complementarias', 4, 'node', 1),
('completa', 4, 'node', 1),
('completar', 18, 'node', 1),
('completo', 16, 'node', 1),
('comportamiento', 13, 'node', 1),
('comportamientos', 27, 'node', 0.655756),
('comprender', 18, 'node', 1),
('comprobable', 16, 'node', 1),
('comprobante', 27, 'node', 0.465433),
('comprometer', 16, 'node', 1),
('comprometiéndonos', 7, 'node', 0.96498),
('comprometiéndonos', 29, 'node', 1),
('compromiso', 7, 'node', 0.934703),
('compromiso', 15, 'node', 1),
('compromiso', 27, 'node', 1),
('compromiso', 28, 'node', 26),
('compromiso', 29, 'node', 1),
('comunicaciones', 27, 'node', 0.516879),
('comunidad', 7, 'node', 0.961087),
('comunidad', 28, 'node', 26),
('comunidad', 29, 'node', 1),
('con', 3, 'node', 1),
('con', 7, 'node', 2.96109),
('con', 8, 'node', 1),
('con', 10, 'node', 1),
('con', 12, 'node', 1),
('con', 13, 'node', 3),
('con', 14, 'node', 2.75483),
('con', 15, 'node', 2),
('con', 16, 'node', 3),
('con', 18, 'node', 3),
('con', 19, 'node', 3),
('con', 20, 'node', 4),
('con', 25, 'node', 4.53856),
('con', 26, 'node', 1.71494),
('con', 27, 'node', 3.5611),
('con', 28, 'node', 26),
('con', 29, 'node', 2),
('concede', 26, 'node', 0.779231),
('concreto', 26, 'node', 1),
('concurran', 27, 'node', 0.501918),
('condición', 14, 'node', 0.703756),
('condiciones', 13, 'node', 1),
('condiciones', 26, 'node', 0.816452),
('condiciones', 27, 'node', 0.876337),
('conductor', 12, 'node', 1),
('confección', 13, 'node', 1),
('confección', 14, 'node', 1),
('confección', 18, 'node', 1),
('confección', 21, 'node', 1),
('confeccionarlas', 27, 'node', 0.530446),
('confirmada', 27, 'node', 0.497805),
('conformado', 16, 'node', 1),
('conforme', 20, 'node', 1),
('conformidad', 20, 'node', 1),
('confort', 27, 'node', 0.59873),
('conjuntas', 19, 'node', 1),
('conjunto', 14, 'node', 1),
('conmutador', 27, 'node', 0.445866),
('conocer', 26, 'node', 1),
('conocer', 27, 'node', 0.61241),
('conocimientos', 18, 'node', 1),
('conocimientos', 27, 'node', 1),
('conseguir', 26, 'node', 0.934703),
('consejería', 26, 'node', 0.754681),
('consiguientes', 16, 'node', 1),
('consiste', 14, 'node', 2.76237),
('consorcios', 25, 'node', 0.906287),
('constancias', 27, 'node', 0.681785),
('constituyentes', 27, 'node', 0.456713),
('construcción', 7, 'node', 1),
('construcción', 14, 'node', 2),
('construcción', 20, 'node', 1),
('consultar', 27, 'node', 0.703756),
('consultoría', 19, 'node', 26),
('consultorio', 19, 'node', 1),
('contacto', 24, 'node', 26),
('contacto', 27, 'node', 0.565115),
('contactos', 18, 'node', 1),
('contado', 27, 'node', 0.487816),
('contaminación', 21, 'node', 1),
('contaminantes', 21, 'node', 1),
('contamos', 13, 'node', 2),
('contamos', 15, 'node', 1),
('contamos', 18, 'node', 1),
('contamos', 20, 'node', 1),
('contener', 27, 'node', 0.533952),
('contenido', 27, 'node', 0.517983),
('contingencias', 16, 'node', 2),
('contingencias', 21, 'node', 1),
('continua', 19, 'node', 1),
('continuación', 9, 'node', 1),
('continuación', 11, 'node', 1),
('continuación', 21, 'node', 1),
('continuamente', 7, 'node', 1),
('continuamente', 29, 'node', 1),
('continuamos', 25, 'node', 0.931053),
('contra', 7, 'node', 1),
('contra', 9, 'node', 29),
('contra', 10, 'node', 27),
('contra', 11, 'node', 29),
('contra', 13, 'node', 0.993146),
('contra', 27, 'node', 1),
('contrarrestarlos', 27, 'node', 0.524706),
('contratan', 7, 'node', 1),
('contribuir', 26, 'node', 0.830633),
('contribuye', 26, 'node', 1),
('control', 9, 'node', 1),
('control', 11, 'node', 1),
('control', 16, 'node', 1),
('control', 19, 'node', 1),
('control', 21, 'node', 1),
('control', 27, 'node', 0.529288),
('controlar', 27, 'node', 0.886095),
('controversiales', 19, 'node', 1),
('convencional', 25, 'node', 1),
('convenios', 27, 'node', 0.544759),
('coordinación', 19, 'node', 2),
('coordinadores', 27, 'node', 0.621888),
('copia', 27, 'node', 0.466323),
('corrección', 14, 'node', 1),
('correctivas', 13, 'node', 1),
('correspondiente', 14, 'node', 1),
('cortes', 27, 'node', 0.559882),
('costes', 26, 'node', 0.824901),
('costos', 20, 'node', 1),
('creada', 26, 'node', 1),
('crecimiento', 7, 'node', 1),
('crecimiento', 29, 'node', 1),
('criterios', 27, 'node', 0.677939),
('csma', 19, 'node', 2),
('cta', 27, 'node', 0.479169),
('cte', 27, 'node', 0.478227),
('cual', 12, 'node', 1),
('cual', 14, 'node', 1.65049),
('cualicuantitativa', 19, 'node', 1),
('cuándo', 27, 'node', 1.23932),
('cuantitativos', 15, 'node', 1),
('cubierta', 14, 'node', 0.740689),
('cubren', 21, 'node', 1),
('cuello', 9, 'node', 1),
('cuello', 11, 'node', 1),
('cuenca', 14, 'node', 0.738408),
('cuencas', 14, 'node', 0.792123),
('cuencas', 25, 'node', 1),
('cuenta', 10, 'node', 1),
('cuenta', 13, 'node', 1),
('cuenta', 18, 'node', 1),
('cuidado', 14, 'node', 26),
('cuidando', 20, 'node', 1),
('cuit', 27, 'node', 0.473576),
('cumple', 8, 'node', 1),
('cumpliendo', 20, 'node', 1),
('cuna', 21, 'node', 1),
('curso', 27, 'node', 1.9591),
('cursos', 14, 'node', 0.749958),
('d129', 25, 'node', 1),
('damián', 27, 'node', 2),
('dando', 26, 'node', 0.836446),
('dándoles', 12, 'node', 1),
('datos', 19, 'node', 1),
('datos', 26, 'node', 0.707906),
('datos', 27, 'node', 0.538701),
('debe', 12, 'node', 1),
('deben', 27, 'node', 0.535131),
('deberá', 27, 'node', 0.96288),
('deberán', 3, 'node', 1),
('declaración', 3, 'node', 26),
('declaraciones', 3, 'node', 1),
('declaraciones', 26, 'node', 0.927431),
('dedicada', 7, 'node', 1),
('dedicados', 18, 'node', 1),
('defensivo', 12, 'node', 2),
('definición', 27, 'node', 1.80914),
('definiciones', 27, 'node', 0.953396),
('degradados', 14, 'node', 1.53138),
('dejando', 20, 'node', 1),
('del', 7, 'node', 2),
('del', 12, 'node', 1),
('del', 13, 'node', 1),
('del', 14, 'node', 36.6666),
('del', 15, 'node', 2),
('del', 19, 'node', 29),
('del', 20, 'node', 3),
('del', 21, 'node', 3),
('del', 25, 'node', 3.67039),
('del', 26, 'node', 4),
('del', 27, 'node', 9.61401),
('del', 29, 'node', 1),
('derecho', 27, 'node', 0.613969),
('derrames', 14, 'node', 0.769219),
('derrames', 16, 'node', 2),
('derrames', 27, 'node', 0.528135),
('desarrolla', 14, 'node', 0.72066),
('desarrolla', 27, 'node', 1.73679),
('desarrollada', 9, 'node', 1),
('desarrollada', 11, 'node', 1),
('desarrollado', 21, 'node', 1),
('desarrollan', 14, 'node', 1),
('desarrollar', 14, 'node', 0.71),
('desarrollar', 27, 'node', 0.659351),
('desarrollo', 7, 'node', 1),
('desarrollo', 27, 'node', 1.45081),
('desarrollo', 29, 'node', 1),
('descargaderos', 9, 'node', 1),
('descargaderos', 11, 'node', 1),
('descenso', 26, 'node', 1),
('descensos', 26, 'node', 0.882818),
('descontroles', 16, 'node', 1),
('desde', 26, 'node', 29.7547),
('desee', 27, 'node', 0.489781),
('desempeñarse', 27, 'node', 1),
('desertificación', 14, 'node', 1.72283),
('después', 27, 'node', 0.641769),
('destaca', 9, 'node', 1),
('destaca', 11, 'node', 1),
('destacado', 26, 'node', 0.851346),
('destacando', 18, 'node', 1),
('destinado', 16, 'node', 1),
('destinatarios', 27, 'node', 1),
('detallamos', 9, 'node', 1),
('detallamos', 11, 'node', 1),
('detallan', 21, 'node', 1),
('detalle', 27, 'node', 0.794753),
('detalles', 20, 'node', 1),
('determinación', 13, 'node', 2),
('diario', 25, 'node', 1),
('dicha', 12, 'node', 1),
('dicho', 16, 'node', 1),
('dicho', 18, 'node', 1),
('diferencias', 20, 'node', 1),
('diferentes', 7, 'node', 1),
('diferentes', 9, 'node', 1),
('diferentes', 11, 'node', 1),
('diferentes', 13, 'node', 1),
('diferidos', 27, 'node', 0.485867),
('difusión', 27, 'node', 0.625114),
('digitales', 19, 'node', 1),
('direct', 15, 'node', 1),
('directivo', 25, 'node', 0.927431),
('directivos', 26, 'node', 0.993146),
('directora', 26, 'node', 2),
('dirigida', 25, 'node', 1),
('disciplina', 12, 'node', 1),
('diseño', 9, 'node', 27),
('diseño', 11, 'node', 1),
('diseño', 13, 'node', 1),
('disertación', 25, 'node', 1),
('disminuye', 14, 'node', 0.913226),
('dispersadas', 14, 'node', 0.882818),
('disponibles', 27, 'node', 0.813674),
('disposición', 4, 'node', 1),
('disposición', 14, 'node', 1),
('disposiciones', 4, 'node', 2),
('distintas', 14, 'node', 1),
('distribución', 14, 'node', 0.833529),
('distribuida', 7, 'node', 1),
('diversidad', 7, 'node', 0.968904),
('diversidad', 29, 'node', 1),
('diversificarnos', 7, 'node', 1),
('diversificarnos', 29, 'node', 1),
('docente', 27, 'node', 2),
('docentes', 27, 'node', 1),
('documentación', 20, 'node', 2),
('documentación', 27, 'node', 0.62674),
('dolores', 26, 'node', 1),
('domicilio', 19, 'node', 1),
('donde', 7, 'node', 1),
('donde', 14, 'node', 2.72066),
('donde', 25, 'node', 3.67909),
('donde', 26, 'node', 1),
('dónde', 27, 'node', 1.60366),
('dos', 25, 'node', 2.92027),
('dotar', 27, 'node', 1),
('dto', 27, 'node', 2.45463),
('duplicará', 25, 'node', 27),
('durante', 13, 'node', 1),
('durante', 26, 'node', 0.920273),
('eac', 15, 'node', 1),
('economía', 26, 'node', 0.749958),
('ecr', 15, 'node', 1),
('edilicias', 27, 'node', 0.827757),
('educación', 19, 'node', 1),
('efectivas', 27, 'node', 1),
('efectividad', 27, 'node', 0.670377),
('efectivo', 27, 'node', 0.488796),
('efecto', 15, 'node', 1),
('efectos', 7, 'node', 1),
('efectos', 29, 'node', 1),
('efectua', 19, 'node', 1),
('eficaz', 18, 'node', 1),
('eficiente', 16, 'node', 1),
('egreso', 19, 'node', 1),
('eia', 14, 'node', 1),
('eje', 12, 'node', 1),
('ejecución', 16, 'node', 1),
('ejecución', 20, 'node', 4),
('ejecutado', 14, 'node', 1),
('ejecutar', 20, 'node', 1),
('ejecutivo', 25, 'node', 0.869951),
('ejemplo', 27, 'node', 0.610858),
('elección', 19, 'node', 1),
('eléctrico', 12, 'node', 1),
('eléctrico', 27, 'node', 0.566439),
('eléctricos', 27, 'node', 0.606252),
('elementos', 12, 'node', 1),
('elementos', 13, 'node', 1),
('elementos', 27, 'node', 2.85006),
('ellas', 15, 'node', 1),
('ello', 14, 'node', 1),
('ello', 26, 'node', 1),
('elorga', 27, 'node', 2),
('emergencia', 21, 'node', 2),
('emergencia', 27, 'node', 1.03598),
('emergencias', 16, 'node', 26),
('emergencias', 27, 'node', 0.541108),
('emiten', 20, 'node', 1),
('empezar', 27, 'node', 0.848323),
('empleados', 26, 'node', 1),
('empleo', 26, 'node', 0.752312),
('empresa', 7, 'node', 3),
('empresa', 13, 'node', 1),
('empresa', 14, 'node', 1),
('empresa', 15, 'node', 1),
('empresa', 19, 'node', 1),
('empresa', 25, 'node', 2),
('empresa', 26, 'node', 3.69349),
('empresa', 29, 'node', 2),
('empresarial', 12, 'node', 1),
('empresarial', 26, 'node', 0.819249),
('empresas', 12, 'node', 1),
('empresas', 13, 'node', 1),
('empresas', 19, 'node', 26),
('empresas', 26, 'node', 2.51528),
('encaminados', 26, 'node', 0.909743),
('encomendado', 20, 'node', 1),
('encomendados', 20, 'node', 1),
('encuadre', 27, 'node', 0.573154),
('encuentra', 12, 'node', 1),
('enf', 19, 'node', 2),
('engloba', 20, 'node', 1),
('entorno', 26, 'node', 1),
('entrampar', 14, 'node', 0.889397),
('entre', 12, 'node', 1),
('entre', 13, 'node', 2),
('entre', 26, 'node', 1),
('entre', 27, 'node', 0.45757),
('entrega', 20, 'node', 4),
('entrega', 27, 'node', 0.679856),
('entregando', 20, 'node', 1),
('entrevistas', 19, 'node', 1),
('eólica', 14, 'node', 0.876337),
('epp', 12, 'node', 1),
('equipamiento', 10, 'node', 27),
('equipamiento', 16, 'node', 1),
('equipamientos', 16, 'node', 1),
('equipo', 26, 'node', 0.953396),
('equipos', 9, 'node', 2),
('equipos', 11, 'node', 2),
('equipos', 13, 'node', 1),
('equipos', 27, 'node', 1.61137),
('ergonómicos', 27, 'node', 0.805455),
('erosión', 14, 'node', 0.774192),
('erradicar', 27, 'node', 0.650439),
('escarificación', 14, 'node', 1.78704),
('escuela', 27, 'node', 1),
('escurre', 14, 'node', 0.899454),
('escurrimiento', 14, 'node', 0.76188),
('escurrimientos', 14, 'node', 0.752312),
('ese', 7, 'node', 1),
('ese', 29, 'node', 1),
('española', 26, 'node', 0.857458),
('especialistas', 19, 'node', 1),
('especializado', 15, 'node', 1),
('especializado', 18, 'node', 1),
('especies', 14, 'node', 2.05518),
('especies', 27, 'node', 0.771698),
('específico', 26, 'node', 0.76431),
('espectro', 12, 'node', 1),
('espumas', 9, 'node', 1),
('espumas', 11, 'node', 1),
('esta', 14, 'node', 2.5207),
('está', 16, 'node', 1),
('esta', 20, 'node', 1),
('está', 25, 'node', 1),
('esta', 26, 'node', 2.69293),
('esta', 27, 'node', 1),
('estable', 27, 'node', 0.866793),
('establecimientos', 21, 'node', 1),
('estadística', 12, 'node', 0.993146),
('estadísticas', 13, 'node', 1),
('estado', 19, 'node', 1),
('estado', 20, 'node', 4),
('estado', 26, 'node', 1),
('estado', 27, 'node', 0.833529),
('estamos', 16, 'node', 1),
('estamos', 25, 'node', 1),
('están', 21, 'node', 1),
('están', 26, 'node', 1.57552),
('estas', 26, 'node', 0.797402),
('este', 9, 'node', 2),
('este', 11, 'node', 2),
('este', 12, 'node', 1),
('este', 13, 'node', 1),
('este', 14, 'node', 0.736141),
('este', 16, 'node', 2),
('este', 20, 'node', 1),
('este', 21, 'node', 1),
('este', 25, 'node', 1),
('este', 26, 'node', 1.71636),
('esterilización', 27, 'node', 0.635),
('estimulación', 13, 'node', 0.976851),
('esto', 14, 'node', 0.718502),
('esto', 20, 'node', 1),
('estos', 13, 'node', 1),
('estrategia', 26, 'node', 0.896076),
('estratégica', 26, 'node', 0.869951),
('estructura', 14, 'node', 1),
('estructura', 25, 'node', 0.997306),
('estudia', 26, 'node', 1),
('estudio', 13, 'node', 1),
('estudio', 20, 'node', 1),
('estudio', 21, 'node', 1),
('estudio', 25, 'node', 1),
('estudios', 13, 'node', 0.938382),
('estudios', 15, 'node', 6),
('estuvo', 25, 'node', 1),
('etapas', 15, 'node', 1),
('etapas', 18, 'node', 1),
('etapas', 27, 'node', 0.889397),
('etc', 13, 'node', 0.927431),
('etc', 27, 'node', 0.58995),
('europea', 26, 'node', 1.62858),
('evaluación', 14, 'node', 3.40341),
('evaluación', 21, 'node', 3),
('evaluación', 28, 'node', 14),
('evaluaciones', 21, 'node', 1),
('evaluar', 25, 'node', 0.949597),
('eventos', 15, 'node', 1),
('eventualmente', 14, 'node', 0.902857),
('evolutivo', 19, 'node', 1),
('exámenes', 19, 'node', 1),
('excelencia', 7, 'node', 1),
('excelencia', 20, 'node', 1),
('excelencia', 29, 'node', 1),
('exigidos', 20, 'node', 1),
('éxito', 12, 'node', 1),
('exóticas', 14, 'node', 0.679856),
('experiencia', 7, 'node', 2),
('experiencia', 9, 'node', 1),
('experiencia', 11, 'node', 1),
('experiencia', 12, 'node', 1),
('experiencia', 13, 'node', 1),
('experiencia', 15, 'node', 1),
('experiencia', 16, 'node', 1),
('explicó', 25, 'node', 1.92384),
('exploración', 25, 'node', 28),
('exploratorios', 25, 'node', 3.81092),
('exposición', 27, 'node', 0.78951),
('extensión', 27, 'node', 0.45164),
('exterior', 7, 'node', 1),
('externos', 13, 'node', 28),
('extinción', 12, 'node', 1),
('extintoras', 9, 'node', 1),
('extintoras', 11, 'node', 1),
('extintores', 8, 'node', 1),
('extintores', 9, 'node', 1),
('extintores', 11, 'node', 1),
('extracción', 27, 'node', 1.17589),
('extremidades', 27, 'node', 0.557303),
('exxonmobil', 25, 'node', 2.86679),
('factibilidad', 20, 'node', 5),
('factor', 27, 'node', 1.87634),
('fallas', 15, 'node', 1),
('fam', 19, 'node', 1),
('fax', 27, 'node', 0.4475),
('fecha', 3, 'node', 1),
('fecha', 27, 'node', 0.980874),
('federal', 27, 'node', 1),
('ffcc', 27, 'node', 0.45586),
('fija', 25, 'node', 0.993146),
('fijas', 9, 'node', 1),
('fijas', 11, 'node', 1),
('fijas', 13, 'node', 0.997306),
('fijos', 9, 'node', 1),
('fijos', 11, 'node', 27),
('filosofia', 29, 'node', 26),
('fin', 14, 'node', 1),
('fin', 26, 'node', 0.727213),
('final', 4, 'node', 1),
('final', 20, 'node', 1),
('finalizar', 20, 'node', 1),
('firmas', 18, 'node', 1),
('físicas', 27, 'node', 0.567769),
('físicos', 27, 'node', 0.808176),
('flora', 14, 'node', 0.854391),
('flota', 12, 'node', 1),
('fmea', 15, 'node', 1),
('fmeca', 15, 'node', 1),
('foco', 25, 'node', 2),
('fomentar', 27, 'node', 1),
('forma', 16, 'node', 1),
('formación', 25, 'node', 1),
('formar', 27, 'node', 4.86896),
('formas', 27, 'node', 1.03263),
('fracas', 15, 'node', 1),
('frases', 27, 'node', 0.691597),
('frutos', 26, 'node', 0.833529),
('fuego', 12, 'node', 1),
('fuera', 26, 'node', 1),
('fueron', 25, 'node', 0.857458),
('función', 27, 'node', 1.13717),
('fundamental', 27, 'node', 0.863659),
('fundamentales', 7, 'node', 0.98493),
('fundamentales', 27, 'node', 0.648686),
('fundamentales', 29, 'node', 1),
('futura', 20, 'node', 1),
('galardones', 26, 'node', 0.786915),
('galpones', 9, 'node', 1),
('galpones', 11, 'node', 1),
('galuccio', 25, 'node', 27),
('gama', 21, 'node', 1),
('ganadero', 14, 'node', 0.676032),
('ganancia', 19, 'node', 1),
('gas', 25, 'node', 2),
('gaseosas', 12, 'node', 1),
('gaseosos', 16, 'node', 1),
('gases', 27, 'node', 1.31429),
('generación', 9, 'node', 1),
('generación', 11, 'node', 1),
('generado', 14, 'node', 0.800068),
('generadores', 4, 'node', 2),
('general', 7, 'node', 1),
('general', 26, 'node', 2),
('general', 27, 'node', 1),
('general', 29, 'node', 1),
('generales', 4, 'node', 1),
('generales', 27, 'node', 1),
('generan', 14, 'node', 1),
('genere', 19, 'node', 1),
('generó', 14, 'node', 0.716357),
('geográfica', 13, 'node', 1),
('gerente', 25, 'node', 2),
('gestión', 12, 'node', 28),
('gestión', 14, 'node', 2),
('gestión', 17, 'node', 27),
('gestión', 18, 'node', 4),
('gestión', 21, 'node', 1),
('girar', 12, 'node', 1),
('golfo', 25, 'node', 1),
('gómez', 26, 'node', 1.8894),
('gracias', 26, 'node', 1),
('grado', 12, 'node', 1),
('grado', 15, 'node', 1),
('gráficas', 19, 'node', 1),
('gral', 27, 'node', 0.461031),
('gran', 7, 'node', 1),
('grupo', 16, 'node', 1),
('guadalajara', 26, 'node', 1),
('hábitos', 27, 'node', 3.27004),
('habituales', 27, 'node', 0.664818),
('haca', 25, 'node', 0.800068),
('hacemos', 18, 'node', 1),
('hacer', 25, 'node', 1),
('hacerlo', 27, 'node', 1.32265),
('hacerlos', 27, 'node', 0.752312),
('han', 26, 'node', 1),
('hasta', 25, 'node', 1),
('hay', 26, 'node', 0.71),
('haya', 26, 'node', 0.792123),
('hazid', 15, 'node', 1),
('hazop', 15, 'node', 1),
('hecho', 26, 'node', 0.800068),
('hemos', 21, 'node', 1),
('hemos', 25, 'node', 3.94602),
('herramientas', 20, 'node', 1),
('herramientas', 27, 'node', 2),
('hídrica', 14, 'node', 0.771698),
('hidrocarburífera', 14, 'node', 1.71165),
('hidrocarburos', 9, 'node', 1),
('hidrocarburos', 11, 'node', 1),
('hidrocarburos', 16, 'node', 2),
('hidrológicos', 14, 'node', 0.742984),
('hierro', 14, 'node', 1),
('higiene', 7, 'node', 2),
('higiene', 12, 'node', 26.9973),
('higiene', 13, 'node', 27),
('higiene', 21, 'node', 27),
('higiene', 26, 'node', 1),
('higiene', 27, 'node', 5.61711),
('higiene', 29, 'node', 1),
('historia', 7, 'node', 26),
('hojas', 27, 'node', 0.539902),
('hombre', 19, 'node', 2),
('honestidad', 7, 'node', 0.938382),
('honestidad', 29, 'node', 1),
('horaria', 27, 'node', 0.989021),
('horario', 27, 'node', 1),
('horas', 12, 'node', 1),
('horas', 27, 'node', 1.98087),
('humano', 26, 'node', 0.949597),
('humano', 27, 'node', 1.87634),
('humanos', 20, 'node', 2),
('ias', 27, 'node', 1),
('identificación', 14, 'node', 2),
('identificación', 27, 'node', 1.16146),
('identificación', 28, 'node', 14),
('identificar', 15, 'node', 1),
('idioma', 27, 'node', 0.747619),
('iec', 15, 'node', 1),
('iluminación', 13, 'node', 0.931053),
('iluminación', 27, 'node', 0.600219),
('impacto', 14, 'node', 1.7185),
('impacto', 21, 'node', 1),
('impactos', 14, 'node', 1),
('impactos', 28, 'node', 28),
('implantar', 26, 'node', 0.725015),
('implementación', 14, 'node', 1),
('implementación', 18, 'node', 28),
('implementación', 21, 'node', 1),
('importancia', 27, 'node', 0.543537),
('importante', 27, 'node', 0.471741),
('importantes', 26, 'node', 0.886095),
('incendio', 9, 'node', 28),
('incendio', 10, 'node', 27),
('incendio', 11, 'node', 28),
('incendio', 15, 'node', 1),
('incendio', 27, 'node', 0.526987),
('incendios', 7, 'node', 1),
('incendios', 9, 'node', 1),
('incendios', 11, 'node', 1),
('incendios', 13, 'node', 0.989021),
('incendios', 27, 'node', 0.51578),
('incentiva', 25, 'node', 26),
('incidente', 27, 'node', 0.902857),
('incluidos', 12, 'node', 1),
('incluidos', 21, 'node', 1),
('incluimos', 9, 'node', 1),
('incluimos', 11, 'node', 1),
('incluye', 9, 'node', 1),
('incluye', 11, 'node', 1),
('incluye', 27, 'node', 0.510357),
('incrementan', 25, 'node', 1),
('incrementar', 12, 'node', 1),
('incrementar', 25, 'node', 1),
('incremento', 14, 'node', 0.808176),
('inculpables', 19, 'node', 1),
('índices', 26, 'node', 1),
('indispensables', 27, 'node', 1),
('induciendo', 14, 'node', 0.797402),
('inducir', 14, 'node', 0.869951),
('inducirá', 14, 'node', 0.810915),
('industria', 7, 'node', 4),
('industria', 12, 'node', 1),
('industria', 29, 'node', 1),
('industrial', 7, 'node', 1),
('industrial', 21, 'node', 27),
('industriales', 7, 'node', 1),
('industriales', 9, 'node', 2),
('industriales', 11, 'node', 2),
('industriales', 15, 'node', 1),
('industriales', 27, 'node', 0.584241),
('información', 25, 'node', 1),
('informes', 14, 'node', 1),
('infortunios', 19, 'node', 2),
('infracciones', 4, 'node', 1),
('infraestructura', 13, 'node', 1),
('ing', 27, 'node', 1),
('ingeniería', 9, 'node', 27),
('ingeniería', 11, 'node', 1),
('ingenieria', 20, 'node', 26),
('ingeniero', 27, 'node', 1),
('ingresante', 12, 'node', 0.997306),
('ingreso', 19, 'node', 1),
('ingreso', 27, 'node', 0.552215),
('inherente', 20, 'node', 1),
('inicial', 3, 'node', 1),
('iniciativa', 26, 'node', 1),
('inició', 7, 'node', 1),
('innovadora', 26, 'node', 1),
('inscripción', 27, 'node', 0.452478),
('insht', 26, 'node', 2),
('inspección', 9, 'node', 1),
('inspección', 11, 'node', 1),
('instalación', 15, 'node', 1),
('instalaciones', 13, 'node', 1),
('instalaciones', 15, 'node', 1),
('instalaciones', 16, 'node', 1),
('instalaciones', 27, 'node', 2.77717),
('instituto', 26, 'node', 1),
('instituto', 27, 'node', 2),
('instrucción', 12, 'node', 1),
('instrumental', 27, 'node', 0.575885),
('integra', 25, 'node', 0.909743),
('integración', 26, 'node', 0.848323),
('integrada', 12, 'node', 1),
('integradas', 14, 'node', 0.784336),
('integrados', 15, 'node', 1),
('integral', 9, 'node', 1),
('integral', 10, 'node', 1),
('integral', 11, 'node', 1),
('integral', 14, 'node', 1),
('integral', 19, 'node', 1),
('integrales', 7, 'node', 1),
('integrales', 29, 'node', 1),
('integramos', 7, 'node', 1),
('intelectual', 12, 'node', 1),
('intensa', 14, 'node', 0.997306),
('interesado', 27, 'node', 0.495774),
('interino', 27, 'node', 1),
('internación', 19, 'node', 1),
('internacional', 7, 'node', 1),
('internacional', 29, 'node', 1),
('internacionales', 13, 'node', 0.942091),
('internacionales', 15, 'node', 1),
('internacionales', 27, 'node', 1.24936),
('internas', 18, 'node', 1),
('interno', 27, 'node', 1.44424),
('internos', 18, 'node', 1),
('interpretación', 14, 'node', 1),
('intervención', 18, 'node', 1),
('intervenir', 16, 'node', 1),
('inti', 27, 'node', 4.4002),
('inticentros', 27, 'node', 0.476356),
('intigobar', 27, 'node', 4.86015),
('introducción', 14, 'node', 0.681785),
('introducción', 27, 'node', 0.96498),
('invasoras', 14, 'node', 0.677939),
('investigación', 15, 'node', 1),
('investigación', 27, 'node', 0.959359),
('involucrada', 27, 'node', 0.547222),
('ionizantes', 27, 'node', 1.10823),
('iram', 8, 'node', 1),
('iram', 18, 'node', 1),
('iram', 27, 'node', 2.91371),
('iso', 8, 'node', 2),
('iso', 15, 'node', 1),
('iso', 18, 'node', 2),
('ítem', 20, 'node', 1),
('jerarquizado', 19, 'node', 1),
('jorge', 25, 'node', 1),
('jorge', 27, 'node', 1),
('joven', 7, 'node', 1),
('judiciales', 19, 'node', 1),
('junta', 26, 'node', 1),
('juntas', 19, 'node', 1),
('jurada', 3, 'node', 26),
('juradas', 3, 'node', 1),
('jurídico', 14, 'node', 1),
('justifica', 27, 'node', 0.549707),
('laboral', 19, 'node', 2),
('laboral', 26, 'node', 31.5438),
('laboral', 27, 'node', 3),
('laborales', 19, 'node', 3),
('laborales', 26, 'node', 1),
('laboratorio', 27, 'node', 3.52502),
('laboratorios', 27, 'node', 28.6367),
('lado', 25, 'node', 0.913226),
('las', 7, 'node', 3),
('las', 8, 'node', 2),
('las', 9, 'node', 1),
('las', 10, 'node', 1),
('las', 11, 'node', 1),
('las', 12, 'node', 2),
('las', 13, 'node', 6),
('las', 14, 'node', 4.3049),
('las', 15, 'node', 3),
('las', 18, 'node', 5),
('las', 19, 'node', 2),
('las', 20, 'node', 1),
('las', 21, 'node', 2),
('las', 25, 'node', 4.69142),
('las', 26, 'node', 4.24751),
('las', 27, 'node', 4.80023),
('legajos', 13, 'node', 1),
('legal', 19, 'node', 26),
('legislación', 13, 'node', 1),
('legislación', 21, 'node', 1),
('legislación', 27, 'node', 0.548462),
('legislaciones', 21, 'node', 1),
('lema', 7, 'node', 0.949597),
('lema', 29, 'node', 4),
('les', 13, 'node', 1),
('les', 26, 'node', 1),
('ley', 4, 'node', 27),
('ley', 19, 'node', 1),
('ley', 27, 'node', 1.85498),
('leyes', 27, 'node', 0.945829),
('lic', 27, 'node', 1),
('licenciado', 27, 'node', 1),
('licenciatura', 27, 'node', 1),
('licuados', 27, 'node', 0.587082),
('líder', 7, 'node', 1),
('líder', 29, 'node', 1),
('líderes', 13, 'node', 1),
('lideres', 18, 'node', 1),
('límites', 27, 'node', 0.792123),
('limón', 26, 'node', 1.91674),
('limpieza', 27, 'node', 0.857458),
('linderos', 15, 'node', 1),
('lineal', 14, 'node', 0.968904),
('líquidos', 16, 'node', 1),
('líquidoscontamos', 16, 'node', 1),
('list', 15, 'node', 1),
('livieres', 25, 'node', 1.98493),
('llamas', 9, 'node', 1),
('llamas', 11, 'node', 1),
('llave', 20, 'node', 1),
('llevando', 26, 'node', 0.759465),
('local', 7, 'node', 1),
('local', 29, 'node', 1),
('logra', 14, 'node', 1.74105),
('lograr', 7, 'node', 2),
('lograr', 13, 'node', 1),
('lograr', 29, 'node', 2),
('loma', 25, 'node', 0.824901),
('lopa', 15, 'node', 1),
('los', 7, 'node', 1.98902),
('los', 9, 'node', 2),
('los', 11, 'node', 2),
('los', 12, 'node', 1),
('los', 13, 'node', 3),
('los', 14, 'node', 7.81815),
('los', 15, 'node', 1),
('los', 16, 'node', 1),
('los', 18, 'node', 4),
('los', 19, 'node', 2),
('los', 20, 'node', 7),
('los', 21, 'node', 3),
('los', 25, 'node', 33.5811),
('los', 26, 'node', 7.06444),
('los', 27, 'node', 6.3175),
('los', 29, 'node', 2),
('luego', 18, 'node', 1),
('luego', 25, 'node', 0.96498),
('lugar', 19, 'node', 1),
('lugar', 27, 'node', 0.464545),
('lugares', 14, 'node', 1.72066),
('lumínicos', 21, 'node', 1),
('mahou', 26, 'node', 1.88659),
('mahousan', 26, 'node', 27),
('mañana', 25, 'node', 1),
('manejo', 12, 'node', 2),
('manejo', 14, 'node', 1.44279),
('manejo', 27, 'node', 2.37227),
('manera', 14, 'node', 1.72765),
('manera', 20, 'node', 1),
('manifestado', 26, 'node', 0.808176),
('manifiesto', 4, 'node', 1),
('manifiesto', 26, 'node', 1),
('mano', 20, 'node', 2),
('mano', 26, 'node', 1),
('mantenedores', 8, 'node', 1),
('mantenimiento', 9, 'node', 4),
('mantenimiento', 11, 'node', 30),
('manuales', 18, 'node', 1),
('marcan', 13, 'node', 1),
('marco', 7, 'node', 1),
('marco', 21, 'node', 1),
('marco', 27, 'node', 1),
('marco', 29, 'node', 1),
('maría', 26, 'node', 2),
('martín', 27, 'node', 0.453319),
('más', 7, 'node', 2),
('más', 9, 'node', 1),
('más', 11, 'node', 1),
('más', 12, 'node', 1),
('más', 14, 'node', 1),
('más', 18, 'node', 1),
('más', 19, 'node', 1),
('más', 25, 'node', 0.957226),
('más', 29, 'node', 1),
('matafuegos', 12, 'node', 1),
('materia', 12, 'node', 1),
('material', 14, 'node', 0.827757),
('material', 27, 'node', 0.578643),
('materiales', 20, 'node', 2),
('materiales', 27, 'node', 0.509287),
('máxima', 19, 'node', 1),
('máximo', 20, 'node', 1),
('mayoría', 21, 'node', 1),
('mecanicas', 20, 'node', 26),
('mecánico', 20, 'node', 1),
('mecánicos', 27, 'node', 0.797402),
('medardo', 27, 'node', 2),
('media', 25, 'node', 2),
('mediante', 14, 'node', 1.57943),
('mediante', 19, 'node', 1),
('médicas', 19, 'node', 2),
('medicinales', 27, 'node', 0.582831),
('medico', 19, 'node', 26),
('medidas', 13, 'node', 1),
('medidas', 26, 'node', 0.722831),
('medio', 7, 'node', 2),
('medio', 12, 'node', 26),
('medio', 21, 'node', 26),
('medio', 29, 'node', 1),
('medios', 12, 'node', 1),
('mejora', 14, 'node', 1),
('mejorar', 26, 'node', 1.81645),
('mejores', 13, 'node', 1),
('mencionar', 12, 'node', 1),
('mercado', 9, 'node', 1),
('mercado', 11, 'node', 1),
('mercado', 13, 'node', 2),
('merlino', 27, 'node', 2),
('metanol', 16, 'node', 1),
('metodología', 14, 'node', 1.77038),
('metodologías', 13, 'node', 0.945829),
('metodologías', 15, 'node', 1),
('métodos', 14, 'node', 1.38324),
('microbiológicos', 27, 'node', 0.636679),
('miembro', 27, 'node', 1),
('miércoles', 26, 'node', 1),
('miguel', 25, 'node', 1),
('miguel', 26, 'node', 27),
('miguelete', 27, 'node', 0.461904),
('mil', 15, 'node', 1),
('misión', 7, 'node', 1),
('misión', 29, 'node', 4),
('mismo', 26, 'node', 1),
('mismos', 14, 'node', 1),
('mismos', 20, 'node', 1),
('mitigación', 14, 'node', 0.727213),
('mitre', 27, 'node', 0.45501),
('moderna', 7, 'node', 1),
('modificación', 15, 'node', 1),
('modificado', 14, 'node', 1),
('molle', 25, 'node', 0.822065),
('montaje', 9, 'node', 27),
('montaje', 11, 'node', 1),
('monte', 14, 'node', 0.689612),
('morón', 27, 'node', 2),
('móviles', 11, 'node', 26),
('muerta', 25, 'node', 3.71767),
('muflas', 27, 'node', 0.591395),
('multiplicación', 14, 'node', 0.687638),
('mundial', 15, 'node', 1),
('municipales', 14, 'node', 1),
('muscular', 26, 'node', 1),
('musculoesquelético', 26, 'node', 0.742984),
('nación', 27, 'node', 0.480114),
('nacional', 7, 'node', 1),
('nacional', 26, 'node', 1),
('nacional', 29, 'node', 1),
('nacionales', 14, 'node', 1),
('nacionales', 21, 'node', 1),
('nativas', 14, 'node', 0.683725),
('natural', 14, 'node', 3.45178),
('naturales', 27, 'node', 0.802752),
('necesarios', 18, 'node', 2),
('necesarios', 27, 'node', 1),
('necesidades', 13, 'node', 1),
('negro', 13, 'node', 1),
('neuquén', 13, 'node', 1),
('neuquén', 25, 'node', 0.989021),
('nfpa', 8, 'node', 2),
('nfpa', 27, 'node', 0.699655),
('nivel', 19, 'node', 1),
('nivel', 26, 'node', 0.822065),
('nociones', 27, 'node', 0.640063),
('norma', 18, 'node', 3),
('norma', 27, 'node', 0.609315),
('normas', 8, 'node', 1),
('normas', 15, 'node', 1),
('normas', 18, 'node', 28),
('normas', 20, 'node', 1),
('normas', 27, 'node', 1.33792),
('normativa', 27, 'node', 0.839384),
('normativas', 27, 'node', 0.545988),
('norteamericana', 25, 'node', 1),
('norteamericanas', 25, 'node', 1),
('nos', 9, 'node', 2),
('nos', 11, 'node', 2),
('nos', 12, 'node', 1),
('nos', 13, 'node', 1),
('nuestra', 7, 'node', 2.95723),
('nuestra', 12, 'node', 1),
('nuestra', 29, 'node', 9),
('nuestras', 7, 'node', 1),
('nuestras', 29, 'node', 1),
('nuestro', 7, 'node', 1.9496),
('nuestro', 12, 'node', 1),
('nuestro', 13, 'node', 1),
('nuestro', 29, 'node', 5),
('nuestros', 7, 'node', 3),
('nuestros', 12, 'node', 2),
('nuestros', 13, 'node', 1),
('nuestros', 18, 'node', 1),
('nuestros', 29, 'node', 1),
('nueva', 26, 'node', 1.7694),
('nutrición', 26, 'node', 1),
('objetivo', 7, 'node', 1),
('objetivo', 12, 'node', 1),
('objetivo', 20, 'node', 1),
('objetivo', 27, 'node', 1),
('objetivo', 29, 'node', 1),
('objetivos', 27, 'node', 0.961087),
('objeto', 14, 'node', 1),
('obra', 20, 'node', 5),
('obras', 20, 'node', 52),
('obtenerlas', 27, 'node', 0.53161),
('obtenido', 25, 'node', 1),
('ocasionados', 14, 'node', 0.722831),
('ocupacional', 18, 'node', 2),
('ofrecemos', 13, 'node', 1),
('ofrecen', 26, 'node', 1),
('ofrecidas', 21, 'node', 1),
('ofreciendo', 7, 'node', 1),
('ofreciendo', 27, 'node', 1),
('ofreciendo', 29, 'node', 1),
('oil', 25, 'node', 1.92027),
('oleoductos', 16, 'node', 1),
('onu', 27, 'node', 0.7017),
('operación', 15, 'node', 1),
('operaciones', 7, 'node', 3),
('operaciones', 25, 'node', 1.83938),
('operaciones', 29, 'node', 1),
('operador', 25, 'node', 0.882818),
('operadores', 4, 'node', 1),
('operadores', 25, 'node', 0.873132),
('operativas', 13, 'node', 1),
('oportunidad', 7, 'node', 1),
('oportunidad', 29, 'node', 1),
('optimizar', 20, 'node', 1),
('orden', 12, 'node', 1),
('orden', 27, 'node', 1.98893),
('organización', 27, 'node', 1),
('orgullo', 26, 'node', 0.805455),
('original', 20, 'node', 1),
('osha', 8, 'node', 1),
('oshas', 18, 'node', 1),
('otorgado', 26, 'node', 0.980874),
('otras', 13, 'node', 1),
('otras', 15, 'node', 1),
('otras', 25, 'node', 1),
('otros', 10, 'node', 1),
('otros', 25, 'node', 0.961087),
('otros', 26, 'node', 1),
('otros', 27, 'node', 0.601716),
('pago', 27, 'node', 0.964399),
('país', 7, 'node', 1),
('paliar', 26, 'node', 0.718502),
('pampa', 25, 'node', 0.830633),
('para', 7, 'node', 1),
('para', 9, 'node', 1),
('para', 10, 'node', 1),
('para', 11, 'node', 1),
('para', 12, 'node', 1.99731),
('para', 13, 'node', 1.98087),
('para', 14, 'node', 29.1407),
('para', 15, 'node', 1),
('para', 16, 'node', 2),
('para', 18, 'node', 4),
('para', 19, 'node', 30),
('para', 20, 'node', 1),
('para', 21, 'node', 1),
('para', 25, 'node', 2.86222),
('para', 26, 'node', 4.21715),
('para', 27, 'node', 7.82742),
('para', 29, 'node', 1),
('paros', 13, 'node', 0.957226),
('parque', 27, 'node', 0.463662),
('parte', 14, 'node', 1),
('parte', 26, 'node', 0.892724),
('parte', 27, 'node', 0.72066),
('participa', 25, 'node', 2.80637),
('participado', 26, 'node', 0.78951),
('participante', 27, 'node', 0.469016),
('particularidades', 27, 'node', 0.76431),
('partir', 3, 'node', 1),
('partir', 14, 'node', 0.848323),
('pasado', 25, 'node', 0.968904),
('patologías', 19, 'node', 1),
('patologías', 26, 'node', 0.714225),
('patrimonio', 15, 'node', 1),
('pautas', 13, 'node', 1),
('paz', 27, 'node', 0.460161),
('pecuaria', 14, 'node', 0.714225),
('peligrosas', 12, 'node', 1),
('peligrosidad', 27, 'node', 0.693594),
('peligrosos', 4, 'node', 26),
('penal', 4, 'node', 1),
('pendiente', 14, 'node', 0.945829),
('pérdida', 14, 'node', 1),
('perfilaje', 14, 'node', 0.830633),
('perforación', 13, 'node', 1),
('perforaciones', 25, 'node', 0.863659),
('perforado', 25, 'node', 3.94602),
('perforados', 25, 'node', 26),
('pericial', 19, 'node', 1),
('periféricas', 27, 'node', 0.595774),
('periodicidad', 3, 'node', 1),
('periódicos', 19, 'node', 1),
('periodistas', 26, 'node', 0.923838),
('permanente', 19, 'node', 2),
('permanentes', 27, 'node', 0.585658),
('permite', 9, 'node', 1),
('permite', 11, 'node', 1),
('permiten', 15, 'node', 1),
('personal', 12, 'node', 1.99731),
('personal', 13, 'node', 2),
('personal', 14, 'node', 1),
('personal', 15, 'node', 2),
('personal', 16, 'node', 1),
('personal', 18, 'node', 1),
('personal', 21, 'node', 1),
('personal', 27, 'node', 4.05744),
('personales', 27, 'node', 0.657549),
('personalizados', 19, 'node', 1),
('personas', 7, 'node', 1),
('personas', 12, 'node', 1),
('pesos', 27, 'node', 0.512513),
('petrobras', 25, 'node', 0.902857),
('petrogas', 25, 'node', 0.896076),
('petróleo', 7, 'node', 1),
('petróleo', 25, 'node', 1),
('petrolera', 12, 'node', 1),
('petrolera', 25, 'node', 2.72573),
('petrolíferos', 13, 'node', 0.96498),
('petrolíferos', 16, 'node', 1),
('pha', 15, 'node', 1),
('picadas', 14, 'node', 1),
('pigr', 14, 'node', 2),
('piping', 20, 'node', 1),
('pirámide', 27, 'node', 0.896076),
('plan', 14, 'node', 1),
('plan', 25, 'node', 2),
('plan', 26, 'node', 1),
('planea', 25, 'node', 1),
('planes', 21, 'node', 1),
('planes', 25, 'node', 3.62737),
('planificación', 18, 'node', 1),
('planos', 20, 'node', 2),
('planta', 13, 'node', 0.953396),
('planta', 26, 'node', 1),
('plantas', 4, 'node', 1),
('plantas', 7, 'node', 1),
('plantas', 9, 'node', 1),
('plantas', 11, 'node', 1),
('plasmada', 20, 'node', 1),
('plasmado', 20, 'node', 1),
('plenitud', 19, 'node', 1),
('poder', 27, 'node', 1),
('podría', 14, 'node', 1),
('policía', 27, 'node', 1),
('políticas', 18, 'node', 1),
('políticas', 26, 'node', 1.68471),
('por', 8, 'node', 1),
('por', 13, 'node', 2),
('por', 14, 'node', 5.16327),
('por', 16, 'node', 1),
('por', 19, 'node', 2),
('por', 20, 'node', 2),
('por', 25, 'node', 4.91323),
('por', 26, 'node', 3.57666),
('por', 27, 'node', 0.854391),
('porqué', 27, 'node', 0.687638),
('poseemos', 7, 'node', 1),
('poseemos', 19, 'node', 1),
('poseen', 7, 'node', 1),
('posibilitando', 14, 'node', 0.873132),
('posibilite', 19, 'node', 1),
('posible', 14, 'node', 0.98493),
('posibles', 20, 'node', 1),
('posiciona', 12, 'node', 1),
('posiciona', 13, 'node', 1),
('post', 10, 'node', 1),
('posterior', 14, 'node', 1.6112),
('posterior', 16, 'node', 1),
('potenciales', 13, 'node', 1),
('potenciales', 15, 'node', 1),
('pozo', 25, 'node', 0.980874),
('pozos', 13, 'node', 0.968904),
('pozos', 16, 'node', 1),
('pozos', 25, 'node', 32.9572),
('práctica', 19, 'node', 2),
('prácticas', 26, 'node', 0.781775),
('prácticas', 27, 'node', 1),
('práctico', 7, 'node', 1),
('precinc', 7, 'node', 0.976851),
('precinc', 29, 'node', 1),
('precisó', 25, 'node', 1),
('predicción', 14, 'node', 1),
('predisposición', 27, 'node', 1),
('preparación', 26, 'node', 0.873132),
('preparados', 16, 'node', 1),
('presentación', 3, 'node', 1),
('presentadas', 3, 'node', 1),
('presentan', 14, 'node', 1),
('presentando', 27, 'node', 0.467218),
('presentes', 27, 'node', 0.571798),
('presión', 9, 'node', 1),
('presión', 11, 'node', 1),
('prestaciones', 13, 'node', 1),
('prevé', 25, 'node', 1),
('prevención', 14, 'node', 1),
('prevención', 19, 'node', 1),
('prevención', 26, 'node', 0.738408),
('prevención', 27, 'node', 1.51578),
('prevenirlos', 27, 'node', 0.523573),
('primer', 25, 'node', 0.98493),
('primer', 27, 'node', 0.470829),
('primera', 26, 'node', 1.94209),
('principal', 7, 'node', 1),
('principal', 20, 'node', 1),
('principal', 25, 'node', 0.808176),
('principal', 27, 'node', 1),
('principal', 29, 'node', 1),
('principales', 25, 'node', 1),
('principales', 27, 'node', 0.71),
('privadas', 19, 'node', 1),
('probado', 19, 'node', 1),
('problema', 14, 'node', 1),
('problemas', 14, 'node', 0.725015),
('problemática', 21, 'node', 1),
('problemática', 27, 'node', 0.638366),
('problemáticas', 19, 'node', 1),
('procederes', 27, 'node', 0.646943),
('procedimiento', 14, 'node', 2),
('procedimiento', 27, 'node', 1.77891),
('procedimientos', 18, 'node', 1),
('procedimientos', 27, 'node', 0.836446),
('proceso', 14, 'node', 0.866793),
('proceso', 18, 'node', 1),
('procesos', 14, 'node', 1),
('procurando', 20, 'node', 1),
('producción', 9, 'node', 1),
('producción', 11, 'node', 1),
('producción', 19, 'node', 1),
('producir', 14, 'node', 1),
('productividad', 15, 'node', 1),
('productos', 7, 'node', 2),
('productos', 27, 'node', 2.05878),
('productos', 29, 'node', 2),
('profesional', 12, 'node', 1),
('profesional', 15, 'node', 1),
('profesional', 19, 'node', 1),
('profesionales', 7, 'node', 1),
('profesionales', 8, 'node', 1),
('profesionales', 13, 'node', 1),
('profesionales', 16, 'node', 1),
('profesionales', 18, 'node', 1),
('profesionales', 27, 'node', 1),
('programa', 14, 'node', 1),
('programa', 26, 'node', 0.766757),
('programas', 26, 'node', 1.91323),
('prolongados', 19, 'node', 1),
('promedio', 12, 'node', 1),
('promoción', 26, 'node', 1.90629),
('promovido', 26, 'node', 1),
('promoviendo', 7, 'node', 0.993146),
('promoviendo', 29, 'node', 1),
('promueve', 26, 'node', 0.961087),
('propia', 26, 'node', 2),
('propias', 7, 'node', 1),
('propio', 15, 'node', 1),
('prospectos', 25, 'node', 1),
('protección', 7, 'node', 1),
('protección', 12, 'node', 1),
('protección', 13, 'node', 1),
('protección', 21, 'node', 1),
('protección', 27, 'node', 4.43505),
('protege', 26, 'node', 0.957226),
('proveedora', 13, 'node', 1),
('provincia', 25, 'node', 0.805455),
('provincia', 27, 'node', 1),
('provinciales', 14, 'node', 1),
('provinciales', 21, 'node', 1),
('provincias', 13, 'node', 1),
('provisión', 10, 'node', 26),
('provisión', 20, 'node', 1),
('provisión', 27, 'node', 0.824901),
('próximo', 25, 'node', 27),
('proyección', 20, 'node', 1),
('proyecto', 14, 'node', 1),
('proyecto', 15, 'node', 1),
('proyecto', 20, 'node', 4),
('prueba', 9, 'node', 1),
('prueba', 11, 'node', 1),
('pública', 26, 'node', 0.842342),
('públicas', 14, 'node', 1),
('puedan', 16, 'node', 1),
('pueden', 12, 'node', 1),
('pueden', 14, 'node', 0.712106),
('puesta', 27, 'node', 0.604732),
('puesto', 25, 'node', 1),
('puesto', 26, 'node', 1),
('pulling', 13, 'node', 1),
('pulmonar', 12, 'node', 1),
('que', 7, 'node', 3),
('que', 9, 'node', 2),
('que', 11, 'node', 2),
('que', 12, 'node', 3),
('que', 13, 'node', 2),
('que', 14, 'node', 7.62136),
('que', 16, 'node', 1),
('que', 19, 'node', 1),
('que', 21, 'node', 1),
('que', 25, 'node', 4.72582),
('que', 26, 'node', 6.7213),
('que', 27, 'node', 4.61737),
('quienes', 7, 'node', 1),
('químicas', 7, 'node', 1),
('químicas', 27, 'node', 1.3227),
('químico', 27, 'node', 0.570448),
('químicos', 27, 'node', 29.6003),
('rack', 14, 'node', 1),
('radiación', 27, 'node', 0.63333),
('radiaciones', 27, 'node', 0.556022),
('raíz', 15, 'node', 1),
('rápida', 16, 'node', 1),
('rcp', 12, 'node', 1),
('reacondicionamiento', 14, 'node', 0.842342),
('reactivas', 27, 'node', 0.537506),
('reactivos', 27, 'node', 2.1634),
('real', 20, 'node', 1),
('realiza', 27, 'node', 1),
('realización', 9, 'node', 1);
INSERT INTO `search_index` (`word`, `sid`, `type`, `score`) VALUES
('realización', 11, 'node', 1),
('realización', 14, 'node', 0.78951),
('realización', 18, 'node', 1),
('realización', 27, 'node', 0.496787),
('realizadas', 25, 'node', 0.860547),
('realizado', 20, 'node', 1),
('realizados', 26, 'node', 0.913226),
('realizar', 20, 'node', 1),
('rechazado', 14, 'node', 1),
('rechazo', 14, 'node', 0.824901),
('recibida', 7, 'node', 1),
('recibida', 13, 'node', 1),
('recipientes', 27, 'node', 0.759465),
('recolección', 14, 'node', 1),
('recolonización', 14, 'node', 0.857458),
('recomendaciones', 12, 'node', 1),
('recomendaciones', 27, 'node', 1.41057),
('reconocen', 26, 'node', 1),
('reconociendo', 27, 'node', 1),
('recuperación', 14, 'node', 3.38974),
('recuperación', 21, 'node', 1),
('recursos', 20, 'node', 3),
('redacción', 18, 'node', 1),
('redes', 9, 'node', 27),
('redes', 10, 'node', 27),
('redes', 11, 'node', 1),
('redes', 13, 'node', 1),
('reduce', 26, 'node', 26),
('reducido', 26, 'node', 1),
('reducir', 26, 'node', 0.827757),
('referencia', 18, 'node', 1),
('referente', 20, 'node', 1),
('referido', 26, 'node', 0.889397),
('referirse', 26, 'node', 0.769219),
('régimen', 4, 'node', 1),
('región', 26, 'node', 2.40111),
('regional', 19, 'node', 1),
('regional', 26, 'node', 0.810915),
('registrados', 8, 'node', 1),
('registro', 4, 'node', 1),
('relacionados', 7, 'node', 1),
('relaciones', 26, 'node', 1),
('relevamientos', 21, 'node', 2),
('relevantes', 9, 'node', 1),
('relevantes', 11, 'node', 1),
('remediación', 16, 'node', 1),
('remediación', 21, 'node', 1),
('reparación', 9, 'node', 3),
('reparación', 11, 'node', 3),
('repoblación', 14, 'node', 0.693594),
('repositorios', 14, 'node', 1),
('representación', 19, 'node', 1),
('requeridos', 13, 'node', 1),
('requerimientos', 20, 'node', 1),
('resaltado', 26, 'node', 0.916736),
('reservar', 27, 'node', 0.49376),
('reservorios', 25, 'node', 0.942091),
('residuos', 4, 'node', 26),
('residuos', 14, 'node', 3),
('residuos', 27, 'node', 1.72248),
('resolución', 3, 'node', 1),
('respaldo', 7, 'node', 1),
('respetando', 7, 'node', 0.972861),
('respetando', 14, 'node', 0.953396),
('respetando', 20, 'node', 1),
('respetando', 29, 'node', 1),
('respeto', 7, 'node', 0.945829),
('respeto', 29, 'node', 1),
('respiratoria', 27, 'node', 0.662985),
('responsabilidad', 7, 'node', 1.90305),
('responsabilidad', 27, 'node', 0.623497),
('responsabilidad', 29, 'node', 2),
('responsabilidades', 4, 'node', 1),
('responsable', 19, 'node', 1),
('responsable', 26, 'node', 0.813674),
('responsable', 27, 'node', 1),
('respuestas', 16, 'node', 26),
('restauración', 14, 'node', 1.53544),
('resucitación', 12, 'node', 1),
('resultados', 25, 'node', 0.945829),
('revegetación', 14, 'node', 2.3991),
('revegetar', 14, 'node', 0.759465),
('reveló', 25, 'node', 1.98493),
('riberas', 14, 'node', 1.48598),
('ricardo', 25, 'node', 1),
('riesgo', 12, 'node', 1),
('riesgo', 15, 'node', 1),
('riesgo', 27, 'node', 2.39885),
('riesgos', 13, 'node', 1.9496),
('riesgos', 15, 'node', 27),
('riesgos', 27, 'node', 5.93778),
('rigurosamente', 8, 'node', 1),
('rincón', 25, 'node', 0.845322),
('rio', 13, 'node', 1),
('rociadores', 9, 'node', 1),
('rociadores', 11, 'node', 1),
('roles', 27, 'node', 0.522445),
('rotulado', 27, 'node', 0.742984),
('roturas', 16, 'node', 1),
('rtp', 13, 'node', 1),
('rubro', 21, 'node', 1),
('rugosidad', 14, 'node', 1.72845),
('ruidos', 13, 'node', 0.934703),
('rutinarias', 27, 'node', 0.628375),
('rvi', 15, 'node', 1),
('sagrario', 26, 'node', 1),
('salpicaduras', 27, 'node', 1.08817),
('salud', 18, 'node', 2),
('salud', 19, 'node', 1),
('salud', 26, 'node', 7.3156),
('saludable', 26, 'node', 0.96498),
('saludables', 26, 'node', 0.902857),
('san', 25, 'node', 1),
('san', 27, 'node', 0.454162),
('sanciones', 4, 'node', 1),
('satisfacción', 7, 'node', 1),
('satisfacción', 29, 'node', 1),
('sea', 15, 'node', 1),
('sea', 20, 'node', 2),
('sector', 27, 'node', 0.618696),
('sectores', 19, 'node', 1),
('sede', 26, 'node', 1),
('segregación', 14, 'node', 1),
('según', 15, 'node', 1),
('según', 20, 'node', 1),
('según', 26, 'node', 1),
('según', 27, 'node', 0.490769),
('seguridad', 7, 'node', 2),
('seguridad', 12, 'node', 27.9973),
('seguridad', 13, 'node', 29.9809),
('seguridad', 15, 'node', 2),
('seguridad', 18, 'node', 2),
('seguridad', 26, 'node', 2),
('seguridad', 27, 'node', 39.4803),
('seguridad', 29, 'node', 1),
('seguros', 27, 'node', 1.29918),
('seiscientos', 27, 'node', 0.511433),
('selección', 27, 'node', 1.91584),
('semicuantitativos', 15, 'node', 1),
('semilla', 14, 'node', 0.802752),
('semillas', 14, 'node', 0.886095),
('señales', 27, 'node', 0.722831),
('señalización', 27, 'node', 0.749958),
('sentido', 12, 'node', 1),
('ser', 3, 'node', 1),
('ser', 14, 'node', 2),
('servicio', 9, 'node', 2),
('servicio', 10, 'node', 1),
('servicio', 11, 'node', 2),
('servicio', 13, 'node', 1),
('servicio', 14, 'node', 1),
('servicio', 16, 'node', 1),
('servicio', 19, 'node', 1),
('servicio', 27, 'node', 3.43554),
('servicios', 7, 'node', 5),
('servicios', 11, 'node', 11),
('servicios', 12, 'node', 11.7896),
('servicios', 13, 'node', 38.1622),
('servicios', 14, 'node', 33.3948),
('servicios', 15, 'node', 11),
('servicios', 16, 'node', 11),
('servicios', 19, 'node', 10.9704),
('servicios', 20, 'node', 37),
('servicios', 21, 'node', 38),
('servicios', 29, 'node', 4),
('seveso', 15, 'node', 1),
('sgma', 21, 'node', 1),
('shale', 25, 'node', 1.89712),
('siclar', 8, 'node', 1),
('sido', 26, 'node', 1),
('siempre', 14, 'node', 0.949597),
('siendo', 26, 'node', 0.945829),
('sierra', 25, 'node', 0.839384),
('significativos', 21, 'node', 1),
('sigue', 26, 'node', 1),
('siguientes', 8, 'node', 1),
('siguientes', 13, 'node', 1),
('siguientes', 14, 'node', 0.707906),
('siguientes', 16, 'node', 1),
('siguientes', 18, 'node', 1),
('sil', 15, 'node', 1),
('símbolos', 27, 'node', 0.695602),
('siniestralidad', 26, 'node', 28.7045),
('siniestros', 27, 'node', 1),
('sino', 26, 'node', 1),
('sistema', 12, 'node', 1),
('sistema', 14, 'node', 1),
('sistema', 18, 'node', 3),
('sistema', 21, 'node', 1),
('sistemas', 9, 'node', 3),
('sistemas', 11, 'node', 29),
('sistemas', 12, 'node', 26),
('sistemas', 15, 'node', 1),
('sistemas', 17, 'node', 27),
('sistemas', 18, 'node', 1),
('sistemas', 27, 'node', 2.19747),
('sistemático', 13, 'node', 1),
('sitios', 14, 'node', 0.757065),
('situaciones', 19, 'node', 1),
('sobre', 12, 'node', 1),
('sobre', 13, 'node', 1),
('sobre', 20, 'node', 1),
('sobre', 26, 'node', 1.45972),
('sobreuso', 14, 'node', 0.699655),
('socia', 25, 'node', 0.879565),
('social', 7, 'node', 0.953396),
('social', 29, 'node', 1),
('solidaridad', 7, 'node', 0.942091),
('solidaridad', 29, 'node', 1),
('sólidas', 12, 'node', 1),
('sólido', 7, 'node', 1),
('sólo', 26, 'node', 1),
('somos', 7, 'node', 1),
('son', 25, 'node', 0.876337),
('sonoros', 21, 'node', 1),
('sostenible', 14, 'node', 0.674137),
('sosteniendo', 7, 'node', 0.997306),
('sosteniendo', 29, 'node', 1),
('srl', 10, 'node', 1),
('sseñales', 27, 'node', 0.714225),
('staff', 15, 'node', 1),
('staff', 18, 'node', 1),
('std', 15, 'node', 1),
('subsolado', 14, 'node', 0.972861),
('subsuelo', 25, 'node', 1),
('suelo', 14, 'node', 0.822065),
('suelo', 21, 'node', 1),
('suelos', 14, 'node', 0.779231),
('suelos', 21, 'node', 1),
('superficial', 14, 'node', 1.83372),
('superficies', 27, 'node', 0.563797),
('superior', 27, 'node', 1),
('sus', 7, 'node', 1),
('sus', 12, 'node', 1),
('sus', 14, 'node', 0.747619),
('sus', 25, 'node', 3.62737),
('sus', 26, 'node', 2.83353),
('sus', 27, 'node', 0.766757),
('sustancias', 27, 'node', 0.786915),
('sustentable', 7, 'node', 1),
('sustentable', 29, 'node', 1),
('tachos', 14, 'node', 1),
('tales', 14, 'node', 0.781775),
('tales', 15, 'node', 1),
('talleres', 8, 'node', 1),
('también', 16, 'node', 1),
('también', 18, 'node', 1),
('también', 25, 'node', 4.53836),
('también', 26, 'node', 1),
('tamés', 26, 'node', 1.91674),
('tanques', 9, 'node', 2),
('tanques', 11, 'node', 2),
('tanto', 7, 'node', 2),
('tanto', 13, 'node', 1),
('tanto', 21, 'node', 1),
('tanto', 25, 'node', 1.81925),
('tanto', 26, 'node', 0.863659),
('tarea', 27, 'node', 2.56714),
('tareas', 14, 'node', 1.51413),
('tareas', 16, 'node', 2),
('tareas', 19, 'node', 1),
('tareas', 21, 'node', 1),
('tareas', 27, 'node', 1.64006),
('tec', 7, 'node', 0.980874),
('tec', 29, 'node', 1),
('técnicas', 12, 'node', 1),
('técnicas', 27, 'node', 1),
('tecnicatura', 27, 'node', 1),
('técnico', 7, 'node', 1),
('técnico', 14, 'node', 1),
('técnicos', 7, 'node', 1),
('técnicos', 13, 'node', 1),
('técnicos', 16, 'node', 1),
('técnicos', 26, 'node', 0.740689),
('técnicos', 27, 'node', 1),
('tecnológico', 27, 'node', 0.462781),
('tecprecinc', 8, 'node', 1),
('tecprecinc', 10, 'node', 1),
('tel', 27, 'node', 0.450806),
('temario', 27, 'node', 0.968904),
('temas', 7, 'node', 1),
('temas', 12, 'node', 1),
('temporarios', 14, 'node', 1),
('tendencia', 14, 'node', 0.7017),
('tenemos', 25, 'node', 1),
('tener', 27, 'node', 0.542319),
('teoría', 27, 'node', 0.899454),
('teóricoaudiovisual', 19, 'node', 1),
('terceros', 15, 'node', 1),
('térmica', 21, 'node', 1),
('terreno', 14, 'node', 1.72124),
('tiempos', 20, 'node', 1),
('tiende', 14, 'node', 0.731649),
('tiene', 14, 'node', 1),
('tiene', 25, 'node', 0.816452),
('tienen', 25, 'node', 0.842342),
('tierra', 21, 'node', 1),
('tierra', 27, 'node', 0.60322),
('tipo', 9, 'node', 1),
('tipo', 11, 'node', 1),
('tipo', 14, 'node', 0.733888),
('tipo', 16, 'node', 1),
('tipo', 26, 'node', 0.716357),
('tipos', 16, 'node', 1),
('tipos', 25, 'node', 0.920273),
('tipos', 27, 'node', 0.66666),
('todas', 15, 'node', 1),
('todavía', 26, 'node', 0.712106),
('todo', 12, 'node', 2),
('todo', 14, 'node', 1),
('todo', 20, 'node', 1),
('todo', 26, 'node', 1),
('todos', 9, 'node', 1),
('todos', 11, 'node', 1),
('todos', 13, 'node', 2),
('todos', 27, 'node', 0.504001),
('toldos', 25, 'node', 0.833529),
('tomas', 27, 'node', 0.60778),
('tonificación', 26, 'node', 1),
('topografía', 14, 'node', 0.839384),
('total', 19, 'node', 1),
('trabajador', 19, 'node', 1),
('trabajadores', 26, 'node', 2.81367),
('trabajamos', 7, 'node', 1),
('trabajamos', 29, 'node', 1),
('trabajar', 27, 'node', 0.507159),
('trabajo', 6, 'node', 26),
('trabajo', 12, 'node', 0.98493),
('trabajo', 13, 'node', 26),
('trabajo', 14, 'node', 1.76636),
('trabajo', 19, 'node', 28),
('trabajo', 23, 'node', 26),
('trabajo', 26, 'node', 1.77419),
('trabajo', 27, 'node', 3.56191),
('trabajos', 9, 'node', 1),
('trabajos', 11, 'node', 1),
('trabajos', 12, 'node', 1),
('trabajos', 13, 'node', 0.980874),
('trabajos', 14, 'node', 3.02578),
('trabajos', 20, 'node', 1),
('transferencia', 27, 'node', 0.482973),
('tránsito', 16, 'node', 1),
('transportes', 16, 'node', 1),
('transportistas', 4, 'node', 1),
('trapial', 25, 'node', 0.810915),
('tras', 25, 'node', 1),
('trastorno', 26, 'node', 0.745294),
('trasvases', 27, 'node', 0.754681),
('tratamiento', 4, 'node', 1),
('tratando', 20, 'node', 1),
('través', 9, 'node', 1),
('través', 11, 'node', 1),
('través', 16, 'node', 1),
('trayectoria', 7, 'node', 1),
('tres', 25, 'node', 2.95723),
('tres', 27, 'node', 1),
('tubos', 27, 'node', 0.588512),
('último', 26, 'node', 0.774192),
('una', 3, 'node', 1),
('una', 7, 'node', 2),
('una', 12, 'node', 1),
('una', 13, 'node', 3),
('una', 14, 'node', 0.989021),
('una', 18, 'node', 1),
('una', 21, 'node', 2),
('una', 25, 'node', 1.99731),
('una', 26, 'node', 1.7974),
('una', 27, 'node', 2.10545),
('unas', 26, 'node', 0.733888),
('únicamente', 20, 'node', 1),
('universidad', 27, 'node', 2),
('universitario', 27, 'node', 1),
('unos', 25, 'node', 1),
('usarlos', 27, 'node', 0.685676),
('usos', 9, 'node', 1),
('usos', 11, 'node', 1),
('usos', 12, 'node', 1),
('usos', 13, 'node', 1),
('utensilios', 27, 'node', 2.24357),
('vaca', 25, 'node', 3.71767),
('vacante', 27, 'node', 0.492759),
('vacío', 9, 'node', 1),
('vacío', 11, 'node', 1),
('vacunaciones', 19, 'node', 1),
('valor', 12, 'node', 1),
('valoración', 14, 'node', 1),
('valores', 7, 'node', 0.989021),
('valores', 29, 'node', 1),
('válvulas', 9, 'node', 1),
('válvulas', 11, 'node', 1),
('vamos', 25, 'node', 1),
('van', 25, 'node', 0.953396),
('vasta', 13, 'node', 1),
('veces', 25, 'node', 2),
('vegetación', 14, 'node', 0.697623),
('vegetal', 14, 'node', 1.73841),
('velocidad', 14, 'node', 0.909743),
('vencimiento', 3, 'node', 26),
('venta', 10, 'node', 2),
('ventajas', 27, 'node', 0.845322),
('venteo', 9, 'node', 1),
('venteo', 11, 'node', 1),
('ver', 4, 'node', 1),
('ver', 25, 'node', 0.938382),
('ver', 27, 'node', 0.976851),
('vertebral', 26, 'node', 1),
('vez', 27, 'node', 0.498827),
('vías', 27, 'node', 1.00934),
('vida', 26, 'node', 1),
('vidrio', 27, 'node', 0.577261),
('vigente', 13, 'node', 1),
('vigente', 21, 'node', 1),
('vigentes', 27, 'node', 0.942091),
('vigilancia', 26, 'node', 1),
('visión', 7, 'node', 1),
('visión', 29, 'node', 4),
('visita', 26, 'node', 1.91674),
('visitando', 26, 'node', 0.736141),
('visual', 27, 'node', 0.745294),
('vivar', 26, 'node', 1.8894),
('vivero', 14, 'node', 0.685676),
('voluntario', 27, 'node', 1),
('voluntarios', 27, 'node', 1),
('yeguas', 25, 'node', 0.827757),
('ypf', 25, 'node', 28.5352),
('zona', 14, 'node', 0.961087);

-- --------------------------------------------------------

--
-- Table structure for table `search_node_links`
--

CREATE TABLE `search_node_links` (
  `sid` int(10) UNSIGNED NOT NULL DEFAULT '0' COMMENT 'The search_dataset.sid of the searchable item containing the link to the node.',
  `type` varchar(16) NOT NULL DEFAULT '' COMMENT 'The search_dataset.type of the searchable item containing the link to the node.',
  `nid` int(10) UNSIGNED NOT NULL DEFAULT '0' COMMENT 'The node.nid that this item links to.',
  `caption` longtext COMMENT 'The text used to link to the node.nid.'
) ENGINE=InnoDB DEFAULT CHARSET=utf8 COMMENT='Stores items (like nodes) that link to other nodes, used...';

-- --------------------------------------------------------

--
-- Table structure for table `search_total`
--

CREATE TABLE `search_total` (
  `word` varchar(50) NOT NULL DEFAULT '' COMMENT 'Primary Key: Unique word in the search index.',
  `count` float DEFAULT NULL COMMENT 'The count of the word in the index using Zipf’s law to equalize the probability distribution.'
) ENGINE=InnoDB DEFAULT CHARSET=utf8 COMMENT='Stores search totals for words.';

--
-- Dumping data for table `search_total`
--

INSERT INTO `search_total` (`word`, `count`) VALUES
('1', 0.262999),
('10005', 0.30103),
('10007', 0.30103),
('110093820000310160911', 0.30103),
('12', 0.30103),
('14001', 0.30103),
('14001200', 0.30103),
('15000', 0.30103),
('16', 0.30103),
('17096', 0.30103),
('18001', 0.176091),
('1958772', 0.30103),
('1992', 0.30103),
('1996', 0.0157943),
('20', 0.176091),
('200', 0.30103),
('2014', 0.30103),
('213', 0.30103),
('2455795', 0.30103),
('25', 0.30103),
('2507', 0.30103),
('2641', 0.30103),
('30', 0.30103),
('31016091', 0.30103),
('34546687068', 0.30103),
('35172', 0.30103),
('35179', 0.217557),
('3800', 0.30103),
('4724', 0.30103),
('47544071', 0.30103),
('50', 0.130801),
('5454', 0.30103),
('600', 0.30103),
('6109', 0.30103),
('62006300', 0.30103),
('6293', 0.30103),
('6419', 0.30103),
('66011', 0.30103),
('7050', 0.30103),
('8', 0.30103),
('80', 0.0155117),
('9001', 0.30103),
('90012008', 0.30103),
('abajo', 0.30103),
('abandono', 0.30103),
('abarca', 0.176091),
('abonando', 0.30103),
('absentismo', 0.30103),
('acabados', 0.30103),
('acarrea', 0.30103),
('accesorios', 0.176091),
('accesos', 0.30103),
('accidentes', 0.059248),
('accidentología', 0.30103),
('acción', 0.30103),
('acciones', 0.30103),
('aceptado', 0.30103),
('aceptándolas', 0.30103),
('aclaró', 0.30103),
('acompañadas', 0.30103),
('acompañamiento', 0.30103),
('acompañamos', 0.30103),
('acompañar', 0.30103),
('acorde', 0.176091),
('acr', 0.30103),
('acredita', 0.30103),
('acreditarse', 0.30103),
('actividad', 0.111228),
('actividades', 0.0804053),
('acto', 0.30103),
('actuación', 0.30103),
('actuaciones', 0.30103),
('actualidad', 0.30103),
('actualización', 0.30103),
('actuar', 0.218896),
('acuerdo', 0.1863),
('ada', 0.30103),
('adaptación', 0.30103),
('adecuación', 0.176091),
('adecuada', 0.30103),
('adecuadamente', 0.30103),
('adecuado', 0.143642),
('además', 0.0717817),
('administraciones', 0.30103),
('administrativas', 0.30103),
('administrativo', 0.30103),
('adquirida', 0.30103),
('adquirir', 0.30103),
('advertencia', 0.30103),
('aenor', 0.30103),
('afectada', 0.30103),
('afirmar', 0.176091),
('agencia', 0.30103),
('agosto', 0.30103),
('agrava', 0.30103),
('agregado', 0.30103),
('agresiones', 0.276646),
('agua', 0.138872),
('aguas', 0.30103),
('aiche', 0.30103),
('aire', 0.30103),
('aires', 0.227496),
('alcance', 0.176091),
('alimentación', 0.30103),
('allí', 0.30103),
('almacenaje', 0.30103),
('almacenamiento', 0.0884355),
('alovera', 0.30103),
('alta', 0.176091),
('altamente', 0.30103),
('ambiental', 0.0791812),
('ambientales', 0.00975984),
('ambiente', 0.00497008),
('ámbito', 0.124939),
('americas', 0.30103),
('amplia', 0.09691),
('ampliar', 0.30103),
('analisis', 0.0147485),
('analiza', 0.30103),
('año', 0.0147233),
('años', 0.09691),
('ante', 0.191649),
('antecedentes', 0.30103),
('anteproyectos', 0.09691),
('antes', 0.30103),
('anual', 0.176091),
('anuales', 0.30103),
('anunciado', 0.30103),
('api', 0.30103),
('aplicación', 0.176091),
('aplicar', 0.30103),
('apoyo', 0.220901),
('aprovechado', 0.30103),
('aprovechar', 0.30103),
('aquellas', 0.30103),
('aquellos', 0.221507),
('aquí', 0.0377886),
('arancel', 0.29985),
('árbol', 0.176091),
('área', 0.138606),
('áreas', 0.09691),
('argentina', 0.224288),
('argentino', 0.30103),
('armarios', 0.30103),
('armaron', 0.30103),
('arresta', 0.176091),
('art', 0.140663),
('arte', 0.30103),
('articulado', 0.30103),
('asesoramiento', 0.0071832),
('asesorarles', 0.30103),
('asesoría', 0.30103),
('así', 0.0594285),
('asistencia', 0.109421),
('asistido', 0.30103),
('asociados', 0.30103),
('aspecto', 0.0299632),
('aspectos', 0.09691),
('astm', 0.30103),
('atenuar', 0.30103),
('atex', 0.30103),
('atrape', 0.30103),
('auditores', 0.30103),
('auditorias', 0.0791812),
('aumenta', 0.30103),
('aumento', 0.30103),
('aunque', 0.30103),
('ausentismos', 0.124939),
('autoclaves', 0.30103),
('autóctona', 0.30103),
('autoridad', 0.30103),
('avanzados', 0.30103),
('avanzan', 0.30103),
('avanzar', 0.30103),
('ayer', 0.30103),
('ayudar', 0.30103),
('bajo', 0.132587),
('bancaria', 0.30103),
('banco', 0.115369),
('basándonos', 0.176091),
('bases', 0.30103),
('básica', 0.01524),
('básicamente', 0.145194),
('básicas', 0.30103),
('baterías', 0.176091),
('bebidas', 0.30103),
('biológicos', 0.211672),
('bird', 0.30103),
('bolsa', 0.00827253),
('bombas', 0.30103),
('bombero', 0.30103),
('bomberos', 0.30103),
('botiquín', 0.30103),
('brinda', 0.30103),
('brindada', 0.30103),
('brindando', 0.176091),
('budurh', 0.0163904),
('buen', 0.30103),
('buena', 0.30103),
('buenas', 0.30103),
('buenos', 0.227496),
('busca', 0.191649),
('búsqueda', 0.127758),
('cabo', 0.30103),
('cada', 0.176091),
('cálculo', 0.30103),
('cálculos', 0.176091),
('calibración', 0.176091),
('calidad', 0.0669468),
('caliente', 0.30103),
('calientes', 0.30103),
('cambio', 0.30103),
('campanas', 0.30103),
('cañerías', 0.245779),
('canteras', 0.30103),
('cantidad', 0.176091),
('capacidad', 0.176091),
('capacitación', 0.0113384),
('capacitado', 0.30103),
('capital', 0.30103),
('carácter', 0.30103),
('características', 0.30103),
('cardio', 0.30103),
('carga', 0.176589),
('cargaderos', 0.176091),
('cargaslíquidas', 0.30103),
('carlos', 0.30103),
('cartelera', 0.30103),
('cartera', 0.176091),
('caso', 0.30103),
('casos', 0.30103),
('causa', 0.124939),
('cbu', 0.30103),
('cee', 0.30103),
('cementación', 0.30103),
('centros', 0.30103),
('cerrando', 0.30103),
('certificación', 0.30103),
('certificaciones', 0.00811789),
('certificada', 0.30103),
('certificado', 0.224313),
('certificadoras', 0.30103),
('certificados', 0.176091),
('cervecera', 0.01524),
('chata', 0.30103),
('check', 0.30103),
('cheque', 0.30103),
('chevron', 0.190241),
('chóferes', 0.30103),
('choique', 0.30103),
('cierre', 0.30103),
('cilindros', 0.30103),
('cisne', 0.176091),
('citadas', 0.30103),
('ciudades', 0.30103),
('civil', 0.30103),
('civiles', 0.0163904),
('clase', 0.30103),
('clases', 0.109149),
('clasificación', 0.132182),
('clave', 0.30103),
('cliente', 0.0669468),
('clientes', 0.09691),
('cobertura', 0.136675),
('colaboración', 0.30103),
('colaboradores', 0.176091),
('colectora', 0.30103),
('colo', 0.124939),
('colocan', 0.30103),
('colores', 0.133869),
('columna', 0.30103),
('combinan', 0.30103),
('comentó', 0.30103),
('comienzo', 0.30103),
('como', 0.0161232),
('comodidad', 0.30103),
('compañía', 0.124939),
('compañías', 0.30103),
('competentes', 0.30103),
('complementa', 0.30103),
('complementarias', 0.30103),
('completa', 0.30103),
('completar', 0.30103),
('completo', 0.30103),
('comportamiento', 0.30103),
('comportamientos', 0.30103),
('comprender', 0.30103),
('comprobable', 0.30103),
('comprobante', 0.30103),
('comprometer', 0.30103),
('comprometiéndonos', 0.178664),
('compromiso', 0.014271),
('comunicaciones', 0.30103),
('comunidad', 0.0152608),
('con', 0.0065773),
('concede', 0.30103),
('concreto', 0.30103),
('concurran', 0.30103),
('condición', 0.30103),
('condiciones', 0.137152),
('conductor', 0.30103),
('confección', 0.09691),
('confeccionarlas', 0.30103),
('confirmada', 0.30103),
('conformado', 0.30103),
('conforme', 0.30103),
('conformidad', 0.30103),
('confort', 0.30103),
('conjuntas', 0.30103),
('conjunto', 0.30103),
('conmutador', 0.30103),
('conocer', 0.209566),
('conocimientos', 0.176091),
('conseguir', 0.30103),
('consejería', 0.30103),
('consiguientes', 0.30103),
('consiste', 0.13418),
('consorcios', 0.30103),
('constancias', 0.30103),
('constituyentes', 0.30103),
('construcción', 0.09691),
('consultar', 0.30103),
('consultoría', 0.0163904),
('consultorio', 0.30103),
('contacto', 0.0160481),
('contactos', 0.30103),
('contado', 0.30103),
('contaminación', 0.30103),
('contaminantes', 0.30103),
('contamos', 0.0791812),
('contener', 0.30103),
('contenido', 0.30103),
('contingencias', 0.124939),
('continua', 0.30103),
('continuación', 0.124939),
('continuamente', 0.176091),
('continuamos', 0.30103),
('contra', 0.00490771),
('contrarrestarlos', 0.30103),
('contratan', 0.30103),
('contribuir', 0.30103),
('contribuye', 0.30103),
('control', 0.0721966),
('controlar', 0.30103),
('controversiales', 0.30103),
('convencional', 0.30103),
('convenios', 0.30103),
('coordinación', 0.176091),
('coordinadores', 0.30103),
('copia', 0.30103),
('corrección', 0.30103),
('correctivas', 0.30103),
('correspondiente', 0.30103),
('cortes', 0.30103),
('costes', 0.30103),
('costos', 0.30103),
('creada', 0.30103),
('crecimiento', 0.176091),
('criterios', 0.30103),
('csma', 0.176091),
('cta', 0.30103),
('cte', 0.30103),
('cual', 0.139025),
('cualicuantitativa', 0.30103),
('cuando', 0.256933),
('cuantitativos', 0.30103),
('cubierta', 0.30103),
('cubren', 0.30103),
('cuello', 0.176091),
('cuenca', 0.30103),
('cuencas', 0.192567),
('cuenta', 0.124939),
('cuidado', 0.0163904),
('cuidando', 0.30103),
('cuit', 0.30103),
('cumple', 0.30103),
('cumpliendo', 0.30103),
('cuna', 0.30103),
('curso', 0.179103),
('cursos', 0.30103),
('d129', 0.30103),
('damián', 0.176091),
('dando', 0.30103),
('dándoles', 0.30103),
('datos', 0.159903),
('debe', 0.30103),
('deben', 0.30103),
('deberá', 0.30103),
('deberán', 0.30103),
('declaración', 0.0163904),
('declaraciones', 0.181508),
('dedicada', 0.30103),
('dedicados', 0.30103),
('defensivo', 0.176091),
('definición', 0.191101),
('definiciones', 0.30103),
('degradados', 0.218274),
('dejando', 0.30103),
('del', 0.00450279),
('derecho', 0.30103),
('derrames', 0.115036),
('desarrolla', 0.148271),
('desarrollada', 0.176091),
('desarrollado', 0.30103),
('desarrollan', 0.30103),
('desarrollar', 0.238115),
('desarrollo', 0.110518),
('descargaderos', 0.176091),
('descenso', 0.30103),
('descensos', 0.30103),
('descontroles', 0.30103),
('desde', 0.0143559),
('desee', 0.30103),
('desempeñarse', 0.30103),
('desertificación', 0.198778),
('después', 0.30103),
('destaca', 0.176091),
('destacado', 0.30103),
('destacando', 0.30103),
('destinado', 0.30103),
('destinatarios', 0.30103),
('detallamos', 0.176091),
('detallan', 0.30103),
('detalle', 0.30103),
('detalles', 0.30103),
('determinación', 0.176091),
('diario', 0.30103),
('dicha', 0.30103),
('dicho', 0.176091),
('diferencias', 0.30103),
('diferentes', 0.09691),
('diferidos', 0.30103),
('difusión', 0.30103),
('digitales', 0.30103),
('direct', 0.30103),
('directivo', 0.30103),
('directivos', 0.30103),
('directora', 0.176091),
('dirigida', 0.30103),
('disciplina', 0.30103),
('diseño', 0.0147233),
('disertación', 0.30103),
('disminuye', 0.30103),
('dispersadas', 0.30103),
('disponibles', 0.30103),
('disposición', 0.176091),
('disposiciones', 0.176091),
('distintas', 0.30103),
('distribución', 0.30103),
('distribuida', 0.30103),
('diversidad', 0.178372),
('diversificarnos', 0.176091),
('docente', 0.176091),
('docentes', 0.30103),
('documentación', 0.140099),
('dolores', 0.30103),
('domicilio', 0.30103),
('donde', 0.0413792),
('dos', 0.127893),
('dotar', 0.30103),
('dto', 0.148416),
('duplicará', 0.0157943),
('durante', 0.18206),
('eac', 0.30103),
('economía', 0.30103),
('ecr', 0.30103),
('edilicias', 0.30103),
('educación', 0.30103),
('efectivas', 0.30103),
('efectividad', 0.30103),
('efectivo', 0.30103),
('efecto', 0.30103),
('efectos', 0.176091),
('efectua', 0.30103),
('eficaz', 0.30103),
('eficiente', 0.30103),
('egreso', 0.30103),
('eia', 0.30103),
('eje', 0.30103),
('ejecución', 0.0791812),
('ejecutado', 0.30103),
('ejecutar', 0.30103),
('ejecutivo', 0.30103),
('ejemplo', 0.30103),
('elección', 0.30103),
('eléctrico', 0.214417),
('eléctricos', 0.30103),
('elementos', 0.0814133),
('ellas', 0.30103),
('ello', 0.176091),
('elorga', 0.176091),
('emergencia', 0.12365),
('emergencias', 0.0160624),
('emiten', 0.30103),
('empezar', 0.30103),
('empleados', 0.30103),
('empleo', 0.30103),
('empresa', 0.0285946),
('empresarial', 0.190241),
('empresas', 0.0140038),
('encaminados', 0.30103),
('encomendado', 0.30103),
('encomendados', 0.30103),
('encuadre', 0.30103),
('encuentra', 0.30103),
('enf', 0.176091),
('engloba', 0.30103),
('entorno', 0.30103),
('entrampar', 0.30103),
('entre', 0.0879011),
('entrega', 0.0841048),
('entregando', 0.30103),
('entrevistas', 0.30103),
('eólica', 0.30103),
('epp', 0.30103),
('equipamiento', 0.01524),
('equipamientos', 0.30103),
('equipo', 0.30103),
('equipos', 0.0611714),
('ergonómicos', 0.30103),
('erosión', 0.30103),
('erradicar', 0.30103),
('escarificación', 0.193009),
('escuela', 0.30103),
('escurre', 0.30103),
('escurrimiento', 0.30103),
('escurrimientos', 0.30103),
('ese', 0.176091),
('española', 0.30103),
('especialistas', 0.30103),
('especializado', 0.176091),
('especies', 0.131538),
('específico', 0.30103),
('espectro', 0.30103),
('espumas', 0.176091),
('esta', 0.0447493),
('estable', 0.30103),
('establecimientos', 0.30103),
('estadística', 0.30103),
('estadísticas', 0.30103),
('estado', 0.0593124),
('estamos', 0.176091),
('están', 0.142474),
('estas', 0.30103),
('este', 0.03114),
('esterilización', 0.30103),
('estimulación', 0.30103),
('esto', 0.19918),
('estos', 0.30103),
('estrategia', 0.30103),
('estratégica', 0.30103),
('estructura', 0.176286),
('estudia', 0.30103),
('estudio', 0.09691),
('estudios', 0.0584738),
('estuvo', 0.30103),
('etapas', 0.129075),
('etc', 0.219854),
('europea', 0.207912),
('evaluación', 0.0207802),
('evaluaciones', 0.30103),
('evaluar', 0.30103),
('eventos', 0.30103),
('eventualmente', 0.30103),
('evolutivo', 0.30103),
('exámenes', 0.30103),
('excelencia', 0.124939),
('exigidos', 0.30103),
('éxito', 0.30103),
('exóticas', 0.30103),
('experiencia', 0.0511525),
('explicó', 0.181785),
('exploración', 0.01524),
('exploratorios', 0.101198),
('exposición', 0.30103),
('extensión', 0.30103),
('exterior', 0.30103),
('externos', 0.01524),
('extinción', 0.30103),
('extintoras', 0.176091),
('extintores', 0.124939),
('extracción', 0.26727),
('extremidades', 0.30103),
('exxonmobil', 0.129955),
('factibilidad', 0.0791812),
('factor', 0.185529),
('fallas', 0.30103),
('fam', 0.30103),
('fax', 0.30103),
('fecha', 0.177487),
('federal', 0.30103),
('ffcc', 0.30103),
('fija', 0.30103),
('fijas', 0.125036),
('fijos', 0.01524),
('filosofia', 0.0163904),
('fin', 0.198373),
('final', 0.176091),
('finalizar', 0.30103),
('firmas', 0.30103),
('físicas', 0.30103),
('físicos', 0.30103),
('flora', 0.30103),
('flota', 0.30103),
('fmea', 0.30103),
('fmeca', 0.30103),
('foco', 0.176091),
('fomentar', 0.30103),
('forma', 0.30103),
('formación', 0.30103),
('formar', 0.0811249),
('formas', 0.294113),
('fracas', 0.30103),
('frases', 0.30103),
('frutos', 0.30103),
('fuego', 0.30103),
('fuera', 0.30103),
('fueron', 0.30103),
('función', 0.274014),
('fundamental', 0.30103),
('fundamentales', 0.139787),
('futura', 0.30103),
('galardones', 0.30103),
('galpones', 0.176091),
('galuccio', 0.0157943),
('gama', 0.30103),
('ganadero', 0.30103),
('ganancia', 0.30103),
('gas', 0.176091),
('gaseosas', 0.30103),
('gaseosos', 0.30103),
('gases', 0.245726),
('generación', 0.176091),
('generado', 0.30103),
('generadores', 0.176091),
('general', 0.0791812),
('generales', 0.176091),
('generan', 0.30103),
('genere', 0.30103),
('generó', 0.30103),
('geográfica', 0.30103),
('gerente', 0.176091),
('gestión', 0.00694886),
('girar', 0.30103),
('golfo', 0.30103),
('gómez', 0.184484),
('gracias', 0.30103),
('grado', 0.176091),
('gráficas', 0.30103),
('gral', 0.30103),
('gran', 0.30103),
('grupo', 0.30103),
('guadalajara', 0.30103),
('hábitos', 0.115879),
('habituales', 0.30103),
('haca', 0.30103),
('hacemos', 0.30103),
('hacer', 0.30103),
('hacerlo', 0.244538),
('hacerlos', 0.30103),
('han', 0.30103),
('hasta', 0.30103),
('hay', 0.30103),
('haya', 0.30103),
('hazid', 0.30103),
('hazop', 0.30103),
('hecho', 0.30103),
('hemos', 0.0799705),
('herramientas', 0.124939),
('hídrica', 0.30103),
('hidrocarburífera', 0.199819),
('hidrocarburos', 0.09691),
('hidrológicos', 0.30103),
('hierro', 0.30103),
('higiene', 0.00476652),
('historia', 0.0163904),
('hojas', 0.30103),
('hombre', 0.176091),
('honestidad', 0.180669),
('horaria', 0.30103),
('horario', 0.30103),
('horas', 0.125635),
('humano', 0.131575),
('humanos', 0.176091),
('ias', 0.30103),
('identificación', 0.0245965),
('identificar', 0.30103),
('idioma', 0.30103),
('iec', 0.30103),
('iluminación', 0.218286),
('impacto', 0.136038),
('impactos', 0.0147233),
('implantar', 0.30103),
('implementación', 0.0142404),
('importancia', 0.30103),
('importante', 0.30103),
('importantes', 0.30103),
('incendio', 0.00510778),
('incendios', 0.087066),
('incentiva', 0.0163904),
('incidente', 0.30103),
('incluidos', 0.176091),
('incluimos', 0.176091),
('incluye', 0.145616),
('incrementan', 0.30103),
('incrementar', 0.176091),
('incremento', 0.30103),
('inculpables', 0.30103),
('índices', 0.30103),
('indispensables', 0.30103),
('induciendo', 0.30103),
('inducir', 0.30103),
('inducirá', 0.30103),
('industria', 0.0669468),
('industrial', 0.01524),
('industriales', 0.0614064),
('información', 0.30103),
('informes', 0.30103),
('infortunios', 0.176091),
('infracciones', 0.30103),
('infraestructura', 0.30103),
('ing', 0.30103),
('ingeniería', 0.00796893),
('ingeniero', 0.30103),
('ingresante', 0.30103),
('ingreso', 0.215965),
('inherente', 0.30103),
('inicial', 0.30103),
('iniciativa', 0.30103),
('inició', 0.30103),
('innovadora', 0.30103),
('inscripción', 0.30103),
('insht', 0.176091),
('inspección', 0.176091),
('instalación', 0.30103),
('instalaciones', 0.0693332),
('instituto', 0.124939),
('instrucción', 0.30103),
('instrumental', 0.30103),
('integra', 0.30103),
('integración', 0.30103),
('integrada', 0.30103),
('integradas', 0.30103),
('integrados', 0.30103),
('integral', 0.0791812),
('integrales', 0.176091),
('integramos', 0.30103),
('intelectual', 0.30103),
('intensa', 0.30103),
('interesado', 0.30103),
('interino', 0.30103),
('internación', 0.30103),
('internacional', 0.176091),
('internacionales', 0.118376),
('internas', 0.30103),
('interno', 0.228504),
('internos', 0.30103),
('interpretación', 0.30103),
('intervención', 0.30103),
('intervenir', 0.30103),
('inti', 0.0889374),
('inticentros', 0.30103),
('intigobar', 0.081259),
('introducción', 0.206084),
('invasoras', 0.30103),
('investigación', 0.179084),
('involucrada', 0.30103),
('ionizantes', 0.279289),
('iram', 0.0804505),
('iso', 0.0791812),
('ítem', 0.30103),
('jerarquizado', 0.30103),
('jorge', 0.176091),
('joven', 0.30103),
('judiciales', 0.30103),
('junta', 0.30103),
('juntas', 0.30103),
('jurada', 0.0163904),
('juradas', 0.30103),
('jurídico', 0.30103),
('justifica', 0.30103),
('laboral', 0.0117245),
('laborales', 0.09691),
('laboratorio', 0.108459),
('laboratorios', 0.0149069),
('lado', 0.30103),
('las', 0.00913491),
('legajos', 0.30103),
('legal', 0.0163904),
('legislacion', 0.143762),
('legislaciones', 0.30103),
('lema', 0.0799177),
('les', 0.176091),
('ley', 0.0143085),
('leyes', 0.30103),
('lic', 0.30103),
('licenciado', 0.30103),
('licenciatura', 0.30103),
('licuados', 0.30103),
('líder', 0.176091),
('líderes', 0.176091),
('límites', 0.30103),
('limón', 0.182335),
('limpieza', 0.30103),
('linderos', 0.30103),
('lineal', 0.30103),
('líquidos', 0.30103),
('líquidoscontamos', 0.30103),
('list', 0.30103),
('livieres', 0.177189),
('llamas', 0.176091),
('llave', 0.30103),
('llevando', 0.30103),
('local', 0.176091),
('logra', 0.197106),
('lograr', 0.0791812),
('loma', 0.30103),
('lopa', 0.30103),
('los', 0.00509321),
('luego', 0.178664),
('lugar', 0.226034),
('lugares', 0.198979),
('lumínicos', 0.30103),
('mahou', 0.184707),
('mahousan', 0.0157943),
('mañana', 0.30103),
('manejo', 0.0689154),
('manera', 0.135646),
('manifestado', 0.30103),
('manifiesto', 0.176091),
('mano', 0.124939),
('mantenedores', 0.30103),
('mantenimiento', 0.0125891),
('manuales', 0.30103),
('marcan', 0.30103),
('marco', 0.09691),
('maría', 0.176091),
('martín', 0.30103),
('mas', 0.0415623),
('matafuegos', 0.30103),
('materia', 0.30103),
('material', 0.233259),
('materiales', 0.145669),
('máxima', 0.30103),
('máximo', 0.30103),
('mayoría', 0.30103),
('mecanicas', 0.0163904),
('mecánico', 0.30103),
('mecánicos', 0.30103),
('medardo', 0.176091),
('media', 0.176091),
('mediante', 0.14229),
('médicas', 0.176091),
('medicinales', 0.30103),
('medico', 0.0163904),
('medidas', 0.198778),
('medio', 0.00782534),
('medios', 0.30103),
('mejora', 0.30103),
('mejorar', 0.190478),
('mejores', 0.30103),
('mencionar', 0.30103),
('mercado', 0.09691),
('merlino', 0.176091),
('metanol', 0.30103),
('metodología', 0.194473),
('metodologías', 0.180103),
('métodos', 0.23627),
('microbiológicos', 0.30103),
('miembro', 0.30103),
('miércoles', 0.30103),
('miguel', 0.01524),
('miguelete', 0.30103),
('mil', 0.30103),
('mision', 0.0791812),
('mismo', 0.30103),
('mismos', 0.176091),
('mitigación', 0.30103),
('mitre', 0.30103),
('moderna', 0.30103),
('modificación', 0.30103),
('modificado', 0.30103),
('molle', 0.30103),
('montaje', 0.01524),
('monte', 0.30103),
('morón', 0.176091),
('móviles', 0.0163904),
('muerta', 0.103457),
('muflas', 0.30103),
('multiplicación', 0.30103),
('mundial', 0.30103),
('municipales', 0.30103),
('muscular', 0.30103),
('musculoesquelético', 0.30103),
('nación', 0.30103),
('nacional', 0.124939),
('nacionales', 0.176091),
('nativas', 0.30103),
('natural', 0.110491),
('naturales', 0.30103),
('necesarios', 0.124939),
('necesidades', 0.30103),
('negro', 0.30103),
('neuquén', 0.17689),
('nfpa', 0.136853),
('nivel', 0.190003),
('nociones', 0.30103),
('norma', 0.106212),
('normas', 0.0132264),
('normativa', 0.30103),
('normativas', 0.30103),
('norteamericana', 0.30103),
('norteamericanas', 0.30103),
('nos', 0.0669468),
('nuestra', 0.0322871),
('nuestras', 0.176091),
('nuestro', 0.046002),
('nuestros', 0.0511525),
('nueva', 0.194559),
('nutrición', 0.30103),
('objetivo', 0.0791812),
('objetivos', 0.30103),
('objeto', 0.30103),
('obra', 0.0791812),
('obras', 0.00827253),
('obtenerlas', 0.30103),
('obtenido', 0.30103),
('ocasionados', 0.30103),
('ocupacional', 0.176091),
('ofrecemos', 0.30103),
('ofrecen', 0.30103),
('ofrecidas', 0.30103),
('ofreciendo', 0.124939),
('oil', 0.18206),
('oleoductos', 0.30103),
('onu', 0.30103),
('operación', 0.30103),
('operaciones', 0.06865),
('operador', 0.30103),
('operadores', 0.185787),
('operativas', 0.30103),
('oportunidad', 0.176091),
('optimizar', 0.30103),
('orden', 0.125341),
('organización', 0.30103),
('orgullo', 0.30103),
('original', 0.30103),
('osha', 0.30103),
('oshas', 0.30103),
('otorgado', 0.30103),
('otras', 0.124939),
('otros', 0.10744),
('pago', 0.30103),
('país', 0.30103),
('paliar', 0.30103),
('pampa', 0.30103),
('para', 0.00469382),
('paros', 0.30103),
('parque', 0.30103),
('parte', 0.140711),
('participa', 0.132366),
('participado', 0.30103),
('participante', 0.30103),
('particularidades', 0.30103),
('partir', 0.187811),
('pasado', 0.30103),
('patologías', 0.199578),
('patrimonio', 0.30103),
('pautas', 0.30103),
('paz', 0.30103),
('pecuaria', 0.30103),
('peligrosas', 0.30103),
('peligrosidad', 0.30103),
('peligrosos', 0.0163904),
('penal', 0.30103),
('pendiente', 0.30103),
('pérdida', 0.30103),
('perfilaje', 0.30103),
('perforación', 0.30103),
('perforaciones', 0.30103),
('perforado', 0.0980966),
('perforados', 0.0163904),
('pericial', 0.30103),
('periféricas', 0.30103),
('periodicidad', 0.30103),
('periódicos', 0.30103),
('periodistas', 0.30103),
('permanente', 0.176091),
('permanentes', 0.30103),
('permite', 0.176091),
('permiten', 0.30103),
('personal', 0.0298504),
('personales', 0.30103),
('personalizados', 0.30103),
('personas', 0.176091),
('pesos', 0.30103),
('petrobras', 0.30103),
('petrogas', 0.30103),
('petróleo', 0.176091),
('petrolera', 0.103258),
('petrolíferos', 0.178664),
('pha', 0.30103),
('picadas', 0.30103),
('pigr', 0.176091),
('piping', 0.30103),
('pirámide', 0.30103),
('plan', 0.09691),
('planea', 0.30103),
('planes', 0.0849713),
('planificación', 0.30103),
('planos', 0.176091),
('planta', 0.179531),
('plantas', 0.09691),
('plasmada', 0.30103),
('plasmado', 0.30103),
('plenitud', 0.30103),
('poder', 0.30103),
('podría', 0.30103),
('policía', 0.30103),
('políticas', 0.137506),
('por', 0.0188792),
('porqué', 0.30103),
('poseemos', 0.176091),
('poseen', 0.30103),
('posibilitando', 0.30103),
('posibilite', 0.30103),
('posible', 0.30103),
('posibles', 0.30103),
('posiciona', 0.176091),
('post', 0.30103),
('posterior', 0.140811),
('potenciales', 0.176091),
('pozo', 0.30103),
('pozos', 0.01226),
('práctica', 0.176091),
('prácticas', 0.193469),
('práctico', 0.30103),
('precinc', 0.177783),
('precisó', 0.30103),
('predicción', 0.30103),
('predisposición', 0.30103),
('preparación', 0.30103),
('preparados', 0.30103),
('presentación', 0.30103),
('presentadas', 0.30103),
('presentan', 0.30103),
('presentando', 0.30103),
('presentes', 0.30103),
('presión', 0.176091),
('prestaciones', 0.30103),
('prevé', 0.30103),
('prevención', 0.0916889),
('prevenirlos', 0.30103),
('primer', 0.227096),
('primera', 0.180387),
('principal', 0.0820594),
('principales', 0.199973),
('privadas', 0.30103),
('probado', 0.30103),
('problema', 0.30103),
('problemas', 0.30103),
('problemática', 0.206924),
('problemáticas', 0.30103),
('procederes', 0.30103),
('procedimiento', 0.101962),
('procedimientos', 0.188796),
('proceso', 0.1863),
('procesos', 0.30103),
('procurando', 0.30103),
('producción', 0.124939),
('producir', 0.30103),
('productividad', 0.30103),
('productos', 0.0663445),
('profesional', 0.124939),
('profesionales', 0.0669468),
('programa', 0.194794),
('programas', 0.182608),
('prolongados', 0.30103),
('promedio', 0.30103),
('promoción', 0.18315),
('promovido', 0.30103),
('promoviendo', 0.176589),
('promueve', 0.30103),
('propia', 0.176091),
('propias', 0.30103),
('propio', 0.30103),
('prospectos', 0.30103),
('protección', 0.0486565),
('protege', 0.30103),
('proveedora', 0.30103),
('provincia', 0.191417),
('provinciales', 0.176091),
('provincias', 0.30103),
('provisión', 0.0153342),
('próximo', 0.0157943),
('proyección', 0.30103),
('proyecto', 0.0669468),
('prueba', 0.176091),
('pública', 0.30103),
('públicas', 0.30103),
('puedan', 0.30103),
('pueden', 0.199776),
('puesta', 0.30103),
('puesto', 0.176091),
('pulling', 0.30103),
('pulmonar', 0.30103),
('que', 0.0110835),
('quienes', 0.30103),
('químicas', 0.155498),
('químico', 0.30103),
('químicos', 0.0144296),
('rack', 0.30103),
('radiación', 0.30103),
('radiaciones', 0.30103),
('raíz', 0.30103),
('rápida', 0.30103),
('rcp', 0.30103),
('reacondicionamiento', 0.30103),
('reactivas', 0.30103),
('reactivos', 0.165017),
('real', 0.30103),
('realiza', 0.30103),
('realización', 0.0910693),
('realizadas', 0.30103),
('realizado', 0.30103),
('realizados', 0.30103),
('realizar', 0.30103),
('rechazado', 0.30103),
('rechazo', 0.30103),
('recibida', 0.176091),
('recipientes', 0.30103),
('recolección', 0.30103),
('recolonización', 0.30103),
('recomendaciones', 0.150707),
('reconocen', 0.30103),
('reconociendo', 0.30103),
('recuperación', 0.0891291),
('recursos', 0.124939),
('redacción', 0.30103),
('redes', 0.00768683),
('reduce', 0.0163904),
('reducido', 0.30103),
('reducir', 0.30103),
('referencia', 0.30103),
('referente', 0.30103),
('referido', 0.30103),
('referirse', 0.30103),
('régimen', 0.30103),
('región', 0.151208),
('regional', 0.19095),
('registrados', 0.30103),
('registro', 0.30103),
('relacionados', 0.30103),
('relaciones', 0.30103),
('relevamientos', 0.176091),
('relevantes', 0.176091),
('remediación', 0.176091),
('reparación', 0.0669468),
('repoblación', 0.30103),
('repositorios', 0.30103),
('representación', 0.30103),
('requeridos', 0.30103),
('requerimientos', 0.30103),
('resaltado', 0.30103),
('reservar', 0.30103),
('reservorios', 0.30103),
('residuos', 0.0139109),
('resolución', 0.30103),
('respaldo', 0.30103),
('respetando', 0.0985383),
('respeto', 0.180103),
('respiratoria', 0.30103),
('responsabilidad', 0.0866868),
('responsabilidades', 0.30103),
('responsable', 0.13207),
('respuestas', 0.0163904),
('restauración', 0.21782),
('resucitación', 0.30103),
('resultados', 0.30103),
('revegetación', 0.151316),
('revegetar', 0.30103),
('reveló', 0.177189),
('riberas', 0.223484),
('ricardo', 0.30103),
('riesgo', 0.088962),
('riesgos', 0.0122734),
('rigurosamente', 0.30103),
('rincón', 0.30103),
('rio', 0.30103),
('rociadores', 0.176091),
('roles', 0.30103),
('rotulado', 0.30103),
('roturas', 0.30103),
('rtp', 0.30103),
('rubro', 0.30103),
('rugosidad', 0.198259),
('ruidos', 0.30103),
('rutinarias', 0.30103),
('rvi', 0.30103),
('sagrario', 0.30103),
('salpicaduras', 0.28307),
('salud', 0.0401831),
('saludable', 0.30103),
('saludables', 0.30103),
('san', 0.22729),
('sanciones', 0.30103),
('satisfacción', 0.176091),
('sea', 0.124939),
('sector', 0.30103),
('sectores', 0.30103),
('sede', 0.30103),
('segregación', 0.30103),
('según', 0.1094),
('seguridad', 0.00406043),
('seguros', 0.247903),
('seiscientos', 0.30103),
('selección', 0.182405),
('semicuantitativos', 0.30103),
('semilla', 0.30103),
('semillas', 0.30103),
('señales', 0.30103),
('señalización', 0.30103),
('sentido', 0.30103),
('ser', 0.124939),
('servicio', 0.0335905),
('servicios', 0.00205033),
('seveso', 0.30103),
('sgma', 0.30103),
('shale', 0.183871),
('siclar', 0.30103),
('sido', 0.30103),
('siempre', 0.30103),
('siendo', 0.30103),
('sierra', 0.30103),
('significativos', 0.30103),
('sigue', 0.30103),
('siguientes', 0.083649),
('sil', 0.30103),
('símbolos', 0.30103),
('siniestralidad', 0.0148723),
('siniestros', 0.30103),
('sino', 0.30103),
('sistema', 0.0669468),
('sistemas', 0.00484182),
('sistemático', 0.30103),
('sitios', 0.30103),
('situaciones', 0.30103),
('sobre', 0.0878627),
('sobreuso', 0.30103),
('socia', 0.30103),
('social', 0.179531),
('solidaridad', 0.180387),
('sólidas', 0.30103),
('sólido', 0.30103),
('sólo', 0.30103),
('somos', 0.30103),
('son', 0.30103),
('sonoros', 0.30103),
('sostenible', 0.30103),
('sosteniendo', 0.176286),
('srl', 0.30103),
('sseñales', 0.30103),
('staff', 0.176091),
('std', 0.30103),
('subsolado', 0.30103),
('subsuelo', 0.30103),
('suelo', 0.190003),
('suelos', 0.193692),
('superficial', 0.189024),
('superficies', 0.30103),
('superior', 0.30103),
('sus', 0.0414905),
('sustancias', 0.30103),
('sustentable', 0.176091),
('tachos', 0.30103),
('tales', 0.193469),
('talleres', 0.30103),
('también', 0.0540976),
('tamés', 0.182335),
('tanques', 0.09691),
('tanto', 0.0605602),
('tarea', 0.142871),
('tareas', 0.0568204),
('tec', 0.177487),
('técnicas', 0.176091),
('tecnicatura', 0.30103),
('técnico', 0.176091),
('técnicos', 0.0831226),
('tecnológico', 0.30103),
('tecprecinc', 0.176091),
('tel', 0.30103),
('temario', 0.30103),
('temas', 0.176091),
('temporarios', 0.30103),
('tendencia', 0.30103),
('tenemos', 0.30103),
('tener', 0.30103),
('teoría', 0.30103),
('teóricoaudiovisual', 0.30103),
('terceros', 0.30103),
('térmica', 0.30103),
('terreno', 0.198925),
('tiempos', 0.30103),
('tiende', 0.30103),
('tiene', 0.190478),
('tienen', 0.30103),
('tierra', 0.210518),
('tipo', 0.0880321),
('tipos', 0.141938),
('todas', 0.30103),
('todavía', 0.30103),
('todo', 0.0791812),
('todos', 0.08708),
('toldos', 0.30103),
('tomas', 0.30103),
('tonificación', 0.30103),
('topografía', 0.30103),
('total', 0.30103),
('trabajador', 0.30103),
('trabajadores', 0.13207),
('trabajamos', 0.176091),
('trabajar', 0.30103),
('trabajo', 0.0037901),
('trabajos', 0.0511124),
('transferencia', 0.30103),
('tránsito', 0.30103),
('transportes', 0.30103),
('transportistas', 0.30103),
('trapial', 0.30103),
('tras', 0.30103),
('trastorno', 0.30103),
('trasvases', 0.30103),
('tratamiento', 0.30103),
('tratando', 0.30103),
('través', 0.124939),
('trayectoria', 0.30103),
('tres', 0.0978479),
('tubos', 0.30103),
('último', 0.30103),
('una', 0.0249819),
('unas', 0.30103),
('únicamente', 0.30103),
('universidad', 0.176091),
('universitario', 0.30103),
('unos', 0.30103),
('usarlos', 0.30103),
('usos', 0.09691),
('utensilios', 0.160083),
('vaca', 0.103457),
('vacante', 0.30103),
('vacío', 0.176091),
('vacunaciones', 0.30103),
('valor', 0.30103),
('valoración', 0.30103),
('valores', 0.17689),
('válvulas', 0.176091),
('vamos', 0.30103),
('van', 0.30103),
('vasta', 0.30103),
('veces', 0.176091),
('vegetación', 0.30103),
('vegetal', 0.197346),
('velocidad', 0.30103),
('vencimiento', 0.0163904),
('venta', 0.176091),
('ventajas', 0.30103),
('venteo', 0.176091),
('ver', 0.128084),
('vertebral', 0.30103),
('vez', 0.30103),
('vías', 0.299016),
('vida', 0.30103),
('vidrio', 0.30103),
('vigente', 0.176091),
('vigentes', 0.30103),
('vigilancia', 0.30103),
('vision', 0.0791812),
('visita', 0.182335),
('visitando', 0.30103),
('visual', 0.30103),
('vivar', 0.184484),
('vivero', 0.30103),
('voluntario', 0.30103),
('voluntarios', 0.30103),
('yeguas', 0.30103),
('ypf', 0.014959),
('zona', 0.30103);

-- --------------------------------------------------------

--
-- Table structure for table `semaphore`
--

CREATE TABLE `semaphore` (
  `name` varchar(255) NOT NULL DEFAULT '' COMMENT 'Primary Key: Unique name.',
  `value` varchar(255) NOT NULL DEFAULT '' COMMENT 'A value for the semaphore.',
  `expire` double NOT NULL COMMENT 'A Unix timestamp with microseconds indicating when the semaphore should expire.'
) ENGINE=InnoDB DEFAULT CHARSET=utf8 COMMENT='Table for holding semaphores, locks, flags, etc. that...';

-- --------------------------------------------------------

--
-- Table structure for table `sequences`
--

CREATE TABLE `sequences` (
  `value` int(10) UNSIGNED NOT NULL COMMENT 'The value of the sequence.'
) ENGINE=InnoDB DEFAULT CHARSET=utf8 COMMENT='Stores IDs.';

--
-- Dumping data for table `sequences`
--

INSERT INTO `sequences` (`value`) VALUES
(83);

-- --------------------------------------------------------

--
-- Table structure for table `sessions`
--

CREATE TABLE `sessions` (
  `uid` int(10) UNSIGNED NOT NULL COMMENT 'The users.uid corresponding to a session, or 0 for anonymous user.',
  `sid` varchar(128) NOT NULL COMMENT 'A session ID. The value is generated by Drupal’s session handlers.',
  `ssid` varchar(128) NOT NULL DEFAULT '' COMMENT 'Secure session ID. The value is generated by Drupal’s session handlers.',
  `hostname` varchar(128) NOT NULL DEFAULT '' COMMENT 'The IP address that last used this session ID (sid).',
  `timestamp` int(11) NOT NULL DEFAULT '0' COMMENT 'The Unix timestamp when this session last requested a page. Old records are purged by PHP automatically.',
  `cache` int(11) NOT NULL DEFAULT '0' COMMENT 'The time of this user’s last post. This is used when the site has specified a minimum_cache_lifetime. See cache_get().',
  `session` longblob COMMENT 'The serialized contents of $_SESSION, an array of name/value pairs that persists across page requests by this session ID. Drupal loads $_SESSION from here at the start of each request and saves it at the end.'
) ENGINE=InnoDB DEFAULT CHARSET=utf8 COMMENT='Drupal’s session handlers read and write into the...';

--
-- Dumping data for table `sessions`
--

INSERT INTO `sessions` (`uid`, `sid`, `ssid`, `hostname`, `timestamp`, `cache`, `session`) VALUES
(83, '3xnp2C51wz9kJmj0Ld3zQXTrYC8hRxd0SIoNyzxgUdw', '', '190.104.74.5', 1556553927, 0, ''),
(1, '55a3rRLgnuHTOkacLO8RC-kAuA73QpEy0cmUTDSDF6M', '', '201.243.171.240', 1556545629, 0, ''),
(83, '80-V96RrRHLb1uUI3jPzqdd1EWJ66gWCP1r5RgkKwsI', '', '190.246.75.246', 1583442254, 0, ''),
(1, 'fUFUuBXJgYwFU-n2ovWxpXn-tQxkEClMCBJxL0XT9FM', '', '190.93.209.45', 1556548851, 0, ''),
(83, 'GyT5MrIcbU5pIdQf1vmBwO3rGbdIO5Htw62tAVicPyo', '', '190.93.209.45', 1556548890, 0, ''),
(83, 'HLAA9vCAWt6Jj2c54PSIpLJcf7Qj140iv2rSXJyL29w', '', '190.104.75.99', 1580332158, 0, ''),
(1, 'In1Z6KHdsBycxwtjZCT3O4jsEwypDVqhVkeKuTKCHKI', '', '190.93.210.32', 1556545233, 0, ''),
(1, 'Mhl--eOaJKAGgsxnjOtQRJ-tmum1IvxLI1P-Ic2Pgg0', '', '181.168.133.116', 1566864992, 0, ''),
(83, 'mJzIwE2zwz8WxOTRucegauW1JwrYLO8Tl1gPmtjEvrM', '', '190.104.65.56', 1584043372, 0, ''),
(83, 'oOhNIw5JuCwGH_3HRo5Z57CBn9f4C0jr8OYeCf8k6U0', '', '181.168.133.116', 1565643463, 0, ''),
(83, 'OxojrCkoR8GVYhojnOkHLriOl735ol9gACa-ERVmeCY', '', '190.93.210.32', 1567598184, 0, ''),
(83, 'p7WeVBQJCnIWxK31FFQQ4ZgJINiEiFxUz1mduZnC1tw', '', '186.141.135.132', 1556548662, 0, ''),
(1, 'PGwmVekEa4gRkYRFKKPxCeEDM0QlxuOHl8-8Cf3NtQ8', '', '200.82.241.99', 1556557966, 0, ''),
(83, 'zx6Y6B9I3hzyQQ1y2ZEvchTyCaSpinW6htzCg17qxqg', '', '190.104.74.5', 1556548594, 0, ''),
(83, '_yPnkP36pRpwZ5_rsFLXUaAIE9_SyKGQl2kG50kQO7Y', '', '186.139.252.244', 1569955430, 0, '');

-- --------------------------------------------------------

--
-- Table structure for table `shortcut_set`
--

CREATE TABLE `shortcut_set` (
  `set_name` varchar(32) NOT NULL DEFAULT '' COMMENT 'Primary Key: The menu_links.menu_name under which the set’s links are stored.',
  `title` varchar(255) NOT NULL DEFAULT '' COMMENT 'The title of the set.'
) ENGINE=InnoDB DEFAULT CHARSET=utf8 COMMENT='Stores information about sets of shortcuts links.';

--
-- Dumping data for table `shortcut_set`
--

INSERT INTO `shortcut_set` (`set_name`, `title`) VALUES
('shortcut-set-1', 'Predeterminado');

-- --------------------------------------------------------

--
-- Table structure for table `shortcut_set_users`
--

CREATE TABLE `shortcut_set_users` (
  `uid` int(10) UNSIGNED NOT NULL DEFAULT '0' COMMENT 'The users.uid for this set.',
  `set_name` varchar(32) NOT NULL DEFAULT '' COMMENT 'The shortcut_set.set_name that will be displayed for this user.'
) ENGINE=InnoDB DEFAULT CHARSET=utf8 COMMENT='Maps users to shortcut sets.';

-- --------------------------------------------------------

--
-- Table structure for table `system`
--

CREATE TABLE `system` (
  `filename` varchar(255) NOT NULL DEFAULT '' COMMENT 'The path of the primary file for this item, relative to the Drupal root; e.g. modules/node/node.module.',
  `name` varchar(255) NOT NULL DEFAULT '' COMMENT 'The name of the item; e.g. node.',
  `type` varchar(12) NOT NULL DEFAULT '' COMMENT 'The type of the item, either module, theme, or theme_engine.',
  `owner` varchar(255) NOT NULL DEFAULT '' COMMENT 'A theme’s ’parent’ . Can be either a theme or an engine.',
  `status` int(11) NOT NULL DEFAULT '0' COMMENT 'Boolean indicating whether or not this item is enabled.',
  `bootstrap` int(11) NOT NULL DEFAULT '0' COMMENT 'Boolean indicating whether this module is loaded during Drupal’s early bootstrapping phase (e.g. even before the page cache is consulted).',
  `schema_version` smallint(6) NOT NULL DEFAULT '-1' COMMENT 'The module’s database schema version number. -1 if the module is not installed (its tables do not exist); 0 or the largest N of the module’s hook_update_N() function that has either been run or existed when the module was first installed.',
  `weight` int(11) NOT NULL DEFAULT '0' COMMENT 'The order in which this module’s hooks should be invoked relative to other modules. Equal-weighted modules are ordered by name.',
  `info` blob COMMENT 'A serialized array containing information from the module’s .info file; keys can include name, description, package, version, core, dependencies, and php.'
) ENGINE=InnoDB DEFAULT CHARSET=utf8 COMMENT='A list of all modules, themes, and theme engines that are...';

--
-- Dumping data for table `system`
--

INSERT INTO `system` (`filename`, `name`, `type`, `owner`, `status`, `bootstrap`, `schema_version`, `weight`, `info`) VALUES
('modules/aggregator/aggregator.module', 'aggregator', 'module', '', 0, 0, -1, 0, 0x613a31343a7b733a343a226e616d65223b733a31303a2241676772656761746f72223b733a31313a226465736372697074696f6e223b733a35373a22416767726567617465732073796e6469636174656420636f6e74656e7420285253532c205244462c20616e642041746f6d206665656473292e223b733a373a227061636b616765223b733a343a22436f7265223b733a373a2276657273696f6e223b733a343a22372e3339223b733a343a22636f7265223b733a333a22372e78223b733a353a2266696c6573223b613a313a7b693a303b733a31353a2261676772656761746f722e74657374223b7d733a393a22636f6e666967757265223b733a34313a2261646d696e2f636f6e6669672f73657276696365732f61676772656761746f722f73657474696e6773223b733a31313a227374796c65736865657473223b613a313a7b733a333a22616c6c223b613a313a7b733a31343a2261676772656761746f722e637373223b733a33333a226d6f64756c65732f61676772656761746f722f61676772656761746f722e637373223b7d7d733a373a2270726f6a656374223b733a363a2264727570616c223b733a393a22646174657374616d70223b733a31303a2231343430303230313937223b733a353a226d74696d65223b693a313434303138393938393b733a31323a22646570656e64656e63696573223b613a303a7b7d733a333a22706870223b733a353a22352e322e34223b733a393a22626f6f747374726170223b693a303b7d),
('modules/aggregator/tests/aggregator_test.module', 'aggregator_test', 'module', '', 0, 0, -1, 0, 0x613a31333a7b733a343a226e616d65223b733a32333a2241676772656761746f72206d6f64756c65207465737473223b733a31313a226465736372697074696f6e223b733a34363a22537570706f7274206d6f64756c6520666f722061676772656761746f722072656c617465642074657374696e672e223b733a373a227061636b616765223b733a373a2254657374696e67223b733a373a2276657273696f6e223b733a343a22372e3339223b733a343a22636f7265223b733a333a22372e78223b733a363a2268696464656e223b623a313b733a373a2270726f6a656374223b733a363a2264727570616c223b733a393a22646174657374616d70223b733a31303a2231343430303230313937223b733a353a226d74696d65223b693a313434303139303132333b733a31323a22646570656e64656e63696573223b613a303a7b7d733a333a22706870223b733a353a22352e322e34223b733a353a2266696c6573223b613a303a7b7d733a393a22626f6f747374726170223b693a303b7d),
('modules/block/block.module', 'block', 'module', '', 1, 0, 7009, -5, 0x613a31333a7b733a343a226e616d65223b733a353a22426c6f636b223b733a31313a226465736372697074696f6e223b733a3134303a22436f6e74726f6c73207468652076697375616c206275696c64696e6720626c6f636b732061207061676520697320636f6e737472756374656420776974682e20426c6f636b732061726520626f786573206f6620636f6e74656e742072656e646572656420696e746f20616e20617265612c206f7220726567696f6e2c206f6620612077656220706167652e223b733a373a227061636b616765223b733a343a22436f7265223b733a373a2276657273696f6e223b733a343a22372e3339223b733a343a22636f7265223b733a333a22372e78223b733a353a2266696c6573223b613a313a7b693a303b733a31303a22626c6f636b2e74657374223b7d733a393a22636f6e666967757265223b733a32313a2261646d696e2f7374727563747572652f626c6f636b223b733a373a2270726f6a656374223b733a363a2264727570616c223b733a393a22646174657374616d70223b733a31303a2231343430303230313937223b733a353a226d74696d65223b693a313434303139303030333b733a31323a22646570656e64656e63696573223b613a303a7b7d733a333a22706870223b733a353a22352e322e34223b733a393a22626f6f747374726170223b693a303b7d),
('modules/block/tests/block_test.module', 'block_test', 'module', '', 0, 0, -1, 0, 0x613a31333a7b733a343a226e616d65223b733a31303a22426c6f636b2074657374223b733a31313a226465736372697074696f6e223b733a32313a2250726f7669646573207465737420626c6f636b732e223b733a373a227061636b616765223b733a373a2254657374696e67223b733a373a2276657273696f6e223b733a343a22372e3339223b733a343a22636f7265223b733a333a22372e78223b733a363a2268696464656e223b623a313b733a373a2270726f6a656374223b733a363a2264727570616c223b733a393a22646174657374616d70223b733a31303a2231343430303230313937223b733a353a226d74696d65223b693a313434303139303132373b733a31323a22646570656e64656e63696573223b613a303a7b7d733a333a22706870223b733a353a22352e322e34223b733a353a2266696c6573223b613a303a7b7d733a393a22626f6f747374726170223b693a303b7d),
('modules/blog/blog.module', 'blog', 'module', '', 0, 0, -1, 0, 0x613a31323a7b733a343a226e616d65223b733a343a22426c6f67223b733a31313a226465736372697074696f6e223b733a32353a22456e61626c6573206d756c74692d7573657220626c6f67732e223b733a373a227061636b616765223b733a343a22436f7265223b733a373a2276657273696f6e223b733a343a22372e3339223b733a343a22636f7265223b733a333a22372e78223b733a353a2266696c6573223b613a313a7b693a303b733a393a22626c6f672e74657374223b7d733a373a2270726f6a656374223b733a363a2264727570616c223b733a393a22646174657374616d70223b733a31303a2231343430303230313937223b733a353a226d74696d65223b693a313434303139303032353b733a31323a22646570656e64656e63696573223b613a303a7b7d733a333a22706870223b733a353a22352e322e34223b733a393a22626f6f747374726170223b693a303b7d),
('modules/book/book.module', 'book', 'module', '', 0, 0, -1, 0, 0x613a31343a7b733a343a226e616d65223b733a343a22426f6f6b223b733a31313a226465736372697074696f6e223b733a36363a22416c6c6f777320757365727320746f2063726561746520616e64206f7267616e697a652072656c6174656420636f6e74656e7420696e20616e206f75746c696e652e223b733a373a227061636b616765223b733a343a22436f7265223b733a373a2276657273696f6e223b733a343a22372e3339223b733a343a22636f7265223b733a333a22372e78223b733a353a2266696c6573223b613a313a7b693a303b733a393a22626f6f6b2e74657374223b7d733a393a22636f6e666967757265223b733a32373a2261646d696e2f636f6e74656e742f626f6f6b2f73657474696e6773223b733a31313a227374796c65736865657473223b613a313a7b733a333a22616c6c223b613a313a7b733a383a22626f6f6b2e637373223b733a32313a226d6f64756c65732f626f6f6b2f626f6f6b2e637373223b7d7d733a373a2270726f6a656374223b733a363a2264727570616c223b733a393a22646174657374616d70223b733a31303a2231343430303230313937223b733a353a226d74696d65223b693a313434303138393936343b733a31323a22646570656e64656e63696573223b613a303a7b7d733a333a22706870223b733a353a22352e322e34223b733a393a22626f6f747374726170223b693a303b7d),
('modules/color/color.module', 'color', 'module', '', 0, 0, 7001, 0, 0x613a31323a7b733a343a226e616d65223b733a353a22436f6c6f72223b733a31313a226465736372697074696f6e223b733a37303a22416c6c6f77732061646d696e6973747261746f727320746f206368616e67652074686520636f6c6f7220736368656d65206f6620636f6d70617469626c65207468656d65732e223b733a373a227061636b616765223b733a343a22436f7265223b733a373a2276657273696f6e223b733a343a22372e3339223b733a343a22636f7265223b733a333a22372e78223b733a353a2266696c6573223b613a313a7b693a303b733a31303a22636f6c6f722e74657374223b7d733a373a2270726f6a656374223b733a363a2264727570616c223b733a393a22646174657374616d70223b733a31303a2231343430303230313937223b733a353a226d74696d65223b693a313434303138393939323b733a31323a22646570656e64656e63696573223b613a303a7b7d733a333a22706870223b733a353a22352e322e34223b733a393a22626f6f747374726170223b693a303b7d),
('modules/colorbox/colorbox.module', 'colorbox', 'module', '', 0, 0, 7002, 0, 0x613a31333a7b733a343a226e616d65223b733a383a22436f6c6f72626f78223b733a31313a226465736372697074696f6e223b733a36333a2241206c696768742d7765696768742c20637573746f6d697a61626c65206c69676874626f7820706c7567696e20666f72206a517565727920312e342e332b2e223b733a343a22636f7265223b733a333a22372e78223b733a393a22636f6e666967757265223b733a32373a2261646d696e2f636f6e6669672f6d656469612f636f6c6f72626f78223b733a353a2266696c6573223b613a313a7b693a303b733a34313a2276696577732f636f6c6f72626f785f68616e646c65725f6669656c645f636f6c6f72626f782e696e63223b7d733a373a2276657273696f6e223b733a373a22372e782d312e36223b733a373a2270726f6a656374223b733a383a22636f6c6f72626f78223b733a393a22646174657374616d70223b733a31303a2231333636333737333232223b733a353a226d74696d65223b693a313339343731383530313b733a31323a22646570656e64656e63696573223b613a303a7b7d733a373a227061636b616765223b733a353a224f74686572223b733a333a22706870223b733a353a22352e322e34223b733a393a22626f6f747374726170223b693a303b7d),
('modules/comment/comment.module', 'comment', 'module', '', 0, 0, 7009, 0, 0x613a31343a7b733a343a226e616d65223b733a373a22436f6d6d656e74223b733a31313a226465736372697074696f6e223b733a35373a22416c6c6f777320757365727320746f20636f6d6d656e74206f6e20616e642064697363757373207075626c697368656420636f6e74656e742e223b733a373a227061636b616765223b733a343a22436f7265223b733a373a2276657273696f6e223b733a343a22372e3339223b733a343a22636f7265223b733a333a22372e78223b733a31323a22646570656e64656e63696573223b613a313a7b693a303b733a343a2274657874223b7d733a353a2266696c6573223b613a323a7b693a303b733a31343a22636f6d6d656e742e6d6f64756c65223b693a313b733a31323a22636f6d6d656e742e74657374223b7d733a393a22636f6e666967757265223b733a32313a2261646d696e2f636f6e74656e742f636f6d6d656e74223b733a31313a227374796c65736865657473223b613a313a7b733a333a22616c6c223b613a313a7b733a31313a22636f6d6d656e742e637373223b733a32373a226d6f64756c65732f636f6d6d656e742f636f6d6d656e742e637373223b7d7d733a373a2270726f6a656374223b733a363a2264727570616c223b733a393a22646174657374616d70223b733a31303a2231343430303230313937223b733a353a226d74696d65223b693a313434303138393838313b733a333a22706870223b733a353a22352e322e34223b733a393a22626f6f747374726170223b693a303b7d),
('modules/contact/contact.module', 'contact', 'module', '', 0, 0, -1, 0, 0x613a31333a7b733a343a226e616d65223b733a373a22436f6e74616374223b733a31313a226465736372697074696f6e223b733a36313a22456e61626c65732074686520757365206f6620626f746820706572736f6e616c20616e6420736974652d7769646520636f6e7461637420666f726d732e223b733a373a227061636b616765223b733a343a22436f7265223b733a373a2276657273696f6e223b733a343a22372e3339223b733a343a22636f7265223b733a333a22372e78223b733a353a2266696c6573223b613a313a7b693a303b733a31323a22636f6e746163742e74657374223b7d733a393a22636f6e666967757265223b733a32333a2261646d696e2f7374727563747572652f636f6e74616374223b733a373a2270726f6a656374223b733a363a2264727570616c223b733a393a22646174657374616d70223b733a31303a2231343430303230313937223b733a353a226d74696d65223b693a313434303138393933373b733a31323a22646570656e64656e63696573223b613a303a7b7d733a333a22706870223b733a353a22352e322e34223b733a393a22626f6f747374726170223b693a303b7d),
('modules/contextual/contextual.module', 'contextual', 'module', '', 1, 0, 0, 0, 0x613a31323a7b733a343a226e616d65223b733a31363a22436f6e7465787475616c206c696e6b73223b733a31313a226465736372697074696f6e223b733a37353a2250726f766964657320636f6e7465787475616c206c696e6b7320746f20706572666f726d20616374696f6e732072656c6174656420746f20656c656d656e7473206f6e206120706167652e223b733a373a227061636b616765223b733a343a22436f7265223b733a373a2276657273696f6e223b733a343a22372e3339223b733a343a22636f7265223b733a333a22372e78223b733a353a2266696c6573223b613a313a7b693a303b733a31353a22636f6e7465787475616c2e74657374223b7d733a373a2270726f6a656374223b733a363a2264727570616c223b733a393a22646174657374616d70223b733a31303a2231343430303230313937223b733a353a226d74696d65223b693a313434303138393937383b733a31323a22646570656e64656e63696573223b613a303a7b7d733a333a22706870223b733a353a22352e322e34223b733a393a22626f6f747374726170223b693a303b7d),
('modules/ctools/bulk_export/bulk_export.module', 'bulk_export', 'module', '', 0, 0, -1, 0, 0x613a31323a7b733a343a226e616d65223b733a31313a2242756c6b204578706f7274223b733a31313a226465736372697074696f6e223b733a36373a22506572666f726d732062756c6b206578706f7274696e67206f662064617461206f626a65637473206b6e6f776e2061626f7574206279204368616f7320746f6f6c732e223b733a343a22636f7265223b733a333a22372e78223b733a31323a22646570656e64656e63696573223b613a313a7b693a303b733a363a2263746f6f6c73223b7d733a373a227061636b616765223b733a31363a224368616f7320746f6f6c207375697465223b733a373a2276657273696f6e223b733a373a22372e782d312e34223b733a373a2270726f6a656374223b733a363a2263746f6f6c73223b733a393a22646174657374616d70223b733a31303a2231333932323230373330223b733a353a226d74696d65223b693a313430313735333132313b733a333a22706870223b733a353a22352e322e34223b733a353a2266696c6573223b613a303a7b7d733a393a22626f6f747374726170223b693a303b7d),
('modules/ctools/ctools.module', 'ctools', 'module', '', 1, 0, 6008, 0, 0x613a31323a7b733a343a226e616d65223b733a31313a224368616f7320746f6f6c73223b733a31313a226465736372697074696f6e223b733a34363a2241206c696272617279206f662068656c7066756c20746f6f6c73206279204d65726c696e206f66204368616f732e223b733a343a22636f7265223b733a333a22372e78223b733a373a227061636b616765223b733a31363a224368616f7320746f6f6c207375697465223b733a353a2266696c6573223b613a333a7b693a303b733a32303a22696e636c756465732f636f6e746578742e696e63223b693a313b733a32323a22696e636c756465732f6d6174682d657870722e696e63223b693a323b733a32313a22696e636c756465732f7374796c697a65722e696e63223b7d733a373a2276657273696f6e223b733a373a22372e782d312e34223b733a373a2270726f6a656374223b733a363a2263746f6f6c73223b733a393a22646174657374616d70223b733a31303a2231333932323230373330223b733a353a226d74696d65223b693a313430313735333033303b733a31323a22646570656e64656e63696573223b613a303a7b7d733a333a22706870223b733a353a22352e322e34223b733a393a22626f6f747374726170223b693a303b7d),
('modules/ctools/ctools_access_ruleset/ctools_access_ruleset.module', 'ctools_access_ruleset', 'module', '', 0, 0, -1, 0, 0x613a31323a7b733a343a226e616d65223b733a31353a22437573746f6d2072756c6573657473223b733a31313a226465736372697074696f6e223b733a38313a2243726561746520637573746f6d2c206578706f727461626c652c207265757361626c65206163636573732072756c657365747320666f72206170706c69636174696f6e73206c696b652050616e656c732e223b733a343a22636f7265223b733a333a22372e78223b733a373a227061636b616765223b733a31363a224368616f7320746f6f6c207375697465223b733a31323a22646570656e64656e63696573223b613a313a7b693a303b733a363a2263746f6f6c73223b7d733a373a2276657273696f6e223b733a373a22372e782d312e34223b733a373a2270726f6a656374223b733a363a2263746f6f6c73223b733a393a22646174657374616d70223b733a31303a2231333932323230373330223b733a353a226d74696d65223b693a313430313735333038333b733a333a22706870223b733a353a22352e322e34223b733a353a2266696c6573223b613a303a7b7d733a393a22626f6f747374726170223b693a303b7d),
('modules/ctools/ctools_ajax_sample/ctools_ajax_sample.module', 'ctools_ajax_sample', 'module', '', 0, 0, -1, 0, 0x613a31323a7b733a343a226e616d65223b733a33333a224368616f7320546f6f6c73202843546f6f6c732920414a4158204578616d706c65223b733a31313a226465736372697074696f6e223b733a34313a2253686f777320686f7720746f207573652074686520706f776572206f66204368616f7320414a41582e223b733a373a227061636b616765223b733a31363a224368616f7320746f6f6c207375697465223b733a31323a22646570656e64656e63696573223b613a313a7b693a303b733a363a2263746f6f6c73223b7d733a343a22636f7265223b733a333a22372e78223b733a373a2276657273696f6e223b733a373a22372e782d312e34223b733a373a2270726f6a656374223b733a363a2263746f6f6c73223b733a393a22646174657374616d70223b733a31303a2231333932323230373330223b733a353a226d74696d65223b693a313430313735333037343b733a333a22706870223b733a353a22352e322e34223b733a353a2266696c6573223b613a303a7b7d733a393a22626f6f747374726170223b693a303b7d),
('modules/ctools/ctools_custom_content/ctools_custom_content.module', 'ctools_custom_content', 'module', '', 0, 0, -1, 0, 0x613a31323a7b733a343a226e616d65223b733a32303a22437573746f6d20636f6e74656e742070616e6573223b733a31313a226465736372697074696f6e223b733a37393a2243726561746520637573746f6d2c206578706f727461626c652c207265757361626c6520636f6e74656e742070616e657320666f72206170706c69636174696f6e73206c696b652050616e656c732e223b733a343a22636f7265223b733a333a22372e78223b733a373a227061636b616765223b733a31363a224368616f7320746f6f6c207375697465223b733a31323a22646570656e64656e63696573223b613a313a7b693a303b733a363a2263746f6f6c73223b7d733a373a2276657273696f6e223b733a373a22372e782d312e34223b733a373a2270726f6a656374223b733a363a2263746f6f6c73223b733a393a22646174657374616d70223b733a31303a2231333932323230373330223b733a353a226d74696d65223b693a313430313735333033323b733a333a22706870223b733a353a22352e322e34223b733a353a2266696c6573223b613a303a7b7d733a393a22626f6f747374726170223b693a303b7d),
('modules/ctools/ctools_plugin_example/ctools_plugin_example.module', 'ctools_plugin_example', 'module', '', 0, 0, -1, 0, 0x613a31323a7b733a343a226e616d65223b733a33353a224368616f7320546f6f6c73202843546f6f6c732920506c7567696e204578616d706c65223b733a31313a226465736372697074696f6e223b733a37353a2253686f777320686f7720616e2065787465726e616c206d6f64756c652063616e2070726f766964652063746f6f6c7320706c7567696e732028666f722050616e656c732c206574632e292e223b733a373a227061636b616765223b733a31363a224368616f7320746f6f6c207375697465223b733a31323a22646570656e64656e63696573223b613a343a7b693a303b733a363a2263746f6f6c73223b693a313b733a363a2270616e656c73223b693a323b733a31323a22706167655f6d616e61676572223b693a333b733a31333a22616476616e6365645f68656c70223b7d733a343a22636f7265223b733a333a22372e78223b733a373a2276657273696f6e223b733a373a22372e782d312e34223b733a373a2270726f6a656374223b733a363a2263746f6f6c73223b733a393a22646174657374616d70223b733a31303a2231333932323230373330223b733a353a226d74696d65223b693a313430313735333038393b733a333a22706870223b733a353a22352e322e34223b733a353a2266696c6573223b613a303a7b7d733a393a22626f6f747374726170223b693a303b7d),
('modules/ctools/page_manager/page_manager.module', 'page_manager', 'module', '', 0, 0, -1, 0, 0x613a31323a7b733a343a226e616d65223b733a31323a2250616765206d616e61676572223b733a31313a226465736372697074696f6e223b733a35343a2250726f7669646573206120554920616e642041504920746f206d616e6167652070616765732077697468696e2074686520736974652e223b733a343a22636f7265223b733a333a22372e78223b733a31323a22646570656e64656e63696573223b613a313a7b693a303b733a363a2263746f6f6c73223b7d733a373a227061636b616765223b733a31363a224368616f7320746f6f6c207375697465223b733a373a2276657273696f6e223b733a373a22372e782d312e34223b733a373a2270726f6a656374223b733a363a2263746f6f6c73223b733a393a22646174657374616d70223b733a31303a2231333932323230373330223b733a353a226d74696d65223b693a313430313735333033393b733a333a22706870223b733a353a22352e322e34223b733a353a2266696c6573223b613a303a7b7d733a393a22626f6f747374726170223b693a303b7d),
('modules/ctools/stylizer/stylizer.module', 'stylizer', 'module', '', 0, 0, -1, 0, 0x613a31323a7b733a343a226e616d65223b733a383a225374796c697a6572223b733a31313a226465736372697074696f6e223b733a35333a2243726561746520637573746f6d207374796c657320666f72206170706c69636174696f6e7320737563682061732050616e656c732e223b733a343a22636f7265223b733a333a22372e78223b733a373a227061636b616765223b733a31363a224368616f7320746f6f6c207375697465223b733a31323a22646570656e64656e63696573223b613a323a7b693a303b733a363a2263746f6f6c73223b693a313b733a353a22636f6c6f72223b7d733a373a2276657273696f6e223b733a373a22372e782d312e34223b733a373a2270726f6a656374223b733a363a2263746f6f6c73223b733a393a22646174657374616d70223b733a31303a2231333932323230373330223b733a353a226d74696d65223b693a313430313735333038373b733a333a22706870223b733a353a22352e322e34223b733a353a2266696c6573223b613a303a7b7d733a393a22626f6f747374726170223b693a303b7d),
('modules/ctools/term_depth/term_depth.module', 'term_depth', 'module', '', 0, 0, -1, 0, 0x613a31323a7b733a343a226e616d65223b733a31373a225465726d20446570746820616363657373223b733a31313a226465736372697074696f6e223b733a34383a22436f6e74726f6c732061636365737320746f20636f6e746578742062617365642075706f6e207465726d206465707468223b733a343a22636f7265223b733a333a22372e78223b733a31323a22646570656e64656e63696573223b613a313a7b693a303b733a363a2263746f6f6c73223b7d733a373a227061636b616765223b733a31363a224368616f7320746f6f6c207375697465223b733a373a2276657273696f6e223b733a373a22372e782d312e34223b733a373a2270726f6a656374223b733a363a2263746f6f6c73223b733a393a22646174657374616d70223b733a31303a2231333932323230373330223b733a353a226d74696d65223b693a313430313735333037373b733a333a22706870223b733a353a22352e322e34223b733a353a2266696c6573223b613a303a7b7d733a393a22626f6f747374726170223b693a303b7d),
('modules/ctools/tests/ctools_export_test/ctools_export_test.module', 'ctools_export_test', 'module', '', 0, 0, -1, 0, 0x613a31333a7b733a343a226e616d65223b733a31383a2243546f6f6c73206578706f72742074657374223b733a31313a226465736372697074696f6e223b733a32353a2243546f6f6c73206578706f72742074657374206d6f64756c65223b733a343a22636f7265223b733a333a22372e78223b733a373a227061636b616765223b733a31363a224368616f7320746f6f6c207375697465223b733a31323a22646570656e64656e63696573223b613a313a7b693a303b733a363a2263746f6f6c73223b7d733a363a2268696464656e223b623a313b733a353a2266696c6573223b613a313a7b693a303b733a31383a2263746f6f6c735f6578706f72742e74657374223b7d733a373a2276657273696f6e223b733a373a22372e782d312e34223b733a373a2270726f6a656374223b733a363a2263746f6f6c73223b733a393a22646174657374616d70223b733a31303a2231333932323230373330223b733a353a226d74696d65223b693a313430313735333137303b733a333a22706870223b733a353a22352e322e34223b733a393a22626f6f747374726170223b693a303b7d),
('modules/ctools/tests/ctools_plugin_test.module', 'ctools_plugin_test', 'module', '', 0, 0, -1, 0, 0x613a31333a7b733a343a226e616d65223b733a32343a224368616f7320746f6f6c7320706c7567696e732074657374223b733a31313a226465736372697074696f6e223b733a34323a2250726f766964657320686f6f6b7320666f722074657374696e672063746f6f6c7320706c7567696e732e223b733a373a227061636b616765223b733a31363a224368616f7320746f6f6c207375697465223b733a343a22636f7265223b733a333a22372e78223b733a31323a22646570656e64656e63696573223b613a313a7b693a303b733a363a2263746f6f6c73223b7d733a353a2266696c6573223b613a363a7b693a303b733a31393a2263746f6f6c732e706c7567696e732e74657374223b693a313b733a31373a226f626a6563745f63616368652e74657374223b693a323b733a383a226373732e74657374223b693a333b733a31323a22636f6e746578742e74657374223b693a343b733a32303a226d6174685f65787072657373696f6e2e74657374223b693a353b733a32363a226d6174685f65787072657373696f6e5f737461636b2e74657374223b7d733a363a2268696464656e223b623a313b733a373a2276657273696f6e223b733a373a22372e782d312e34223b733a373a2270726f6a656374223b733a363a2263746f6f6c73223b733a393a22646174657374616d70223b733a31303a2231333932323230373330223b733a353a226d74696d65223b693a313430313735333131363b733a333a22706870223b733a353a22352e322e34223b733a393a22626f6f747374726170223b693a303b7d),
('modules/ctools/views_content/views_content.module', 'views_content', 'module', '', 0, 0, -1, 0, 0x613a31323a7b733a343a226e616d65223b733a31393a22566965777320636f6e74656e742070616e6573223b733a31313a226465736372697074696f6e223b733a3130343a22416c6c6f777320566965777320636f6e74656e7420746f206265207573656420696e2050616e656c732c2044617368626f61726420616e64206f74686572206d6f64756c657320776869636820757365207468652043546f6f6c7320436f6e74656e74204150492e223b733a373a227061636b616765223b733a31363a224368616f7320746f6f6c207375697465223b733a31323a22646570656e64656e63696573223b613a323a7b693a303b733a363a2263746f6f6c73223b693a313b733a353a227669657773223b7d733a343a22636f7265223b733a333a22372e78223b733a353a2266696c6573223b613a333a7b693a303b733a36313a22706c7567696e732f76696577732f76696577735f636f6e74656e745f706c7567696e5f646973706c61795f63746f6f6c735f636f6e746578742e696e63223b693a313b733a35373a22706c7567696e732f76696577732f76696577735f636f6e74656e745f706c7567696e5f646973706c61795f70616e656c5f70616e652e696e63223b693a323b733a35393a22706c7567696e732f76696577732f76696577735f636f6e74656e745f706c7567696e5f7374796c655f63746f6f6c735f636f6e746578742e696e63223b7d733a373a2276657273696f6e223b733a373a22372e782d312e34223b733a373a2270726f6a656374223b733a363a2263746f6f6c73223b733a393a22646174657374616d70223b733a31303a2231333932323230373330223b733a353a226d74696d65223b693a313430313735333038353b733a333a22706870223b733a353a22352e322e34223b733a393a22626f6f747374726170223b693a303b7d),
('modules/dashboard/dashboard.module', 'dashboard', 'module', '', 1, 0, 0, 0, 0x613a31333a7b733a343a226e616d65223b733a393a2244617368626f617264223b733a31313a226465736372697074696f6e223b733a3133363a2250726f766964657320612064617368626f617264207061676520696e207468652061646d696e69737472617469766520696e7465726661636520666f72206f7267616e697a696e672061646d696e697374726174697665207461736b7320616e6420747261636b696e6720696e666f726d6174696f6e2077697468696e20796f757220736974652e223b733a343a22636f7265223b733a333a22372e78223b733a373a227061636b616765223b733a343a22436f7265223b733a373a2276657273696f6e223b733a343a22372e3339223b733a353a2266696c6573223b613a313a7b693a303b733a31343a2264617368626f6172642e74657374223b7d733a31323a22646570656e64656e63696573223b613a313a7b693a303b733a353a22626c6f636b223b7d733a393a22636f6e666967757265223b733a32353a2261646d696e2f64617368626f6172642f637573746f6d697a65223b733a373a2270726f6a656374223b733a363a2264727570616c223b733a393a22646174657374616d70223b733a31303a2231343430303230313937223b733a353a226d74696d65223b693a313434303139303031363b733a333a22706870223b733a353a22352e322e34223b733a393a22626f6f747374726170223b693a303b7d),
('modules/dblog/dblog.module', 'dblog', 'module', '', 1, 1, 7002, 0, 0x613a31323a7b733a343a226e616d65223b733a31363a224461746162617365206c6f6767696e67223b733a31313a226465736372697074696f6e223b733a34373a224c6f677320616e64207265636f7264732073797374656d206576656e747320746f207468652064617461626173652e223b733a373a227061636b616765223b733a343a22436f7265223b733a373a2276657273696f6e223b733a343a22372e3339223b733a343a22636f7265223b733a333a22372e78223b733a353a2266696c6573223b613a313a7b693a303b733a31303a2264626c6f672e74657374223b7d733a373a2270726f6a656374223b733a363a2264727570616c223b733a393a22646174657374616d70223b733a31303a2231343430303230313937223b733a353a226d74696d65223b693a313434303139303031323b733a31323a22646570656e64656e63696573223b613a303a7b7d733a333a22706870223b733a353a22352e322e34223b733a393a22626f6f747374726170223b693a303b7d),
('modules/easy.slider/easyslider.module', 'easyslider', 'module', '', 0, 0, 0, 0, 0x613a31313a7b733a343a226e616d65223b733a31303a2265617379736c69646572223b733a31313a226465736372697074696f6e223b733a32393a2241206c696768742d7765696768742c20696d61676520736c696465722e223b733a343a22636f7265223b733a333a22372e78223b733a31303a2223636f6e666967757265223b733a32393a2261646d696e2f636f6e6669672f6d656469612f65617379736c69646572223b733a353a226d74696d65223b693a313339343731383530323b733a31323a22646570656e64656e63696573223b613a303a7b7d733a373a227061636b616765223b733a353a224f74686572223b733a373a2276657273696f6e223b4e3b733a333a22706870223b733a353a22352e322e34223b733a353a2266696c6573223b613a303a7b7d733a393a22626f6f747374726170223b693a303b7d),
('modules/entity/entity.module', 'entity', 'module', '', 1, 0, 7002, 0, 0x613a31323a7b733a343a226e616d65223b733a31303a22456e7469747920415049223b733a31313a226465736372697074696f6e223b733a36393a22456e61626c6573206d6f64756c657320746f20776f726b207769746820616e7920656e74697479207479706520616e6420746f2070726f7669646520656e7469746965732e223b733a343a22636f7265223b733a333a22372e78223b733a353a2266696c6573223b613a32343a7b693a303b733a31393a22656e746974792e66656174757265732e696e63223b693a313b733a31353a22656e746974792e6931386e2e696e63223b693a323b733a31353a22656e746974792e696e666f2e696e63223b693a333b733a31363a22656e746974792e72756c65732e696e63223b693a343b733a31313a22656e746974792e74657374223b693a353b733a31393a22696e636c756465732f656e746974792e696e63223b693a363b733a33303a22696e636c756465732f656e746974792e636f6e74726f6c6c65722e696e63223b693a373b733a32323a22696e636c756465732f656e746974792e75692e696e63223b693a383b733a32373a22696e636c756465732f656e746974792e777261707065722e696e63223b693a393b733a32323a2276696577732f656e746974792e76696577732e696e63223b693a31303b733a35323a2276696577732f68616e646c6572732f656e746974795f76696577735f6669656c645f68616e646c65725f68656c7065722e696e63223b693a31313b733a35313a2276696577732f68616e646c6572732f656e746974795f76696577735f68616e646c65725f617265615f656e746974792e696e63223b693a31323b733a35333a2276696577732f68616e646c6572732f656e746974795f76696577735f68616e646c65725f6669656c645f626f6f6c65616e2e696e63223b693a31333b733a35303a2276696577732f68616e646c6572732f656e746974795f76696577735f68616e646c65725f6669656c645f646174652e696e63223b693a31343b733a35343a2276696577732f68616e646c6572732f656e746974795f76696577735f68616e646c65725f6669656c645f6475726174696f6e2e696e63223b693a31353b733a35323a2276696577732f68616e646c6572732f656e746974795f76696577735f68616e646c65725f6669656c645f656e746974792e696e63223b693a31363b733a35313a2276696577732f68616e646c6572732f656e746974795f76696577735f68616e646c65725f6669656c645f6669656c642e696e63223b693a31373b733a35333a2276696577732f68616e646c6572732f656e746974795f76696577735f68616e646c65725f6669656c645f6e756d657269632e696e63223b693a31383b733a35333a2276696577732f68616e646c6572732f656e746974795f76696577735f68616e646c65725f6669656c645f6f7074696f6e732e696e63223b693a31393b733a35303a2276696577732f68616e646c6572732f656e746974795f76696577735f68616e646c65725f6669656c645f746578742e696e63223b693a32303b733a34393a2276696577732f68616e646c6572732f656e746974795f76696577735f68616e646c65725f6669656c645f7572692e696e63223b693a32313b733a36323a2276696577732f68616e646c6572732f656e746974795f76696577735f68616e646c65725f72656c6174696f6e736869705f62795f62756e646c652e696e63223b693a32323b733a35323a2276696577732f68616e646c6572732f656e746974795f76696577735f68616e646c65725f72656c6174696f6e736869702e696e63223b693a32333b733a35333a2276696577732f706c7567696e732f656e746974795f76696577735f706c7567696e5f726f775f656e746974795f766965772e696e63223b7d733a373a2276657273696f6e223b733a373a22372e782d312e33223b733a373a2270726f6a656374223b733a363a22656e74697479223b733a393a22646174657374616d70223b733a31303a2231333839323130383133223b733a353a226d74696d65223b693a313430313735333436373b733a31323a22646570656e64656e63696573223b613a303a7b7d733a373a227061636b616765223b733a353a224f74686572223b733a333a22706870223b733a353a22352e322e34223b733a393a22626f6f747374726170223b693a303b7d),
('modules/entity/entity_token.module', 'entity_token', 'module', '', 0, 0, -1, 0, 0x613a31323a7b733a343a226e616d65223b733a31333a22456e7469747920746f6b656e73223b733a31313a226465736372697074696f6e223b733a39393a2250726f766964657320746f6b656e207265706c6163656d656e747320666f7220616c6c2070726f7065727469657320746861742068617665206e6f20746f6b656e7320616e6420617265206b6e6f776e20746f2074686520656e74697479204150492e223b733a343a22636f7265223b733a333a22372e78223b733a353a2266696c6573223b613a323a7b693a303b733a32333a22656e746974795f746f6b656e2e746f6b656e732e696e63223b693a313b733a31393a22656e746974795f746f6b656e2e6d6f64756c65223b7d733a31323a22646570656e64656e63696573223b613a313a7b693a303b733a363a22656e74697479223b7d733a373a2276657273696f6e223b733a373a22372e782d312e33223b733a373a2270726f6a656374223b733a363a22656e74697479223b733a393a22646174657374616d70223b733a31303a2231333839323130383133223b733a353a226d74696d65223b693a313430313735333436393b733a373a227061636b616765223b733a353a224f74686572223b733a333a22706870223b733a353a22352e322e34223b733a393a22626f6f747374726170223b693a303b7d),
('modules/entity/tests/entity_feature.module', 'entity_feature', 'module', '', 0, 0, -1, 0, 0x613a31333a7b733a343a226e616d65223b733a32313a22456e746974792066656174757265206d6f64756c65223b733a31313a226465736372697074696f6e223b733a33313a2250726f766964657320736f6d6520656e74697469657320696e20636f64652e223b733a373a2276657273696f6e223b733a373a22372e782d312e33223b733a343a22636f7265223b733a333a22372e78223b733a353a2266696c6573223b613a313a7b693a303b733a32313a22656e746974795f666561747572652e6d6f64756c65223b7d733a31323a22646570656e64656e63696573223b613a313a7b693a303b733a31313a22656e746974795f74657374223b7d733a363a2268696464656e223b623a313b733a373a2270726f6a656374223b733a363a22656e74697479223b733a393a22646174657374616d70223b733a31303a2231333839323130383133223b733a353a226d74696d65223b693a313430313735333437383b733a373a227061636b616765223b733a353a224f74686572223b733a333a22706870223b733a353a22352e322e34223b733a393a22626f6f747374726170223b693a303b7d),
('modules/entity/tests/entity_test.module', 'entity_test', 'module', '', 0, 0, -1, 0, 0x613a31333a7b733a343a226e616d65223b733a32333a22456e7469747920435255442074657374206d6f64756c65223b733a31313a226465736372697074696f6e223b733a34363a2250726f766964657320656e746974792074797065732062617365642075706f6e207468652043525544204150492e223b733a373a2276657273696f6e223b733a373a22372e782d312e33223b733a343a22636f7265223b733a333a22372e78223b733a353a2266696c6573223b613a323a7b693a303b733a31383a22656e746974795f746573742e6d6f64756c65223b693a313b733a31393a22656e746974795f746573742e696e7374616c6c223b7d733a31323a22646570656e64656e63696573223b613a313a7b693a303b733a363a22656e74697479223b7d733a363a2268696464656e223b623a313b733a373a2270726f6a656374223b733a363a22656e74697479223b733a393a22646174657374616d70223b733a31303a2231333839323130383133223b733a353a226d74696d65223b693a313430313735333437383b733a373a227061636b616765223b733a353a224f74686572223b733a333a22706870223b733a353a22352e322e34223b733a393a22626f6f747374726170223b693a303b7d),
('modules/entity/tests/entity_test_i18n.module', 'entity_test_i18n', 'module', '', 0, 0, -1, 0, 0x613a31333a7b733a343a226e616d65223b733a32383a22456e746974792d746573742074797065207472616e736c6174696f6e223b733a31313a226465736372697074696f6e223b733a33373a22416c6c6f7773207472616e736c6174696e6720656e746974792d746573742074797065732e223b733a31323a22646570656e64656e63696573223b613a323a7b693a303b733a31313a22656e746974795f74657374223b693a313b733a31313a226931386e5f737472696e67223b7d733a373a227061636b616765223b733a33353a224d756c74696c696e6775616c202d20496e7465726e6174696f6e616c697a6174696f6e223b733a343a22636f7265223b733a333a22372e78223b733a363a2268696464656e223b623a313b733a373a2276657273696f6e223b733a373a22372e782d312e33223b733a373a2270726f6a656374223b733a363a22656e74697479223b733a393a22646174657374616d70223b733a31303a2231333839323130383133223b733a353a226d74696d65223b693a313430313735333437393b733a333a22706870223b733a353a22352e322e34223b733a353a2266696c6573223b613a303a7b7d733a393a22626f6f747374726170223b693a303b7d),
('modules/field/field.module', 'field', 'module', '', 1, 0, 7003, 0, 0x613a31343a7b733a343a226e616d65223b733a353a224669656c64223b733a31313a226465736372697074696f6e223b733a35373a224669656c642041504920746f20616464206669656c647320746f20656e746974696573206c696b65206e6f64657320616e642075736572732e223b733a373a227061636b616765223b733a343a22436f7265223b733a373a2276657273696f6e223b733a343a22372e3339223b733a343a22636f7265223b733a333a22372e78223b733a353a2266696c6573223b613a343a7b693a303b733a31323a226669656c642e6d6f64756c65223b693a313b733a31363a226669656c642e6174746163682e696e63223b693a323b733a32303a226669656c642e696e666f2e636c6173732e696e63223b693a333b733a31363a2274657374732f6669656c642e74657374223b7d733a31323a22646570656e64656e63696573223b613a313a7b693a303b733a31373a226669656c645f73716c5f73746f72616765223b7d733a383a227265717569726564223b623a313b733a31313a227374796c65736865657473223b613a313a7b733a333a22616c6c223b613a313a7b733a31353a227468656d652f6669656c642e637373223b733a32393a226d6f64756c65732f6669656c642f7468656d652f6669656c642e637373223b7d7d733a373a2270726f6a656374223b733a363a2264727570616c223b733a393a22646174657374616d70223b733a31303a2231343430303230313937223b733a353a226d74696d65223b693a313434303138393932333b733a333a22706870223b733a353a22352e322e34223b733a393a22626f6f747374726170223b693a303b7d),
('modules/field/modules/field_sql_storage/field_sql_storage.module', 'field_sql_storage', 'module', '', 1, 0, 7002, 0, 0x613a31333a7b733a343a226e616d65223b733a31373a224669656c642053514c2073746f72616765223b733a31313a226465736372697074696f6e223b733a33373a2253746f726573206669656c64206461746120696e20616e2053514c2064617461626173652e223b733a373a227061636b616765223b733a343a22436f7265223b733a373a2276657273696f6e223b733a343a22372e3339223b733a343a22636f7265223b733a333a22372e78223b733a31323a22646570656e64656e63696573223b613a313a7b693a303b733a353a226669656c64223b7d733a353a2266696c6573223b613a313a7b693a303b733a32323a226669656c645f73716c5f73746f726167652e74657374223b7d733a383a227265717569726564223b623a313b733a373a2270726f6a656374223b733a363a2264727570616c223b733a393a22646174657374616d70223b733a31303a2231343430303230313937223b733a353a226d74696d65223b693a313434303139303137373b733a333a22706870223b733a353a22352e322e34223b733a393a22626f6f747374726170223b693a303b7d),
('modules/field/modules/list/list.module', 'list', 'module', '', 1, 0, 7002, 0, 0x613a31343a7b733a343a226e616d65223b733a343a224c697374223b733a31313a226465736372697074696f6e223b733a36393a22446566696e6573206c697374206669656c642074797065732e205573652077697468204f7074696f6e7320746f206372656174652073656c656374696f6e206c697374732e223b733a373a227061636b616765223b733a343a22436f7265223b733a373a2276657273696f6e223b733a343a22372e3339223b733a343a22636f7265223b733a333a22372e78223b733a31323a22646570656e64656e63696573223b613a323a7b693a303b733a353a226669656c64223b693a313b733a373a226f7074696f6e73223b7d733a353a2266696c6573223b613a313a7b693a303b733a31353a2274657374732f6c6973742e74657374223b7d733a373a2270726f6a656374223b733a363a2264727570616c223b733a393a22646174657374616d70223b733a31303a2231343430303230313937223b733a353a226d74696d65223b693a313434303139303136383b733a333a22706870223b733a353a22352e322e34223b733a393a22626f6f747374726170223b693a303b733a383a227265717569726564223b623a313b733a31313a226578706c616e6174696f6e223b733a39353a225469706f2873292064652063616d706f20656e2075736f202d20766572203c6120687265663d222f636c69656e7465732f652f3f713d61646d696e2f7265706f7274732f6669656c6473223e6c697374612064652063616d706f733c2f613e223b7d),
('modules/field/modules/list/tests/list_test.module', 'list_test', 'module', '', 0, 0, -1, 0, 0x613a31333a7b733a343a226e616d65223b733a393a224c6973742074657374223b733a31313a226465736372697074696f6e223b733a34313a22537570706f7274206d6f64756c6520666f7220746865204c697374206d6f64756c652074657374732e223b733a343a22636f7265223b733a333a22372e78223b733a373a227061636b616765223b733a373a2254657374696e67223b733a373a2276657273696f6e223b733a343a22372e3339223b733a363a2268696464656e223b623a313b733a373a2270726f6a656374223b733a363a2264727570616c223b733a393a22646174657374616d70223b733a31303a2231343430303230313937223b733a353a226d74696d65223b693a313434303139303138353b733a31323a22646570656e64656e63696573223b613a303a7b7d733a333a22706870223b733a353a22352e322e34223b733a353a2266696c6573223b613a303a7b7d733a393a22626f6f747374726170223b693a303b7d),
('modules/field/modules/number/number.module', 'number', 'module', '', 1, 0, 0, 0, 0x613a31323a7b733a343a226e616d65223b733a363a224e756d626572223b733a31313a226465736372697074696f6e223b733a32383a22446566696e6573206e756d65726963206669656c642074797065732e223b733a373a227061636b616765223b733a343a22436f7265223b733a373a2276657273696f6e223b733a343a22372e3339223b733a343a22636f7265223b733a333a22372e78223b733a31323a22646570656e64656e63696573223b613a313a7b693a303b733a353a226669656c64223b7d733a353a2266696c6573223b613a313a7b693a303b733a31313a226e756d6265722e74657374223b7d733a373a2270726f6a656374223b733a363a2264727570616c223b733a393a22646174657374616d70223b733a31303a2231343430303230313937223b733a353a226d74696d65223b693a313434303139303137343b733a333a22706870223b733a353a22352e322e34223b733a393a22626f6f747374726170223b693a303b7d),
('modules/field/modules/options/options.module', 'options', 'module', '', 1, 0, 0, 0, 0x613a31323a7b733a343a226e616d65223b733a373a224f7074696f6e73223b733a31313a226465736372697074696f6e223b733a38323a22446566696e65732073656c656374696f6e2c20636865636b20626f7820616e6420726164696f20627574746f6e207769646765747320666f72207465787420616e64206e756d65726963206669656c64732e223b733a373a227061636b616765223b733a343a22436f7265223b733a373a2276657273696f6e223b733a343a22372e3339223b733a343a22636f7265223b733a333a22372e78223b733a31323a22646570656e64656e63696573223b613a313a7b693a303b733a353a226669656c64223b7d733a353a2266696c6573223b613a313a7b693a303b733a31323a226f7074696f6e732e74657374223b7d733a373a2270726f6a656374223b733a363a2264727570616c223b733a393a22646174657374616d70223b733a31303a2231343430303230313937223b733a353a226d74696d65223b693a313434303139303137303b733a333a22706870223b733a353a22352e322e34223b733a393a22626f6f747374726170223b693a303b7d),
('modules/field/modules/text/text.module', 'text', 'module', '', 1, 0, 7000, 0, 0x613a31343a7b733a343a226e616d65223b733a343a2254657874223b733a31313a226465736372697074696f6e223b733a33323a22446566696e65732073696d706c652074657874206669656c642074797065732e223b733a373a227061636b616765223b733a343a22436f7265223b733a373a2276657273696f6e223b733a343a22372e3339223b733a343a22636f7265223b733a333a22372e78223b733a31323a22646570656e64656e63696573223b613a313a7b693a303b733a353a226669656c64223b7d733a353a2266696c6573223b613a313a7b693a303b733a393a22746578742e74657374223b7d733a383a227265717569726564223b623a313b733a373a2270726f6a656374223b733a363a2264727570616c223b733a393a22646174657374616d70223b733a31303a2231343430303230313937223b733a353a226d74696d65223b693a313434303139303137313b733a333a22706870223b733a353a22352e322e34223b733a393a22626f6f747374726170223b693a303b733a31313a226578706c616e6174696f6e223b733a39353a225469706f2873292064652063616d706f20656e2075736f202d20766572203c6120687265663d222f636c69656e7465732f652f3f713d61646d696e2f7265706f7274732f6669656c6473223e6c697374612064652063616d706f733c2f613e223b7d),
('modules/field/tests/field_test.module', 'field_test', 'module', '', 0, 0, -1, 0, 0x613a31333a7b733a343a226e616d65223b733a31343a224669656c64204150492054657374223b733a31313a226465736372697074696f6e223b733a33393a22537570706f7274206d6f64756c6520666f7220746865204669656c64204150492074657374732e223b733a343a22636f7265223b733a333a22372e78223b733a373a227061636b616765223b733a373a2254657374696e67223b733a353a2266696c6573223b613a313a7b693a303b733a32313a226669656c645f746573742e656e746974792e696e63223b7d733a373a2276657273696f6e223b733a343a22372e3339223b733a363a2268696464656e223b623a313b733a373a2270726f6a656374223b733a363a2264727570616c223b733a393a22646174657374616d70223b733a31303a2231343430303230313937223b733a353a226d74696d65223b693a313434303139303130323b733a31323a22646570656e64656e63696573223b613a303a7b7d733a333a22706870223b733a353a22352e322e34223b733a393a22626f6f747374726170223b693a303b7d),
('modules/field_ui/field_ui.module', 'field_ui', 'module', '', 1, 0, 0, 0, 0x613a31323a7b733a343a226e616d65223b733a383a224669656c64205549223b733a31313a226465736372697074696f6e223b733a33333a225573657220696e7465726661636520666f7220746865204669656c64204150492e223b733a373a227061636b616765223b733a343a22436f7265223b733a373a2276657273696f6e223b733a343a22372e3339223b733a343a22636f7265223b733a333a22372e78223b733a31323a22646570656e64656e63696573223b613a313a7b693a303b733a353a226669656c64223b7d733a353a2266696c6573223b613a313a7b693a303b733a31333a226669656c645f75692e74657374223b7d733a373a2270726f6a656374223b733a363a2264727570616c223b733a393a22646174657374616d70223b733a31303a2231343430303230313937223b733a353a226d74696d65223b693a313434303138393835323b733a333a22706870223b733a353a22352e322e34223b733a393a22626f6f747374726170223b693a303b7d),
('modules/file/file.module', 'file', 'module', '', 1, 0, 0, 0, 0x613a31323a7b733a343a226e616d65223b733a343a2246696c65223b733a31313a226465736372697074696f6e223b733a32363a22446566696e657320612066696c65206669656c6420747970652e223b733a373a227061636b616765223b733a343a22436f7265223b733a373a2276657273696f6e223b733a343a22372e3339223b733a343a22636f7265223b733a333a22372e78223b733a31323a22646570656e64656e63696573223b613a313a7b693a303b733a353a226669656c64223b7d733a353a2266696c6573223b613a313a7b693a303b733a31353a2274657374732f66696c652e74657374223b7d733a373a2270726f6a656374223b733a363a2264727570616c223b733a393a22646174657374616d70223b733a31303a2231343430303230313937223b733a353a226d74696d65223b693a313434303138393937343b733a333a22706870223b733a353a22352e322e34223b733a393a22626f6f747374726170223b693a303b7d),
('modules/file/tests/file_module_test.module', 'file_module_test', 'module', '', 0, 0, -1, 0, 0x613a31333a7b733a343a226e616d65223b733a393a2246696c652074657374223b733a31313a226465736372697074696f6e223b733a35333a2250726f766964657320686f6f6b7320666f722074657374696e672046696c65206d6f64756c652066756e6374696f6e616c6974792e223b733a373a227061636b616765223b733a343a22436f7265223b733a373a2276657273696f6e223b733a343a22372e3339223b733a343a22636f7265223b733a333a22372e78223b733a363a2268696464656e223b623a313b733a373a2270726f6a656374223b733a363a2264727570616c223b733a393a22646174657374616d70223b733a31303a2231343430303230313937223b733a353a226d74696d65223b693a313434303139303131383b733a31323a22646570656e64656e63696573223b613a303a7b7d733a333a22706870223b733a353a22352e322e34223b733a353a2266696c6573223b613a303a7b7d733a393a22626f6f747374726170223b693a303b7d),
('modules/filter/filter.module', 'filter', 'module', '', 1, 0, 7010, 0, 0x613a31343a7b733a343a226e616d65223b733a363a2246696c746572223b733a31313a226465736372697074696f6e223b733a34333a2246696c7465727320636f6e74656e7420696e207072657061726174696f6e20666f7220646973706c61792e223b733a373a227061636b616765223b733a343a22436f7265223b733a373a2276657273696f6e223b733a343a22372e3339223b733a343a22636f7265223b733a333a22372e78223b733a353a2266696c6573223b613a313a7b693a303b733a31313a2266696c7465722e74657374223b7d733a383a227265717569726564223b623a313b733a393a22636f6e666967757265223b733a32383a2261646d696e2f636f6e6669672f636f6e74656e742f666f726d617473223b733a373a2270726f6a656374223b733a363a2264727570616c223b733a393a22646174657374616d70223b733a31303a2231343430303230313937223b733a353a226d74696d65223b693a313434303138393930393b733a31323a22646570656e64656e63696573223b613a303a7b7d733a333a22706870223b733a353a22352e322e34223b733a393a22626f6f747374726170223b693a303b7d),
('modules/forum/forum.module', 'forum', 'module', '', 0, 0, -1, 0, 0x613a31343a7b733a343a226e616d65223b733a353a22466f72756d223b733a31313a226465736372697074696f6e223b733a32373a2250726f76696465732064697363757373696f6e20666f72756d732e223b733a31323a22646570656e64656e63696573223b613a323a7b693a303b733a383a227461786f6e6f6d79223b693a313b733a373a22636f6d6d656e74223b7d733a373a227061636b616765223b733a343a22436f7265223b733a373a2276657273696f6e223b733a343a22372e3339223b733a343a22636f7265223b733a333a22372e78223b733a353a2266696c6573223b613a313a7b693a303b733a31303a22666f72756d2e74657374223b7d733a393a22636f6e666967757265223b733a32313a2261646d696e2f7374727563747572652f666f72756d223b733a31313a227374796c65736865657473223b613a313a7b733a333a22616c6c223b613a313a7b733a393a22666f72756d2e637373223b733a32333a226d6f64756c65732f666f72756d2f666f72756d2e637373223b7d7d733a373a2270726f6a656374223b733a363a2264727570616c223b733a393a22646174657374616d70223b733a31303a2231343430303230313937223b733a353a226d74696d65223b693a313434303139303031303b733a333a22706870223b733a353a22352e322e34223b733a393a22626f6f747374726170223b693a303b7d),
('modules/front_page/front_page.module', 'front_page', 'module', '', 0, 0, 0, 0, 0x613a31303a7b733a343a226e616d65223b733a31343a22506167696e6120496e696369616c223b733a31313a226465736372697074696f6e223b733a34313a2243726561204d756c7469626c6f717565732070617261206c612067616e69616e20696e696369616c2e223b733a373a227061636b616765223b733a333a22737071223b733a343a22636f7265223b733a333a22372e78223b733a353a226d74696d65223b693a313339343731383530323b733a31323a22646570656e64656e63696573223b613a303a7b7d733a373a2276657273696f6e223b4e3b733a333a22706870223b733a353a22352e322e34223b733a353a2266696c6573223b613a303a7b7d733a393a22626f6f747374726170223b693a303b7d),
('modules/help/help.module', 'help', 'module', '', 1, 0, 0, 0, 0x613a31323a7b733a343a226e616d65223b733a343a2248656c70223b733a31313a226465736372697074696f6e223b733a33353a224d616e616765732074686520646973706c6179206f66206f6e6c696e652068656c702e223b733a373a227061636b616765223b733a343a22436f7265223b733a373a2276657273696f6e223b733a343a22372e3339223b733a343a22636f7265223b733a333a22372e78223b733a353a2266696c6573223b613a313a7b693a303b733a393a2268656c702e74657374223b7d733a373a2270726f6a656374223b733a363a2264727570616c223b733a393a22646174657374616d70223b733a31303a2231343430303230313937223b733a353a226d74696d65223b693a313434303138393836333b733a31323a22646570656e64656e63696573223b613a303a7b7d733a333a22706870223b733a353a22352e322e34223b733a393a22626f6f747374726170223b693a303b7d),
('modules/image/image.module', 'image', 'module', '', 1, 0, 7005, 0, 0x613a31353a7b733a343a226e616d65223b733a353a22496d616765223b733a31313a226465736372697074696f6e223b733a33343a2250726f766964657320696d616765206d616e6970756c6174696f6e20746f6f6c732e223b733a373a227061636b616765223b733a343a22436f7265223b733a373a2276657273696f6e223b733a343a22372e3339223b733a343a22636f7265223b733a333a22372e78223b733a31323a22646570656e64656e63696573223b613a313a7b693a303b733a343a2266696c65223b7d733a353a2266696c6573223b613a313a7b693a303b733a31303a22696d6167652e74657374223b7d733a393a22636f6e666967757265223b733a33313a2261646d696e2f636f6e6669672f6d656469612f696d6167652d7374796c6573223b733a373a2270726f6a656374223b733a363a2264727570616c223b733a393a22646174657374616d70223b733a31303a2231343430303230313937223b733a353a226d74696d65223b693a313434303138393834323b733a333a22706870223b733a353a22352e322e34223b733a393a22626f6f747374726170223b693a303b733a383a227265717569726564223b623a313b733a31313a226578706c616e6174696f6e223b733a39353a225469706f2873292064652063616d706f20656e2075736f202d20766572203c6120687265663d222f636c69656e7465732f652f3f713d61646d696e2f7265706f7274732f6669656c6473223e6c697374612064652063616d706f733c2f613e223b7d),
('modules/image/tests/image_module_test.module', 'image_module_test', 'module', '', 0, 0, -1, 0, 0x613a31333a7b733a343a226e616d65223b733a31303a22496d6167652074657374223b733a31313a226465736372697074696f6e223b733a36393a2250726f766964657320686f6f6b20696d706c656d656e746174696f6e7320666f722074657374696e6720496d616765206d6f64756c652066756e6374696f6e616c6974792e223b733a373a227061636b616765223b733a343a22436f7265223b733a373a2276657273696f6e223b733a343a22372e3339223b733a343a22636f7265223b733a333a22372e78223b733a353a2266696c6573223b613a313a7b693a303b733a32343a22696d6167655f6d6f64756c655f746573742e6d6f64756c65223b7d733a363a2268696464656e223b623a313b733a373a2270726f6a656374223b733a363a2264727570616c223b733a393a22646174657374616d70223b733a31303a2231343430303230313937223b733a353a226d74696d65223b693a313434303139303033343b733a31323a22646570656e64656e63696573223b613a303a7b7d733a333a22706870223b733a353a22352e322e34223b733a393a22626f6f747374726170223b693a303b7d);
INSERT INTO `system` (`filename`, `name`, `type`, `owner`, `status`, `bootstrap`, `schema_version`, `weight`, `info`) VALUES
('modules/jquery_update/jquery_update.module', 'jquery_update', 'module', '', 1, 0, 7000, 0, 0x613a31333a7b733a343a226e616d65223b733a31333a226a517565727920557064617465223b733a31313a226465736372697074696f6e223b733a35333a22557064617465206a517565727920616e64206a517565727920554920746f2061206d6f726520726563656e742076657273696f6e2e223b733a373a227061636b616765223b733a31343a225573657220696e74657266616365223b733a343a22636f7265223b733a333a22372e78223b733a353a2266696c6573223b613a323a7b693a303b733a32303a226a71756572795f7570646174652e6d6f64756c65223b693a313b733a32313a226a71756572795f7570646174652e696e7374616c6c223b7d733a393a22636f6e666967757265223b733a33383a2261646d696e2f636f6e6669672f646576656c6f706d656e742f6a71756572795f757064617465223b733a373a2276657273696f6e223b733a373a22372e782d322e33223b733a373a2270726f6a656374223b733a31333a226a71756572795f757064617465223b733a393a22646174657374616d70223b733a31303a2231333630333735393035223b733a353a226d74696d65223b693a313430313735333236343b733a31323a22646570656e64656e63696573223b613a303a7b7d733a333a22706870223b733a353a22352e322e34223b733a393a22626f6f747374726170223b693a303b7d),
('modules/libraries/libraries.module', 'libraries', 'module', '', 1, 0, 7200, 0, 0x613a31323a7b733a343a226e616d65223b733a393a224c6962726172696573223b733a31313a226465736372697074696f6e223b733a36343a22416c6c6f77732076657273696f6e2d646570656e64656e7420616e6420736861726564207573616765206f662065787465726e616c206c69627261726965732e223b733a343a22636f7265223b733a333a22372e78223b733a353a2266696c6573223b613a313a7b693a303b733a32303a2274657374732f6c69627261726965732e74657374223b7d733a373a2276657273696f6e223b733a373a22372e782d322e31223b733a373a2270726f6a656374223b733a393a226c6962726172696573223b733a393a22646174657374616d70223b733a31303a2231333632383438343132223b733a353a226d74696d65223b693a313339343731383530313b733a31323a22646570656e64656e63696573223b613a303a7b7d733a373a227061636b616765223b733a353a224f74686572223b733a333a22706870223b733a353a22352e322e34223b733a393a22626f6f747374726170223b693a303b7d),
('modules/libraries/tests/libraries_test.module', 'libraries_test', 'module', '', 0, 0, -1, 0, 0x613a31333a7b733a343a226e616d65223b733a32313a224c69627261726965732074657374206d6f64756c65223b733a31313a226465736372697074696f6e223b733a33363a225465737473206c69627261727920646574656374696f6e20616e64206c6f6164696e672e223b733a343a22636f7265223b733a333a22372e78223b733a31323a22646570656e64656e63696573223b613a313a7b693a303b733a393a226c6962726172696573223b7d733a363a2268696464656e223b623a313b733a373a2276657273696f6e223b733a373a22372e782d322e31223b733a373a2270726f6a656374223b733a393a226c6962726172696573223b733a393a22646174657374616d70223b733a31303a2231333632383438343132223b733a353a226d74696d65223b693a313339343731383530313b733a373a227061636b616765223b733a353a224f74686572223b733a333a22706870223b733a353a22352e322e34223b733a353a2266696c6573223b613a303a7b7d733a393a22626f6f747374726170223b693a303b7d),
('modules/locale/locale.module', 'locale', 'module', '', 1, 0, 7005, 0, 0x613a31333a7b733a343a226e616d65223b733a363a224c6f63616c65223b733a31313a226465736372697074696f6e223b733a3131393a2241646473206c616e67756167652068616e646c696e672066756e6374696f6e616c69747920616e6420656e61626c657320746865207472616e736c6174696f6e206f6620746865207573657220696e7465726661636520746f206c616e677561676573206f74686572207468616e20456e676c6973682e223b733a373a227061636b616765223b733a343a22436f7265223b733a373a2276657273696f6e223b733a343a22372e3339223b733a343a22636f7265223b733a333a22372e78223b733a353a2266696c6573223b613a313a7b693a303b733a31313a226c6f63616c652e74657374223b7d733a393a22636f6e666967757265223b733a33303a2261646d696e2f636f6e6669672f726567696f6e616c2f6c616e6775616765223b733a373a2270726f6a656374223b733a363a2264727570616c223b733a393a22646174657374616d70223b733a31303a2231343430303230313937223b733a353a226d74696d65223b693a313434303139303033303b733a31323a22646570656e64656e63696573223b613a303a7b7d733a333a22706870223b733a353a22352e322e34223b733a393a22626f6f747374726170223b693a303b7d),
('modules/locale/tests/locale_test.module', 'locale_test', 'module', '', 0, 0, -1, 0, 0x613a31333a7b733a343a226e616d65223b733a31313a224c6f63616c652054657374223b733a31313a226465736372697074696f6e223b733a34323a22537570706f7274206d6f64756c6520666f7220746865206c6f63616c65206c617965722074657374732e223b733a343a22636f7265223b733a333a22372e78223b733a373a227061636b616765223b733a373a2254657374696e67223b733a373a2276657273696f6e223b733a343a22372e3339223b733a363a2268696464656e223b623a313b733a373a2270726f6a656374223b733a363a2264727570616c223b733a393a22646174657374616d70223b733a31303a2231343430303230313937223b733a353a226d74696d65223b693a313434303139303133323b733a31323a22646570656e64656e63696573223b613a303a7b7d733a333a22706870223b733a353a22352e322e34223b733a353a2266696c6573223b613a303a7b7d733a393a22626f6f747374726170223b693a303b7d),
('modules/menu/menu.module', 'menu', 'module', '', 1, 0, 7003, 0, 0x613a31333a7b733a343a226e616d65223b733a343a224d656e75223b733a31313a226465736372697074696f6e223b733a36303a22416c6c6f77732061646d696e6973747261746f727320746f20637573746f6d697a65207468652073697465206e617669676174696f6e206d656e752e223b733a373a227061636b616765223b733a343a22436f7265223b733a373a2276657273696f6e223b733a343a22372e3339223b733a343a22636f7265223b733a333a22372e78223b733a353a2266696c6573223b613a313a7b693a303b733a393a226d656e752e74657374223b7d733a393a22636f6e666967757265223b733a32303a2261646d696e2f7374727563747572652f6d656e75223b733a373a2270726f6a656374223b733a363a2264727570616c223b733a393a22646174657374616d70223b733a31303a2231343430303230313937223b733a353a226d74696d65223b693a313434303138393932383b733a31323a22646570656e64656e63696573223b613a303a7b7d733a333a22706870223b733a353a22352e322e34223b733a393a22626f6f747374726170223b693a303b7d),
('modules/menu_token/menu_token.module', 'menu_token', 'module', '', 0, 0, 7004, 0, 0x613a31333a7b733a343a226e616d65223b733a31303a224d656e7520546f6b656e223b733a31313a226465736372697074696f6e223b733a33383a2250726f766964657320746f6b656e7320696e206d656e75206974656d7320286c696e6b73292e223b733a343a22636f7265223b733a333a22372e78223b733a31323a22646570656e64656e63696573223b613a343a7b693a303b733a343a226d656e75223b693a313b733a363a22656e74697479223b693a323b733a353a22746f6b656e223b693a333b733a363a2263746f6f6c73223b7d733a353a2266696c6573223b613a313a7b693a303b733a31353a226d656e755f746f6b656e2e74657374223b7d733a393a22636f6e666967757265223b733a32333a2261646d696e2f636f6e6669672f6d656e755f746f6b656e223b733a373a2276657273696f6e223b733a31333a22372e782d312e302d6265746135223b733a373a2270726f6a656374223b733a31303a226d656e755f746f6b656e223b733a393a22646174657374616d70223b733a31303a2231333731323332323535223b733a353a226d74696d65223b693a313339343731383530323b733a373a227061636b616765223b733a353a224f74686572223b733a333a22706870223b733a353a22352e322e34223b733a393a22626f6f747374726170223b693a303b7d),
('modules/node/node.module', 'node', 'module', '', 1, 0, 7015, 0, 0x613a31353a7b733a343a226e616d65223b733a343a224e6f6465223b733a31313a226465736372697074696f6e223b733a36363a22416c6c6f777320636f6e74656e7420746f206265207375626d697474656420746f20746865207369746520616e6420646973706c61796564206f6e2070616765732e223b733a373a227061636b616765223b733a343a22436f7265223b733a373a2276657273696f6e223b733a343a22372e3339223b733a343a22636f7265223b733a333a22372e78223b733a353a2266696c6573223b613a323a7b693a303b733a31313a226e6f64652e6d6f64756c65223b693a313b733a393a226e6f64652e74657374223b7d733a383a227265717569726564223b623a313b733a393a22636f6e666967757265223b733a32313a2261646d696e2f7374727563747572652f7479706573223b733a31313a227374796c65736865657473223b613a313a7b733a333a22616c6c223b613a313a7b733a383a226e6f64652e637373223b733a32313a226d6f64756c65732f6e6f64652f6e6f64652e637373223b7d7d733a373a2270726f6a656374223b733a363a2264727570616c223b733a393a22646174657374616d70223b733a31303a2231343430303230313937223b733a353a226d74696d65223b693a313434303138393936393b733a31323a22646570656e64656e63696573223b613a303a7b7d733a333a22706870223b733a353a22352e322e34223b733a393a22626f6f747374726170223b693a303b7d),
('modules/node/tests/node_access_test.module', 'node_access_test', 'module', '', 0, 0, -1, 0, 0x613a31333a7b733a343a226e616d65223b733a32343a224e6f6465206d6f64756c6520616363657373207465737473223b733a31313a226465736372697074696f6e223b733a34333a22537570706f7274206d6f64756c6520666f72206e6f6465207065726d697373696f6e2074657374696e672e223b733a373a227061636b616765223b733a373a2254657374696e67223b733a373a2276657273696f6e223b733a343a22372e3339223b733a343a22636f7265223b733a333a22372e78223b733a363a2268696464656e223b623a313b733a373a2270726f6a656374223b733a363a2264727570616c223b733a393a22646174657374616d70223b733a31303a2231343430303230313937223b733a353a226d74696d65223b693a313434303139303131323b733a31323a22646570656e64656e63696573223b613a303a7b7d733a333a22706870223b733a353a22352e322e34223b733a353a2266696c6573223b613a303a7b7d733a393a22626f6f747374726170223b693a303b7d),
('modules/node/tests/node_test.module', 'node_test', 'module', '', 0, 0, -1, 0, 0x613a31333a7b733a343a226e616d65223b733a31373a224e6f6465206d6f64756c65207465737473223b733a31313a226465736372697074696f6e223b733a34303a22537570706f7274206d6f64756c6520666f72206e6f64652072656c617465642074657374696e672e223b733a373a227061636b616765223b733a373a2254657374696e67223b733a373a2276657273696f6e223b733a343a22372e3339223b733a343a22636f7265223b733a333a22372e78223b733a363a2268696464656e223b623a313b733a373a2270726f6a656374223b733a363a2264727570616c223b733a393a22646174657374616d70223b733a31303a2231343430303230313937223b733a353a226d74696d65223b693a313434303139303131313b733a31323a22646570656e64656e63696573223b613a303a7b7d733a333a22706870223b733a353a22352e322e34223b733a353a2266696c6573223b613a303a7b7d733a393a22626f6f747374726170223b693a303b7d),
('modules/node/tests/node_test_exception.module', 'node_test_exception', 'module', '', 0, 0, -1, 0, 0x613a31333a7b733a343a226e616d65223b733a32373a224e6f6465206d6f64756c6520657863657074696f6e207465737473223b733a31313a226465736372697074696f6e223b733a35303a22537570706f7274206d6f64756c6520666f72206e6f64652072656c6174656420657863657074696f6e2074657374696e672e223b733a373a227061636b616765223b733a373a2254657374696e67223b733a373a2276657273696f6e223b733a343a22372e3339223b733a343a22636f7265223b733a333a22372e78223b733a363a2268696464656e223b623a313b733a373a2270726f6a656374223b733a363a2264727570616c223b733a393a22646174657374616d70223b733a31303a2231343430303230313937223b733a353a226d74696d65223b693a313434303139303131323b733a31323a22646570656e64656e63696573223b613a303a7b7d733a333a22706870223b733a353a22352e322e34223b733a353a2266696c6573223b613a303a7b7d733a393a22626f6f747374726170223b693a303b7d),
('modules/openid/openid.module', 'openid', 'module', '', 0, 0, -1, 0, 0x613a31323a7b733a343a226e616d65223b733a363a224f70656e4944223b733a31313a226465736372697074696f6e223b733a34383a22416c6c6f777320757365727320746f206c6f6720696e746f20796f75722073697465207573696e67204f70656e49442e223b733a373a2276657273696f6e223b733a343a22372e3339223b733a373a227061636b616765223b733a343a22436f7265223b733a343a22636f7265223b733a333a22372e78223b733a353a2266696c6573223b613a313a7b693a303b733a31313a226f70656e69642e74657374223b7d733a373a2270726f6a656374223b733a363a2264727570616c223b733a393a22646174657374616d70223b733a31303a2231343430303230313937223b733a353a226d74696d65223b693a313434303138393938333b733a31323a22646570656e64656e63696573223b613a303a7b7d733a333a22706870223b733a353a22352e322e34223b733a393a22626f6f747374726170223b693a303b7d),
('modules/openid/tests/openid_test.module', 'openid_test', 'module', '', 0, 0, -1, 0, 0x613a31333a7b733a343a226e616d65223b733a32313a224f70656e49442064756d6d792070726f7669646572223b733a31313a226465736372697074696f6e223b733a33333a224f70656e49442070726f7669646572207573656420666f722074657374696e672e223b733a373a227061636b616765223b733a373a2254657374696e67223b733a373a2276657273696f6e223b733a343a22372e3339223b733a343a22636f7265223b733a333a22372e78223b733a31323a22646570656e64656e63696573223b613a313a7b693a303b733a363a226f70656e6964223b7d733a363a2268696464656e223b623a313b733a373a2270726f6a656374223b733a363a2264727570616c223b733a393a22646174657374616d70223b733a31303a2231343430303230313937223b733a353a226d74696d65223b693a313434303139303132313b733a333a22706870223b733a353a22352e322e34223b733a353a2266696c6573223b613a303a7b7d733a393a22626f6f747374726170223b693a303b7d),
('modules/overlay/overlay.module', 'overlay', 'module', '', 1, 1, 0, 0, 0x613a31323a7b733a343a226e616d65223b733a373a224f7665726c6179223b733a31313a226465736372697074696f6e223b733a35393a22446973706c617973207468652044727570616c2061646d696e697374726174696f6e20696e7465726661636520696e20616e206f7665726c61792e223b733a373a227061636b616765223b733a343a22436f7265223b733a373a2276657273696f6e223b733a343a22372e3339223b733a343a22636f7265223b733a333a22372e78223b733a373a2270726f6a656374223b733a363a2264727570616c223b733a393a22646174657374616d70223b733a31303a2231343430303230313937223b733a353a226d74696d65223b693a313434303138393835303b733a31323a22646570656e64656e63696573223b613a303a7b7d733a333a22706870223b733a353a22352e322e34223b733a353a2266696c6573223b613a303a7b7d733a393a22626f6f747374726170223b693a303b7d),
('modules/path/path.module', 'path', 'module', '', 1, 0, 0, 0, 0x613a31333a7b733a343a226e616d65223b733a343a2250617468223b733a31313a226465736372697074696f6e223b733a32383a22416c6c6f777320757365727320746f2072656e616d652055524c732e223b733a373a227061636b616765223b733a343a22436f7265223b733a373a2276657273696f6e223b733a343a22372e3339223b733a343a22636f7265223b733a333a22372e78223b733a353a2266696c6573223b613a313a7b693a303b733a393a22706174682e74657374223b7d733a393a22636f6e666967757265223b733a32343a2261646d696e2f636f6e6669672f7365617263682f70617468223b733a373a2270726f6a656374223b733a363a2264727570616c223b733a393a22646174657374616d70223b733a31303a2231343430303230313937223b733a353a226d74696d65223b693a313434303138393837303b733a31323a22646570656e64656e63696573223b613a303a7b7d733a333a22706870223b733a353a22352e322e34223b733a393a22626f6f747374726170223b693a303b7d),
('modules/pathauto/pathauto.module', 'pathauto', 'module', '', 1, 0, 7005, 1, 0x613a31343a7b733a343a226e616d65223b733a383a22506174686175746f223b733a31313a226465736372697074696f6e223b733a39353a2250726f76696465732061206d656368616e69736d20666f72206d6f64756c657320746f206175746f6d61746963616c6c792067656e657261746520616c696173657320666f722074686520636f6e74656e742074686579206d616e6167652e223b733a31323a22646570656e64656e63696573223b613a323a7b693a303b733a343a2270617468223b693a313b733a353a22746f6b656e223b7d733a343a22636f7265223b733a333a22372e78223b733a353a2266696c6573223b613a313a7b693a303b733a31333a22706174686175746f2e74657374223b7d733a393a22636f6e666967757265223b733a33333a2261646d696e2f636f6e6669672f7365617263682f706174682f7061747465726e73223b733a31303a227265636f6d6d656e6473223b613a313a7b693a303b733a383a227265646972656374223b7d733a373a2276657273696f6e223b733a373a22372e782d312e32223b733a373a2270726f6a656374223b733a383a22706174686175746f223b733a393a22646174657374616d70223b733a31303a2231333434353235313835223b733a353a226d74696d65223b693a313339343731383530323b733a373a227061636b616765223b733a353a224f74686572223b733a333a22706870223b733a353a22352e322e34223b733a393a22626f6f747374726170223b693a303b7d),
('modules/php/php.module', 'php', 'module', '', 0, 0, -1, 0, 0x613a31323a7b733a343a226e616d65223b733a31303a225048502066696c746572223b733a31313a226465736372697074696f6e223b733a35303a22416c6c6f777320656d6265646465642050485020636f64652f736e69707065747320746f206265206576616c75617465642e223b733a373a227061636b616765223b733a343a22436f7265223b733a373a2276657273696f6e223b733a343a22372e3339223b733a343a22636f7265223b733a333a22372e78223b733a353a2266696c6573223b613a313a7b693a303b733a383a227068702e74657374223b7d733a373a2270726f6a656374223b733a363a2264727570616c223b733a393a22646174657374616d70223b733a31303a2231343430303230313937223b733a353a226d74696d65223b693a313434303138393939353b733a31323a22646570656e64656e63696573223b613a303a7b7d733a333a22706870223b733a353a22352e322e34223b733a393a22626f6f747374726170223b693a303b7d),
('modules/poll/poll.module', 'poll', 'module', '', 0, 0, -1, 0, 0x613a31333a7b733a343a226e616d65223b733a343a22506f6c6c223b733a31313a226465736372697074696f6e223b733a39353a22416c6c6f777320796f7572207369746520746f206361707475726520766f746573206f6e20646966666572656e7420746f7069637320696e2074686520666f726d206f66206d756c7469706c652063686f696365207175657374696f6e732e223b733a373a227061636b616765223b733a343a22436f7265223b733a373a2276657273696f6e223b733a343a22372e3339223b733a343a22636f7265223b733a333a22372e78223b733a353a2266696c6573223b613a313a7b693a303b733a393a22706f6c6c2e74657374223b7d733a31313a227374796c65736865657473223b613a313a7b733a333a22616c6c223b613a313a7b733a383a22706f6c6c2e637373223b733a32313a226d6f64756c65732f706f6c6c2f706f6c6c2e637373223b7d7d733a373a2270726f6a656374223b733a363a2264727570616c223b733a393a22646174657374616d70223b733a31303a2231343430303230313937223b733a353a226d74696d65223b693a313434303138393934353b733a31323a22646570656e64656e63696573223b613a303a7b7d733a333a22706870223b733a353a22352e322e34223b733a393a22626f6f747374726170223b693a303b7d),
('modules/profile/profile.module', 'profile', 'module', '', 0, 0, -1, 0, 0x613a31343a7b733a343a226e616d65223b733a373a2250726f66696c65223b733a31313a226465736372697074696f6e223b733a33363a22537570706f72747320636f6e666967757261626c6520757365722070726f66696c65732e223b733a373a227061636b616765223b733a343a22436f7265223b733a373a2276657273696f6e223b733a343a22372e3339223b733a343a22636f7265223b733a333a22372e78223b733a353a2266696c6573223b613a313a7b693a303b733a31323a2270726f66696c652e74657374223b7d733a393a22636f6e666967757265223b733a32373a2261646d696e2f636f6e6669672f70656f706c652f70726f66696c65223b733a363a2268696464656e223b623a313b733a373a2270726f6a656374223b733a363a2264727570616c223b733a393a22646174657374616d70223b733a31303a2231343430303230313937223b733a353a226d74696d65223b693a313434303138393933343b733a31323a22646570656e64656e63696573223b613a303a7b7d733a333a22706870223b733a353a22352e322e34223b733a393a22626f6f747374726170223b693a303b7d),
('modules/rdf/rdf.module', 'rdf', 'module', '', 1, 0, 0, 0, 0x613a31323a7b733a343a226e616d65223b733a333a22524446223b733a31313a226465736372697074696f6e223b733a3134383a22456e72696368657320796f757220636f6e74656e742077697468206d6574616461746120746f206c6574206f74686572206170706c69636174696f6e732028652e672e2073656172636820656e67696e65732c2061676772656761746f7273292062657474657220756e6465727374616e64206974732072656c6174696f6e736869707320616e6420617474726962757465732e223b733a373a227061636b616765223b733a343a22436f7265223b733a373a2276657273696f6e223b733a343a22372e3339223b733a343a22636f7265223b733a333a22372e78223b733a353a2266696c6573223b613a313a7b693a303b733a383a227264662e74657374223b7d733a373a2270726f6a656374223b733a363a2264727570616c223b733a393a22646174657374616d70223b733a31303a2231343430303230313937223b733a353a226d74696d65223b693a313434303138393834353b733a31323a22646570656e64656e63696573223b613a303a7b7d733a333a22706870223b733a353a22352e322e34223b733a393a22626f6f747374726170223b693a303b7d),
('modules/rdf/tests/rdf_test.module', 'rdf_test', 'module', '', 0, 0, -1, 0, 0x613a31333a7b733a343a226e616d65223b733a31363a22524446206d6f64756c65207465737473223b733a31313a226465736372697074696f6e223b733a33383a22537570706f7274206d6f64756c6520666f7220524446206d6f64756c652074657374696e672e223b733a373a227061636b616765223b733a373a2254657374696e67223b733a373a2276657273696f6e223b733a343a22372e3339223b733a343a22636f7265223b733a333a22372e78223b733a363a2268696464656e223b623a313b733a373a2270726f6a656374223b733a363a2264727570616c223b733a393a22646174657374616d70223b733a31303a2231343430303230313937223b733a353a226d74696d65223b693a313434303139303033363b733a31323a22646570656e64656e63696573223b613a303a7b7d733a333a22706870223b733a353a22352e322e34223b733a353a2266696c6573223b613a303a7b7d733a393a22626f6f747374726170223b693a303b7d),
('modules/search/search.module', 'search', 'module', '', 1, 0, 7000, 0, 0x613a31343a7b733a343a226e616d65223b733a363a22536561726368223b733a31313a226465736372697074696f6e223b733a33363a22456e61626c657320736974652d77696465206b6579776f726420736561726368696e672e223b733a373a227061636b616765223b733a343a22436f7265223b733a373a2276657273696f6e223b733a343a22372e3339223b733a343a22636f7265223b733a333a22372e78223b733a353a2266696c6573223b613a323a7b693a303b733a31393a227365617263682e657874656e6465722e696e63223b693a313b733a31313a227365617263682e74657374223b7d733a393a22636f6e666967757265223b733a32383a2261646d696e2f636f6e6669672f7365617263682f73657474696e6773223b733a31313a227374796c65736865657473223b613a313a7b733a333a22616c6c223b613a313a7b733a31303a227365617263682e637373223b733a32353a226d6f64756c65732f7365617263682f7365617263682e637373223b7d7d733a373a2270726f6a656374223b733a363a2264727570616c223b733a393a22646174657374616d70223b733a31303a2231343430303230313937223b733a353a226d74696d65223b693a313434303139303031383b733a31323a22646570656e64656e63696573223b613a303a7b7d733a333a22706870223b733a353a22352e322e34223b733a393a22626f6f747374726170223b693a303b7d),
('modules/search/tests/search_embedded_form.module', 'search_embedded_form', 'module', '', 0, 0, -1, 0, 0x613a31333a7b733a343a226e616d65223b733a32303a2253656172636820656d62656464656420666f726d223b733a31313a226465736372697074696f6e223b733a35393a22537570706f7274206d6f64756c6520666f7220736561726368206d6f64756c652074657374696e67206f6620656d62656464656420666f726d732e223b733a373a227061636b616765223b733a373a2254657374696e67223b733a373a2276657273696f6e223b733a343a22372e3339223b733a343a22636f7265223b733a333a22372e78223b733a363a2268696464656e223b623a313b733a373a2270726f6a656374223b733a363a2264727570616c223b733a393a22646174657374616d70223b733a31303a2231343430303230313937223b733a353a226d74696d65223b693a313434303139303132383b733a31323a22646570656e64656e63696573223b613a303a7b7d733a333a22706870223b733a353a22352e322e34223b733a353a2266696c6573223b613a303a7b7d733a393a22626f6f747374726170223b693a303b7d),
('modules/search/tests/search_extra_type.module', 'search_extra_type', 'module', '', 0, 0, -1, 0, 0x613a31333a7b733a343a226e616d65223b733a31363a2254657374207365617263682074797065223b733a31313a226465736372697074696f6e223b733a34313a22537570706f7274206d6f64756c6520666f7220736561726368206d6f64756c652074657374696e672e223b733a373a227061636b616765223b733a373a2254657374696e67223b733a373a2276657273696f6e223b733a343a22372e3339223b733a343a22636f7265223b733a333a22372e78223b733a363a2268696464656e223b623a313b733a373a2270726f6a656374223b733a363a2264727570616c223b733a393a22646174657374616d70223b733a31303a2231343430303230313937223b733a353a226d74696d65223b693a313434303139303132393b733a31323a22646570656e64656e63696573223b613a303a7b7d733a333a22706870223b733a353a22352e322e34223b733a353a2266696c6573223b613a303a7b7d733a393a22626f6f747374726170223b693a303b7d),
('modules/search/tests/search_node_tags.module', 'search_node_tags', 'module', '', 0, 0, -1, 0, 0x613a31333a7b733a343a226e616d65223b733a32313a225465737420736561726368206e6f64652074616773223b733a31313a226465736372697074696f6e223b733a34343a22537570706f7274206d6f64756c6520666f72204e6f64652073656172636820746167732074657374696e672e223b733a373a227061636b616765223b733a373a2254657374696e67223b733a373a2276657273696f6e223b733a343a22372e3339223b733a343a22636f7265223b733a333a22372e78223b733a363a2268696464656e223b623a313b733a373a2270726f6a656374223b733a363a2264727570616c223b733a393a22646174657374616d70223b733a31303a2231343430303230313937223b733a353a226d74696d65223b693a313434303139303132383b733a31323a22646570656e64656e63696573223b613a303a7b7d733a333a22706870223b733a353a22352e322e34223b733a353a2266696c6573223b613a303a7b7d733a393a22626f6f747374726170223b693a303b7d),
('modules/shortcut/shortcut.module', 'shortcut', 'module', '', 1, 0, 0, 0, 0x613a31333a7b733a343a226e616d65223b733a383a2253686f7274637574223b733a31313a226465736372697074696f6e223b733a36303a22416c6c6f777320757365727320746f206d616e61676520637573746f6d697a61626c65206c69737473206f662073686f7274637574206c696e6b732e223b733a373a227061636b616765223b733a343a22436f7265223b733a373a2276657273696f6e223b733a343a22372e3339223b733a343a22636f7265223b733a333a22372e78223b733a353a2266696c6573223b613a313a7b693a303b733a31333a2273686f72746375742e74657374223b7d733a393a22636f6e666967757265223b733a33363a2261646d696e2f636f6e6669672f757365722d696e746572666163652f73686f7274637574223b733a373a2270726f6a656374223b733a363a2264727570616c223b733a393a22646174657374616d70223b733a31303a2231343430303230313937223b733a353a226d74696d65223b693a313434303138393931373b733a31323a22646570656e64656e63696573223b613a303a7b7d733a333a22706870223b733a353a22352e322e34223b733a393a22626f6f747374726170223b693a303b7d),
('modules/simpletest/simpletest.module', 'simpletest', 'module', '', 0, 0, -1, 0, 0x[encoded data, 4334 characters]),
('modules/simpletest/tests/actions_loop_test.module', 'actions_loop_test', 'module', '', 0, 0, -1, 0, 0x613a31333a7b733a343a226e616d65223b733a31373a22416374696f6e73206c6f6f702074657374223b733a31313a226465736372697074696f6e223b733a33393a22537570706f7274206d6f64756c6520666f7220616374696f6e206c6f6f702074657374696e672e223b733a373a227061636b616765223b733a373a2254657374696e67223b733a373a2276657273696f6e223b733a343a22372e3339223b733a343a22636f7265223b733a333a22372e78223b733a363a2268696464656e223b623a313b733a373a2270726f6a656374223b733a363a2264727570616c223b733a393a22646174657374616d70223b733a31303a2231343430303230313937223b733a353a226d74696d65223b693a313434303139303035363b733a31323a22646570656e64656e63696573223b613a303a7b7d733a333a22706870223b733a353a22352e322e34223b733a353a2266696c6573223b613a303a7b7d733a393a22626f6f747374726170223b693a303b7d),
('modules/simpletest/tests/ajax_forms_test.module', 'ajax_forms_test', 'module', '', 0, 0, -1, 0, 0x613a31333a7b733a343a226e616d65223b733a32363a22414a415820666f726d2074657374206d6f636b206d6f64756c65223b733a31313a226465736372697074696f6e223b733a32353a225465737420666f7220414a415820666f726d2063616c6c732e223b733a343a22636f7265223b733a333a22372e78223b733a373a227061636b616765223b733a373a2254657374696e67223b733a373a2276657273696f6e223b733a343a22372e3339223b733a363a2268696464656e223b623a313b733a373a2270726f6a656374223b733a363a2264727570616c223b733a393a22646174657374616d70223b733a31303a2231343430303230313937223b733a353a226d74696d65223b693a313434303139303036353b733a31323a22646570656e64656e63696573223b613a303a7b7d733a333a22706870223b733a353a22352e322e34223b733a353a2266696c6573223b613a303a7b7d733a393a22626f6f747374726170223b693a303b7d),
('modules/simpletest/tests/ajax_test.module', 'ajax_test', 'module', '', 0, 0, -1, 0, 0x613a31333a7b733a343a226e616d65223b733a393a22414a41582054657374223b733a31313a226465736372697074696f6e223b733a34303a22537570706f7274206d6f64756c6520666f7220414a4158206672616d65776f726b2074657374732e223b733a373a227061636b616765223b733a373a2254657374696e67223b733a373a2276657273696f6e223b733a343a22372e3339223b733a343a22636f7265223b733a333a22372e78223b733a363a2268696464656e223b623a313b733a373a2270726f6a656374223b733a363a2264727570616c223b733a393a22646174657374616d70223b733a31303a2231343430303230313937223b733a353a226d74696d65223b693a313434303139303036323b733a31323a22646570656e64656e63696573223b613a303a7b7d733a333a22706870223b733a353a22352e322e34223b733a353a2266696c6573223b613a303a7b7d733a393a22626f6f747374726170223b693a303b7d),
('modules/simpletest/tests/batch_test.module', 'batch_test', 'module', '', 0, 0, -1, 0, 0x613a31333a7b733a343a226e616d65223b733a31343a224261746368204150492074657374223b733a31313a226465736372697074696f6e223b733a33353a22537570706f7274206d6f64756c6520666f72204261746368204150492074657374732e223b733a373a227061636b616765223b733a373a2254657374696e67223b733a373a2276657273696f6e223b733a343a22372e3339223b733a343a22636f7265223b733a333a22372e78223b733a363a2268696464656e223b623a313b733a373a2270726f6a656374223b733a363a2264727570616c223b733a393a22646174657374616d70223b733a31303a2231343430303230313937223b733a353a226d74696d65223b693a313434303139303035303b733a31323a22646570656e64656e63696573223b613a303a7b7d733a333a22706870223b733a353a22352e322e34223b733a353a2266696c6573223b613a303a7b7d733a393a22626f6f747374726170223b693a303b7d),
('modules/simpletest/tests/common_test.module', 'common_test', 'module', '', 0, 0, -1, 0, 0x613a31343a7b733a343a226e616d65223b733a31313a22436f6d6d6f6e2054657374223b733a31313a226465736372697074696f6e223b733a33323a22537570706f7274206d6f64756c6520666f7220436f6d6d6f6e2074657374732e223b733a373a227061636b616765223b733a373a2254657374696e67223b733a373a2276657273696f6e223b733a343a22372e3339223b733a343a22636f7265223b733a333a22372e78223b733a31313a227374796c65736865657473223b613a323a7b733a333a22616c6c223b613a313a7b733a31353a22636f6d6d6f6e5f746573742e637373223b733a34303a226d6f64756c65732f73696d706c65746573742f74657374732f636f6d6d6f6e5f746573742e637373223b7d733a353a227072696e74223b613a313a7b733a32313a22636f6d6d6f6e5f746573742e7072696e742e637373223b733a34363a226d6f64756c65732f73696d706c65746573742f74657374732f636f6d6d6f6e5f746573742e7072696e742e637373223b7d7d733a363a2268696464656e223b623a313b733a373a2270726f6a656374223b733a363a2264727570616c223b733a393a22646174657374616d70223b733a31303a2231343430303230313937223b733a353a226d74696d65223b693a313434303139303035333b733a31323a22646570656e64656e63696573223b613a303a7b7d733a333a22706870223b733a353a22352e322e34223b733a353a2266696c6573223b613a303a7b7d733a393a22626f6f747374726170223b693a303b7d),
('modules/simpletest/tests/common_test_cron_helper.module', 'common_test_cron_helper', 'module', '', 0, 0, -1, 0, 0x613a31333a7b733a343a226e616d65223b733a32333a22436f6d6d6f6e20546573742043726f6e2048656c706572223b733a31313a226465736372697074696f6e223b733a35363a2248656c706572206d6f64756c6520666f722043726f6e52756e54657374436173653a3a7465737443726f6e457863657074696f6e7328292e223b733a373a227061636b616765223b733a373a2254657374696e67223b733a373a2276657273696f6e223b733a343a22372e3339223b733a343a22636f7265223b733a333a22372e78223b733a363a2268696464656e223b623a313b733a373a2270726f6a656374223b733a363a2264727570616c223b733a393a22646174657374616d70223b733a31303a2231343430303230313937223b733a353a226d74696d65223b693a313434303139303035383b733a31323a22646570656e64656e63696573223b613a303a7b7d733a333a22706870223b733a353a22352e322e34223b733a353a2266696c6573223b613a303a7b7d733a393a22626f6f747374726170223b693a303b7d),
('modules/simpletest/tests/database_test.module', 'database_test', 'module', '', 0, 0, -1, 0, 0x613a31333a7b733a343a226e616d65223b733a31333a2244617461626173652054657374223b733a31313a226465736372697074696f6e223b733a34303a22537570706f7274206d6f64756c6520666f72204461746162617365206c617965722074657374732e223b733a343a22636f7265223b733a333a22372e78223b733a373a227061636b616765223b733a373a2254657374696e67223b733a373a2276657273696f6e223b733a343a22372e3339223b733a363a2268696464656e223b623a313b733a373a2270726f6a656374223b733a363a2264727570616c223b733a393a22646174657374616d70223b733a31303a2231343430303230313937223b733a353a226d74696d65223b693a313434303139303038343b733a31323a22646570656e64656e63696573223b613a303a7b7d733a333a22706870223b733a353a22352e322e34223b733a353a2266696c6573223b613a303a7b7d733a393a22626f6f747374726170223b693a303b7d),
('modules/simpletest/tests/drupal_autoload_test/drupal_autoload_test.module', 'drupal_autoload_test', 'module', '', 0, 0, -1, 0, 0x613a31333a7b733a343a226e616d65223b733a32353a2244727570616c20636f64652072656769737472792074657374223b733a31313a226465736372697074696f6e223b733a34353a22537570706f7274206d6f64756c6520666f722074657374696e672074686520636f64652072656769737472792e223b733a353a2266696c6573223b613a323a7b693a303b733a33343a2264727570616c5f6175746f6c6f61645f746573745f696e746572666163652e696e63223b693a313b733a33303a2264727570616c5f6175746f6c6f61645f746573745f636c6173732e696e63223b7d733a373a227061636b616765223b733a373a2254657374696e67223b733a373a2276657273696f6e223b733a343a22372e3339223b733a343a22636f7265223b733a333a22372e78223b733a363a2268696464656e223b623a313b733a373a2270726f6a656374223b733a363a2264727570616c223b733a393a22646174657374616d70223b733a31303a2231343430303230313937223b733a353a226d74696d65223b693a313434303139303136353b733a31323a22646570656e64656e63696573223b613a303a7b7d733a333a22706870223b733a353a22352e322e34223b733a393a22626f6f747374726170223b693a303b7d),
('modules/simpletest/tests/drupal_system_listing_compatible_test/drupal_system_listing_compatible_test.module', 'drupal_system_listing_compatible_test', 'module', '', 0, 0, -1, 0, 0x613a31333a7b733a343a226e616d65223b733a33373a2244727570616c2073797374656d206c697374696e6720636f6d70617469626c652074657374223b733a31313a226465736372697074696f6e223b733a36323a22537570706f7274206d6f64756c6520666f722074657374696e67207468652064727570616c5f73797374656d5f6c697374696e672066756e6374696f6e2e223b733a373a227061636b616765223b733a373a2254657374696e67223b733a373a2276657273696f6e223b733a343a22372e3339223b733a343a22636f7265223b733a333a22372e78223b733a363a2268696464656e223b623a313b733a373a2270726f6a656374223b733a363a2264727570616c223b733a393a22646174657374616d70223b733a31303a2231343430303230313937223b733a353a226d74696d65223b693a313434303139303136333b733a31323a22646570656e64656e63696573223b613a303a7b7d733a333a22706870223b733a353a22352e322e34223b733a353a2266696c6573223b613a303a7b7d733a393a22626f6f747374726170223b693a303b7d),
('modules/simpletest/tests/drupal_system_listing_incompatible_test/drupal_system_listing_incompatible_test.module', 'drupal_system_listing_incompatible_test', 'module', '', 0, 0, -1, 0, 0x613a31333a7b733a343a226e616d65223b733a33393a2244727570616c2073797374656d206c697374696e6720696e636f6d70617469626c652074657374223b733a31313a226465736372697074696f6e223b733a36323a22537570706f7274206d6f64756c6520666f722074657374696e67207468652064727570616c5f73797374656d5f6c697374696e672066756e6374696f6e2e223b733a373a227061636b616765223b733a373a2254657374696e67223b733a373a2276657273696f6e223b733a343a22372e3339223b733a343a22636f7265223b733a333a22372e78223b733a363a2268696464656e223b623a313b733a373a2270726f6a656374223b733a363a2264727570616c223b733a393a22646174657374616d70223b733a31303a2231343430303230313937223b733a353a226d74696d65223b693a313434303139303136303b733a31323a22646570656e64656e63696573223b613a303a7b7d733a333a22706870223b733a353a22352e322e34223b733a353a2266696c6573223b613a303a7b7d733a393a22626f6f747374726170223b693a303b7d),
('modules/simpletest/tests/entity_cache_test.module', 'entity_cache_test', 'module', '', 0, 0, -1, 0, 0x613a31333a7b733a343a226e616d65223b733a31373a22456e746974792063616368652074657374223b733a31313a226465736372697074696f6e223b733a34303a22537570706f7274206d6f64756c6520666f722074657374696e6720656e746974792063616368652e223b733a373a227061636b616765223b733a373a2254657374696e67223b733a373a2276657273696f6e223b733a343a22372e3339223b733a343a22636f7265223b733a333a22372e78223b733a31323a22646570656e64656e63696573223b613a313a7b693a303b733a32383a22656e746974795f63616368655f746573745f646570656e64656e6379223b7d733a363a2268696464656e223b623a313b733a373a2270726f6a656374223b733a363a2264727570616c223b733a393a22646174657374616d70223b733a31303a2231343430303230313937223b733a353a226d74696d65223b693a313434303139303038333b733a333a22706870223b733a353a22352e322e34223b733a353a2266696c6573223b613a303a7b7d733a393a22626f6f747374726170223b693a303b7d),
('modules/simpletest/tests/entity_cache_test_dependency.module', 'entity_cache_test_dependency', 'module', '', 0, 0, -1, 0, 0x613a31333a7b733a343a226e616d65223b733a32383a22456e74697479206361636865207465737420646570656e64656e6379223b733a31313a226465736372697074696f6e223b733a35313a22537570706f727420646570656e64656e6379206d6f64756c6520666f722074657374696e6720656e746974792063616368652e223b733a373a227061636b616765223b733a373a2254657374696e67223b733a373a2276657273696f6e223b733a343a22372e3339223b733a343a22636f7265223b733a333a22372e78223b733a363a2268696464656e223b623a313b733a373a2270726f6a656374223b733a363a2264727570616c223b733a393a22646174657374616d70223b733a31303a2231343430303230313937223b733a353a226d74696d65223b693a313434303139303034353b733a31323a22646570656e64656e63696573223b613a303a7b7d733a333a22706870223b733a353a22352e322e34223b733a353a2266696c6573223b613a303a7b7d733a393a22626f6f747374726170223b693a303b7d),
('modules/simpletest/tests/entity_crud_hook_test.module', 'entity_crud_hook_test', 'module', '', 0, 0, -1, 0, 0x613a31333a7b733a343a226e616d65223b733a32323a22456e74697479204352554420486f6f6b732054657374223b733a31313a226465736372697074696f6e223b733a33353a22537570706f7274206d6f64756c6520666f72204352554420686f6f6b2074657374732e223b733a343a22636f7265223b733a333a22372e78223b733a373a227061636b616765223b733a373a2254657374696e67223b733a373a2276657273696f6e223b733a343a22372e3339223b733a363a2268696464656e223b623a313b733a373a2270726f6a656374223b733a363a2264727570616c223b733a393a22646174657374616d70223b733a31303a2231343430303230313937223b733a353a226d74696d65223b693a313434303139303035323b733a31323a22646570656e64656e63696573223b613a303a7b7d733a333a22706870223b733a353a22352e322e34223b733a353a2266696c6573223b613a303a7b7d733a393a22626f6f747374726170223b693a303b7d),
('modules/simpletest/tests/entity_query_access_test.module', 'entity_query_access_test', 'module', '', 0, 0, -1, 0, 0x613a31333a7b733a343a226e616d65223b733a32343a22456e74697479207175657279206163636573732074657374223b733a31313a226465736372697074696f6e223b733a34393a22537570706f7274206d6f64756c6520666f7220636865636b696e6720656e7469747920717565727920726573756c74732e223b733a373a227061636b616765223b733a373a2254657374696e67223b733a373a2276657273696f6e223b733a343a22372e3339223b733a343a22636f7265223b733a333a22372e78223b733a363a2268696464656e223b623a313b733a373a2270726f6a656374223b733a363a2264727570616c223b733a393a22646174657374616d70223b733a31303a2231343430303230313937223b733a353a226d74696d65223b693a313434303139303035383b733a31323a22646570656e64656e63696573223b613a303a7b7d733a333a22706870223b733a353a22352e322e34223b733a353a2266696c6573223b613a303a7b7d733a393a22626f6f747374726170223b693a303b7d),
('modules/simpletest/tests/error_test.module', 'error_test', 'module', '', 0, 0, -1, 0, 0x613a31333a7b733a343a226e616d65223b733a31303a224572726f722074657374223b733a31313a226465736372697074696f6e223b733a34373a22537570706f7274206d6f64756c6520666f72206572726f7220616e6420657863657074696f6e2074657374696e672e223b733a373a227061636b616765223b733a373a2254657374696e67223b733a373a2276657273696f6e223b733a343a22372e3339223b733a343a22636f7265223b733a333a22372e78223b733a363a2268696464656e223b623a313b733a373a2270726f6a656374223b733a363a2264727570616c223b733a393a22646174657374616d70223b733a31303a2231343430303230313937223b733a353a226d74696d65223b693a313434303139303036353b733a31323a22646570656e64656e63696573223b613a303a7b7d733a333a22706870223b733a353a22352e322e34223b733a353a2266696c6573223b613a303a7b7d733a393a22626f6f747374726170223b693a303b7d),
('modules/simpletest/tests/file_test.module', 'file_test', 'module', '', 0, 0, -1, 0, 0x613a31333a7b733a343a226e616d65223b733a393a2246696c652074657374223b733a31313a226465736372697074696f6e223b733a33393a22537570706f7274206d6f64756c6520666f722066696c652068616e646c696e672074657374732e223b733a373a227061636b616765223b733a373a2254657374696e67223b733a373a2276657273696f6e223b733a343a22372e3339223b733a343a22636f7265223b733a333a22372e78223b733a353a2266696c6573223b613a313a7b693a303b733a31363a2266696c655f746573742e6d6f64756c65223b7d733a363a2268696464656e223b623a313b733a373a2270726f6a656374223b733a363a2264727570616c223b733a393a22646174657374616d70223b733a31303a2231343430303230313937223b733a353a226d74696d65223b693a313434303139303038353b733a31323a22646570656e64656e63696573223b613a303a7b7d733a333a22706870223b733a353a22352e322e34223b733a393a22626f6f747374726170223b693a303b7d),
('modules/simpletest/tests/filter_test.module', 'filter_test', 'module', '', 0, 0, -1, 0, 0x613a31333a7b733a343a226e616d65223b733a31383a2246696c7465722074657374206d6f64756c65223b733a31313a226465736372697074696f6e223b733a33333a2254657374732066696c74657220686f6f6b7320616e642066756e6374696f6e732e223b733a373a227061636b616765223b733a373a2254657374696e67223b733a373a2276657273696f6e223b733a343a22372e3339223b733a343a22636f7265223b733a333a22372e78223b733a363a2268696464656e223b623a313b733a373a2270726f6a656374223b733a363a2264727570616c223b733a393a22646174657374616d70223b733a31303a2231343430303230313937223b733a353a226d74696d65223b693a313434303139303036373b733a31323a22646570656e64656e63696573223b613a303a7b7d733a333a22706870223b733a353a22352e322e34223b733a353a2266696c6573223b613a303a7b7d733a393a22626f6f747374726170223b693a303b7d),
('modules/simpletest/tests/form_test.module', 'form_test', 'module', '', 0, 0, -1, 0, 0x613a31333a7b733a343a226e616d65223b733a31323a22466f726d4150492054657374223b733a31313a226465736372697074696f6e223b733a33343a22537570706f7274206d6f64756c6520666f7220466f726d204150492074657374732e223b733a373a227061636b616765223b733a373a2254657374696e67223b733a373a2276657273696f6e223b733a343a22372e3339223b733a343a22636f7265223b733a333a22372e78223b733a363a2268696464656e223b623a313b733a373a2270726f6a656374223b733a363a2264727570616c223b733a393a22646174657374616d70223b733a31303a2231343430303230313937223b733a353a226d74696d65223b693a313434303139303037353b733a31323a22646570656e64656e63696573223b613a303a7b7d733a333a22706870223b733a353a22352e322e34223b733a353a2266696c6573223b613a303a7b7d733a393a22626f6f747374726170223b693a303b7d),
('modules/simpletest/tests/image_test.module', 'image_test', 'module', '', 0, 0, -1, 0, 0x613a31333a7b733a343a226e616d65223b733a31303a22496d6167652074657374223b733a31313a226465736372697074696f6e223b733a33393a22537570706f7274206d6f64756c6520666f7220696d61676520746f6f6c6b69742074657374732e223b733a373a227061636b616765223b733a373a2254657374696e67223b733a373a2276657273696f6e223b733a343a22372e3339223b733a343a22636f7265223b733a333a22372e78223b733a363a2268696464656e223b623a313b733a373a2270726f6a656374223b733a363a2264727570616c223b733a393a22646174657374616d70223b733a31303a2231343430303230313937223b733a353a226d74696d65223b693a313434303139303036303b733a31323a22646570656e64656e63696573223b613a303a7b7d733a333a22706870223b733a353a22352e322e34223b733a353a2266696c6573223b613a303a7b7d733a393a22626f6f747374726170223b693a303b7d),
('modules/simpletest/tests/menu_test.module', 'menu_test', 'module', '', 0, 0, -1, 0, 0x613a31333a7b733a343a226e616d65223b733a31353a22486f6f6b206d656e75207465737473223b733a31313a226465736372697074696f6e223b733a33373a22537570706f7274206d6f64756c6520666f72206d656e7520686f6f6b2074657374696e672e223b733a373a227061636b616765223b733a373a2254657374696e67223b733a373a2276657273696f6e223b733a343a22372e3339223b733a343a22636f7265223b733a333a22372e78223b733a363a2268696464656e223b623a313b733a373a2270726f6a656374223b733a363a2264727570616c223b733a393a22646174657374616d70223b733a31303a2231343430303230313937223b733a353a226d74696d65223b693a313434303139303038383b733a31323a22646570656e64656e63696573223b613a303a7b7d733a333a22706870223b733a353a22352e322e34223b733a353a2266696c6573223b613a303a7b7d733a393a22626f6f747374726170223b693a303b7d),
('modules/simpletest/tests/module_test.module', 'module_test', 'module', '', 0, 0, -1, 0, 0x613a31333a7b733a343a226e616d65223b733a31313a224d6f64756c652074657374223b733a31313a226465736372697074696f6e223b733a34313a22537570706f7274206d6f64756c6520666f72206d6f64756c652073797374656d2074657374696e672e223b733a373a227061636b616765223b733a373a2254657374696e67223b733a373a2276657273696f6e223b733a343a22372e3339223b733a343a22636f7265223b733a333a22372e78223b733a363a2268696464656e223b623a313b733a373a2270726f6a656374223b733a363a2264727570616c223b733a393a22646174657374616d70223b733a31303a2231343430303230313937223b733a353a226d74696d65223b693a313434303139303037323b733a31323a22646570656e64656e63696573223b613a303a7b7d733a333a22706870223b733a353a22352e322e34223b733a353a2266696c6573223b613a303a7b7d733a393a22626f6f747374726170223b693a303b7d),
('modules/simpletest/tests/path_test.module', 'path_test', 'module', '', 0, 0, -1, 0, 0x613a31333a7b733a343a226e616d65223b733a31353a22486f6f6b2070617468207465737473223b733a31313a226465736372697074696f6e223b733a33373a22537570706f7274206d6f64756c6520666f72207061746820686f6f6b2074657374696e672e223b733a373a227061636b616765223b733a373a2254657374696e67223b733a373a2276657273696f6e223b733a343a22372e3339223b733a343a22636f7265223b733a333a22372e78223b733a363a2268696464656e223b623a313b733a373a2270726f6a656374223b733a363a2264727570616c223b733a393a22646174657374616d70223b733a31303a2231343430303230313937223b733a353a226d74696d65223b693a313434303139303037333b733a31323a22646570656e64656e63696573223b613a303a7b7d733a333a22706870223b733a353a22352e322e34223b733a353a2266696c6573223b613a303a7b7d733a393a22626f6f747374726170223b693a303b7d),
('modules/simpletest/tests/psr_0_test/psr_0_test.module', 'psr_0_test', 'module', '', 0, 0, -1, 0, 0x613a31333a7b733a343a226e616d65223b733a31363a225053522d302054657374206361736573223b733a31313a226465736372697074696f6e223b733a34343a225465737420636c617373657320746f20626520646973636f76657265642062792073696d706c65746573742e223b733a343a22636f7265223b733a333a22372e78223b733a363a2268696464656e223b623a313b733a373a227061636b616765223b733a373a2254657374696e67223b733a373a2276657273696f6e223b733a343a22372e3339223b733a373a2270726f6a656374223b733a363a2264727570616c223b733a393a22646174657374616d70223b733a31303a2231343430303230313937223b733a353a226d74696d65223b693a313434303139303134303b733a31323a22646570656e64656e63696573223b613a303a7b7d733a333a22706870223b733a353a22352e322e34223b733a353a2266696c6573223b613a303a7b7d733a393a22626f6f747374726170223b693a303b7d);
INSERT INTO `system` (`filename`, `name`, `type`, `owner`, `status`, `bootstrap`, `schema_version`, `weight`, `info`) VALUES
('modules/simpletest/tests/psr_4_test/psr_4_test.module', 'psr_4_test', 'module', '', 0, 0, -1, 0, 0x613a31333a7b733a343a226e616d65223b733a31363a225053522d342054657374206361736573223b733a31313a226465736372697074696f6e223b733a34343a225465737420636c617373657320746f20626520646973636f76657265642062792073696d706c65746573742e223b733a343a22636f7265223b733a333a22372e78223b733a363a2268696464656e223b623a313b733a373a227061636b616765223b733a373a2254657374696e67223b733a373a2276657273696f6e223b733a343a22372e3339223b733a373a2270726f6a656374223b733a363a2264727570616c223b733a393a22646174657374616d70223b733a31303a2231343430303230313937223b733a353a226d74696d65223b693a313434303139303136323b733a31323a22646570656e64656e63696573223b613a303a7b7d733a333a22706870223b733a353a22352e322e34223b733a353a2266696c6573223b613a303a7b7d733a393a22626f6f747374726170223b693a303b7d),
('modules/simpletest/tests/requirements1_test.module', 'requirements1_test', 'module', '', 0, 0, -1, 0, 0x613a31333a7b733a343a226e616d65223b733a31393a22526571756972656d656e747320312054657374223b733a31313a226465736372697074696f6e223b733a38303a22546573747320746861742061206d6f64756c65206973206e6f7420696e7374616c6c6564207768656e206974206661696c7320686f6f6b5f726571756972656d656e74732827696e7374616c6c27292e223b733a373a227061636b616765223b733a373a2254657374696e67223b733a373a2276657273696f6e223b733a343a22372e3339223b733a343a22636f7265223b733a333a22372e78223b733a363a2268696464656e223b623a313b733a373a2270726f6a656374223b733a363a2264727570616c223b733a393a22646174657374616d70223b733a31303a2231343430303230313937223b733a353a226d74696d65223b693a313434303139303037323b733a31323a22646570656e64656e63696573223b613a303a7b7d733a333a22706870223b733a353a22352e322e34223b733a353a2266696c6573223b613a303a7b7d733a393a22626f6f747374726170223b693a303b7d),
('modules/simpletest/tests/requirements2_test.module', 'requirements2_test', 'module', '', 0, 0, -1, 0, 0x613a31333a7b733a343a226e616d65223b733a31393a22526571756972656d656e747320322054657374223b733a31313a226465736372697074696f6e223b733a39383a22546573747320746861742061206d6f64756c65206973206e6f7420696e7374616c6c6564207768656e20746865206f6e6520697420646570656e6473206f6e206661696c7320686f6f6b5f726571756972656d656e74732827696e7374616c6c292e223b733a31323a22646570656e64656e63696573223b613a323a7b693a303b733a31383a22726571756972656d656e7473315f74657374223b693a313b733a373a22636f6d6d656e74223b7d733a373a227061636b616765223b733a373a2254657374696e67223b733a373a2276657273696f6e223b733a343a22372e3339223b733a343a22636f7265223b733a333a22372e78223b733a363a2268696464656e223b623a313b733a373a2270726f6a656374223b733a363a2264727570616c223b733a393a22646174657374616d70223b733a31303a2231343430303230313937223b733a353a226d74696d65223b693a313434303139303035323b733a333a22706870223b733a353a22352e322e34223b733a353a2266696c6573223b613a303a7b7d733a393a22626f6f747374726170223b693a303b7d),
('modules/simpletest/tests/session_test.module', 'session_test', 'module', '', 0, 0, -1, 0, 0x613a31333a7b733a343a226e616d65223b733a31323a2253657373696f6e2074657374223b733a31313a226465736372697074696f6e223b733a34303a22537570706f7274206d6f64756c6520666f722073657373696f6e20646174612074657374696e672e223b733a373a227061636b616765223b733a373a2254657374696e67223b733a373a2276657273696f6e223b733a343a22372e3339223b733a343a22636f7265223b733a333a22372e78223b733a363a2268696464656e223b623a313b733a373a2270726f6a656374223b733a363a2264727570616c223b733a393a22646174657374616d70223b733a31303a2231343430303230313937223b733a353a226d74696d65223b693a313434303139303037343b733a31323a22646570656e64656e63696573223b613a303a7b7d733a333a22706870223b733a353a22352e322e34223b733a353a2266696c6573223b613a303a7b7d733a393a22626f6f747374726170223b693a303b7d),
('modules/simpletest/tests/system_dependencies_test.module', 'system_dependencies_test', 'module', '', 0, 0, -1, 0, 0x613a31333a7b733a343a226e616d65223b733a32323a2253797374656d20646570656e64656e63792074657374223b733a31313a226465736372697074696f6e223b733a34373a22537570706f7274206d6f64756c6520666f722074657374696e672073797374656d20646570656e64656e636965732e223b733a373a227061636b616765223b733a373a2254657374696e67223b733a373a2276657273696f6e223b733a343a22372e3339223b733a343a22636f7265223b733a333a22372e78223b733a363a2268696464656e223b623a313b733a31323a22646570656e64656e63696573223b613a313a7b693a303b733a31393a225f6d697373696e675f646570656e64656e6379223b7d733a373a2270726f6a656374223b733a363a2264727570616c223b733a393a22646174657374616d70223b733a31303a2231343430303230313937223b733a353a226d74696d65223b693a313434303139303037353b733a333a22706870223b733a353a22352e322e34223b733a353a2266696c6573223b613a303a7b7d733a393a22626f6f747374726170223b693a303b7d),
('modules/simpletest/tests/system_incompatible_core_version_dependencies_test.module', 'system_incompatible_core_version_dependencies_test', 'module', '', 0, 0, -1, 0, 0x613a31333a7b733a343a226e616d65223b733a35303a2253797374656d20696e636f6d70617469626c6520636f72652076657273696f6e20646570656e64656e636965732074657374223b733a31313a226465736372697074696f6e223b733a34373a22537570706f7274206d6f64756c6520666f722074657374696e672073797374656d20646570656e64656e636965732e223b733a373a227061636b616765223b733a373a2254657374696e67223b733a373a2276657273696f6e223b733a343a22372e3339223b733a343a22636f7265223b733a333a22372e78223b733a363a2268696464656e223b623a313b733a31323a22646570656e64656e63696573223b613a313a7b693a303b733a33373a2273797374656d5f696e636f6d70617469626c655f636f72655f76657273696f6e5f74657374223b7d733a373a2270726f6a656374223b733a363a2264727570616c223b733a393a22646174657374616d70223b733a31303a2231343430303230313937223b733a353a226d74696d65223b693a313434303139303034383b733a333a22706870223b733a353a22352e322e34223b733a353a2266696c6573223b613a303a7b7d733a393a22626f6f747374726170223b693a303b7d),
('modules/simpletest/tests/system_incompatible_core_version_test.module', 'system_incompatible_core_version_test', 'module', '', 0, 0, -1, 0, 0x613a31333a7b733a343a226e616d65223b733a33373a2253797374656d20696e636f6d70617469626c6520636f72652076657273696f6e2074657374223b733a31313a226465736372697074696f6e223b733a34373a22537570706f7274206d6f64756c6520666f722074657374696e672073797374656d20646570656e64656e636965732e223b733a373a227061636b616765223b733a373a2254657374696e67223b733a373a2276657273696f6e223b733a343a22372e3339223b733a343a22636f7265223b733a333a22352e78223b733a363a2268696464656e223b623a313b733a373a2270726f6a656374223b733a363a2264727570616c223b733a393a22646174657374616d70223b733a31303a2231343430303230313937223b733a353a226d74696d65223b693a313434303139303035303b733a31323a22646570656e64656e63696573223b613a303a7b7d733a333a22706870223b733a353a22352e322e34223b733a353a2266696c6573223b613a303a7b7d733a393a22626f6f747374726170223b693a303b7d),
('modules/simpletest/tests/system_incompatible_module_version_dependencies_test.module', 'system_incompatible_module_version_dependencies_test', 'module', '', 0, 0, -1, 0, 0x613a31333a7b733a343a226e616d65223b733a35323a2253797374656d20696e636f6d70617469626c65206d6f64756c652076657273696f6e20646570656e64656e636965732074657374223b733a31313a226465736372697074696f6e223b733a34373a22537570706f7274206d6f64756c6520666f722074657374696e672073797374656d20646570656e64656e636965732e223b733a373a227061636b616765223b733a373a2254657374696e67223b733a373a2276657273696f6e223b733a343a22372e3339223b733a343a22636f7265223b733a333a22372e78223b733a363a2268696464656e223b623a313b733a31323a22646570656e64656e63696573223b613a313a7b693a303b733a34363a2273797374656d5f696e636f6d70617469626c655f6d6f64756c655f76657273696f6e5f7465737420283e322e3029223b7d733a373a2270726f6a656374223b733a363a2264727570616c223b733a393a22646174657374616d70223b733a31303a2231343430303230313937223b733a353a226d74696d65223b693a313434303139303035363b733a333a22706870223b733a353a22352e322e34223b733a353a2266696c6573223b613a303a7b7d733a393a22626f6f747374726170223b693a303b7d),
('modules/simpletest/tests/system_incompatible_module_version_test.module', 'system_incompatible_module_version_test', 'module', '', 0, 0, -1, 0, 0x613a31333a7b733a343a226e616d65223b733a33393a2253797374656d20696e636f6d70617469626c65206d6f64756c652076657273696f6e2074657374223b733a31313a226465736372697074696f6e223b733a34373a22537570706f7274206d6f64756c6520666f722074657374696e672073797374656d20646570656e64656e636965732e223b733a373a227061636b616765223b733a373a2254657374696e67223b733a373a2276657273696f6e223b733a343a22372e3339223b733a343a22636f7265223b733a333a22372e78223b733a363a2268696464656e223b623a313b733a373a2270726f6a656374223b733a363a2264727570616c223b733a393a22646174657374616d70223b733a31303a2231343430303230313937223b733a353a226d74696d65223b693a313434303139303038343b733a31323a22646570656e64656e63696573223b613a303a7b7d733a333a22706870223b733a353a22352e322e34223b733a353a2266696c6573223b613a303a7b7d733a393a22626f6f747374726170223b693a303b7d),
('modules/simpletest/tests/system_test.module', 'system_test', 'module', '', 0, 0, -1, 0, 0x613a31333a7b733a343a226e616d65223b733a31313a2253797374656d2074657374223b733a31313a226465736372697074696f6e223b733a33343a22537570706f7274206d6f64756c6520666f722073797374656d2074657374696e672e223b733a373a227061636b616765223b733a373a2254657374696e67223b733a373a2276657273696f6e223b733a343a22372e3339223b733a343a22636f7265223b733a333a22372e78223b733a353a2266696c6573223b613a313a7b693a303b733a31383a2273797374656d5f746573742e6d6f64756c65223b7d733a363a2268696464656e223b623a313b733a373a2270726f6a656374223b733a363a2264727570616c223b733a393a22646174657374616d70223b733a31303a2231343430303230313937223b733a353a226d74696d65223b693a313434303139303034383b733a31323a22646570656e64656e63696573223b613a303a7b7d733a333a22706870223b733a353a22352e322e34223b733a393a22626f6f747374726170223b693a303b7d),
('modules/simpletest/tests/taxonomy_test.module', 'taxonomy_test', 'module', '', 0, 0, -1, 0, 0x613a31333a7b733a343a226e616d65223b733a32303a225461786f6e6f6d792074657374206d6f64756c65223b733a31313a226465736372697074696f6e223b733a34353a222254657374732066756e6374696f6e7320616e6420686f6f6b73206e6f74207573656420696e20636f7265222e223b733a373a227061636b616765223b733a373a2254657374696e67223b733a373a2276657273696f6e223b733a343a22372e3339223b733a343a22636f7265223b733a333a22372e78223b733a363a2268696464656e223b623a313b733a31323a22646570656e64656e63696573223b613a313a7b693a303b733a383a227461786f6e6f6d79223b7d733a373a2270726f6a656374223b733a363a2264727570616c223b733a393a22646174657374616d70223b733a31303a2231343430303230313937223b733a353a226d74696d65223b693a313434303139303035393b733a333a22706870223b733a353a22352e322e34223b733a353a2266696c6573223b613a303a7b7d733a393a22626f6f747374726170223b693a303b7d),
('modules/simpletest/tests/theme_test.module', 'theme_test', 'module', '', 0, 0, -1, 0, 0x613a31333a7b733a343a226e616d65223b733a31303a225468656d652074657374223b733a31313a226465736372697074696f6e223b733a34303a22537570706f7274206d6f64756c6520666f72207468656d652073797374656d2074657374696e672e223b733a373a227061636b616765223b733a373a2254657374696e67223b733a373a2276657273696f6e223b733a343a22372e3339223b733a343a22636f7265223b733a333a22372e78223b733a363a2268696464656e223b623a313b733a373a2270726f6a656374223b733a363a2264727570616c223b733a393a22646174657374616d70223b733a31303a2231343430303230313937223b733a353a226d74696d65223b693a313434303139303034383b733a31323a22646570656e64656e63696573223b613a303a7b7d733a333a22706870223b733a353a22352e322e34223b733a353a2266696c6573223b613a303a7b7d733a393a22626f6f747374726170223b693a303b7d),
('modules/simpletest/tests/update_script_test.module', 'update_script_test', 'module', '', 0, 0, -1, 0, 0x613a31333a7b733a343a226e616d65223b733a31383a22557064617465207363726970742074657374223b733a31313a226465736372697074696f6e223b733a34313a22537570706f7274206d6f64756c6520666f7220757064617465207363726970742074657374696e672e223b733a373a227061636b616765223b733a373a2254657374696e67223b733a373a2276657273696f6e223b733a343a22372e3339223b733a343a22636f7265223b733a333a22372e78223b733a363a2268696464656e223b623a313b733a373a2270726f6a656374223b733a363a2264727570616c223b733a393a22646174657374616d70223b733a31303a2231343430303230313937223b733a353a226d74696d65223b693a313434303139303036333b733a31323a22646570656e64656e63696573223b613a303a7b7d733a333a22706870223b733a353a22352e322e34223b733a353a2266696c6573223b613a303a7b7d733a393a22626f6f747374726170223b693a303b7d),
('modules/simpletest/tests/update_test_1.module', 'update_test_1', 'module', '', 0, 0, -1, 0, 0x613a31333a7b733a343a226e616d65223b733a31313a225570646174652074657374223b733a31313a226465736372697074696f6e223b733a33343a22537570706f7274206d6f64756c6520666f72207570646174652074657374696e672e223b733a373a227061636b616765223b733a373a2254657374696e67223b733a373a2276657273696f6e223b733a343a22372e3339223b733a343a22636f7265223b733a333a22372e78223b733a363a2268696464656e223b623a313b733a373a2270726f6a656374223b733a363a2264727570616c223b733a393a22646174657374616d70223b733a31303a2231343430303230313937223b733a353a226d74696d65223b693a313434303139303037393b733a31323a22646570656e64656e63696573223b613a303a7b7d733a333a22706870223b733a353a22352e322e34223b733a353a2266696c6573223b613a303a7b7d733a393a22626f6f747374726170223b693a303b7d),
('modules/simpletest/tests/update_test_2.module', 'update_test_2', 'module', '', 0, 0, -1, 0, 0x613a31333a7b733a343a226e616d65223b733a31313a225570646174652074657374223b733a31313a226465736372697074696f6e223b733a33343a22537570706f7274206d6f64756c6520666f72207570646174652074657374696e672e223b733a373a227061636b616765223b733a373a2254657374696e67223b733a373a2276657273696f6e223b733a343a22372e3339223b733a343a22636f7265223b733a333a22372e78223b733a363a2268696464656e223b623a313b733a373a2270726f6a656374223b733a363a2264727570616c223b733a393a22646174657374616d70223b733a31303a2231343430303230313937223b733a353a226d74696d65223b693a313434303139303034363b733a31323a22646570656e64656e63696573223b613a303a7b7d733a333a22706870223b733a353a22352e322e34223b733a353a2266696c6573223b613a303a7b7d733a393a22626f6f747374726170223b693a303b7d),
('modules/simpletest/tests/update_test_3.module', 'update_test_3', 'module', '', 0, 0, -1, 0, 0x613a31333a7b733a343a226e616d65223b733a31313a225570646174652074657374223b733a31313a226465736372697074696f6e223b733a33343a22537570706f7274206d6f64756c6520666f72207570646174652074657374696e672e223b733a373a227061636b616765223b733a373a2254657374696e67223b733a373a2276657273696f6e223b733a343a22372e3339223b733a343a22636f7265223b733a333a22372e78223b733a363a2268696464656e223b623a313b733a373a2270726f6a656374223b733a363a2264727570616c223b733a393a22646174657374616d70223b733a31303a2231343430303230313937223b733a353a226d74696d65223b693a313434303139303036313b733a31323a22646570656e64656e63696573223b613a303a7b7d733a333a22706870223b733a353a22352e322e34223b733a353a2266696c6573223b613a303a7b7d733a393a22626f6f747374726170223b693a303b7d),
('modules/simpletest/tests/url_alter_test.module', 'url_alter_test', 'module', '', 0, 0, -1, 0, 0x613a31333a7b733a343a226e616d65223b733a31353a2255726c5f616c746572207465737473223b733a31313a226465736372697074696f6e223b733a34353a224120737570706f7274206d6f64756c657320666f722075726c5f616c74657220686f6f6b2074657374696e672e223b733a343a22636f7265223b733a333a22372e78223b733a373a227061636b616765223b733a373a2254657374696e67223b733a373a2276657273696f6e223b733a343a22372e3339223b733a363a2268696464656e223b623a313b733a373a2270726f6a656374223b733a363a2264727570616c223b733a393a22646174657374616d70223b733a31303a2231343430303230313937223b733a353a226d74696d65223b693a313434303139303035303b733a31323a22646570656e64656e63696573223b613a303a7b7d733a333a22706870223b733a353a22352e322e34223b733a353a2266696c6573223b613a303a7b7d733a393a22626f6f747374726170223b693a303b7d),
('modules/simpletest/tests/xmlrpc_test.module', 'xmlrpc_test', 'module', '', 0, 0, -1, 0, 0x613a31333a7b733a343a226e616d65223b733a31323a22584d4c2d5250432054657374223b733a31313a226465736372697074696f6e223b733a37353a22537570706f7274206d6f64756c6520666f7220584d4c2d525043207465737473206163636f7264696e6720746f207468652076616c696461746f72312073706563696669636174696f6e2e223b733a373a227061636b616765223b733a373a2254657374696e67223b733a373a2276657273696f6e223b733a343a22372e3339223b733a343a22636f7265223b733a333a22372e78223b733a363a2268696464656e223b623a313b733a373a2270726f6a656374223b733a363a2264727570616c223b733a393a22646174657374616d70223b733a31303a2231343430303230313937223b733a353a226d74696d65223b693a313434303139303034393b733a31323a22646570656e64656e63696573223b613a303a7b7d733a333a22706870223b733a353a22352e322e34223b733a353a2266696c6573223b613a303a7b7d733a393a22626f6f747374726170223b693a303b7d),
('modules/statistics/statistics.module', 'statistics', 'module', '', 0, 0, -1, 0, 0x613a31333a7b733a343a226e616d65223b733a31303a2253746174697374696373223b733a31313a226465736372697074696f6e223b733a33373a224c6f677320616363657373207374617469737469637320666f7220796f757220736974652e223b733a373a227061636b616765223b733a343a22436f7265223b733a373a2276657273696f6e223b733a343a22372e3339223b733a343a22636f7265223b733a333a22372e78223b733a353a2266696c6573223b613a313a7b693a303b733a31353a22737461746973746963732e74657374223b7d733a393a22636f6e666967757265223b733a33303a2261646d696e2f636f6e6669672f73797374656d2f73746174697374696373223b733a373a2270726f6a656374223b733a363a2264727570616c223b733a393a22646174657374616d70223b733a31303a2231343430303230313937223b733a353a226d74696d65223b693a313434303138393836363b733a31323a22646570656e64656e63696573223b613a303a7b7d733a333a22706870223b733a353a22352e322e34223b733a393a22626f6f747374726170223b693a303b7d),
('modules/syslog/syslog.module', 'syslog', 'module', '', 0, 0, -1, 0, 0x613a31333a7b733a343a226e616d65223b733a363a225379736c6f67223b733a31313a226465736372697074696f6e223b733a34313a224c6f677320616e64207265636f7264732073797374656d206576656e747320746f207379736c6f672e223b733a373a227061636b616765223b733a343a22436f7265223b733a373a2276657273696f6e223b733a343a22372e3339223b733a343a22636f7265223b733a333a22372e78223b733a353a2266696c6573223b613a313a7b693a303b733a31313a227379736c6f672e74657374223b7d733a393a22636f6e666967757265223b733a33323a2261646d696e2f636f6e6669672f646576656c6f706d656e742f6c6f6767696e67223b733a373a2270726f6a656374223b733a363a2264727570616c223b733a393a22646174657374616d70223b733a31303a2231343430303230313937223b733a353a226d74696d65223b693a313434303138393931353b733a31323a22646570656e64656e63696573223b613a303a7b7d733a333a22706870223b733a353a22352e322e34223b733a393a22626f6f747374726170223b693a303b7d),
('modules/system/system.module', 'system', 'module', '', 1, 0, 7079, 0, 0x613a31343a7b733a343a226e616d65223b733a363a2253797374656d223b733a31313a226465736372697074696f6e223b733a35343a2248616e646c65732067656e6572616c207369746520636f6e66696775726174696f6e20666f722061646d696e6973747261746f72732e223b733a373a227061636b616765223b733a343a22436f7265223b733a373a2276657273696f6e223b733a343a22372e3339223b733a343a22636f7265223b733a333a22372e78223b733a353a2266696c6573223b613a363a7b693a303b733a31393a2273797374656d2e61726368697665722e696e63223b693a313b733a31353a2273797374656d2e6d61696c2e696e63223b693a323b733a31363a2273797374656d2e71756575652e696e63223b693a333b733a31343a2273797374656d2e7461722e696e63223b693a343b733a31383a2273797374656d2e757064617465722e696e63223b693a353b733a31313a2273797374656d2e74657374223b7d733a383a227265717569726564223b623a313b733a393a22636f6e666967757265223b733a31393a2261646d696e2f636f6e6669672f73797374656d223b733a373a2270726f6a656374223b733a363a2264727570616c223b733a393a22646174657374616d70223b733a31303a2231343430303230313937223b733a353a226d74696d65223b693a313434303138393930333b733a31323a22646570656e64656e63696573223b613a303a7b7d733a333a22706870223b733a353a22352e322e34223b733a393a22626f6f747374726170223b693a303b7d),
('modules/system/tests/cron_queue_test.module', 'cron_queue_test', 'module', '', 0, 0, -1, 0, 0x613a31333a7b733a343a226e616d65223b733a31353a2243726f6e2051756575652074657374223b733a31313a226465736372697074696f6e223b733a34313a22537570706f7274206d6f64756c6520666f72207468652063726f6e2071756575652072756e6e65722e223b733a373a227061636b616765223b733a373a2254657374696e67223b733a373a2276657273696f6e223b733a343a22372e3339223b733a343a22636f7265223b733a333a22372e78223b733a363a2268696464656e223b623a313b733a373a2270726f6a656374223b733a363a2264727570616c223b733a393a22646174657374616d70223b733a31303a2231343430303230313937223b733a353a226d74696d65223b693a313434303139303039363b733a31323a22646570656e64656e63696573223b613a303a7b7d733a333a22706870223b733a353a22352e322e34223b733a353a2266696c6573223b613a303a7b7d733a393a22626f6f747374726170223b693a303b7d),
('modules/taxonomy/taxonomy.module', 'taxonomy', 'module', '', 1, 0, 7011, 0, 0x613a31353a7b733a343a226e616d65223b733a383a225461786f6e6f6d79223b733a31313a226465736372697074696f6e223b733a33383a22456e61626c6573207468652063617465676f72697a6174696f6e206f6620636f6e74656e742e223b733a373a227061636b616765223b733a343a22436f7265223b733a373a2276657273696f6e223b733a343a22372e3339223b733a343a22636f7265223b733a333a22372e78223b733a31323a22646570656e64656e63696573223b613a313a7b693a303b733a373a226f7074696f6e73223b7d733a353a2266696c6573223b613a323a7b693a303b733a31353a227461786f6e6f6d792e6d6f64756c65223b693a313b733a31333a227461786f6e6f6d792e74657374223b7d733a393a22636f6e666967757265223b733a32343a2261646d696e2f7374727563747572652f7461786f6e6f6d79223b733a373a2270726f6a656374223b733a363a2264727570616c223b733a393a22646174657374616d70223b733a31303a2231343430303230313937223b733a353a226d74696d65223b693a313434303138393835373b733a333a22706870223b733a353a22352e322e34223b733a393a22626f6f747374726170223b693a303b733a383a227265717569726564223b623a313b733a31313a226578706c616e6174696f6e223b733a39353a225469706f2873292064652063616d706f20656e2075736f202d20766572203c6120687265663d222f636c69656e7465732f652f3f713d61646d696e2f7265706f7274732f6669656c6473223e6c697374612064652063616d706f733c2f613e223b7d),
('modules/tec_reportes/tec_reportes.module', 'tec_reportes', 'module', '', 1, 0, 0, 0, 0x613a31303a7b733a343a226e616d65223b733a31323a225265706f7274657320746563223b733a31313a226465736372697074696f6e223b733a33333a225265706f72746573207061726120636c69656e7465732074656370726563696e63223b733a343a22636f7265223b733a333a22372e78223b733a373a227061636b616765223b733a31303a2274656370726563696e63223b733a353a226d74696d65223b693a313339343731383530323b733a31323a22646570656e64656e63696573223b613a303a7b7d733a373a2276657273696f6e223b4e3b733a333a22706870223b733a353a22352e322e34223b733a353a2266696c6573223b613a303a7b7d733a393a22626f6f747374726170223b693a303b7d),
('modules/token/tests/token_test.module', 'token_test', 'module', '', 0, 0, -1, 0, 0x613a31333a7b733a343a226e616d65223b733a31303a22546f6b656e2054657374223b733a31313a226465736372697074696f6e223b733a33393a2254657374696e67206d6f64756c6520666f7220746f6b656e2066756e6374696f6e616c6974792e223b733a373a227061636b616765223b733a373a2254657374696e67223b733a343a22636f7265223b733a333a22372e78223b733a353a2266696c6573223b613a313a7b693a303b733a31373a22746f6b656e5f746573742e6d6f64756c65223b7d733a363a2268696464656e223b623a313b733a373a2276657273696f6e223b733a373a22372e782d312e35223b733a373a2270726f6a656374223b733a353a22746f6b656e223b733a393a22646174657374616d70223b733a31303a2231333631363635303236223b733a353a226d74696d65223b693a313339343731383530313b733a31323a22646570656e64656e63696573223b613a303a7b7d733a333a22706870223b733a353a22352e322e34223b733a393a22626f6f747374726170223b693a303b7d),
('modules/token/token.module', 'token', 'module', '', 1, 0, 7001, 0, 0x613a31323a7b733a343a226e616d65223b733a353a22546f6b656e223b733a31313a226465736372697074696f6e223b733a37333a2250726f76696465732061207573657220696e7465726661636520666f722074686520546f6b656e2041504920616e6420736f6d65206d697373696e6720636f726520746f6b656e732e223b733a343a22636f7265223b733a333a22372e78223b733a353a2266696c6573223b613a313a7b693a303b733a31303a22746f6b656e2e74657374223b7d733a373a2276657273696f6e223b733a373a22372e782d312e35223b733a373a2270726f6a656374223b733a353a22746f6b656e223b733a393a22646174657374616d70223b733a31303a2231333631363635303236223b733a353a226d74696d65223b693a313339343731383530313b733a31323a22646570656e64656e63696573223b613a303a7b7d733a373a227061636b616765223b733a353a224f74686572223b733a333a22706870223b733a353a22352e322e34223b733a393a22626f6f747374726170223b693a303b7d),
('modules/toolbar/toolbar.module', 'toolbar', 'module', '', 1, 0, 0, 0, 0x613a31323a7b733a343a226e616d65223b733a373a22546f6f6c626172223b733a31313a226465736372697074696f6e223b733a39393a2250726f7669646573206120746f6f6c62617220746861742073686f77732074686520746f702d6c6576656c2061646d696e697374726174696f6e206d656e75206974656d7320616e64206c696e6b732066726f6d206f74686572206d6f64756c65732e223b733a343a22636f7265223b733a333a22372e78223b733a373a227061636b616765223b733a343a22436f7265223b733a373a2276657273696f6e223b733a343a22372e3339223b733a373a2270726f6a656374223b733a363a2264727570616c223b733a393a22646174657374616d70223b733a31303a2231343430303230313937223b733a353a226d74696d65223b693a313434303139303033323b733a31323a22646570656e64656e63696573223b613a303a7b7d733a333a22706870223b733a353a22352e322e34223b733a353a2266696c6573223b613a303a7b7d733a393a22626f6f747374726170223b693a303b7d),
('modules/tracker/tracker.module', 'tracker', 'module', '', 0, 0, -1, 0, 0x613a31323a7b733a343a226e616d65223b733a373a22547261636b6572223b733a31313a226465736372697074696f6e223b733a34353a22456e61626c657320747261636b696e67206f6620726563656e7420636f6e74656e7420666f722075736572732e223b733a31323a22646570656e64656e63696573223b613a313a7b693a303b733a373a22636f6d6d656e74223b7d733a373a227061636b616765223b733a343a22436f7265223b733a373a2276657273696f6e223b733a343a22372e3339223b733a343a22636f7265223b733a333a22372e78223b733a353a2266696c6573223b613a313a7b693a303b733a31323a22747261636b65722e74657374223b7d733a373a2270726f6a656374223b733a363a2264727570616c223b733a393a22646174657374616d70223b733a31303a2231343430303230313937223b733a353a226d74696d65223b693a313434303138393939383b733a333a22706870223b733a353a22352e322e34223b733a393a22626f6f747374726170223b693a303b7d),
('modules/translation/tests/translation_test.module', 'translation_test', 'module', '', 0, 0, -1, 0, 0x613a31333a7b733a343a226e616d65223b733a32343a22436f6e74656e74205472616e736c6174696f6e2054657374223b733a31313a226465736372697074696f6e223b733a34393a22537570706f7274206d6f64756c6520666f722074686520636f6e74656e74207472616e736c6174696f6e2074657374732e223b733a343a22636f7265223b733a333a22372e78223b733a373a227061636b616765223b733a373a2254657374696e67223b733a373a2276657273696f6e223b733a343a22372e3339223b733a363a2268696464656e223b623a313b733a373a2270726f6a656374223b733a363a2264727570616c223b733a393a22646174657374616d70223b733a31303a2231343430303230313937223b733a353a226d74696d65223b693a313434303139303130383b733a31323a22646570656e64656e63696573223b613a303a7b7d733a333a22706870223b733a353a22352e322e34223b733a353a2266696c6573223b613a303a7b7d733a393a22626f6f747374726170223b693a303b7d),
('modules/translation/translation.module', 'translation', 'module', '', 0, 0, -1, 0, 0x613a31323a7b733a343a226e616d65223b733a31393a22436f6e74656e74207472616e736c6174696f6e223b733a31313a226465736372697074696f6e223b733a35373a22416c6c6f777320636f6e74656e7420746f206265207472616e736c6174656420696e746f20646966666572656e74206c616e6775616765732e223b733a31323a22646570656e64656e63696573223b613a313a7b693a303b733a363a226c6f63616c65223b7d733a373a227061636b616765223b733a343a22436f7265223b733a373a2276657273696f6e223b733a343a22372e3339223b733a343a22636f7265223b733a333a22372e78223b733a353a2266696c6573223b613a313a7b693a303b733a31363a227472616e736c6174696f6e2e74657374223b7d733a373a2270726f6a656374223b733a363a2264727570616c223b733a393a22646174657374616d70223b733a31303a2231343430303230313937223b733a353a226d74696d65223b693a313434303138393934383b733a333a22706870223b733a353a22352e322e34223b733a393a22626f6f747374726170223b693a303b7d),
('modules/trigger/tests/trigger_test.module', 'trigger_test', 'module', '', 0, 0, -1, 0, 0x613a31333a7b733a343a226e616d65223b733a31323a22547269676765722054657374223b733a31313a226465736372697074696f6e223b733a33333a22537570706f7274206d6f64756c6520666f7220547269676765722074657374732e223b733a373a227061636b616765223b733a373a2254657374696e67223b733a343a22636f7265223b733a333a22372e78223b733a363a2268696464656e223b623a313b733a373a2276657273696f6e223b733a343a22372e3339223b733a373a2270726f6a656374223b733a363a2264727570616c223b733a393a22646174657374616d70223b733a31303a2231343430303230313937223b733a353a226d74696d65223b693a313434303139303130303b733a31323a22646570656e64656e63696573223b613a303a7b7d733a333a22706870223b733a353a22352e322e34223b733a353a2266696c6573223b613a303a7b7d733a393a22626f6f747374726170223b693a303b7d),
('modules/trigger/trigger.module', 'trigger', 'module', '', 0, 0, -1, 0, 0x613a31333a7b733a343a226e616d65223b733a373a2254726967676572223b733a31313a226465736372697074696f6e223b733a39303a22456e61626c657320616374696f6e7320746f206265206669726564206f6e206365727461696e2073797374656d206576656e74732c2073756368206173207768656e206e657720636f6e74656e7420697320637265617465642e223b733a373a227061636b616765223b733a343a22436f7265223b733a373a2276657273696f6e223b733a343a22372e3339223b733a343a22636f7265223b733a333a22372e78223b733a353a2266696c6573223b613a313a7b693a303b733a31323a22747269676765722e74657374223b7d733a393a22636f6e666967757265223b733a32333a2261646d696e2f7374727563747572652f74726967676572223b733a373a2270726f6a656374223b733a363a2264727570616c223b733a393a22646174657374616d70223b733a31303a2231343430303230313937223b733a353a226d74696d65223b693a313434303138393931323b733a31323a22646570656e64656e63696573223b613a303a7b7d733a333a22706870223b733a353a22352e322e34223b733a393a22626f6f747374726170223b693a303b7d),
('modules/update/tests/aaa_update_test.module', 'aaa_update_test', 'module', '', 0, 0, -1, 0, 0x613a31333a7b733a343a226e616d65223b733a31353a22414141205570646174652074657374223b733a31313a226465736372697074696f6e223b733a34313a22537570706f7274206d6f64756c6520666f7220757064617465206d6f64756c652074657374696e672e223b733a373a227061636b616765223b733a373a2254657374696e67223b733a343a22636f7265223b733a333a22372e78223b733a363a2268696464656e223b623a313b733a373a2276657273696f6e223b733a343a22372e3339223b733a373a2270726f6a656374223b733a363a2264727570616c223b733a393a22646174657374616d70223b733a31303a2231343430303230313937223b733a353a226d74696d65223b693a313434303139303039303b733a31323a22646570656e64656e63696573223b613a303a7b7d733a333a22706870223b733a353a22352e322e34223b733a353a2266696c6573223b613a303a7b7d733a393a22626f6f747374726170223b693a303b7d),
('modules/update/tests/bbb_update_test.module', 'bbb_update_test', 'module', '', 0, 0, -1, 0, 0x613a31333a7b733a343a226e616d65223b733a31353a22424242205570646174652074657374223b733a31313a226465736372697074696f6e223b733a34313a22537570706f7274206d6f64756c6520666f7220757064617465206d6f64756c652074657374696e672e223b733a373a227061636b616765223b733a373a2254657374696e67223b733a343a22636f7265223b733a333a22372e78223b733a363a2268696464656e223b623a313b733a373a2276657273696f6e223b733a343a22372e3339223b733a373a2270726f6a656374223b733a363a2264727570616c223b733a393a22646174657374616d70223b733a31303a2231343430303230313937223b733a353a226d74696d65223b693a313434303139303039333b733a31323a22646570656e64656e63696573223b613a303a7b7d733a333a22706870223b733a353a22352e322e34223b733a353a2266696c6573223b613a303a7b7d733a393a22626f6f747374726170223b693a303b7d),
('modules/update/tests/ccc_update_test.module', 'ccc_update_test', 'module', '', 0, 0, -1, 0, 0x613a31333a7b733a343a226e616d65223b733a31353a22434343205570646174652074657374223b733a31313a226465736372697074696f6e223b733a34313a22537570706f7274206d6f64756c6520666f7220757064617465206d6f64756c652074657374696e672e223b733a373a227061636b616765223b733a373a2254657374696e67223b733a343a22636f7265223b733a333a22372e78223b733a363a2268696464656e223b623a313b733a373a2276657273696f6e223b733a343a22372e3339223b733a373a2270726f6a656374223b733a363a2264727570616c223b733a393a22646174657374616d70223b733a31303a2231343430303230313937223b733a353a226d74696d65223b693a313434303139303039303b733a31323a22646570656e64656e63696573223b613a303a7b7d733a333a22706870223b733a353a22352e322e34223b733a353a2266696c6573223b613a303a7b7d733a393a22626f6f747374726170223b693a303b7d),
('modules/update/tests/update_test.module', 'update_test', 'module', '', 0, 0, -1, 0, 0x613a31333a7b733a343a226e616d65223b733a31313a225570646174652074657374223b733a31313a226465736372697074696f6e223b733a34313a22537570706f7274206d6f64756c6520666f7220757064617465206d6f64756c652074657374696e672e223b733a373a227061636b616765223b733a373a2254657374696e67223b733a373a2276657273696f6e223b733a343a22372e3339223b733a343a22636f7265223b733a333a22372e78223b733a363a2268696464656e223b623a313b733a373a2270726f6a656374223b733a363a2264727570616c223b733a393a22646174657374616d70223b733a31303a2231343430303230313937223b733a353a226d74696d65223b693a313434303139303038393b733a31323a22646570656e64656e63696573223b613a303a7b7d733a333a22706870223b733a353a22352e322e34223b733a353a2266696c6573223b613a303a7b7d733a393a22626f6f747374726170223b693a303b7d),
('modules/update/update.module', 'update', 'module', '', 1, 0, 7001, 0, 0x613a31333a7b733a343a226e616d65223b733a31343a22557064617465206d616e61676572223b733a31313a226465736372697074696f6e223b733a3130343a22436865636b7320666f7220617661696c61626c6520757064617465732c20616e642063616e207365637572656c7920696e7374616c6c206f7220757064617465206d6f64756c657320616e64207468656d65732076696120612077656220696e746572666163652e223b733a373a2276657273696f6e223b733a343a22372e3339223b733a373a227061636b616765223b733a343a22436f7265223b733a343a22636f7265223b733a333a22372e78223b733a353a2266696c6573223b613a313a7b693a303b733a31313a227570646174652e74657374223b7d733a393a22636f6e666967757265223b733a33303a2261646d696e2f7265706f7274732f757064617465732f73657474696e6773223b733a373a2270726f6a656374223b733a363a2264727570616c223b733a393a22646174657374616d70223b733a31303a2231343430303230313937223b733a353a226d74696d65223b693a313434303138393838363b733a31323a22646570656e64656e63696573223b613a303a7b7d733a333a22706870223b733a353a22352e322e34223b733a393a22626f6f747374726170223b693a303b7d),
('modules/user/tests/user_form_test.module', 'user_form_test', 'module', '', 0, 0, -1, 0, 0x613a31333a7b733a343a226e616d65223b733a32323a2255736572206d6f64756c6520666f726d207465737473223b733a31313a226465736372697074696f6e223b733a33373a22537570706f7274206d6f64756c6520666f72207573657220666f726d2074657374696e672e223b733a373a227061636b616765223b733a373a2254657374696e67223b733a373a2276657273696f6e223b733a343a22372e3339223b733a343a22636f7265223b733a333a22372e78223b733a363a2268696464656e223b623a313b733a373a2270726f6a656374223b733a363a2264727570616c223b733a393a22646174657374616d70223b733a31303a2231343430303230313937223b733a353a226d74696d65223b693a313434303139303130393b733a31323a22646570656e64656e63696573223b613a303a7b7d733a333a22706870223b733a353a22352e322e34223b733a353a2266696c6573223b613a303a7b7d733a393a22626f6f747374726170223b693a303b7d),
('modules/user/user.module', 'user', 'module', '', 1, 0, 7018, 0, 0x613a31353a7b733a343a226e616d65223b733a343a2255736572223b733a31313a226465736372697074696f6e223b733a34373a224d616e6167657320746865207573657220726567697374726174696f6e20616e64206c6f67696e2073797374656d2e223b733a373a227061636b616765223b733a343a22436f7265223b733a373a2276657273696f6e223b733a343a22372e3339223b733a343a22636f7265223b733a333a22372e78223b733a353a2266696c6573223b613a323a7b693a303b733a31313a22757365722e6d6f64756c65223b693a313b733a393a22757365722e74657374223b7d733a383a227265717569726564223b623a313b733a393a22636f6e666967757265223b733a31393a2261646d696e2f636f6e6669672f70656f706c65223b733a31313a227374796c65736865657473223b613a313a7b733a333a22616c6c223b613a313a7b733a383a22757365722e637373223b733a32313a226d6f64756c65732f757365722f757365722e637373223b7d7d733a373a2270726f6a656374223b733a363a2264727570616c223b733a393a22646174657374616d70223b733a31303a2231343430303230313937223b733a353a226d74696d65223b693a313434303138393935343b733a31323a22646570656e64656e63696573223b613a303a7b7d733a333a22706870223b733a353a22352e322e34223b733a393a22626f6f747374726170223b693a303b7d),
('modules/webform/webform.module', 'webform', 'module', '', 0, 0, 7321, -1, 0x613a31333a7b733a343a226e616d65223b733a373a22576562666f726d223b733a31313a226465736372697074696f6e223b733a34393a22456e61626c657320746865206372656174696f6e206f6620666f726d7320616e64207175657374696f6e6e61697265732e223b733a343a22636f7265223b733a333a22372e78223b733a373a227061636b616765223b733a373a22576562666f726d223b733a393a22636f6e666967757265223b733a32383a2261646d696e2f636f6e6669672f636f6e74656e742f776562666f726d223b733a353a2266696c6573223b613a31353a7b693a303b733a32373a22696e636c756465732f776562666f726d2e6578706f72742e696e63223b693a313b733a34313a2276696577732f776562666f726d5f68616e646c65725f6669656c645f666f726d5f626f64792e696e63223b693a323b733a34303a2276696577732f776562666f726d5f68616e646c65725f6669656c645f69735f64726166742e696e63223b693a333b733a34363a2276696577732f776562666f726d5f68616e646c65725f6669656c645f6e6f64655f6c696e6b5f656469742e696e63223b693a343b733a34393a2276696577732f776562666f726d5f68616e646c65725f6669656c645f6e6f64655f6c696e6b5f726573756c74732e696e63223b693a353b733a34383a2276696577732f776562666f726d5f68616e646c65725f6669656c645f7375626d697373696f6e5f636f756e742e696e63223b693a363b733a34373a2276696577732f776562666f726d5f68616e646c65725f6669656c645f7375626d697373696f6e5f6c696e6b2e696e63223b693a373b733a34363a2276696577732f776562666f726d5f68616e646c65725f6669656c645f776562666f726d5f7374617475732e696e63223b693a383b733a34313a2276696577732f776562666f726d5f68616e646c65725f66696c7465725f69735f64726166742e696e63223b693a393b733a34373a2276696577732f776562666f726d5f68616e646c65725f66696c7465725f776562666f726d5f7374617475732e696e63223b693a31303b733a32333a2276696577732f776562666f726d2e76696577732e696e63223b693a31313b733a32313a2274657374732f636f6d706f6e656e74732e74657374223b693a31323b733a32323a2274657374732f7065726d697373696f6e732e74657374223b693a31333b733a32313a2274657374732f7375626d697373696f6e2e74657374223b693a31343b733a31383a2274657374732f776562666f726d2e74657374223b7d733a373a2276657273696f6e223b733a383a22372e782d332e3139223b733a373a2270726f6a656374223b733a373a22776562666f726d223b733a393a22646174657374616d70223b733a31303a2231333639383630303739223b733a353a226d74696d65223b693a313339343731383530313b733a31323a22646570656e64656e63696573223b613a303a7b7d733a333a22706870223b733a353a22352e322e34223b733a393a22626f6f747374726170223b693a303b7d),
('modules/wysiwyg/tests/wysiwyg_test.module', 'wysiwyg_test', 'module', '', 0, 0, -1, 0, 0x613a31333a7b733a343a226e616d65223b733a31353a22577973697779672074657374696e67223b733a31313a226465736372697074696f6e223b733a35303a2254657374732057797369777967206d6f64756c652066756e6374696f6e616c6974792e20446f206e6f7420656e61626c652e223b733a343a22636f7265223b733a333a22372e78223b733a373a227061636b616765223b733a373a2254657374696e67223b733a363a2268696464656e223b623a313b733a31323a22646570656e64656e63696573223b613a313a7b693a303b733a373a2277797369777967223b7d733a353a2266696c6573223b613a313a7b693a303b733a31393a22777973697779675f746573742e6d6f64756c65223b7d733a373a2276657273696f6e223b733a373a22372e782d322e32223b733a373a2270726f6a656374223b733a373a2277797369777967223b733a393a22646174657374616d70223b733a31303a2231333439323133373736223b733a353a226d74696d65223b693a313339343731383530313b733a333a22706870223b733a353a22352e322e34223b733a393a22626f6f747374726170223b693a303b7d),
('modules/wysiwyg/wysiwyg.module', 'wysiwyg', 'module', '', 0, 0, 7200, 0, 0x613a31333a7b733a343a226e616d65223b733a373a2257797369777967223b733a31313a226465736372697074696f6e223b733a34383a22416c6c6f777320746f206564697420636f6e74656e74207769746820636c69656e742d7369646520656469746f72732e223b733a373a227061636b616765223b733a31343a225573657220696e74657266616365223b733a343a22636f7265223b733a333a22372e78223b733a393a22636f6e666967757265223b733a32383a2261646d696e2f636f6e6669672f636f6e74656e742f77797369777967223b733a353a2266696c6573223b613a323a7b693a303b733a31343a22777973697779672e6d6f64756c65223b693a313b733a31383a2274657374732f777973697779672e74657374223b7d733a373a2276657273696f6e223b733a373a22372e782d322e32223b733a373a2270726f6a656374223b733a373a2277797369777967223b733a393a22646174657374616d70223b733a31303a2231333439323133373736223b733a353a226d74696d65223b693a313339343731383530313b733a31323a22646570656e64656e63696573223b613a303a7b7d733a333a22706870223b733a353a22352e322e34223b733a393a22626f6f747374726170223b693a303b7d),
('profiles/standard/standard.profile', 'standard', 'module', '', 1, 0, 0, 1000, 0x613a31353a7b733a343a226e616d65223b733a383a225374616e64617264223b733a31313a226465736372697074696f6e223b733a35313a22496e7374616c6c207769746820636f6d6d6f6e6c792075736564206665617475726573207072652d636f6e666967757265642e223b733a373a2276657273696f6e223b733a343a22372e3339223b733a343a22636f7265223b733a333a22372e78223b733a31323a22646570656e64656e63696573223b613a32313a7b693a303b733a353a22626c6f636b223b693a313b733a353a22636f6c6f72223b693a323b733a373a22636f6d6d656e74223b693a333b733a31303a22636f6e7465787475616c223b693a343b733a393a2264617368626f617264223b693a353b733a343a2268656c70223b693a363b733a353a22696d616765223b693a373b733a343a226c697374223b693a383b733a343a226d656e75223b693a393b733a363a226e756d626572223b693a31303b733a373a226f7074696f6e73223b693a31313b733a343a2270617468223b693a31323b733a383a227461786f6e6f6d79223b693a31333b733a353a2264626c6f67223b693a31343b733a363a22736561726368223b693a31353b733a383a2273686f7274637574223b693a31363b733a373a22746f6f6c626172223b693a31373b733a373a226f7665726c6179223b693a31383b733a383a226669656c645f7569223b693a31393b733a343a2266696c65223b693a32303b733a333a22726466223b7d733a373a2270726f6a656374223b733a363a2264727570616c223b733a393a22646174657374616d70223b733a31303a2231343430303230313937223b733a353a226d74696d65223b693a313434303138393832373b733a373a227061636b616765223b733a353a224f74686572223b733a333a22706870223b733a353a22352e322e34223b733a353a2266696c6573223b613a303a7b7d733a393a22626f6f747374726170223b693a303b733a363a2268696464656e223b623a313b733a383a227265717569726564223b623a313b733a31373a22646973747269627574696f6e5f6e616d65223b733a363a2244727570616c223b7d),
('sites/all/modules/date/date.module', 'date', 'module', '', 1, 0, 7004, 0, 0x613a31323a7b733a343a226e616d65223b733a343a2244617465223b733a31313a226465736372697074696f6e223b733a33333a224d616b657320646174652f74696d65206669656c647320617661696c61626c652e223b733a31323a22646570656e64656e63696573223b613a313a7b693a303b733a383a22646174655f617069223b7d733a373a227061636b616765223b733a393a22446174652f54696d65223b733a343a22636f7265223b733a333a22372e78223b733a333a22706870223b733a333a22352e32223b733a353a2266696c6573223b613a353a7b693a303b733a31393a2274657374732f646174655f6170692e74657374223b693a313b733a31353a2274657374732f646174652e74657374223b693a323b733a32313a2274657374732f646174655f6669656c642e74657374223b693a333b733a32363a2274657374732f646174655f76616c69646174696f6e2e74657374223b693a343b733a32343a2274657374732f646174655f74696d657a6f6e652e74657374223b7d733a373a2276657273696f6e223b733a373a22372e782d322e36223b733a373a2270726f6a656374223b733a343a2264617465223b733a393a22646174657374616d70223b733a31303a2231333434383530303234223b733a353a226d74696d65223b693a313339343731383530303b733a393a22626f6f747374726170223b693a303b7d),
('sites/all/modules/date/date_all_day/date_all_day.module', 'date_all_day', 'module', '', 0, 0, -1, 0, 0x613a31323a7b733a343a226e616d65223b733a31323a224461746520416c6c20446179223b733a31313a226465736372697074696f6e223b733a3134323a22416464732027416c6c20446179272066756e6374696f6e616c69747920746f2064617465206669656c64732c20696e636c7564696e6720616e2027416c6c2044617927207468656d6520616e642027416c6c204461792720636865636b626f78657320666f722074686520446174652073656c65637420616e64204461746520706f70757020776964676574732e223b733a31323a22646570656e64656e63696573223b613a323a7b693a303b733a383a22646174655f617069223b693a313b733a343a2264617465223b7d733a373a227061636b616765223b733a393a22446174652f54696d65223b733a343a22636f7265223b733a333a22372e78223b733a373a2276657273696f6e223b733a373a22372e782d322e36223b733a373a2270726f6a656374223b733a343a2264617465223b733a393a22646174657374616d70223b733a31303a2231333434383530303234223b733a353a226d74696d65223b693a313339343731383530303b733a333a22706870223b733a353a22352e322e34223b733a353a2266696c6573223b613a303a7b7d733a393a22626f6f747374726170223b693a303b7d),
('sites/all/modules/date/date_api/date_api.module', 'date_api', 'module', '', 1, 0, 7001, 0, 0x613a31333a7b733a343a226e616d65223b733a383a224461746520415049223b733a31313a226465736372697074696f6e223b733a34353a224120446174652041504920746861742063616e2062652075736564206279206f74686572206d6f64756c65732e223b733a373a227061636b616765223b733a393a22446174652f54696d65223b733a343a22636f7265223b733a333a22372e78223b733a333a22706870223b733a333a22352e32223b733a31313a227374796c65736865657473223b613a313a7b733a333a22616c6c223b613a313a7b733a383a22646174652e637373223b733a34303a2273697465732f616c6c2f6d6f64756c65732f646174652f646174655f6170692f646174652e637373223b7d7d733a353a2266696c6573223b613a323a7b693a303b733a31353a22646174655f6170692e6d6f64756c65223b693a313b733a31363a22646174655f6170695f73716c2e696e63223b7d733a373a2276657273696f6e223b733a373a22372e782d322e36223b733a373a2270726f6a656374223b733a343a2264617465223b733a393a22646174657374616d70223b733a31303a2231333434383530303234223b733a353a226d74696d65223b693a313339343731383530303b733a31323a22646570656e64656e63696573223b613a303a7b7d733a393a22626f6f747374726170223b693a303b7d),
('sites/all/modules/date/date_context/date_context.module', 'date_context', 'module', '', 0, 0, -1, 0, 0x613a31323a7b733a343a226e616d65223b733a31323a224461746520436f6e74657874223b733a31313a226465736372697074696f6e223b733a39393a224164647320616e206f7074696f6e20746f2074686520436f6e74657874206d6f64756c6520746f20736574206120636f6e7465787420636f6e646974696f6e206261736564206f6e207468652076616c7565206f6620612064617465206669656c642e223b733a373a227061636b616765223b733a393a22446174652f54696d65223b733a343a22636f7265223b733a333a22372e78223b733a31323a22646570656e64656e63696573223b613a323a7b693a303b733a343a2264617465223b693a313b733a373a22636f6e74657874223b7d733a353a2266696c6573223b613a323a7b693a303b733a31393a22646174655f636f6e746578742e6d6f64756c65223b693a313b733a33393a22706c7567696e732f646174655f636f6e746578745f646174655f636f6e646974696f6e2e696e63223b7d733a373a2276657273696f6e223b733a373a22372e782d322e36223b733a373a2270726f6a656374223b733a343a2264617465223b733a393a22646174657374616d70223b733a31303a2231333434383530303234223b733a353a226d74696d65223b693a313339343731383530303b733a333a22706870223b733a353a22352e322e34223b733a393a22626f6f747374726170223b693a303b7d),
('sites/all/modules/date/date_migrate/date_migrate.module', 'date_migrate', 'module', '', 0, 0, -1, 0, 0x613a31323a7b733a343a226e616d65223b733a31343a2244617465204d6967726174696f6e223b733a31313a226465736372697074696f6e223b733a37323a2250726f766964657320737570706f727420666f7220696d706f7274696e6720696e746f2064617465206669656c6473207769746820746865204d696772617465206d6f64756c652e223b733a343a22636f7265223b733a333a22372e78223b733a373a227061636b616765223b733a393a22446174652f54696d65223b733a31323a22646570656e64656e63696573223b613a323a7b693a303b733a373a226d696772617465223b693a313b733a343a2264617465223b7d733a353a2266696c6573223b613a323a7b693a303b733a31363a22646174652e6d6967726174652e696e63223b693a313b733a31373a22646174655f6d6967726174652e74657374223b7d733a373a2276657273696f6e223b733a373a22372e782d322e36223b733a373a2270726f6a656374223b733a343a2264617465223b733a393a22646174657374616d70223b733a31303a2231333434383530303234223b733a353a226d74696d65223b693a313339343731383530303b733a333a22706870223b733a353a22352e322e34223b733a393a22626f6f747374726170223b693a303b7d),
('sites/all/modules/date/date_migrate/date_migrate_example/date_migrate_example.module', 'date_migrate_example', 'module', '', 0, 0, -1, 0, 0x613a31333a7b733a343a22636f7265223b733a333a22372e78223b733a31323a22646570656e64656e63696573223b613a363a7b693a303b733a343a2264617465223b693a313b733a31313a22646174655f726570656174223b693a323b733a31373a22646174655f7265706561745f6669656c64223b693a333b733a31323a22646174655f6d696772617465223b693a343b733a383a226665617475726573223b693a353b733a373a226d696772617465223b7d733a31313a226465736372697074696f6e223b733a34323a224578616d706c6573206f66206d6967726174696e672077697468207468652044617465206d6f64756c65223b733a383a226665617475726573223b613a323a7b733a353a226669656c64223b613a383a7b693a303b733a33303a226e6f64652d646174655f6d6967726174655f6578616d706c652d626f6479223b693a313b733a33363a226e6f64652d646174655f6d6967726174655f6578616d706c652d6669656c645f64617465223b693a323b733a34323a226e6f64652d646174655f6d6967726174655f6578616d706c652d6669656c645f646174655f72616e6765223b693a333b733a34333a226e6f64652d646174655f6d6967726174655f6578616d706c652d6669656c645f646174655f726570656174223b693a343b733a34313a226e6f64652d646174655f6d6967726174655f6578616d706c652d6669656c645f646174657374616d70223b693a353b733a34373a226e6f64652d646174655f6d6967726174655f6578616d706c652d6669656c645f646174657374616d705f72616e6765223b693a363b733a34303a226e6f64652d646174655f6d6967726174655f6578616d706c652d6669656c645f6461746574696d65223b693a373b733a34363a226e6f64652d646174655f6d6967726174655f6578616d706c652d6669656c645f6461746574696d655f72616e6765223b7d733a343a226e6f6465223b613a313a7b693a303b733a32303a22646174655f6d6967726174655f6578616d706c65223b7d7d733a353a2266696c6573223b613a313a7b693a303b733a33323a22646174655f6d6967726174655f6578616d706c652e6d6967726174652e696e63223b7d733a343a226e616d65223b733a32323a2244617465204d6967726174696f6e204578616d706c65223b733a373a227061636b616765223b733a383a224665617475726573223b733a373a2270726f6a656374223b733a343a2264617465223b733a373a2276657273696f6e223b733a373a22372e782d322e36223b733a393a22646174657374616d70223b733a31303a2231333434383530303234223b733a353a226d74696d65223b693a313339343731383530303b733a333a22706870223b733a353a22352e322e34223b733a393a22626f6f747374726170223b693a303b7d);
INSERT INTO `system` (`filename`, `name`, `type`, `owner`, `status`, `bootstrap`, `schema_version`, `weight`, `info`) VALUES
('sites/all/modules/date/date_popup/date_popup.module', 'date_popup', 'module', '', 1, 0, 0, 0, 0x613a31343a7b733a343a226e616d65223b733a31303a224461746520506f707570223b733a31313a226465736372697074696f6e223b733a38343a22456e61626c6573206a717565727920706f7075702063616c656e6461727320616e642074696d6520656e747279207769646765747320666f722073656c656374696e6720646174657320616e642074696d65732e223b733a31323a22646570656e64656e63696573223b613a313a7b693a303b733a383a22646174655f617069223b7d733a373a227061636b616765223b733a393a22446174652f54696d65223b733a343a22636f7265223b733a333a22372e78223b733a393a22636f6e666967757265223b733a32383a2261646d696e2f636f6e6669672f646174652f646174655f706f707570223b733a31313a227374796c65736865657473223b613a313a7b733a333a22616c6c223b613a313a7b733a32353a227468656d65732f646174657069636b65722e312e372e637373223b733a35393a2273697465732f616c6c2f6d6f64756c65732f646174652f646174655f706f7075702f7468656d65732f646174657069636b65722e312e372e637373223b7d7d733a373a2276657273696f6e223b733a373a22372e782d322e36223b733a373a2270726f6a656374223b733a343a2264617465223b733a393a22646174657374616d70223b733a31303a2231333434383530303234223b733a353a226d74696d65223b693a313339343731383530303b733a333a22706870223b733a353a22352e322e34223b733a353a2266696c6573223b613a303a7b7d733a393a22626f6f747374726170223b693a303b7d),
('sites/all/modules/date/date_repeat/date_repeat.module', 'date_repeat', 'module', '', 0, 0, -1, 0, 0x613a31323a7b733a343a226e616d65223b733a31353a22446174652052657065617420415049223b733a31313a226465736372697074696f6e223b733a37333a22412044617465205265706561742041504920746f2063616c63756c61746520726570656174696e6720646174657320616e642074696d65732066726f6d206943616c2072756c65732e223b733a31323a22646570656e64656e63696573223b613a313a7b693a303b733a383a22646174655f617069223b7d733a373a227061636b616765223b733a393a22446174652f54696d65223b733a343a22636f7265223b733a333a22372e78223b733a333a22706870223b733a333a22352e32223b733a353a2266696c6573223b613a323a7b693a303b733a32323a2274657374732f646174655f7265706561742e74657374223b693a313b733a32373a2274657374732f646174655f7265706561745f666f726d2e74657374223b7d733a373a2276657273696f6e223b733a373a22372e782d322e36223b733a373a2270726f6a656374223b733a343a2264617465223b733a393a22646174657374616d70223b733a31303a2231333434383530303234223b733a353a226d74696d65223b693a313339343731383530303b733a393a22626f6f747374726170223b693a303b7d),
('sites/all/modules/date/date_repeat_field/date_repeat_field.module', 'date_repeat_field', 'module', '', 0, 0, -1, 0, 0x613a31333a7b733a343a226e616d65223b733a31373a224461746520526570656174204669656c64223b733a31313a226465736372697074696f6e223b733a39373a224372656174657320746865206f7074696f6e206f6620526570656174696e672064617465206669656c647320616e64206d616e616765732044617465206669656c647320746861742075736520746865204461746520526570656174204150492e223b733a31323a22646570656e64656e63696573223b613a333a7b693a303b733a383a22646174655f617069223b693a313b733a343a2264617465223b693a323b733a31313a22646174655f726570656174223b7d733a31313a227374796c65736865657473223b613a313a7b733a333a22616c6c223b613a313a7b733a32313a22646174655f7265706561745f6669656c642e637373223b733a36323a2273697465732f616c6c2f6d6f64756c65732f646174652f646174655f7265706561745f6669656c642f646174655f7265706561745f6669656c642e637373223b7d7d733a373a227061636b616765223b733a393a22446174652f54696d65223b733a343a22636f7265223b733a333a22372e78223b733a373a2276657273696f6e223b733a373a22372e782d322e36223b733a373a2270726f6a656374223b733a343a2264617465223b733a393a22646174657374616d70223b733a31303a2231333434383530303234223b733a353a226d74696d65223b693a313339343731383530303b733a333a22706870223b733a353a22352e322e34223b733a353a2266696c6573223b613a303a7b7d733a393a22626f6f747374726170223b693a303b7d),
('sites/all/modules/date/date_tools/date_tools.module', 'date_tools', 'module', '', 0, 0, -1, 0, 0x613a31333a7b733a343a226e616d65223b733a31303a224461746520546f6f6c73223b733a31313a226465736372697074696f6e223b733a35323a22546f6f6c7320746f20696d706f727420616e64206175746f2d63726561746520646174657320616e642063616c656e646172732e223b733a31323a22646570656e64656e63696573223b613a313a7b693a303b733a343a2264617465223b7d733a373a227061636b616765223b733a393a22446174652f54696d65223b733a343a22636f7265223b733a333a22372e78223b733a393a22636f6e666967757265223b733a32333a2261646d696e2f636f6e6669672f646174652f746f6f6c73223b733a353a2266696c6573223b613a313a7b693a303b733a32313a2274657374732f646174655f746f6f6c732e74657374223b7d733a373a2276657273696f6e223b733a373a22372e782d322e36223b733a373a2270726f6a656374223b733a343a2264617465223b733a393a22646174657374616d70223b733a31303a2231333434383530303234223b733a353a226d74696d65223b693a313339343731383530303b733a333a22706870223b733a353a22352e322e34223b733a393a22626f6f747374726170223b693a303b7d),
('sites/all/modules/date/date_views/date_views.module', 'date_views', 'module', '', 0, 0, -1, 0, 0x613a31323a7b733a343a226e616d65223b733a31303a2244617465205669657773223b733a31313a226465736372697074696f6e223b733a35373a22566965777320696e746567726174696f6e20666f722064617465206669656c647320616e6420646174652066756e6374696f6e616c6974792e223b733a373a227061636b616765223b733a393a22446174652f54696d65223b733a31323a22646570656e64656e63696573223b613a323a7b693a303b733a383a22646174655f617069223b693a313b733a353a227669657773223b7d733a343a22636f7265223b733a333a22372e78223b733a333a22706870223b733a333a22352e32223b733a353a2266696c6573223b613a373a7b693a303b733a34303a22696e636c756465732f646174655f76696577735f617267756d656e745f68616e646c65722e696e63223b693a313b733a34373a22696e636c756465732f646174655f76696577735f617267756d656e745f68616e646c65725f73696d706c652e696e63223b693a323b733a33383a22696e636c756465732f646174655f76696577735f66696c7465725f68616e646c65722e696e63223b693a333b733a34353a22696e636c756465732f646174655f76696577735f66696c7465725f68616e646c65725f73696d706c652e696e63223b693a343b733a33373a22696e636c756465732f646174655f76696577732e76696577735f64656661756c742e696e63223b693a353b733a32393a22696e636c756465732f646174655f76696577732e76696577732e696e63223b693a363b733a33363a22696e636c756465732f646174655f76696577735f706c7567696e5f70616765722e696e63223b7d733a373a2276657273696f6e223b733a373a22372e782d322e36223b733a373a2270726f6a656374223b733a343a2264617465223b733a393a22646174657374616d70223b733a31303a2231333434383530303234223b733a353a226d74696d65223b693a313339343731383530303b733a393a22626f6f747374726170223b693a303b7d),
('sites/all/modules/nice_menus/nice_menus.module', 'nice_menus', 'module', '', 0, 0, 6002, 0, 0x613a31333a7b733a343a226e616d65223b733a31303a224e696365204d656e7573223b733a31313a226465736372697074696f6e223b733a37353a224353532f6a51756572792064726f702d646f776e2c2064726f702d726967687420616e642064726f702d6c656674206d656e757320746f20626520706c6163656420696e20626c6f636b73223b733a31323a22646570656e64656e63696573223b613a313a7b693a303b733a343a226d656e75223b7d733a343a22636f7265223b733a333a22372e78223b733a393a22636f6e666967757265223b733a33383a2261646d696e2f636f6e6669672f757365722d696e746572666163652f6e6963655f6d656e7573223b733a373a2276657273696f6e223b733a373a22372e782d322e35223b733a373a2270726f6a656374223b733a31303a226e6963655f6d656e7573223b733a393a22646174657374616d70223b733a31303a2231333733393433363638223b733a353a226d74696d65223b693a313339343731383530303b733a373a227061636b616765223b733a353a224f74686572223b733a333a22706870223b733a353a22352e322e34223b733a353a2266696c6573223b613a303a7b7d733a393a22626f6f747374726170223b693a303b7d),
('sites/all/modules/special_menu_items/special_menu_items.module', 'special_menu_items', 'module', '', 1, 0, 7000, 0, 0x613a31333a7b733a343a226e616d65223b733a31383a225370656369616c206d656e75206974656d73223b733a31313a226465736372697074696f6e223b733a35393a22416c6c6f7720757365727320746f2061646420706c616365686f6c64657220616e642f6f7220736570617261746f72206d656e75206974656d732e223b733a343a22636f7265223b733a333a22372e78223b733a31323a22646570656e64656e63696573223b613a313a7b693a303b733a343a226d656e75223b7d733a393a22636f6e666967757265223b733a33383a2261646d696e2f636f6e6669672f73797374656d2f7370656369616c5f6d656e755f6974656d73223b733a373a2276657273696f6e223b733a373a22372e782d322e30223b733a373a2270726f6a656374223b733a31383a227370656369616c5f6d656e755f6974656d73223b733a393a22646174657374616d70223b733a31303a2231333436373838343131223b733a353a226d74696d65223b693a313339343731383530303b733a373a227061636b616765223b733a353a224f74686572223b733a333a22706870223b733a353a22352e322e34223b733a353a2266696c6573223b613a303a7b7d733a393a22626f6f747374726170223b693a303b7d),
('themes/bartik/bartik.info', 'bartik', 'theme', 'themes/engines/phptemplate/phptemplate.engine', 0, 0, -1, 0, 0x[encoded data, 4176 characters]),
('themes/bootstrap/bootstrap.info', 'bootstrap', 'theme', 'themes/engines/phptemplate/phptemplate.engine', 1, 0, -1, 0, 0x[encoded data, 8558 characters]),
('themes/garland/garland.info', 'garland', 'theme', 'themes/engines/phptemplate/phptemplate.engine', 0, 0, -1, 0, 0x613a31393a7b733a343a226e616d65223b733a373a224761726c616e64223b733a31313a226465736372697074696f6e223b733a3131313a2241206d756c74692d636f6c756d6e207468656d652077686963682063616e20626520636f6e6669677572656420746f206d6f6469667920636f6c6f727320616e6420737769746368206265747765656e20666978656420616e6420666c756964207769647468206c61796f7574732e223b733a373a227061636b616765223b733a343a22436f7265223b733a373a2276657273696f6e223b733a343a22372e3339223b733a343a22636f7265223b733a333a22372e78223b733a31313a227374796c65736865657473223b613a323a7b733a333a22616c6c223b613a313a7b733a393a227374796c652e637373223b733a32343a227468656d65732f6761726c616e642f7374796c652e637373223b7d733a353a227072696e74223b613a313a7b733a393a227072696e742e637373223b733a32343a227468656d65732f6761726c616e642f7072696e742e637373223b7d7d733a383a2273657474696e6773223b613a313a7b733a31333a226761726c616e645f7769647468223b733a353a22666c756964223b7d733a373a2270726f6a656374223b733a363a2264727570616c223b733a393a22646174657374616d70223b733a31303a2231343430303230313937223b733a363a22656e67696e65223b733a31313a2270687074656d706c617465223b733a373a22726567696f6e73223b613a31323a7b733a31333a22736964656261725f6669727374223b733a31323a224c6566742073696465626172223b733a31343a22736964656261725f7365636f6e64223b733a31333a2252696768742073696465626172223b733a373a22636f6e74656e74223b733a373a22436f6e74656e74223b733a363a22686561646572223b733a363a22486561646572223b733a363a22666f6f746572223b733a363a22466f6f746572223b733a31313a22686967686c696768746564223b733a31313a22486967686c696768746564223b733a343a2268656c70223b733a343a2248656c70223b733a383a22706167655f746f70223b733a383a225061676520746f70223b733a31313a22706167655f626f74746f6d223b733a31313a225061676520626f74746f6d223b733a31343a2264617368626f6172645f6d61696e223b733a31363a2244617368626f61726420286d61696e29223b733a31373a2264617368626f6172645f73696465626172223b733a31393a2244617368626f61726420287369646562617229223b733a31383a2264617368626f6172645f696e616374697665223b733a32303a2244617368626f6172642028696e61637469766529223b7d733a383a226665617475726573223b613a393a7b693a303b733a343a226c6f676f223b693a313b733a373a2266617669636f6e223b693a323b733a343a226e616d65223b693a333b733a363a22736c6f67616e223b693a343b733a31373a226e6f64655f757365725f70696374757265223b693a353b733a32303a22636f6d6d656e745f757365725f70696374757265223b693a363b733a32353a22636f6d6d656e745f757365725f766572696669636174696f6e223b693a373b733a393a226d61696e5f6d656e75223b693a383b733a31343a227365636f6e646172795f6d656e75223b7d733a31303a2273637265656e73686f74223b733a32393a227468656d65732f6761726c616e642f73637265656e73686f742e706e67223b733a333a22706870223b733a353a22352e322e34223b733a373a2273637269707473223b613a303a7b7d733a353a226d74696d65223b693a313434303138393737353b733a31353a226f7665726c61795f726567696f6e73223b613a353a7b693a303b733a31343a2264617368626f6172645f6d61696e223b693a313b733a31373a2264617368626f6172645f73696465626172223b693a323b733a31383a2264617368626f6172645f696e616374697665223b693a333b733a373a22636f6e74656e74223b693a343b733a343a2268656c70223b7d733a31343a22726567696f6e735f68696464656e223b613a323a7b693a303b733a383a22706167655f746f70223b693a313b733a31313a22706167655f626f74746f6d223b7d733a32383a226f7665726c61795f737570706c656d656e74616c5f726567696f6e73223b613a313a7b693a303b733a383a22706167655f746f70223b7d7d),
('themes/magenta/magenta.info', 'magenta', 'theme', 'themes/engines/phptemplate/phptemplate.engine', 0, 0, -1, 0, 0x[encoded data, 5522 characters]),
('themes/seven/seven.info', 'seven', 'theme', 'themes/engines/phptemplate/phptemplate.engine', 1, 0, -1, 0, 0x613a31393a7b733a343a226e616d65223b733a353a22536576656e223b733a31313a226465736372697074696f6e223b733a36353a22412073696d706c65206f6e652d636f6c756d6e2c207461626c656c6573732c20666c7569642077696474682061646d696e697374726174696f6e207468656d652e223b733a373a227061636b616765223b733a343a22436f7265223b733a373a2276657273696f6e223b733a343a22372e3339223b733a343a22636f7265223b733a333a22372e78223b733a31313a227374796c65736865657473223b613a313a7b733a363a2273637265656e223b613a323a7b733a393a2272657365742e637373223b733a32323a227468656d65732f736576656e2f72657365742e637373223b733a393a227374796c652e637373223b733a32323a227468656d65732f736576656e2f7374796c652e637373223b7d7d733a383a2273657474696e6773223b613a313a7b733a32303a2273686f72746375745f6d6f64756c655f6c696e6b223b733a313a2231223b7d733a373a22726567696f6e73223b613a383a7b733a373a22636f6e74656e74223b733a373a22436f6e74656e74223b733a343a2268656c70223b733a343a2248656c70223b733a383a22706167655f746f70223b733a383a225061676520746f70223b733a31313a22706167655f626f74746f6d223b733a31313a225061676520626f74746f6d223b733a31333a22736964656261725f6669727374223b733a31333a2246697273742073696465626172223b733a31343a2264617368626f6172645f6d61696e223b733a31363a2244617368626f61726420286d61696e29223b733a31373a2264617368626f6172645f73696465626172223b733a31393a2244617368626f61726420287369646562617229223b733a31383a2264617368626f6172645f696e616374697665223b733a32303a2244617368626f6172642028696e61637469766529223b7d733a31343a22726567696f6e735f68696464656e223b613a333a7b693a303b733a31333a22736964656261725f6669727374223b693a313b733a383a22706167655f746f70223b693a323b733a31313a22706167655f626f74746f6d223b7d733a373a2270726f6a656374223b733a363a2264727570616c223b733a393a22646174657374616d70223b733a31303a2231343430303230313937223b733a363a22656e67696e65223b733a31313a2270687074656d706c617465223b733a383a226665617475726573223b613a393a7b693a303b733a343a226c6f676f223b693a313b733a373a2266617669636f6e223b693a323b733a343a226e616d65223b693a333b733a363a22736c6f67616e223b693a343b733a31373a226e6f64655f757365725f70696374757265223b693a353b733a32303a22636f6d6d656e745f757365725f70696374757265223b693a363b733a32353a22636f6d6d656e745f757365725f766572696669636174696f6e223b693a373b733a393a226d61696e5f6d656e75223b693a383b733a31343a227365636f6e646172795f6d656e75223b7d733a31303a2273637265656e73686f74223b733a32373a227468656d65732f736576656e2f73637265656e73686f742e706e67223b733a333a22706870223b733a353a22352e322e34223b733a373a2273637269707473223b613a303a7b7d733a353a226d74696d65223b693a313434303138393738313b733a31353a226f7665726c61795f726567696f6e73223b613a353a7b693a303b733a31343a2264617368626f6172645f6d61696e223b693a313b733a31373a2264617368626f6172645f73696465626172223b693a323b733a31383a2264617368626f6172645f696e616374697665223b693a333b733a373a22636f6e74656e74223b693a343b733a343a2268656c70223b7d733a32383a226f7665726c61795f737570706c656d656e74616c5f726567696f6e73223b613a313a7b693a303b733a383a22706167655f746f70223b7d7d),
('themes/stark/stark.info', 'stark', 'theme', 'themes/engines/phptemplate/phptemplate.engine', 0, 0, -1, 0, 0x613a31383a7b733a343a226e616d65223b733a353a22537461726b223b733a31313a226465736372697074696f6e223b733a3230383a2254686973207468656d652064656d6f6e737472617465732044727570616c27732064656661756c742048544d4c206d61726b757020616e6420435353207374796c65732e20546f206c6561726e20686f7720746f206275696c6420796f7572206f776e207468656d6520616e64206f766572726964652044727570616c27732064656661756c7420636f64652c2073656520746865203c6120687265663d22687474703a2f2f64727570616c2e6f72672f7468656d652d6775696465223e5468656d696e672047756964653c2f613e2e223b733a373a227061636b616765223b733a343a22436f7265223b733a373a2276657273696f6e223b733a343a22372e3339223b733a343a22636f7265223b733a333a22372e78223b733a31313a227374796c65736865657473223b613a313a7b733a333a22616c6c223b613a313a7b733a31303a226c61796f75742e637373223b733a32333a227468656d65732f737461726b2f6c61796f75742e637373223b7d7d733a373a2270726f6a656374223b733a363a2264727570616c223b733a393a22646174657374616d70223b733a31303a2231343430303230313937223b733a363a22656e67696e65223b733a31313a2270687074656d706c617465223b733a373a22726567696f6e73223b613a31323a7b733a31333a22736964656261725f6669727374223b733a31323a224c6566742073696465626172223b733a31343a22736964656261725f7365636f6e64223b733a31333a2252696768742073696465626172223b733a373a22636f6e74656e74223b733a373a22436f6e74656e74223b733a363a22686561646572223b733a363a22486561646572223b733a363a22666f6f746572223b733a363a22466f6f746572223b733a31313a22686967686c696768746564223b733a31313a22486967686c696768746564223b733a343a2268656c70223b733a343a2248656c70223b733a383a22706167655f746f70223b733a383a225061676520746f70223b733a31313a22706167655f626f74746f6d223b733a31313a225061676520626f74746f6d223b733a31343a2264617368626f6172645f6d61696e223b733a31363a2244617368626f61726420286d61696e29223b733a31373a2264617368626f6172645f73696465626172223b733a31393a2244617368626f61726420287369646562617229223b733a31383a2264617368626f6172645f696e616374697665223b733a32303a2244617368626f6172642028696e61637469766529223b7d733a383a226665617475726573223b613a393a7b693a303b733a343a226c6f676f223b693a313b733a373a2266617669636f6e223b693a323b733a343a226e616d65223b693a333b733a363a22736c6f67616e223b693a343b733a31373a226e6f64655f757365725f70696374757265223b693a353b733a32303a22636f6d6d656e745f757365725f70696374757265223b693a363b733a32353a22636f6d6d656e745f757365725f766572696669636174696f6e223b693a373b733a393a226d61696e5f6d656e75223b693a383b733a31343a227365636f6e646172795f6d656e75223b7d733a31303a2273637265656e73686f74223b733a32373a227468656d65732f737461726b2f73637265656e73686f742e706e67223b733a333a22706870223b733a353a22352e322e34223b733a373a2273637269707473223b613a303a7b7d733a353a226d74696d65223b693a313434303138393738343b733a31353a226f7665726c61795f726567696f6e73223b613a353a7b693a303b733a31343a2264617368626f6172645f6d61696e223b693a313b733a31373a2264617368626f6172645f73696465626172223b693a323b733a31383a2264617368626f6172645f696e616374697665223b693a333b733a373a22636f6e74656e74223b693a343b733a343a2268656c70223b7d733a31343a22726567696f6e735f68696464656e223b613a323a7b693a303b733a383a22706167655f746f70223b693a313b733a31313a22706167655f626f74746f6d223b7d733a32383a226f7665726c61795f737570706c656d656e74616c5f726567696f6e73223b613a313a7b693a303b733a383a22706167655f746f70223b7d7d),
('themes/tec/tec.info', 'tec', 'theme', 'themes/engines/phptemplate/phptemplate.engine', 0, 0, -1, 0, 0x[encoded data, 5988 characters]),
('themes/zen/zen.info', 'zen', 'theme', 'themes/engines/phptemplate/phptemplate.engine', 0, 0, -1, 0, 0x[encoded data, 4496 characters]);

-- --------------------------------------------------------

--
