-- Table structure for table `mdl_feedback_completedtmp`
--

CREATE TABLE `mdl_feedback_completedtmp` (
  `id` bigint(10) NOT NULL,
  `feedback` bigint(10) NOT NULL DEFAULT '0',
  `userid` bigint(10) NOT NULL DEFAULT '0',
  `guestid` varchar(255) COLLATE utf8_unicode_ci NOT NULL DEFAULT '',
  `timemodified` bigint(10) NOT NULL DEFAULT '0',
  `random_response` bigint(10) NOT NULL DEFAULT '0',
  `anonymous_response` tinyint(1) NOT NULL DEFAULT '0'
) ENGINE=InnoDB DEFAULT CHARSET=utf8 COLLATE=utf8_unicode_ci COMMENT='filled out feedback';

-- --------------------------------------------------------

--
-- Table structure for table `mdl_feedback_item`
--

CREATE TABLE `mdl_feedback_item` (
  `id` bigint(10) NOT NULL,
  `feedback` bigint(10) NOT NULL DEFAULT '0',
  `template` bigint(10) NOT NULL DEFAULT '0',
  `name` varchar(255) COLLATE utf8_unicode_ci NOT NULL DEFAULT '',
  `label` varchar(255) COLLATE utf8_unicode_ci NOT NULL DEFAULT '',
  `presentation` longtext COLLATE utf8_unicode_ci NOT NULL,
  `typ` varchar(255) COLLATE utf8_unicode_ci NOT NULL DEFAULT '',
  `hasvalue` tinyint(1) NOT NULL DEFAULT '0',
  `position` smallint(3) NOT NULL DEFAULT '0',
  `required` tinyint(1) NOT NULL DEFAULT '0',
  `dependitem` bigint(10) NOT NULL DEFAULT '0',
  `dependvalue` varchar(255) COLLATE utf8_unicode_ci NOT NULL DEFAULT '',
  `options` varchar(255) COLLATE utf8_unicode_ci NOT NULL DEFAULT ''
) ENGINE=InnoDB DEFAULT CHARSET=utf8 COLLATE=utf8_unicode_ci COMMENT='feedback_items';

-- --------------------------------------------------------

--
-- Table structure for table `mdl_feedback_sitecourse_map`
--

CREATE TABLE `mdl_feedback_sitecourse_map` (
  `id` bigint(10) NOT NULL,
  `feedbackid` bigint(10) NOT NULL DEFAULT '0',
  `courseid` bigint(10) NOT NULL DEFAULT '0'
) ENGINE=InnoDB DEFAULT CHARSET=utf8 COLLATE=utf8_unicode_ci COMMENT='feedback sitecourse map';

-- --------------------------------------------------------

--
-- Table structure for table `mdl_feedback_template`
--

CREATE TABLE `mdl_feedback_template` (
  `id` bigint(10) NOT NULL,
  `course` bigint(10) NOT NULL DEFAULT '0',
  `ispublic` tinyint(1) NOT NULL DEFAULT '0',
  `name` varchar(255) COLLATE utf8_unicode_ci NOT NULL DEFAULT ''
) ENGINE=InnoDB DEFAULT CHARSET=utf8 COLLATE=utf8_unicode_ci COMMENT='templates of feedbackstructures';

-- --------------------------------------------------------

--
-- Table structure for table `mdl_feedback_tracking`
--

CREATE TABLE `mdl_feedback_tracking` (
  `id` bigint(10) NOT NULL,
  `userid` bigint(10) NOT NULL DEFAULT '0',
  `feedback` bigint(10) NOT NULL DEFAULT '0',
  `completed` bigint(10) NOT NULL DEFAULT '0',
  `tmp_completed` bigint(10) NOT NULL DEFAULT '0'
) ENGINE=InnoDB DEFAULT CHARSET=utf8 COLLATE=utf8_unicode_ci COMMENT='feedback trackingdata';

-- --------------------------------------------------------

--
-- Table structure for table `mdl_feedback_value`
--

CREATE TABLE `mdl_feedback_value` (
  `id` bigint(10) NOT NULL,
  `course_id` bigint(10) NOT NULL DEFAULT '0',
  `item` bigint(10) NOT NULL DEFAULT '0',
  `completed` bigint(10) NOT NULL DEFAULT '0',
  `tmp_completed` bigint(10) NOT NULL DEFAULT '0',
  `value` longtext COLLATE utf8_unicode_ci NOT NULL
) ENGINE=InnoDB DEFAULT CHARSET=utf8 COLLATE=utf8_unicode_ci COMMENT='values of the completeds';

-- --------------------------------------------------------

--
-- Table structure for table `mdl_feedback_valuetmp`
--

CREATE TABLE `mdl_feedback_valuetmp` (
  `id` bigint(10) NOT NULL,
  `course_id` bigint(10) NOT NULL DEFAULT '0',
  `item` bigint(10) NOT NULL DEFAULT '0',
  `completed` bigint(10) NOT NULL DEFAULT '0',
  `tmp_completed` bigint(10) NOT NULL DEFAULT '0',
  `value` longtext COLLATE utf8_unicode_ci NOT NULL
) ENGINE=InnoDB DEFAULT CHARSET=utf8 COLLATE=utf8_unicode_ci COMMENT='values of the completedstmp';

-- --------------------------------------------------------

--
-- Table structure for table `mdl_files`
--

CREATE TABLE `mdl_files` (
  `id` bigint(10) NOT NULL,
  `contenthash` varchar(40) COLLATE utf8_unicode_ci NOT NULL DEFAULT '',
  `pathnamehash` varchar(40) COLLATE utf8_unicode_ci NOT NULL DEFAULT '',
  `contextid` bigint(10) NOT NULL,
  `component` varchar(100) COLLATE utf8_unicode_ci NOT NULL DEFAULT '',
  `filearea` varchar(50) COLLATE utf8_unicode_ci NOT NULL DEFAULT '',
  `itemid` bigint(10) NOT NULL,
  `filepath` varchar(255) COLLATE utf8_unicode_ci NOT NULL DEFAULT '',
  `filename` varchar(255) COLLATE utf8_unicode_ci NOT NULL DEFAULT '',
  `userid` bigint(10) DEFAULT NULL,
  `filesize` bigint(10) NOT NULL,
  `mimetype` varchar(100) COLLATE utf8_unicode_ci DEFAULT NULL,
  `status` bigint(10) NOT NULL DEFAULT '0',
  `source` longtext COLLATE utf8_unicode_ci,
  `author` varchar(255) COLLATE utf8_unicode_ci DEFAULT NULL,
  `license` varchar(255) COLLATE utf8_unicode_ci DEFAULT NULL,
  `timecreated` bigint(10) NOT NULL,
  `timemodified` bigint(10) NOT NULL,
  `sortorder` bigint(10) NOT NULL DEFAULT '0',
  `referencefileid` bigint(10) DEFAULT NULL,
  `referencelastsync` bigint(10) DEFAULT NULL,
  `referencelifetime` bigint(10) DEFAULT NULL
) ENGINE=InnoDB DEFAULT CHARSET=utf8 COLLATE=utf8_unicode_ci COMMENT='description of files, content is stored in sha1 file pool';

--
-- Dumping data for table `mdl_files`
--

INSERT INTO `mdl_files` (`id`, `contenthash`, `pathnamehash`, `contextid`, `component`, `filearea`, `itemid`, `filepath`, `filename`, `userid`, `filesize`, `mimetype`, `status`, `source`, `author`, `license`, `timecreated`, `timemodified`, `sortorder`, `referencefileid`, `referencelastsync`, `referencelifetime`) VALUES
(1, '03bc5f1e2ea410d1140420d00cc226b729ad5459', '47f20fc4fa14f7e991d82b86ff220fd03a0ebc87', 5, 'user', 'draft', 726500628, '/', 'jos_users.csv', 2, 13484, 'text/csv', 0, 'O:8:\"stdClass\":1:{s:6:\"source\";s:13:\"jos_users.csv\";}', 'Rafael Sanchez', 'allrightsreserved', 1359219205, 1359219205, 0, NULL, NULL, NULL),
(2, 'da39a3ee5e6b4b0d3255bfef95601890afd80709', 'f58d41cf9664f31191d00e440392cafdb60001fc', 5, 'user', 'draft', 726500628, '/', '.', 2, 0, NULL, 0, NULL, NULL, NULL, 1359219205, 1359219205, 0, NULL, NULL, NULL),
(3, 'c739094316296c0c54999ca6ac551b9ecb78d7e6', 'b9019cc045ca4962f74b0a33f5a188ed7ee5b28f', 5, 'user', 'draft', 277495720, '/', 'jos_users.csv', 2, 5834, 'text/csv', 0, 'O:8:\"stdClass\":1:{s:6:\"source\";s:13:\"jos_users.csv\";}', 'Rafael Sanchez', 'allrightsreserved', 1359219274, 1359219274, 0, NULL, NULL, NULL),
(4, 'da39a3ee5e6b4b0d3255bfef95601890afd80709', '5b27bc0a8657bf5670833af71e0985763b2f7b1e', 5, 'user', 'draft', 277495720, '/', '.', 2, 0, NULL, 0, NULL, NULL, NULL, 1359219274, 1359219274, 0, NULL, NULL, NULL),
(5, 'b150c1dab1614638de6d1820530246d574e209af', '26a39c8c60bf2a3b0dbc133c04bf113b39caedb0', 5, 'user', 'draft', 174959104, '/', 'jos_users.csv', 2, 5586, 'text/csv', 0, 'O:8:\"stdClass\":1:{s:6:\"source\";s:13:\"jos_users.csv\";}', 'Rafael Sanchez', 'allrightsreserved', 1359219361, 1359219361, 0, NULL, NULL, NULL),
(6, 'da39a3ee5e6b4b0d3255bfef95601890afd80709', '34be137c995a815307669302562fe0fe3d4cc145', 5, 'user', 'draft', 174959104, '/', '.', 2, 0, NULL, 0, NULL, NULL, NULL, 1359219361, 1359219361, 0, NULL, NULL, NULL),
(7, '5068e561762a25941c5870bcccc94c2594a8002c', '2dcb50e78dc6a0947abca1bed838e0d0fc4c8b3c', 5, 'user', 'draft', 764477268, '/', 'jos_users.csv', 2, 3871, 'text/csv', 0, 'O:8:\"stdClass\":1:{s:6:\"source\";s:13:\"jos_users.csv\";}', 'Rafael Sanchez', 'allrightsreserved', 1359219789, 1359219789, 0, NULL, NULL, NULL),
(8, 'da39a3ee5e6b4b0d3255bfef95601890afd80709', 'f0b2493bd0b42274e66c82288340b76a91a7db26', 5, 'user', 'draft', 764477268, '/', '.', 2, 0, NULL, 0, NULL, NULL, NULL, 1359219789, 1359219789, 0, NULL, NULL, NULL),
(9, '5068e561762a25941c5870bcccc94c2594a8002c', 'f7225bd694f4fc78e76b4a4bfbdc084067b16907', 5, 'user', 'draft', 298967600, '/', 'jos_users.csv', 2, 3871, 'text/csv', 0, 'O:8:\"stdClass\":1:{s:6:\"source\";s:13:\"jos_users.csv\";}', 'Rafael Sanchez', 'allrightsreserved', 1359219912, 1359219912, 0, NULL, NULL, NULL),
(10, 'da39a3ee5e6b4b0d3255bfef95601890afd80709', '7206469e410ed2227bf7e551ceb8917fa8e7dc53', 5, 'user', 'draft', 298967600, '/', '.', 2, 0, NULL, 0, NULL, NULL, NULL, 1359219912, 1359219912, 0, NULL, NULL, NULL),
(11, '86c4e15c3d1cb64e9ee6ed3dc7715284482e25cb', 'fe2d62399324ffcb34bac95f8f15c48d0d6d4ffd', 5, 'user', 'draft', 267505942, '/', 'jos_users.csv', 2, 3836, 'text/csv', 0, 'O:8:\"stdClass\":1:{s:6:\"source\";s:13:\"jos_users.csv\";}', 'Rafael Sanchez', 'allrightsreserved', 1359219969, 1359219969, 0, NULL, NULL, NULL),
(12, 'da39a3ee5e6b4b0d3255bfef95601890afd80709', 'edefe883ec92a7a1295e62172961f125c4559456', 5, 'user', 'draft', 267505942, '/', '.', 2, 0, NULL, 0, NULL, NULL, NULL, 1359219969, 1359219969, 0, NULL, NULL, NULL),
(13, '3e73b332a8b570b0e08fe9b53e8b0fa0544def11', 'becf1211b7d40d5865a05e754c3b2e0e5815bd9b', 5, 'user', 'draft', 26155917, '/', 'jos_users.csv', 2, 3782, 'text/csv', 0, 'O:8:\"stdClass\":1:{s:6:\"source\";s:13:\"jos_users.csv\";}', 'Rafael Sanchez', 'allrightsreserved', 1359220095, 1359220095, 0, NULL, NULL, NULL),
(14, 'da39a3ee5e6b4b0d3255bfef95601890afd80709', '3ed692ea3f486a88b0539bd4b34b769e204f1465', 5, 'user', 'draft', 26155917, '/', '.', 2, 0, NULL, 0, NULL, NULL, NULL, 1359220095, 1359220095, 0, NULL, NULL, NULL),
(15, '3e73b332a8b570b0e08fe9b53e8b0fa0544def11', 'd78bdac5daa3ee58d6fdfc528506aaca11b25a5e', 5, 'user', 'draft', 505365854, '/', 'jos_users.csv', 2, 3782, 'text/csv', 0, 'O:8:\"stdClass\":1:{s:6:\"source\";s:13:\"jos_users.csv\";}', 'Rafael Sanchez', 'allrightsreserved', 1359220189, 1359220189, 0, NULL, NULL, NULL),
(16, 'da39a3ee5e6b4b0d3255bfef95601890afd80709', '707eceeb9654a5c326bd9a0ca2a3e453ee00f2f9', 5, 'user', 'draft', 505365854, '/', '.', 2, 0, NULL, 0, NULL, NULL, NULL, 1359220189, 1359220189, 0, NULL, NULL, NULL),
(18, 'da39a3ee5e6b4b0d3255bfef95601890afd80709', 'c253697446936d4aee893abebbefedc3df89aba5', 5, 'user', 'draft', 105688041, '/', '.', 2, 0, NULL, 0, NULL, NULL, NULL, 1359220364, 1359220364, 0, NULL, NULL, NULL),
(20, '354557b8e762755425c31391769e1fc781712bb6', 'dea8fada9338e8df86e72fdc12d77902079c866b', 5, 'user', 'draft', 105688041, '/', 'jos_users.csv', 2, 3870, 'text/csv', 0, 'O:8:\"stdClass\":1:{s:6:\"source\";s:13:\"jos_users.csv\";}', 'Rafael Sanchez', 'allrightsreserved', 1359220387, 1359220387, 0, NULL, NULL, NULL),
(21, '354557b8e762755425c31391769e1fc781712bb6', '839c7d53e5333585c1db18042333a1185d58201a', 5, 'user', 'draft', 873159135, '/', 'jos_users.csv', 2, 3870, 'text/csv', 0, 'O:8:\"stdClass\":1:{s:6:\"source\";s:13:\"jos_users.csv\";}', 'Rafael Sanchez', 'allrightsreserved', 1359220424, 1359220424, 0, NULL, NULL, NULL),
(22, 'da39a3ee5e6b4b0d3255bfef95601890afd80709', '604e5022868e25b0f0f3d9a089af26d8f09d33d0', 5, 'user', 'draft', 873159135, '/', '.', 2, 0, NULL, 0, NULL, NULL, NULL, 1359220424, 1359220424, 0, NULL, NULL, NULL),
(23, '94ca750f22716de721f4fa32705db7e6e605ebc8', '2286f12fadcddaf241d25b6e3129d6f653add4dd', 5, 'user', 'draft', 148880619, '/', 'usuairos.csv', 2, 3553, 'text/csv', 0, 'O:8:\"stdClass\":1:{s:6:\"source\";s:12:\"usuairos.csv\";}', 'Rafael Sanchez', 'allrightsreserved', 1359220495, 1359220495, 0, NULL, NULL, NULL),
(24, 'da39a3ee5e6b4b0d3255bfef95601890afd80709', '892b72df20bf79dab5b2356523d926915ff107f3', 5, 'user', 'draft', 148880619, '/', '.', 2, 0, NULL, 0, NULL, NULL, NULL, 1359220495, 1359220495, 0, NULL, NULL, NULL),
(25, '706a2c10f9400b39bfa555965ba606c28a0be94d', 'e3be73d40ee0b5901479a89dd47f78f3aa6c2754', 5, 'user', 'draft', 255582841, '/', 'usuairos.csv', 2, 3642, 'text/csv', 0, 'O:8:\"stdClass\":1:{s:6:\"source\";s:12:\"usuairos.csv\";}', 'Rafael Sanchez', 'allrightsreserved', 1359220785, 1359220785, 0, NULL, NULL, NULL),
(26, 'da39a3ee5e6b4b0d3255bfef95601890afd80709', '9ffac88a2c772e0d2599c80b134f26172de333f7', 5, 'user', 'draft', 255582841, '/', '.', 2, 0, NULL, 0, NULL, NULL, NULL, 1359220785, 1359220785, 0, NULL, NULL, NULL),
(27, 'a4d40f67492966d5ccb2fe98c7b4039d57b931a3', '9f830877630fffb321a4c7826021cbba90d4a7c0', 5, 'user', 'draft', 811276095, '/', 'usuairos.csv', 2, 3640, 'text/csv', 0, 'O:8:\"stdClass\":1:{s:6:\"source\";s:12:\"usuairos.csv\";}', 'Rafael Sanchez', 'allrightsreserved', 1359220880, 1359220880, 0, NULL, NULL, NULL),
(28, 'da39a3ee5e6b4b0d3255bfef95601890afd80709', '308681bd6d205207a02899958a8af09c6e2c8a4c', 5, 'user', 'draft', 811276095, '/', '.', 2, 0, NULL, 0, NULL, NULL, NULL, 1359220880, 1359220880, 0, NULL, NULL, NULL),
(29, '349fa5408e93fb7e7e0521c9c98078fa05576e2d', '10cb61d9dbb13ce39b9cd183e94d356a5f16d5b5', 5, 'user', 'draft', 890719723, '/', 'EPP Módulo COLUMNA LUMBALGIA 13-11-07  CD.ppt', 2, 3436544, 'application/vnd.ms-powerpoint', 0, 'EPP Módulo COLUMNA LUMBALGIA 13-11-07  CD.ppt', 'Rafael Sanchez', 'allrightsreserved', 1359473150, 1359473150, 0, NULL, NULL, NULL),
(30, 'da39a3ee5e6b4b0d3255bfef95601890afd80709', 'ea3aba93d622646a803d62d46f5f9b387015d924', 5, 'user', 'draft', 890719723, '/', '.', 2, 0, NULL, 0, NULL, NULL, NULL, 1359473151, 1359473151, 0, NULL, NULL, NULL),
(31, '349fa5408e93fb7e7e0521c9c98078fa05576e2d', 'b4baf2c891054cc42bd85fbb4fdb1105d7f6c7bc', 287, 'mod_resource', 'content', 0, '/', 'EPP Módulo COLUMNA LUMBALGIA 13-11-07  CD.ppt', 2, 3436544, 'application/vnd.ms-powerpoint', 0, 'EPP Módulo COLUMNA LUMBALGIA 13-11-07  CD.ppt', 'Rafael Sanchez', 'allrightsreserved', 1359473150, 1359473150, 1, NULL, NULL, NULL),
(32, 'da39a3ee5e6b4b0d3255bfef95601890afd80709', 'a16d678da3baf67804f5b3f920c946b8f954e819', 287, 'mod_resource', 'content', 0, '/', '.', 2, 0, NULL, 0, NULL, NULL, NULL, 1359473151, 1359473151, 0, NULL, NULL, NULL),
(33, '09b9107859f273bcbdbcb8c04aa3ca592f5e30f1', 'f96946a0b74135650df710e195b58ce833bf8645', 31, 'user', 'draft', 308535996, '/', 'smiley-1024x768.jpg', 7, 80245, 'image/jpeg', 0, 'smiley-1024x768.jpg', 'Oscar Castaño', 'allrightsreserved', 1360755827, 1360755827, 0, NULL, NULL, NULL),
(34, 'da39a3ee5e6b4b0d3255bfef95601890afd80709', '3768ba4352d39d3b18c01f9b054b0f01f2560d9d', 31, 'user', 'draft', 308535996, '/', '.', 7, 0, NULL, 0, NULL, NULL, NULL, 1360755827, 1360755827, 0, NULL, NULL, NULL),
(35, '125f0a0f043fb81dfd3070d1727251926747cda9', '21ccbfbcb334cbea524129f0de1bbb0c9e8c8d65', 1, 'core', 'preview', 0, '/thumb/', '09b9107859f273bcbdbcb8c04aa3ca592f5e30f1', NULL, 7050, 'image/png', 0, NULL, NULL, NULL, 1360755828, 1360755828, 0, NULL, NULL, NULL),
(36, 'da39a3ee5e6b4b0d3255bfef95601890afd80709', '74c104d54c05b5f8c633a36da516d37e6c5279e4', 1, 'core', 'preview', 0, '/thumb/', '.', NULL, 0, NULL, 0, NULL, NULL, NULL, 1360755828, 1360755828, 0, NULL, NULL, NULL),
(37, 'da39a3ee5e6b4b0d3255bfef95601890afd80709', '884555719c50529b9df662a38619d04b5b11e25c', 1, 'core', 'preview', 0, '/', '.', NULL, 0, NULL, 0, NULL, NULL, NULL, 1360755828, 1360755828, 0, NULL, NULL, NULL),
(40, '6570f2752ebee241c01c86730b46c4be7fc810ab', 'cf492287cfd8d6e6d6e7bdf2abe2a73443635b0c', 31, 'user', 'icon', 0, '/', 'f1.png', NULL, 12810, 'image/png', 0, NULL, NULL, NULL, 1360755851, 1360755851, 0, NULL, NULL, NULL),
(41, 'da39a3ee5e6b4b0d3255bfef95601890afd80709', '466ee1f722960423b17acd9c4ad69ddf02a2eee8', 31, 'user', 'icon', 0, '/', '.', NULL, 0, NULL, 0, NULL, NULL, NULL, 1360755851, 1360755851, 0, NULL, NULL, NULL),
(42, 'aefdda040e7d1d5a409b90523c08e18ca87f0c06', '08af4d96300ec4e7cd6209f4241c269d5cc35c90', 31, 'user', 'icon', 0, '/', 'f2.png', NULL, 2028, 'image/png', 0, NULL, NULL, NULL, 1360755851, 1360755851, 0, NULL, NULL, NULL),
(43, '6872ffa021e211ebefe8e4c4b882c0374338dde4', 'aa40d722d7be6ce9944cb44b45feb068b2349104', 31, 'user', 'icon', 0, '/', 'f3.png', NULL, 232999, 'image/png', 0, NULL, NULL, NULL, 1360755851, 1360755851, 0, NULL, NULL, NULL);

-- --------------------------------------------------------

--
-- Table structure for table `mdl_files_reference`
--

CREATE TABLE `mdl_files_reference` (
  `id` bigint(10) NOT NULL,
  `repositoryid` bigint(10) NOT NULL,
  `lastsync` bigint(10) DEFAULT NULL,
  `lifetime` bigint(10) DEFAULT NULL,
  `reference` longtext COLLATE utf8_unicode_ci,
  `referencehash` varchar(40) COLLATE utf8_unicode_ci NOT NULL DEFAULT ''
) ENGINE=InnoDB DEFAULT CHARSET=utf8 COLLATE=utf8_unicode_ci COMMENT='Store files references';

-- --------------------------------------------------------

--
-- Table structure for table `mdl_filter_active`
--

CREATE TABLE `mdl_filter_active` (
  `id` bigint(10) NOT NULL,
  `filter` varchar(32) COLLATE utf8_unicode_ci NOT NULL DEFAULT '',
  `contextid` bigint(10) NOT NULL,
  `active` smallint(4) NOT NULL,
  `sortorder` bigint(10) NOT NULL DEFAULT '0'
) ENGINE=InnoDB DEFAULT CHARSET=utf8 COLLATE=utf8_unicode_ci COMMENT='Stores information about which filters are active in which c';

--
-- Dumping data for table `mdl_filter_active`
--

INSERT INTO `mdl_filter_active` (`id`, `filter`, `contextid`, `active`, `sortorder`) VALUES
(1, 'filter/activitynames', 1, 1, 1),
(2, 'filter/mediaplugin', 1, 1, 2),
(3, 'filter/censor', 1, -9999, 3),
(4, 'filter/multilang', 1, -9999, 4),
(5, 'filter/urltolink', 1, -9999, 5),
(6, 'filter/data', 1, -9999, 6),
(7, 'filter/glossary', 1, -9999, 7),
(8, 'filter/tidy', 1, -9999, 8),
(9, 'filter/emoticon', 1, -9999, 9),
(10, 'filter/algebra', 1, -9999, 10),
(11, 'filter/tex', 1, -9999, 11),
(12, 'filter/emailprotect', 1, -9999, 12);

-- --------------------------------------------------------

--
-- Table structure for table `mdl_filter_config`
--

CREATE TABLE `mdl_filter_config` (
  `id` bigint(10) NOT NULL,
  `filter` varchar(32) COLLATE utf8_unicode_ci NOT NULL DEFAULT '',
  `contextid` bigint(10) NOT NULL,
  `name` varchar(255) COLLATE utf8_unicode_ci NOT NULL DEFAULT '',
  `value` longtext COLLATE utf8_unicode_ci
) ENGINE=InnoDB DEFAULT CHARSET=utf8 COLLATE=utf8_unicode_ci COMMENT='Stores per-context configuration settings for filters which ';

-- --------------------------------------------------------

--
-- Table structure for table `mdl_folder`
--

CREATE TABLE `mdl_folder` (
  `id` bigint(10) NOT NULL,
  `course` bigint(10) NOT NULL DEFAULT '0',
  `name` varchar(255) COLLATE utf8_unicode_ci NOT NULL DEFAULT '',
  `intro` longtext COLLATE utf8_unicode_ci,
  `introformat` smallint(4) NOT NULL DEFAULT '0',
  `revision` bigint(10) NOT NULL DEFAULT '0',
  `timemodified` bigint(10) NOT NULL DEFAULT '0'
) ENGINE=InnoDB DEFAULT CHARSET=utf8 COLLATE=utf8_unicode_ci COMMENT='each record is one folder resource';

-- --------------------------------------------------------

--
-- Table structure for table `mdl_forum`
--

CREATE TABLE `mdl_forum` (
  `id` bigint(10) NOT NULL,
  `course` bigint(10) NOT NULL DEFAULT '0',
  `type` varchar(20) COLLATE utf8_unicode_ci NOT NULL DEFAULT 'general',
  `name` varchar(255) COLLATE utf8_unicode_ci NOT NULL DEFAULT '',
  `intro` longtext COLLATE utf8_unicode_ci NOT NULL,
  `introformat` smallint(4) NOT NULL DEFAULT '0',
  `assessed` bigint(10) NOT NULL DEFAULT '0',
  `assesstimestart` bigint(10) NOT NULL DEFAULT '0',
  `assesstimefinish` bigint(10) NOT NULL DEFAULT '0',
  `scale` bigint(10) NOT NULL DEFAULT '0',
  `maxbytes` bigint(10) NOT NULL DEFAULT '0',
  `maxattachments` bigint(10) NOT NULL DEFAULT '1',
  `forcesubscribe` tinyint(1) NOT NULL DEFAULT '0',
  `trackingtype` tinyint(2) NOT NULL DEFAULT '1',
  `rsstype` tinyint(2) NOT NULL DEFAULT '0',
  `rssarticles` tinyint(2) NOT NULL DEFAULT '0',
  `timemodified` bigint(10) NOT NULL DEFAULT '0',
  `warnafter` bigint(10) NOT NULL DEFAULT '0',
  `blockafter` bigint(10) NOT NULL DEFAULT '0',
  `blockperiod` bigint(10) NOT NULL DEFAULT '0',
  `completiondiscussions` int(9) NOT NULL DEFAULT '0',
  `completionreplies` int(9) NOT NULL DEFAULT '0',
  `completionposts` int(9) NOT NULL DEFAULT '0'
) ENGINE=InnoDB DEFAULT CHARSET=utf8 COLLATE=utf8_unicode_ci COMMENT='Forums contain and structure discussion';

--
-- Dumping data for table `mdl_forum`
--

INSERT INTO `mdl_forum` (`id`, `course`, `type`, `name`, `intro`, `introformat`, `assessed`, `assesstimestart`, `assesstimefinish`, `scale`, `maxbytes`, `maxattachments`, `forcesubscribe`, `trackingtype`, `rsstype`, `rssarticles`, `timemodified`, `warnafter`, `blockafter`, `blockperiod`, `completiondiscussions`, `completionreplies`, `completionposts`) VALUES
(1, 2, 'news', 'Novedades', 'Novedades y anuncios', 0, 0, 0, 0, 0, 0, 1, 1, 1, 0, 0, 1359215604, 0, 0, 0, 0, 0, 0),
(2, 25, 'news', 'Novedades', 'Novedades y anuncios', 0, 0, 0, 0, 0, 0, 1, 1, 1, 0, 0, 1359229918, 0, 0, 0, 0, 0, 0),
(3, 41, 'news', 'Novedades', 'Novedades y anuncios', 0, 0, 0, 0, 0, 0, 1, 1, 1, 0, 0, 1359488858, 0, 0, 0, 0, 0, 0);

-- --------------------------------------------------------

--
-- Table structure for table `mdl_forum_discussions`
--

CREATE TABLE `mdl_forum_discussions` (
  `id` bigint(10) NOT NULL,
  `course` bigint(10) NOT NULL DEFAULT '0',
  `forum` bigint(10) NOT NULL DEFAULT '0',
  `name` varchar(255) COLLATE utf8_unicode_ci NOT NULL DEFAULT '',
  `firstpost` bigint(10) NOT NULL DEFAULT '0',
  `userid` bigint(10) NOT NULL DEFAULT '0',
  `groupid` bigint(10) NOT NULL DEFAULT '-1',
  `assessed` tinyint(1) NOT NULL DEFAULT '1',
  `timemodified` bigint(10) NOT NULL DEFAULT '0',
  `usermodified` bigint(10) NOT NULL DEFAULT '0',
  `timestart` bigint(10) NOT NULL DEFAULT '0',
  `timeend` bigint(10) NOT NULL DEFAULT '0'
) ENGINE=InnoDB DEFAULT CHARSET=utf8 COLLATE=utf8_unicode_ci COMMENT='Forums are composed of discussions';

-- --------------------------------------------------------

--
-- Table structure for table `mdl_forum_posts`
--

CREATE TABLE `mdl_forum_posts` (
  `id` bigint(10) NOT NULL,
  `discussion` bigint(10) NOT NULL DEFAULT '0',
  `parent` bigint(10) NOT NULL DEFAULT '0',
  `userid` bigint(10) NOT NULL DEFAULT '0',
  `created` bigint(10) NOT NULL DEFAULT '0',
  `modified` bigint(10) NOT NULL DEFAULT '0',
  `mailed` tinyint(2) NOT NULL DEFAULT '0',
  `subject` varchar(255) COLLATE utf8_unicode_ci NOT NULL DEFAULT '',
  `message` longtext COLLATE utf8_unicode_ci NOT NULL,
  `messageformat` tinyint(2) NOT NULL DEFAULT '0',
  `messagetrust` tinyint(2) NOT NULL DEFAULT '0',
  `attachment` varchar(100) COLLATE utf8_unicode_ci NOT NULL DEFAULT '',
  `totalscore` smallint(4) NOT NULL DEFAULT '0',
  `mailnow` bigint(10) NOT NULL DEFAULT '0'
) ENGINE=InnoDB DEFAULT CHARSET=utf8 COLLATE=utf8_unicode_ci COMMENT='All posts are stored in this table';

-- --------------------------------------------------------

--
-- Table structure for table `mdl_forum_queue`
--

CREATE TABLE `mdl_forum_queue` (
  `id` bigint(10) NOT NULL,
  `userid` bigint(10) NOT NULL DEFAULT '0',
  `discussionid` bigint(10) NOT NULL DEFAULT '0',
  `postid` bigint(10) NOT NULL DEFAULT '0',
  `timemodified` bigint(10) NOT NULL DEFAULT '0'
) ENGINE=InnoDB DEFAULT CHARSET=utf8 COLLATE=utf8_unicode_ci COMMENT='For keeping track of posts that will be mailed in digest for';

-- --------------------------------------------------------

--
-- Table structure for table `mdl_forum_read`
--

CREATE TABLE `mdl_forum_read` (
  `id` bigint(10) NOT NULL,
  `userid` bigint(10) NOT NULL DEFAULT '0',
  `forumid` bigint(10) NOT NULL DEFAULT '0',
  `discussionid` bigint(10) NOT NULL DEFAULT '0',
  `postid` bigint(10) NOT NULL DEFAULT '0',
  `firstread` bigint(10) NOT NULL DEFAULT '0',
  `lastread` bigint(10) NOT NULL DEFAULT '0'
) ENGINE=InnoDB DEFAULT CHARSET=utf8 COLLATE=utf8_unicode_ci COMMENT='Tracks each users read posts';

-- --------------------------------------------------------

--
-- Table structure for table `mdl_forum_subscriptions`
--

CREATE TABLE `mdl_forum_subscriptions` (
  `id` bigint(10) NOT NULL,
  `userid` bigint(10) NOT NULL DEFAULT '0',
  `forum` bigint(10) NOT NULL DEFAULT '0'
) ENGINE=InnoDB DEFAULT CHARSET=utf8 COLLATE=utf8_unicode_ci COMMENT='Keeps track of who is subscribed to what forum';

-- --------------------------------------------------------

--
-- Table structure for table `mdl_forum_track_prefs`
--

CREATE TABLE `mdl_forum_track_prefs` (
  `id` bigint(10) NOT NULL,
  `userid` bigint(10) NOT NULL DEFAULT '0',
  `forumid` bigint(10) NOT NULL DEFAULT '0'
) ENGINE=InnoDB DEFAULT CHARSET=utf8 COLLATE=utf8_unicode_ci COMMENT='Tracks each users untracked forums';

-- --------------------------------------------------------

--
-- Table structure for table `mdl_glossary`
--

CREATE TABLE `mdl_glossary` (
  `id` bigint(10) NOT NULL,
  `course` bigint(10) NOT NULL DEFAULT '0',
  `name` varchar(255) COLLATE utf8_unicode_ci NOT NULL DEFAULT '',
  `intro` longtext COLLATE utf8_unicode_ci NOT NULL,
  `introformat` smallint(4) NOT NULL DEFAULT '0',
  `allowduplicatedentries` tinyint(2) NOT NULL DEFAULT '0',
  `displayformat` varchar(50) COLLATE utf8_unicode_ci NOT NULL DEFAULT 'dictionary',
  `mainglossary` tinyint(2) NOT NULL DEFAULT '0',
  `showspecial` tinyint(2) NOT NULL DEFAULT '1',
  `showalphabet` tinyint(2) NOT NULL DEFAULT '1',
  `showall` tinyint(2) NOT NULL DEFAULT '1',
  `allowcomments` tinyint(2) NOT NULL DEFAULT '0',
  `allowprintview` tinyint(2) NOT NULL DEFAULT '1',
  `usedynalink` tinyint(2) NOT NULL DEFAULT '1',
  `defaultapproval` tinyint(2) NOT NULL DEFAULT '1',
  `approvaldisplayformat` varchar(50) COLLATE utf8_unicode_ci NOT NULL DEFAULT 'default',
  `globalglossary` tinyint(2) NOT NULL DEFAULT '0',
  `entbypage` smallint(3) NOT NULL DEFAULT '10',
  `editalways` tinyint(2) NOT NULL DEFAULT '0',
  `rsstype` tinyint(2) NOT NULL DEFAULT '0',
  `rssarticles` tinyint(2) NOT NULL DEFAULT '0',
  `assessed` bigint(10) NOT NULL DEFAULT '0',
  `assesstimestart` bigint(10) NOT NULL DEFAULT '0',
  `assesstimefinish` bigint(10) NOT NULL DEFAULT '0',
  `scale` bigint(10) NOT NULL DEFAULT '0',
  `timecreated` bigint(10) NOT NULL DEFAULT '0',
  `timemodified` bigint(10) NOT NULL DEFAULT '0',
  `completionentries` int(9) NOT NULL DEFAULT '0'
) ENGINE=InnoDB DEFAULT CHARSET=utf8 COLLATE=utf8_unicode_ci COMMENT='all glossaries';

-- --------------------------------------------------------

--
-- Table structure for table `mdl_glossary_alias`
--

CREATE TABLE `mdl_glossary_alias` (
  `id` bigint(10) NOT NULL,
  `entryid` bigint(10) NOT NULL DEFAULT '0',
  `alias` varchar(255) COLLATE utf8_unicode_ci NOT NULL DEFAULT ''
) ENGINE=InnoDB DEFAULT CHARSET=utf8 COLLATE=utf8_unicode_ci COMMENT='entries alias';

-- --------------------------------------------------------

--
-- Table structure for table `mdl_glossary_categories`
--

CREATE TABLE `mdl_glossary_categories` (
  `id` bigint(10) NOT NULL,
  `glossaryid` bigint(10) NOT NULL DEFAULT '0',
  `name` varchar(255) COLLATE utf8_unicode_ci NOT NULL DEFAULT '',
  `usedynalink` tinyint(2) NOT NULL DEFAULT '1'
) ENGINE=InnoDB DEFAULT CHARSET=utf8 COLLATE=utf8_unicode_ci COMMENT='all categories for glossary entries';

-- --------------------------------------------------------

--
-- Table structure for table `mdl_glossary_entries`
--

CREATE TABLE `mdl_glossary_entries` (
  `id` bigint(10) NOT NULL,
  `glossaryid` bigint(10) NOT NULL DEFAULT '0',
  `userid` bigint(10) NOT NULL DEFAULT '0',
  `concept` varchar(255) COLLATE utf8_unicode_ci NOT NULL DEFAULT '',
  `definition` longtext COLLATE utf8_unicode_ci NOT NULL,
  `definitionformat` tinyint(2) NOT NULL DEFAULT '0',
  `definitiontrust` tinyint(2) NOT NULL DEFAULT '0',
  `attachment` varchar(100) COLLATE utf8_unicode_ci NOT NULL DEFAULT '',
  `timecreated` bigint(10) NOT NULL DEFAULT '0',
  `timemodified` bigint(10) NOT NULL DEFAULT '0',
  `teacherentry` tinyint(2) NOT NULL DEFAULT '0',
  `sourceglossaryid` bigint(10) NOT NULL DEFAULT '0',
  `usedynalink` tinyint(2) NOT NULL DEFAULT '1',
  `casesensitive` tinyint(2) NOT NULL DEFAULT '0',
  `fullmatch` tinyint(2) NOT NULL DEFAULT '1',
  `approved` tinyint(2) NOT NULL DEFAULT '1'
) ENGINE=InnoDB DEFAULT CHARSET=utf8 COLLATE=utf8_unicode_ci COMMENT='all glossary entries';

-- --------------------------------------------------------

--
-- Table structure for table `mdl_glossary_entries_categories`
--

CREATE TABLE `mdl_glossary_entries_categories` (
  `id` bigint(10) NOT NULL,
  `categoryid` bigint(10) NOT NULL DEFAULT '0',
  `entryid` bigint(10) NOT NULL DEFAULT '0'
) ENGINE=InnoDB DEFAULT CHARSET=utf8 COLLATE=utf8_unicode_ci COMMENT='categories of each glossary entry';

-- --------------------------------------------------------

--
-- Table structure for table `mdl_glossary_formats`
--

CREATE TABLE `mdl_glossary_formats` (
  `id` bigint(10) NOT NULL,
  `name` varchar(50) COLLATE utf8_unicode_ci NOT NULL DEFAULT '',
  `popupformatname` varchar(50) COLLATE utf8_unicode_ci NOT NULL DEFAULT '',
  `visible` tinyint(2) NOT NULL DEFAULT '1',
  `showgroup` tinyint(2) NOT NULL DEFAULT '1',
  `defaultmode` varchar(50) COLLATE utf8_unicode_ci NOT NULL DEFAULT '',
  `defaulthook` varchar(50) COLLATE utf8_unicode_ci NOT NULL DEFAULT '',
  `sortkey` varchar(50) COLLATE utf8_unicode_ci NOT NULL DEFAULT '',
  `sortorder` varchar(50) COLLATE utf8_unicode_ci NOT NULL DEFAULT ''
) ENGINE=InnoDB DEFAULT CHARSET=utf8 COLLATE=utf8_unicode_ci COMMENT='Setting of the display formats';

--
-- Dumping data for table `mdl_glossary_formats`
--

INSERT INTO `mdl_glossary_formats` (`id`, `name`, `popupformatname`, `visible`, `showgroup`, `defaultmode`, `defaulthook`, `sortkey`, `sortorder`) VALUES
(1, 'continuous', 'continuous', 1, 1, '', '', '', ''),
(2, 'dictionary', 'dictionary', 1, 1, '', '', '', ''),
(3, 'encyclopedia', 'encyclopedia', 1, 1, '', '', '', ''),
(4, 'entrylist', 'entrylist', 1, 1, '', '', '', ''),
(5, 'faq', 'faq', 1, 1, '', '', '', ''),
(6, 'fullwithauthor', 'fullwithauthor', 1, 1, '', '', '', ''),
(7, 'fullwithoutauthor', 'fullwithoutauthor', 1, 1, '', '', '', '');

-- --------------------------------------------------------

--
-- Table structure for table `mdl_grade_categories`
--

CREATE TABLE `mdl_grade_categories` (
  `id` bigint(10) NOT NULL,
  `courseid` bigint(10) NOT NULL,
  `parent` bigint(10) DEFAULT NULL,
  `depth` bigint(10) NOT NULL DEFAULT '0',
  `path` varchar(255) COLLATE utf8_unicode_ci DEFAULT NULL,
  `fullname` varchar(255) COLLATE utf8_unicode_ci NOT NULL DEFAULT '',
  `aggregation` bigint(10) NOT NULL DEFAULT '0',
  `keephigh` bigint(10) NOT NULL DEFAULT '0',
  `droplow` bigint(10) NOT NULL DEFAULT '0',
  `aggregateonlygraded` tinyint(1) NOT NULL DEFAULT '0',
  `aggregateoutcomes` tinyint(1) NOT NULL DEFAULT '0',
  `aggregatesubcats` tinyint(1) NOT NULL DEFAULT '0',
  `timecreated` bigint(10) NOT NULL,
  `timemodified` bigint(10) NOT NULL,
  `hidden` tinyint(1) NOT NULL DEFAULT '0'
) ENGINE=InnoDB DEFAULT CHARSET=utf8 COLLATE=utf8_unicode_ci COMMENT='This table keeps information about categories, used for grou';

--
-- Dumping data for table `mdl_grade_categories`
--

INSERT INTO `mdl_grade_categories` (`id`, `courseid`, `parent`, `depth`, `path`, `fullname`, `aggregation`, `keephigh`, `droplow`, `aggregateonlygraded`, `aggregateoutcomes`, `aggregatesubcats`, `timecreated`, `timemodified`, `hidden`) VALUES
(1, 2, NULL, 1, '/1/', '?', 11, 0, 0, 1, 0, 0, 1359215788, 1359215788, 0),
(2, 41, NULL, 1, '/2/', '?', 11, 0, 0, 1, 0, 0, 1359489137, 1359489137, 0);

-- --------------------------------------------------------

--
-- Table structure for table `mdl_grade_categories_history`
--

CREATE TABLE `mdl_grade_categories_history` (
  `id` bigint(10) NOT NULL,
  `action` bigint(10) NOT NULL DEFAULT '0',
  `oldid` bigint(10) NOT NULL,
  `source` varchar(255) COLLATE utf8_unicode_ci DEFAULT NULL,
  `timemodified` bigint(10) DEFAULT NULL,
  `loggeduser` bigint(10) DEFAULT NULL,
  `courseid` bigint(10) NOT NULL,
  `parent` bigint(10) DEFAULT NULL,
  `depth` bigint(10) NOT NULL DEFAULT '0',
  `path` varchar(255) COLLATE utf8_unicode_ci DEFAULT NULL,
  `fullname` varchar(255) COLLATE utf8_unicode_ci NOT NULL DEFAULT '',
  `aggregation` bigint(10) NOT NULL DEFAULT '0',
  `keephigh` bigint(10) NOT NULL DEFAULT '0',
  `droplow` bigint(10) NOT NULL DEFAULT '0',
  `aggregateonlygraded` tinyint(1) NOT NULL DEFAULT '0',
  `aggregateoutcomes` tinyint(1) NOT NULL DEFAULT '0',
  `aggregatesubcats` tinyint(1) NOT NULL DEFAULT '0',
  `hidden` tinyint(1) NOT NULL DEFAULT '0'
) ENGINE=InnoDB DEFAULT CHARSET=utf8 COLLATE=utf8_unicode_ci COMMENT='History of grade_categories';

--
-- Dumping data for table `mdl_grade_categories_history`
--

INSERT INTO `mdl_grade_categories_history` (`id`, `action`, `oldid`, `source`, `timemodified`, `loggeduser`, `courseid`, `parent`, `depth`, `path`, `fullname`, `aggregation`, `keephigh`, `droplow`, `aggregateonlygraded`, `aggregateoutcomes`, `aggregatesubcats`, `hidden`) VALUES
(1, 1, 1, 'system', 1359215788, 2, 2, NULL, 0, NULL, '?', 11, 0, 0, 1, 0, 0, 0),
(2, 2, 1, 'system', 1359215788, 2, 2, NULL, 1, '/1/', '?', 11, 0, 0, 1, 0, 0, 0),
(3, 1, 2, 'system', 1359489137, 5, 41, NULL, 0, NULL, '?', 11, 0, 0, 1, 0, 0, 0),
(4, 2, 2, 'system', 1359489137, 5, 41, NULL, 1, '/2/', '?', 11, 0, 0, 1, 0, 0, 0);

-- --------------------------------------------------------

--
-- Table structure for table `mdl_grade_grades`
--

CREATE TABLE `mdl_grade_grades` (
  `id` bigint(10) NOT NULL,
  `itemid` bigint(10) NOT NULL,
  `userid` bigint(10) NOT NULL,
  `rawgrade` decimal(10,5) DEFAULT NULL,
  `rawgrademax` decimal(10,5) NOT NULL DEFAULT '100.00000',
  `rawgrademin` decimal(10,5) NOT NULL DEFAULT '0.00000',
  `rawscaleid` bigint(10) DEFAULT NULL,
  `usermodified` bigint(10) DEFAULT NULL,
  `finalgrade` decimal(10,5) DEFAULT NULL,
  `hidden` bigint(10) NOT NULL DEFAULT '0',
  `locked` bigint(10) NOT NULL DEFAULT '0',
  `locktime` bigint(10) NOT NULL DEFAULT '0',
  `exported` bigint(10) NOT NULL DEFAULT '0',
  `overridden` bigint(10) NOT NULL DEFAULT '0',
  `excluded` bigint(10) NOT NULL DEFAULT '0',
  `feedback` longtext COLLATE utf8_unicode_ci,
  `feedbackformat` bigint(10) NOT NULL DEFAULT '0',
  `information` longtext COLLATE utf8_unicode_ci,
  `informationformat` bigint(10) NOT NULL DEFAULT '0',
  `timecreated` bigint(10) DEFAULT NULL,
  `timemodified` bigint(10) DEFAULT NULL
) ENGINE=InnoDB DEFAULT CHARSET=utf8 COLLATE=utf8_unicode_ci COMMENT='grade_grades  This table keeps individual grades for each us';

-- --------------------------------------------------------

--
-- Table structure for table `mdl_grade_grades_history`
--

CREATE TABLE `mdl_grade_grades_history` (
  `id` bigint(10) NOT NULL,
  `action` bigint(10) NOT NULL DEFAULT '0',
  `oldid` bigint(10) NOT NULL,
  `source` varchar(255) COLLATE utf8_unicode_ci DEFAULT NULL,
  `timemodified` bigint(10) DEFAULT NULL,
  `loggeduser` bigint(10) DEFAULT NULL,
  `itemid` bigint(10) NOT NULL,
  `userid` bigint(10) NOT NULL,
  `rawgrade` decimal(10,5) DEFAULT NULL,
  `rawgrademax` decimal(10,5) NOT NULL DEFAULT '100.00000',
  `rawgrademin` decimal(10,5) NOT NULL DEFAULT '0.00000',
  `rawscaleid` bigint(10) DEFAULT NULL,
  `usermodified` bigint(10) DEFAULT NULL,
  `finalgrade` decimal(10,5) DEFAULT NULL,
  `hidden` bigint(10) NOT NULL DEFAULT '0',
  `locked` bigint(10) NOT NULL DEFAULT '0',
  `locktime` bigint(10) NOT NULL DEFAULT '0',
  `exported` bigint(10) NOT NULL DEFAULT '0',
  `overridden` bigint(10) NOT NULL DEFAULT '0',
  `excluded` bigint(10) NOT NULL DEFAULT '0',
  `feedback` longtext COLLATE utf8_unicode_ci,
  `feedbackformat` bigint(10) NOT NULL DEFAULT '0',
  `information` longtext COLLATE utf8_unicode_ci,
  `informationformat` bigint(10) NOT NULL DEFAULT '0'
) ENGINE=InnoDB DEFAULT CHARSET=utf8 COLLATE=utf8_unicode_ci COMMENT='History table';

-- --------------------------------------------------------

--
-- Table structure for table `mdl_grade_import_newitem`
--

CREATE TABLE `mdl_grade_import_newitem` (
  `id` bigint(10) NOT NULL,
  `itemname` varchar(255) COLLATE utf8_unicode_ci NOT NULL DEFAULT '',
  `importcode` bigint(10) NOT NULL,
  `importer` bigint(10) NOT NULL
) ENGINE=InnoDB DEFAULT CHARSET=utf8 COLLATE=utf8_unicode_ci COMMENT='temporary table for storing new grade_item names from grade ';

-- --------------------------------------------------------

--
-- Table structure for table `mdl_grade_import_values`
--

CREATE TABLE `mdl_grade_import_values` (
  `id` bigint(10) NOT NULL,
  `itemid` bigint(10) DEFAULT NULL,
  `newgradeitem` bigint(10) DEFAULT NULL,
  `userid` bigint(10) NOT NULL,
  `finalgrade` decimal(10,5) DEFAULT NULL,
  `feedback` longtext COLLATE utf8_unicode_ci,
  `importcode` bigint(10) NOT NULL,
  `importer` bigint(10) DEFAULT NULL
) ENGINE=InnoDB DEFAULT CHARSET=utf8 COLLATE=utf8_unicode_ci COMMENT='Temporary table for importing grades';

-- --------------------------------------------------------

--
-- Table structure for table `mdl_grade_items`
--

CREATE TABLE `mdl_grade_items` (
  `id` bigint(10) NOT NULL,
  `courseid` bigint(10) DEFAULT NULL,
  `categoryid` bigint(10) DEFAULT NULL,
  `itemname` varchar(255) COLLATE utf8_unicode_ci DEFAULT NULL,
  `itemtype` varchar(30) COLLATE utf8_unicode_ci NOT NULL DEFAULT '',
  `itemmodule` varchar(30) COLLATE utf8_unicode_ci DEFAULT NULL,
  `iteminstance` bigint(10) DEFAULT NULL,
  `itemnumber` bigint(10) DEFAULT NULL,
  `iteminfo` longtext COLLATE utf8_unicode_ci,
  `idnumber` varchar(255) COLLATE utf8_unicode_ci DEFAULT NULL,
  `calculation` longtext COLLATE utf8_unicode_ci,
  `gradetype` smallint(4) NOT NULL DEFAULT '1',
  `grademax` decimal(10,5) NOT NULL DEFAULT '100.00000',
  `grademin` decimal(10,5) NOT NULL DEFAULT '0.00000',
  `scaleid` bigint(10) DEFAULT NULL,
  `outcomeid` bigint(10) DEFAULT NULL,
  `gradepass` decimal(10,5) NOT NULL DEFAULT '0.00000',
  `multfactor` decimal(10,5) NOT NULL DEFAULT '1.00000',
  `plusfactor` decimal(10,5) NOT NULL DEFAULT '0.00000',
  `aggregationcoef` decimal(10,5) NOT NULL DEFAULT '0.00000',
  `sortorder` bigint(10) NOT NULL DEFAULT '0',
  `display` bigint(10) NOT NULL DEFAULT '0',
  `decimals` tinyint(1) DEFAULT NULL,
  `hidden` bigint(10) NOT NULL DEFAULT '0',
  `locked` bigint(10) NOT NULL DEFAULT '0',
  `locktime` bigint(10) NOT NULL DEFAULT '0',
  `needsupdate` bigint(10) NOT NULL DEFAULT '0',
  `timecreated` bigint(10) DEFAULT NULL,
  `timemodified` bigint(10) DEFAULT NULL
) ENGINE=InnoDB DEFAULT CHARSET=utf8 COLLATE=utf8_unicode_ci COMMENT='This table keeps information about gradeable items (ie colum';

--
-- Dumping data for table `mdl_grade_items`
--

INSERT INTO `mdl_grade_items` (`id`, `courseid`, `categoryid`, `itemname`, `itemtype`, `itemmodule`, `iteminstance`, `itemnumber`, `iteminfo`, `idnumber`, `calculation`, `gradetype`, `grademax`, `grademin`, `scaleid`, `outcomeid`, `gradepass`, `multfactor`, `plusfactor`, `aggregationcoef`, `sortorder`, `display`, `decimals`, `hidden`, `locked`, `locktime`, `needsupdate`, `timecreated`, `timemodified`) VALUES
(1, 2, NULL, NULL, 'course', NULL, 1, NULL, NULL, NULL, NULL, 1, '100.00000', '0.00000', NULL, NULL, '0.00000', '1.00000', '0.00000', '0.00000', 1, 0, NULL, 0, 0, 0, 0, 1359215788, 1359215788),
(2, 41, NULL, NULL, 'course', NULL, 2, NULL, NULL, NULL, NULL, 1, '100.00000', '0.00000', NULL, NULL, '0.00000', '1.00000', '0.00000', '0.00000', 1, 0, NULL, 0, 0, 0, 0, 1359489137, 1359489137);

-- --------------------------------------------------------

--
-- Table structure for table `mdl_grade_items_history`
--

CREATE TABLE `mdl_grade_items_history` (
  `id` bigint(10) NOT NULL,
  `action` bigint(10) NOT NULL DEFAULT '0',
  `oldid` bigint(10) NOT NULL,
  `source` varchar(255) COLLATE utf8_unicode_ci DEFAULT NULL,
  `timemodified` bigint(10) DEFAULT NULL,
  `loggeduser` bigint(10) DEFAULT NULL,
  `courseid` bigint(10) DEFAULT NULL,
  `categoryid` bigint(10) DEFAULT NULL,
  `itemname` varchar(255) COLLATE utf8_unicode_ci DEFAULT NULL,
  `itemtype` varchar(30) COLLATE utf8_unicode_ci NOT NULL DEFAULT '',
  `itemmodule` varchar(30) COLLATE utf8_unicode_ci DEFAULT NULL,
  `iteminstance` bigint(10) DEFAULT NULL,
  `itemnumber` bigint(10) DEFAULT NULL,
  `iteminfo` longtext COLLATE utf8_unicode_ci,
  `idnumber` varchar(255) COLLATE utf8_unicode_ci DEFAULT NULL,
  `calculation` longtext COLLATE utf8_unicode_ci,
  `gradetype` smallint(4) NOT NULL DEFAULT '1',
  `grademax` decimal(10,5) NOT NULL DEFAULT '100.00000',
  `grademin` decimal(10,5) NOT NULL DEFAULT '0.00000',
  `scaleid` bigint(10) DEFAULT NULL,
  `outcomeid` bigint(10) DEFAULT NULL,
  `gradepass` decimal(10,5) NOT NULL DEFAULT '0.00000',
  `multfactor` decimal(10,5) NOT NULL DEFAULT '1.00000',
  `plusfactor` decimal(10,5) NOT NULL DEFAULT '0.00000',
  `aggregationcoef` decimal(10,5) NOT NULL DEFAULT '0.00000',
  `sortorder` bigint(10) NOT NULL DEFAULT '0',
  `hidden` bigint(10) NOT NULL DEFAULT '0',
  `locked` bigint(10) NOT NULL DEFAULT '0',
  `locktime` bigint(10) NOT NULL DEFAULT '0',
  `needsupdate` bigint(10) NOT NULL DEFAULT '0',
  `display` bigint(10) NOT NULL DEFAULT '0',
  `decimals` tinyint(1) DEFAULT NULL
) ENGINE=InnoDB DEFAULT CHARSET=utf8 COLLATE=utf8_unicode_ci COMMENT='History of grade_items';

--
-- Dumping data for table `mdl_grade_items_history`
--

INSERT INTO `mdl_grade_items_history` (`id`, `action`, `oldid`, `source`, `timemodified`, `loggeduser`, `courseid`, `categoryid`, `itemname`, `itemtype`, `itemmodule`, `iteminstance`, `itemnumber`, `iteminfo`, `idnumber`, `calculation`, `gradetype`, `grademax`, `grademin`, `scaleid`, `outcomeid`, `gradepass`, `multfactor`, `plusfactor`, `aggregationcoef`, `sortorder`, `hidden`, `locked`, `locktime`, `needsupdate`, `display`, `decimals`) VALUES
(1, 1, 1, 'system', 1359215788, 2, 2, NULL, NULL, 'course', NULL, 1, NULL, NULL, NULL, NULL, 1, '100.00000', '0.00000', NULL, NULL, '0.00000', '1.00000', '0.00000', '0.00000', 1, 0, 0, 0, 1, 0, NULL),
(2, 1, 2, 'system', 1359489137, 5, 41, NULL, NULL, 'course', NULL, 2, NULL, NULL, NULL, NULL, 1, '100.00000', '0.00000', NULL, NULL, '0.00000', '1.00000', '0.00000', '0.00000', 1, 0, 0, 0, 1, 0, NULL);

-- --------------------------------------------------------

--
-- Table structure for table `mdl_grade_letters`
--

CREATE TABLE `mdl_grade_letters` (
  `id` bigint(10) NOT NULL,
  `contextid` bigint(10) NOT NULL,
  `lowerboundary` decimal(10,5) NOT NULL,
  `letter` varchar(255) COLLATE utf8_unicode_ci NOT NULL DEFAULT ''
) ENGINE=InnoDB DEFAULT CHARSET=utf8 COLLATE=utf8_unicode_ci COMMENT='Repository for grade letters, for courses and other moodle e';

-- --------------------------------------------------------

--
-- Table structure for table `mdl_grade_outcomes`
--

CREATE TABLE `mdl_grade_outcomes` (
  `id` bigint(10) NOT NULL,
  `courseid` bigint(10) DEFAULT NULL,
  `shortname` varchar(255) COLLATE utf8_unicode_ci NOT NULL DEFAULT '',
  `fullname` longtext COLLATE utf8_unicode_ci NOT NULL,
  `scaleid` bigint(10) DEFAULT NULL,
  `description` longtext COLLATE utf8_unicode_ci,
  `descriptionformat` tinyint(2) NOT NULL DEFAULT '0',
  `timecreated` bigint(10) DEFAULT NULL,
  `timemodified` bigint(10) DEFAULT NULL,
  `usermodified` bigint(10) DEFAULT NULL
) ENGINE=InnoDB DEFAULT CHARSET=utf8 COLLATE=utf8_unicode_ci COMMENT='This table describes the outcomes used in the system. An out';

-- --------------------------------------------------------

--
-- Table structure for table `mdl_grade_outcomes_courses`
--

CREATE TABLE `mdl_grade_outcomes_courses` (
  `id` bigint(10) NOT NULL,
  `courseid` bigint(10) NOT NULL,
  `outcomeid` bigint(10) NOT NULL
) ENGINE=InnoDB DEFAULT CHARSET=utf8 COLLATE=utf8_unicode_ci COMMENT='stores what outcomes are used in what courses.';

-- --------------------------------------------------------

--
-- Table structure for table `mdl_grade_outcomes_history`
--

CREATE TABLE `mdl_grade_outcomes_history` (
  `id` bigint(10) NOT NULL,
  `action` bigint(10) NOT NULL DEFAULT '0',
  `oldid` bigint(10) NOT NULL,
  `source` varchar(255) COLLATE utf8_unicode_ci DEFAULT NULL,
  `timemodified` bigint(10) DEFAULT NULL,
  `loggeduser` bigint(10) DEFAULT NULL,
  `courseid` bigint(10) DEFAULT NULL,
  `shortname` varchar(255) COLLATE utf8_unicode_ci NOT NULL DEFAULT '',
  `fullname` longtext COLLATE utf8_unicode_ci NOT NULL,
  `scaleid` bigint(10) DEFAULT NULL,
  `description` longtext COLLATE utf8_unicode_ci,
  `descriptionformat` tinyint(2) NOT NULL DEFAULT '0'
) ENGINE=InnoDB DEFAULT CHARSET=utf8 COLLATE=utf8_unicode_ci COMMENT='History table';

-- --------------------------------------------------------

--
-- Table structure for table `mdl_grade_settings`
--

CREATE TABLE `mdl_grade_settings` (
  `id` bigint(10) NOT NULL,
  `courseid` bigint(10) NOT NULL,
  `name` varchar(255) COLLATE utf8_unicode_ci NOT NULL DEFAULT '',
  `value` longtext COLLATE utf8_unicode_ci
) ENGINE=InnoDB DEFAULT CHARSET=utf8 COLLATE=utf8_unicode_ci COMMENT='gradebook settings';

-- --------------------------------------------------------

--
-- Table structure for table `mdl_gradingform_guide_comments`
--

CREATE TABLE `mdl_gradingform_guide_comments` (
  `id` bigint(10) NOT NULL,
  `definitionid` bigint(10) NOT NULL,
  `sortorder` bigint(10) NOT NULL,
  `description` longtext COLLATE utf8_unicode_ci,
  `descriptionformat` tinyint(2) DEFAULT NULL
) ENGINE=InnoDB DEFAULT CHARSET=utf8 COLLATE=utf8_unicode_ci COMMENT='frequently used comments used in marking guide';

-- --------------------------------------------------------

--
-- Table structure for table `mdl_gradingform_guide_criteria`
--

CREATE TABLE `mdl_gradingform_guide_criteria` (
  `id` bigint(10) NOT NULL,
  `definitionid` bigint(10) NOT NULL,
  `sortorder` bigint(10) NOT NULL,
  `shortname` varchar(255) COLLATE utf8_unicode_ci NOT NULL DEFAULT '',
  `description` longtext COLLATE utf8_unicode_ci,
  `descriptionformat` tinyint(2) DEFAULT NULL,
  `descriptionmarkers` longtext COLLATE utf8_unicode_ci,
  `descriptionmarkersformat` tinyint(2) DEFAULT NULL,
  `maxscore` decimal(10,5) NOT NULL
) ENGINE=InnoDB DEFAULT CHARSET=utf8 COLLATE=utf8_unicode_ci COMMENT='Stores the rows of the criteria grid.';

-- --------------------------------------------------------

--
-- Table structure for table `mdl_gradingform_guide_fillings`
--

CREATE TABLE `mdl_gradingform_guide_fillings` (
  `id` bigint(10) NOT NULL,
  `instanceid` bigint(10) NOT NULL,
  `criterionid` bigint(10) NOT NULL,
  `remark` longtext COLLATE utf8_unicode_ci,
  `remarkformat` tinyint(2) DEFAULT NULL,
  `score` decimal(10,5) NOT NULL
) ENGINE=InnoDB DEFAULT CHARSET=utf8 COLLATE=utf8_unicode_ci COMMENT='Stores the data of how the guide is filled by a particular r';

-- --------------------------------------------------------

--
-- Table structure for table `mdl_gradingform_rubric_criteria`
--

CREATE TABLE `mdl_gradingform_rubric_criteria` (
  `id` bigint(10) NOT NULL,
  `definitionid` bigint(10) NOT NULL,
  `sortorder` bigint(10) NOT NULL,
  `description` longtext COLLATE utf8_unicode_ci,
  `descriptionformat` tinyint(2) DEFAULT NULL
) ENGINE=InnoDB DEFAULT CHARSET=utf8 COLLATE=utf8_unicode_ci COMMENT='Stores the rows of the rubric grid.';

-- --------------------------------------------------------

--
-- Table structure for table `mdl_gradingform_rubric_fillings`
--

CREATE TABLE `mdl_gradingform_rubric_fillings` (
  `id` bigint(10) NOT NULL,
  `instanceid` bigint(10) NOT NULL,
  `criterionid` bigint(10) NOT NULL,
  `levelid` bigint(10) DEFAULT NULL,
  `remark` longtext COLLATE utf8_unicode_ci,
  `remarkformat` tinyint(2) DEFAULT NULL
) ENGINE=InnoDB DEFAULT CHARSET=utf8 COLLATE=utf8_unicode_ci COMMENT='Stores the data of how the rubric is filled by a particular ';

-- --------------------------------------------------------

--
-- Table structure for table `mdl_gradingform_rubric_levels`
--

CREATE TABLE `mdl_gradingform_rubric_levels` (
  `id` bigint(10) NOT NULL,
  `criterionid` bigint(10) NOT NULL,
  `score` decimal(10,5) NOT NULL,
  `definition` longtext COLLATE utf8_unicode_ci,
  `definitionformat` bigint(10) DEFAULT NULL
) ENGINE=InnoDB DEFAULT CHARSET=utf8 COLLATE=utf8_unicode_ci COMMENT='Stores the columns of the rubric grid.';

-- --------------------------------------------------------

--
-- Table structure for table `mdl_grading_areas`
--

CREATE TABLE `mdl_grading_areas` (
  `id` bigint(10) NOT NULL,
  `contextid` bigint(10) NOT NULL,
  `component` varchar(100) COLLATE utf8_unicode_ci NOT NULL DEFAULT '',
  `areaname` varchar(100) COLLATE utf8_unicode_ci NOT NULL DEFAULT '',
  `activemethod` varchar(100) COLLATE utf8_unicode_ci DEFAULT NULL
) ENGINE=InnoDB DEFAULT CHARSET=utf8 COLLATE=utf8_unicode_ci COMMENT='Identifies gradable areas where advanced grading can happen.';

-- --------------------------------------------------------

--
-- Table structure for table `mdl_grading_definitions`
--

CREATE TABLE `mdl_grading_definitions` (
  `id` bigint(10) NOT NULL,
  `areaid` bigint(10) NOT NULL,
  `method` varchar(100) COLLATE utf8_unicode_ci NOT NULL DEFAULT '',
  `name` varchar(255) COLLATE utf8_unicode_ci NOT NULL DEFAULT '',
  `description` longtext COLLATE utf8_unicode_ci,
  `descriptionformat` tinyint(2) DEFAULT NULL,
  `status` bigint(10) NOT NULL DEFAULT '0',
  `copiedfromid` bigint(10) DEFAULT NULL,
  `timecreated` bigint(10) NOT NULL,
  `usercreated` bigint(10) NOT NULL,
  `timemodified` bigint(10) NOT NULL,
  `usermodified` bigint(10) NOT NULL,
  `timecopied` bigint(10) DEFAULT '0',
  `options` longtext COLLATE utf8_unicode_ci
) ENGINE=InnoDB DEFAULT CHARSET=utf8 COLLATE=utf8_unicode_ci COMMENT='Contains the basic information about an advanced grading for';

-- --------------------------------------------------------

--
-- Table structure for table `mdl_grading_instances`
--

CREATE TABLE `mdl_grading_instances` (
  `id` bigint(10) NOT NULL,
  `definitionid` bigint(10) NOT NULL,
  `raterid` bigint(10) NOT NULL,
  `itemid` bigint(10) DEFAULT NULL,
  `rawgrade` decimal(10,5) DEFAULT NULL,
  `status` bigint(10) NOT NULL DEFAULT '0',
  `feedback` longtext COLLATE utf8_unicode_ci,
  `feedbackformat` tinyint(2) DEFAULT NULL,
  `timemodified` bigint(10) NOT NULL
) ENGINE=InnoDB DEFAULT CHARSET=utf8 COLLATE=utf8_unicode_ci COMMENT='Grading form instance is an assessment record for one gradab';

-- --------------------------------------------------------

--
-- Table structure for table `mdl_groupings`
--

CREATE TABLE `mdl_groupings` (
  `id` bigint(10) NOT NULL,
  `courseid` bigint(10) NOT NULL DEFAULT '0',
  `name` varchar(255) COLLATE utf8_unicode_ci NOT NULL DEFAULT '',
  `idnumber` varchar(100) COLLATE utf8_unicode_ci NOT NULL DEFAULT '',
  `description` longtext COLLATE utf8_unicode_ci,
  `descriptionformat` tinyint(2) NOT NULL DEFAULT '0',
  `configdata` longtext COLLATE utf8_unicode_ci,
  `timecreated` bigint(10) NOT NULL DEFAULT '0',
  `timemodified` bigint(10) NOT NULL DEFAULT '0'
) ENGINE=InnoDB DEFAULT CHARSET=utf8 COLLATE=utf8_unicode_ci COMMENT='A grouping is a collection of groups. WAS: groups_groupings';

-- --------------------------------------------------------

--
-- Table structure for table `mdl_groupings_groups`
--

CREATE TABLE `mdl_groupings_groups` (
  `id` bigint(10) NOT NULL,
  `groupingid` bigint(10) NOT NULL DEFAULT '0',
  `groupid` bigint(10) NOT NULL DEFAULT '0',
  `timeadded` bigint(10) NOT NULL DEFAULT '0'
) ENGINE=InnoDB DEFAULT CHARSET=utf8 COLLATE=utf8_unicode_ci COMMENT='Link a grouping to a group (note, groups can be in multiple ';

-- --------------------------------------------------------

--
-- Table structure for table `mdl_groups`
--

CREATE TABLE `mdl_groups` (
  `id` bigint(10) NOT NULL,
  `courseid` bigint(10) NOT NULL,
  `idnumber` varchar(100) COLLATE utf8_unicode_ci NOT NULL DEFAULT '',
  `name` varchar(254) COLLATE utf8_unicode_ci NOT NULL DEFAULT '',
  `description` longtext COLLATE utf8_unicode_ci,
  `descriptionformat` tinyint(2) NOT NULL DEFAULT '0',
  `enrolmentkey` varchar(50) COLLATE utf8_unicode_ci DEFAULT NULL,
  `picture` bigint(10) NOT NULL DEFAULT '0',
  `hidepicture` tinyint(1) NOT NULL DEFAULT '0',
  `timecreated` bigint(10) NOT NULL DEFAULT '0',
  `timemodified` bigint(10) NOT NULL DEFAULT '0'
) ENGINE=InnoDB DEFAULT CHARSET=utf8 COLLATE=utf8_unicode_ci COMMENT='Each record represents a group.';

-- --------------------------------------------------------

--
-- Table structure for table `mdl_groups_members`
--

CREATE TABLE `mdl_groups_members` (
  `id` bigint(10) NOT NULL,
  `groupid` bigint(10) NOT NULL DEFAULT '0',
  `userid` bigint(10) NOT NULL DEFAULT '0',
  `timeadded` bigint(10) NOT NULL DEFAULT '0',
  `component` varchar(100) COLLATE utf8_unicode_ci NOT NULL DEFAULT '',
  `itemid` bigint(10) NOT NULL DEFAULT '0'
) ENGINE=InnoDB DEFAULT CHARSET=utf8 COLLATE=utf8_unicode_ci COMMENT='Link a user to a group.';

-- --------------------------------------------------------

--
-- Table structure for table `mdl_imscp`
--

CREATE TABLE `mdl_imscp` (
  `id` bigint(10) NOT NULL,
  `course` bigint(10) NOT NULL DEFAULT '0',
  `name` varchar(255) COLLATE utf8_unicode_ci NOT NULL DEFAULT '',
  `intro` longtext COLLATE utf8_unicode_ci,
  `introformat` smallint(4) NOT NULL DEFAULT '0',
  `revision` bigint(10) NOT NULL DEFAULT '0',
  `keepold` bigint(10) NOT NULL DEFAULT '-1',
  `structure` longtext COLLATE utf8_unicode_ci,
  `timemodified` bigint(10) NOT NULL DEFAULT '0'
) ENGINE=InnoDB DEFAULT CHARSET=utf8 COLLATE=utf8_unicode_ci COMMENT='each record is one imscp resource';

-- --------------------------------------------------------

--
-- Table structure for table `mdl_label`
--

CREATE TABLE `mdl_label` (
  `id` bigint(10) NOT NULL,
  `course` bigint(10) NOT NULL DEFAULT '0',
  `name` varchar(255) COLLATE utf8_unicode_ci NOT NULL DEFAULT '',
  `intro` longtext COLLATE utf8_unicode_ci NOT NULL,
  `introformat` smallint(4) DEFAULT '0',
  `timemodified` bigint(10) NOT NULL DEFAULT '0'
) ENGINE=InnoDB DEFAULT CHARSET=utf8 COLLATE=utf8_unicode_ci COMMENT='Defines labels';

-- --------------------------------------------------------

--
-- Table structure for table `mdl_lesson`
--

CREATE TABLE `mdl_lesson` (
  `id` bigint(10) NOT NULL,
  `course` bigint(10) NOT NULL DEFAULT '0',
  `name` varchar(255) COLLATE utf8_unicode_ci NOT NULL DEFAULT '',
  `practice` smallint(3) NOT NULL DEFAULT '0',
  `modattempts` smallint(3) NOT NULL DEFAULT '0',
  `usepassword` smallint(3) NOT NULL DEFAULT '0',
  `password` varchar(32) COLLATE utf8_unicode_ci NOT NULL DEFAULT '',
  `dependency` bigint(10) NOT NULL DEFAULT '0',
  `conditions` longtext COLLATE utf8_unicode_ci NOT NULL,
  `grade` smallint(3) NOT NULL DEFAULT '0',
  `custom` smallint(3) NOT NULL DEFAULT '0',
  `ongoing` smallint(3) NOT NULL DEFAULT '0',
  `usemaxgrade` smallint(3) NOT NULL DEFAULT '0',
  `maxanswers` smallint(3) NOT NULL DEFAULT '4',
  `maxattempts` smallint(3) NOT NULL DEFAULT '5',
  `review` smallint(3) NOT NULL DEFAULT '0',
  `nextpagedefault` smallint(3) NOT NULL DEFAULT '0',
  `feedback` smallint(3) NOT NULL DEFAULT '1',
  `minquestions` smallint(3) NOT NULL DEFAULT '0',
  `maxpages` smallint(3) NOT NULL DEFAULT '0',
  `timed` smallint(3) NOT NULL DEFAULT '0',
  `maxtime` bigint(10) NOT NULL DEFAULT '0',
  `retake` smallint(3) NOT NULL DEFAULT '1',
  `activitylink` bigint(10) NOT NULL DEFAULT '0',
  `mediafile` varchar(255) COLLATE utf8_unicode_ci NOT NULL DEFAULT '',
  `mediaheight` bigint(10) NOT NULL DEFAULT '100',
  `mediawidth` bigint(10) NOT NULL DEFAULT '650',
  `mediaclose` smallint(3) NOT NULL DEFAULT '0',
  `slideshow` smallint(3) NOT NULL DEFAULT '0',
  `width` bigint(10) NOT NULL DEFAULT '640',
  `height` bigint(10) NOT NULL DEFAULT '480',
  `bgcolor` varchar(7) COLLATE utf8_unicode_ci NOT NULL DEFAULT '#FFFFFF',
  `displayleft` smallint(3) NOT NULL DEFAULT '0',
  `displayleftif` smallint(3) NOT NULL DEFAULT '0',
  `progressbar` smallint(3) NOT NULL DEFAULT '0',
  `highscores` smallint(3) NOT NULL DEFAULT '0',
  `maxhighscores` bigint(10) NOT NULL DEFAULT '0',
  `available` bigint(10) NOT NULL DEFAULT '0',
  `deadline` bigint(10) NOT NULL DEFAULT '0',
  `timemodified` bigint(10) NOT NULL DEFAULT '0'
) ENGINE=InnoDB DEFAULT CHARSET=utf8 COLLATE=utf8_unicode_ci COMMENT='Defines lesson';

-- --------------------------------------------------------

--
-- Table structure for table `mdl_lesson_answers`
--

CREATE TABLE `mdl_lesson_answers` (
  `id` bigint(10) NOT NULL,
  `lessonid` bigint(10) NOT NULL DEFAULT '0',
  `pageid` bigint(10) NOT NULL DEFAULT '0',
  `jumpto` bigint(11) NOT NULL DEFAULT '0',
  `grade` smallint(4) NOT NULL DEFAULT '0',
  `score` bigint(10) NOT NULL DEFAULT '0',
  `flags` smallint(3) NOT NULL DEFAULT '0',
  `timecreated` bigint(10) NOT NULL DEFAULT '0',
  `timemodified` bigint(10) NOT NULL DEFAULT '0',
  `answer` longtext COLLATE utf8_unicode_ci,
  `answerformat` tinyint(2) NOT NULL DEFAULT '0',
  `response` longtext COLLATE utf8_unicode_ci,
  `responseformat` tinyint(2) NOT NULL DEFAULT '0'
) ENGINE=InnoDB DEFAULT CHARSET=utf8 COLLATE=utf8_unicode_ci COMMENT='Defines lesson_answers';

-- --------------------------------------------------------

--
-- Table structure for table `mdl_lesson_attempts`
--

CREATE TABLE `mdl_lesson_attempts` (
  `id` bigint(10) NOT NULL,
  `lessonid` bigint(10) NOT NULL DEFAULT '0',
  `pageid` bigint(10) NOT NULL DEFAULT '0',
  `userid` bigint(10) NOT NULL DEFAULT '0',
  `answerid` bigint(10) NOT NULL DEFAULT '0',
  `retry` smallint(3) NOT NULL DEFAULT '0',
  `correct` bigint(10) NOT NULL DEFAULT '0',
  `useranswer` longtext COLLATE utf8_unicode_ci,
  `timeseen` bigint(10) NOT NULL DEFAULT '0'
) ENGINE=InnoDB DEFAULT CHARSET=utf8 COLLATE=utf8_unicode_ci COMMENT='Defines lesson_attempts';

-- --------------------------------------------------------

--
-- Table structure for table `mdl_lesson_branch`
--

CREATE TABLE `mdl_lesson_branch` (
  `id` bigint(10) NOT NULL,
  `lessonid` bigint(10) NOT NULL DEFAULT '0',
  `userid` bigint(10) NOT NULL DEFAULT '0',
  `pageid` bigint(10) NOT NULL DEFAULT '0',
  `retry` bigint(10) NOT NULL DEFAULT '0',
  `flag` smallint(3) NOT NULL DEFAULT '0',
  `timeseen` bigint(10) NOT NULL DEFAULT '0'
) ENGINE=InnoDB DEFAULT CHARSET=utf8 COLLATE=utf8_unicode_ci COMMENT='branches for each lesson/user';

-- --------------------------------------------------------

--
-- Table structure for table `mdl_lesson_grades`
--

CREATE TABLE `mdl_lesson_grades` (
  `id` bigint(10) NOT NULL,
  `lessonid` bigint(10) NOT NULL DEFAULT '0',
  `userid` bigint(10) NOT NULL DEFAULT '0',
  `grade` double NOT NULL DEFAULT '0',
  `late` smallint(3) NOT NULL DEFAULT '0',
  `completed` bigint(10) NOT NULL DEFAULT '0'
) ENGINE=InnoDB DEFAULT CHARSET=utf8 COLLATE=utf8_unicode_ci COMMENT='Defines lesson_grades';

-- --------------------------------------------------------

--
-- Table structure for table `mdl_lesson_high_scores`
--

CREATE TABLE `mdl_lesson_high_scores` (
  `id` bigint(10) NOT NULL,
  `lessonid` bigint(10) NOT NULL DEFAULT '0',
  `userid` bigint(10) NOT NULL DEFAULT '0',
  `gradeid` bigint(10) NOT NULL DEFAULT '0',
  `nickname` varchar(5) COLLATE utf8_unicode_ci NOT NULL DEFAULT ''
) ENGINE=InnoDB DEFAULT CHARSET=utf8 COLLATE=utf8_unicode_ci COMMENT='high scores for each lesson';

-- --------------------------------------------------------

--
-- Table structure for table `mdl_lesson_pages`
--

CREATE TABLE `mdl_lesson_pages` (
  `id` bigint(10) NOT NULL,
  `lessonid` bigint(10) NOT NULL DEFAULT '0',
  `prevpageid` bigint(10) NOT NULL DEFAULT '0',
  `nextpageid` bigint(10) NOT NULL DEFAULT '0',
  `qtype` smallint(3) NOT NULL DEFAULT '0',
  `qoption` smallint(3) NOT NULL DEFAULT '0',
  `layout` smallint(3) NOT NULL DEFAULT '1',
  `display` smallint(3) NOT NULL DEFAULT '1',
  `timecreated` bigint(10) NOT NULL DEFAULT '0',
  `timemodified` bigint(10) NOT NULL DEFAULT '0',
  `title` varchar(255) COLLATE utf8_unicode_ci NOT NULL DEFAULT '',
  `contents` longtext COLLATE utf8_unicode_ci NOT NULL,
  `contentsformat` tinyint(2) NOT NULL DEFAULT '0'
) ENGINE=InnoDB DEFAULT CHARSET=utf8 COLLATE=utf8_unicode_ci COMMENT='Defines lesson_pages';

-- --------------------------------------------------------

--
-- Table structure for table `mdl_lesson_timer`
--

CREATE TABLE `mdl_lesson_timer` (
  `id` bigint(10) NOT NULL,
  `lessonid` bigint(10) NOT NULL DEFAULT '0',
  `userid` bigint(10) NOT NULL DEFAULT '0',
  `starttime` bigint(10) NOT NULL DEFAULT '0',
  `lessontime` bigint(10) NOT NULL DEFAULT '0'
) ENGINE=InnoDB DEFAULT CHARSET=utf8 COLLATE=utf8_unicode_ci COMMENT='lesson timer for each lesson';

-- --------------------------------------------------------

--
-- Table structure for table `mdl_license`
--

CREATE TABLE `mdl_license` (
  `id` bigint(10) NOT NULL,
  `shortname` varchar(255) COLLATE utf8_unicode_ci DEFAULT NULL,
  `fullname` longtext COLLATE utf8_unicode_ci,
  `source` varchar(255) COLLATE utf8_unicode_ci DEFAULT NULL,
  `enabled` tinyint(1) NOT NULL DEFAULT '1',
  `version` bigint(10) NOT NULL DEFAULT '0'
) ENGINE=InnoDB DEFAULT CHARSET=utf8 COLLATE=utf8_unicode_ci COMMENT='store licenses used by moodle';

--
-- Dumping data for table `mdl_license`
--

INSERT INTO `mdl_license` (`id`, `shortname`, `fullname`, `source`, `enabled`, `version`) VALUES
(1, 'unknown', 'Unknown license', '', 1, 2010033100),
(2, 'allrightsreserved', 'All rights reserved', 'http://en.wikipedia.org/wiki/All_rights_reserved', 1, 2010033100),
(3, 'public', 'Public Domain', 'http://creativecommons.org/licenses/publicdomain/', 1, 2010033100),
(4, 'cc', 'Creative Commons', 'http://creativecommons.org/licenses/by/3.0/', 1, 2010033100),
(5, 'cc-nd', 'Creative Commons - NoDerivs', 'http://creativecommons.org/licenses/by-nd/3.0/', 1, 2010033100),
(6, 'cc-nc-nd', 'Creative Commons - No Commercial NoDerivs', 'http://creativecommons.org/licenses/by-nc-nd/3.0/', 1, 2010033100),
(7, 'cc-nc', 'Creative Commons - No Commercial', 'http://creativecommons.org/licenses/by-nd/3.0/', 1, 2010033100),
(8, 'cc-nc-sa', 'Creative Commons - No Commercial ShareAlike', 'http://creativecommons.org/licenses/by-nc-sa/3.0/', 1, 2010033100),
(9, 'cc-sa', 'Creative Commons - ShareAlike', 'http://creativecommons.org/licenses/by-sa/3.0/', 1, 2010033100);

-- --------------------------------------------------------

--
-- Table structure for table `mdl_log`
--

CREATE TABLE `mdl_log` (
  `id` bigint(10) NOT NULL,
  `time` bigint(10) NOT NULL DEFAULT '0',
  `userid` bigint(10) NOT NULL DEFAULT '0',
  `ip` varchar(45) COLLATE utf8_unicode_ci NOT NULL DEFAULT '',
  `course` bigint(10) NOT NULL DEFAULT '0',
  `module` varchar(20) COLLATE utf8_unicode_ci NOT NULL DEFAULT '',
  `cmid` bigint(10) NOT NULL DEFAULT '0',
  `action` varchar(40) COLLATE utf8_unicode_ci NOT NULL DEFAULT '',
  `url` varchar(100) COLLATE utf8_unicode_ci NOT NULL DEFAULT '',
  `info` varchar(255) COLLATE utf8_unicode_ci NOT NULL DEFAULT ''
) ENGINE=InnoDB DEFAULT CHARSET=utf8 COLLATE=utf8_unicode_ci COMMENT='Every action is logged as far as possible';



-- --------------------------------------------------------

--
-- Table structure for table `mdl_log_display`
--

CREATE TABLE `mdl_log_display` (
  `id` bigint(10) NOT NULL,
  `module` varchar(20) COLLATE utf8_unicode_ci NOT NULL DEFAULT '',
  `action` varchar(40) COLLATE utf8_unicode_ci NOT NULL DEFAULT '',
  `mtable` varchar(30) COLLATE utf8_unicode_ci NOT NULL DEFAULT '',
  `field` varchar(200) COLLATE utf8_unicode_ci NOT NULL DEFAULT '',
  `component` varchar(100) COLLATE utf8_unicode_ci NOT NULL DEFAULT ''
) ENGINE=InnoDB DEFAULT CHARSET=utf8 COLLATE=utf8_unicode_ci COMMENT='For a particular module/action, specifies a moodle table/fie';

--
-- Dumping data for table `mdl_log_display`
--

INSERT INTO `mdl_log_display` (`id`, `module`, `action`, `mtable`, `field`, `component`) VALUES
(1, 'course', 'user report', 'user', 'CONCAT(firstname, \' \', lastname)', 'moodle'),
(2, 'course', 'view', 'course', 'fullname', 'moodle'),
(3, 'course', 'view section', 'course_sections', 'name', 'moodle'),
(4, 'course', 'update', 'course', 'fullname', 'moodle'),
(5, 'course', 'enrol', 'course', 'fullname', 'moodle'),
(6, 'course', 'unenrol', 'course', 'fullname', 'moodle'),
(7, 'course', 'report log', 'course', 'fullname', 'moodle'),
(8, 'course', 'report live', 'course', 'fullname', 'moodle'),
(9, 'course', 'report outline', 'course', 'fullname', 'moodle'),
(10, 'course', 'report participation', 'course', 'fullname', 'moodle'),
(11, 'course', 'report stats', 'course', 'fullname', 'moodle'),
(12, 'message', 'write', 'user', 'CONCAT(firstname, \' \', lastname)', 'moodle'),
(13, 'message', 'read', 'user', 'CONCAT(firstname, \' \', lastname)', 'moodle'),
(14, 'message', 'add contact', 'user', 'CONCAT(firstname, \' \', lastname)', 'moodle'),
(15, 'message', 'remove contact', 'user', 'CONCAT(firstname, \' \', lastname)', 'moodle'),
(16, 'message', 'block contact', 'user', 'CONCAT(firstname, \' \', lastname)', 'moodle'),
(17, 'message', 'unblock contact', 'user', 'CONCAT(firstname, \' \', lastname)', 'moodle'),
(18, 'group', 'view', 'groups', 'name', 'moodle'),
(19, 'tag', 'update', 'tag', 'name', 'moodle'),
(20, 'tag', 'flag', 'tag', 'name', 'moodle'),
(21, 'user', 'view', 'user', 'CONCAT(firstname, \' \', lastname)', 'moodle'),
(22, 'assign', 'add', 'assign', 'name', 'mod_assign'),
(23, 'assign', 'delete mod', 'assign', 'name', 'mod_assign'),
(24, 'assign', 'download all submissions', 'assign', 'name', 'mod_assign'),
(25, 'assign', 'grade submission', 'assign', 'name', 'mod_assign'),
(26, 'assign', 'lock submission', 'assign', 'name', 'mod_assign'),
(27, 'assign', 'reveal identities', 'assign', 'name', 'mod_assign'),
(28, 'assign', 'revert submission to draft', 'assign', 'name', 'mod_assign'),
(29, 'assign', 'submission statement accepted', 'assign', 'name', 'mod_assign'),
(30, 'assign', 'submit', 'assign', 'name', 'mod_assign'),
(31, 'assign', 'submit for grading', 'assign', 'name', 'mod_assign'),
(32, 'assign', 'unlock submission', 'assign', 'name', 'mod_assign'),
(33, 'assign', 'update', 'assign', 'name', 'mod_assign'),
(34, 'assign', 'upload', 'assign', 'name', 'mod_assign'),
(35, 'assign', 'view', 'assign', 'name', 'mod_assign'),
(36, 'assign', 'view all', 'course', 'fullname', 'mod_assign'),
(37, 'assign', 'view confirm submit assignment form', 'assign', 'name', 'mod_assign'),
(38, 'assign', 'view grading form', 'assign', 'name', 'mod_assign'),
(39, 'assign', 'view submission', 'assign', 'name', 'mod_assign'),
(40, 'assign', 'view submission grading table', 'assign', 'name', 'mod_assign'),
(41, 'assign', 'view submit assignment form', 'assign', 'name', 'mod_assign'),
(42, 'assign', 'view feedback', 'assign', 'name', 'mod_assign'),
(43, 'assignment', 'view', 'assignment', 'name', 'mod_assignment'),
(44, 'assignment', 'add', 'assignment', 'name', 'mod_assignment'),
(45, 'assignment', 'update', 'assignment', 'name', 'mod_assignment'),
(46, 'assignment', 'view submission', 'assignment', 'name', 'mod_assignment'),
(47, 'assignment', 'upload', 'assignment', 'name', 'mod_assignment'),
(48, 'book', 'add', 'book', 'name', 'mod_book'),
(49, 'book', 'update', 'book', 'name', 'mod_book'),
(50, 'book', 'view', 'book', 'name', 'mod_book'),
(51, 'book', 'add chapter', 'book_chapters', 'title', 'mod_book'),
(52, 'book', 'update chapter', 'book_chapters', 'title', 'mod_book'),
(53, 'book', 'view chapter', 'book_chapters', 'title', 'mod_book'),
(54, 'chat', 'view', 'chat', 'name', 'mod_chat'),
(55, 'chat', 'add', 'chat', 'name', 'mod_chat'),
(56, 'chat', 'update', 'chat', 'name', 'mod_chat'),
(57, 'chat', 'report', 'chat', 'name', 'mod_chat'),
(58, 'chat', 'talk', 'chat', 'name', 'mod_chat'),
(59, 'choice', 'view', 'choice', 'name', 'mod_choice'),
(60, 'choice', 'update', 'choice', 'name', 'mod_choice'),
(61, 'choice', 'add', 'choice', 'name', 'mod_choice'),
(62, 'choice', 'report', 'choice', 'name', 'mod_choice'),
(63, 'choice', 'choose', 'choice', 'name', 'mod_choice'),
(64, 'choice', 'choose again', 'choice', 'name', 'mod_choice'),
(65, 'data', 'view', 'data', 'name', 'mod_data'),
(66, 'data', 'add', 'data', 'name', 'mod_data'),
(67, 'data', 'update', 'data', 'name', 'mod_data'),
(68, 'data', 'record delete', 'data', 'name', 'mod_data'),
(69, 'data', 'fields add', 'data_fields', 'name', 'mod_data'),
(70, 'data', 'fields update', 'data_fields', 'name', 'mod_data'),
(71, 'data', 'templates saved', 'data', 'name', 'mod_data'),
(72, 'data', 'templates def', 'data', 'name', 'mod_data'),
(73, 'feedback', 'startcomplete', 'feedback', 'name', 'mod_feedback'),
(74, 'feedback', 'submit', 'feedback', 'name', 'mod_feedback'),
(75, 'feedback', 'delete', 'feedback', 'name', 'mod_feedback'),
(76, 'feedback', 'view', 'feedback', 'name', 'mod_feedback'),
(77, 'feedback', 'view all', 'course', 'shortname', 'mod_feedback'),
(78, 'folder', 'view', 'folder', 'name', 'mod_folder'),
(79, 'folder', 'view all', 'folder', 'name', 'mod_folder'),
(80, 'folder', 'update', 'folder', 'name', 'mod_folder'),
(81, 'folder', 'add', 'folder', 'name', 'mod_folder'),
(82, 'forum', 'add', 'forum', 'name', 'mod_forum'),
(83, 'forum', 'update', 'forum', 'name', 'mod_forum'),
(84, 'forum', 'add discussion', 'forum_discussions', 'name', 'mod_forum'),
(85, 'forum', 'add post', 'forum_posts', 'subject', 'mod_forum'),
(86, 'forum', 'update post', 'forum_posts', 'subject', 'mod_forum'),
(87, 'forum', 'user report', 'user', 'CONCAT(firstname, \' \', lastname)', 'mod_forum'),
(88, 'forum', 'move discussion', 'forum_discussions', 'name', 'mod_forum'),
(89, 'forum', 'view subscribers', 'forum', 'name', 'mod_forum'),
(90, 'forum', 'view discussion', 'forum_discussions', 'name', 'mod_forum'),
(91, 'forum', 'view forum', 'forum', 'name', 'mod_forum'),
(92, 'forum', 'subscribe', 'forum', 'name', 'mod_forum'),
(93, 'forum', 'unsubscribe', 'forum', 'name', 'mod_forum'),
(94, 'glossary', 'add', 'glossary', 'name', 'mod_glossary'),
(95, 'glossary', 'update', 'glossary', 'name', 'mod_glossary'),
(96, 'glossary', 'view', 'glossary', 'name', 'mod_glossary'),
(97, 'glossary', 'view all', 'glossary', 'name', 'mod_glossary'),
(98, 'glossary', 'add entry', 'glossary', 'name', 'mod_glossary'),
(99, 'glossary', 'update entry', 'glossary', 'name', 'mod_glossary'),
(100, 'glossary', 'add category', 'glossary', 'name', 'mod_glossary'),
(101, 'glossary', 'update category', 'glossary', 'name', 'mod_glossary'),
(102, 'glossary', 'delete category', 'glossary', 'name', 'mod_glossary'),
(103, 'glossary', 'approve entry', 'glossary', 'name', 'mod_glossary'),
(104, 'glossary', 'view entry', 'glossary_entries', 'concept', 'mod_glossary'),
(105, 'imscp', 'view', 'imscp', 'name', 'mod_imscp'),
(106, 'imscp', 'view all', 'imscp', 'name', 'mod_imscp'),
(107, 'imscp', 'update', 'imscp', 'name', 'mod_imscp'),
(108, 'imscp', 'add', 'imscp', 'name', 'mod_imscp'),
(109, 'label', 'add', 'label', 'name', 'mod_label'),
(110, 'label', 'update', 'label', 'name', 'mod_label'),
(111, 'lesson', 'start', 'lesson', 'name', 'mod_lesson'),
(112, 'lesson', 'end', 'lesson', 'name', 'mod_lesson'),
(113, 'lesson', 'view', 'lesson_pages', 'title', 'mod_lesson'),
(114, 'lti', 'view', 'lti', 'name', 'mod_lti'),
(115, 'lti', 'launch', 'lti', 'name', 'mod_lti'),
(116, 'lti', 'view all', 'lti', 'name', 'mod_lti'),
(117, 'page', 'view', 'page', 'name', 'mod_page'),
(118, 'page', 'view all', 'page', 'name', 'mod_page'),
(119, 'page', 'update', 'page', 'name', 'mod_page'),
(120, 'page', 'add', 'page', 'name', 'mod_page'),
(121, 'quiz', 'add', 'quiz', 'name', 'mod_quiz'),
(122, 'quiz', 'update', 'quiz', 'name', 'mod_quiz'),
(123, 'quiz', 'view', 'quiz', 'name', 'mod_quiz'),
(124, 'quiz', 'report', 'quiz', 'name', 'mod_quiz'),
(125, 'quiz', 'attempt', 'quiz', 'name', 'mod_quiz'),
(126, 'quiz', 'submit', 'quiz', 'name', 'mod_quiz'),
(127, 'quiz', 'review', 'quiz', 'name', 'mod_quiz'),
(128, 'quiz', 'editquestions', 'quiz', 'name', 'mod_quiz'),
(129, 'quiz', 'preview', 'quiz', 'name', 'mod_quiz'),
(130, 'quiz', 'start attempt', 'quiz', 'name', 'mod_quiz'),
(131, 'quiz', 'close attempt', 'quiz', 'name', 'mod_quiz'),
(132, 'quiz', 'continue attempt', 'quiz', 'name', 'mod_quiz'),
(133, 'quiz', 'edit override', 'quiz', 'name', 'mod_quiz'),
(134, 'quiz', 'delete override', 'quiz', 'name', 'mod_quiz'),
(135, 'resource', 'view', 'resource', 'name', 'mod_resource'),
(136, 'resource', 'view all', 'resource', 'name', 'mod_resource'),
(137, 'resource', 'update', 'resource', 'name', 'mod_resource'),
(138, 'resource', 'add', 'resource', 'name', 'mod_resource'),
(139, 'scorm', 'view', 'scorm', 'name', 'mod_scorm'),
(140, 'scorm', 'review', 'scorm', 'name', 'mod_scorm'),
(141, 'scorm', 'update', 'scorm', 'name', 'mod_scorm'),
(142, 'scorm', 'add', 'scorm', 'name', 'mod_scorm'),
(143, 'survey', 'add', 'survey', 'name', 'mod_survey'),
(144, 'survey', 'update', 'survey', 'name', 'mod_survey'),
(145, 'survey', 'download', 'survey', 'name', 'mod_survey'),
(146, 'survey', 'view form', 'survey', 'name', 'mod_survey'),
(147, 'survey', 'view graph', 'survey', 'name', 'mod_survey'),
(148, 'survey', 'view report', 'survey', 'name', 'mod_survey'),
(149, 'survey', 'submit', 'survey', 'name', 'mod_survey'),
(150, 'url', 'view', 'url', 'name', 'mod_url'),
(151, 'url', 'view all', 'url', 'name', 'mod_url'),
(152, 'url', 'update', 'url', 'name', 'mod_url'),
(153, 'url', 'add', 'url', 'name', 'mod_url'),
(154, 'workshop', 'add', 'workshop', 'name', 'mod_workshop'),
(155, 'workshop', 'update', 'workshop', 'name', 'mod_workshop'),
(156, 'workshop', 'view', 'workshop', 'name', 'mod_workshop'),
(157, 'workshop', 'view all', 'workshop', 'name', 'mod_workshop'),
(158, 'workshop', 'add submission', 'workshop_submissions', 'title', 'mod_workshop'),
(159, 'workshop', 'update submission', 'workshop_submissions', 'title', 'mod_workshop'),
(160, 'workshop', 'view submission', 'workshop_submissions', 'title', 'mod_workshop'),
(161, 'workshop', 'add assessment', 'workshop_submissions', 'title', 'mod_workshop'),
(162, 'workshop', 'update assessment', 'workshop_submissions', 'title', 'mod_workshop'),
(163, 'workshop', 'add example', 'workshop_submissions', 'title', 'mod_workshop'),
(164, 'workshop', 'update example', 'workshop_submissions', 'title', 'mod_workshop'),
(165, 'workshop', 'view example', 'workshop_submissions', 'title', 'mod_workshop'),
(166, 'workshop', 'add reference assessment', 'workshop_submissions', 'title', 'mod_workshop'),
(167, 'workshop', 'update reference assessment', 'workshop_submissions', 'title', 'mod_workshop'),
(168, 'workshop', 'add example assessment', 'workshop_submissions', 'title', 'mod_workshop'),
(169, 'workshop', 'update example assessment', 'workshop_submissions', 'title', 'mod_workshop'),
(170, 'workshop', 'update aggregate grades', 'workshop', 'name', 'mod_workshop'),
(171, 'workshop', 'update clear aggregated grades', 'workshop', 'name', 'mod_workshop'),
(172, 'workshop', 'update clear assessments', 'workshop', 'name', 'mod_workshop'),
(173, 'book', 'exportimscp', 'book', 'name', 'booktool_exportimscp'),
(174, 'book', 'print', 'book', 'name', 'booktool_print'),
(175, 'book', 'print chapter', 'book_chapters', 'title', 'booktool_print');

-- --------------------------------------------------------

--
-- Table structure for table `mdl_log_queries`
--

CREATE TABLE `mdl_log_queries` (
  `id` bigint(10) NOT NULL,
  `qtype` mediumint(5) NOT NULL,
  `sqltext` longtext COLLATE utf8_unicode_ci NOT NULL,
  `sqlparams` longtext COLLATE utf8_unicode_ci,
  `error` mediumint(5) NOT NULL DEFAULT '0',
  `info` longtext COLLATE utf8_unicode_ci,
  `backtrace` longtext COLLATE utf8_unicode_ci,
  `exectime` decimal(10,5) NOT NULL,
  `timelogged` bigint(10) NOT NULL
) ENGINE=InnoDB DEFAULT CHARSET=utf8 COLLATE=utf8_unicode_ci COMMENT='Logged database queries.';

-- --------------------------------------------------------

--
-- Table structure for table `mdl_lti`
--

CREATE TABLE `mdl_lti` (
  `id` bigint(10) NOT NULL,
  `course` bigint(10) NOT NULL DEFAULT '0',
  `name` varchar(255) COLLATE utf8_unicode_ci NOT NULL DEFAULT '',
  `intro` longtext COLLATE utf8_unicode_ci,
  `introformat` smallint(4) DEFAULT '0',
  `timecreated` bigint(10) NOT NULL DEFAULT '0',
  `timemodified` bigint(10) NOT NULL DEFAULT '0',
  `typeid` bigint(10) DEFAULT NULL,
  `toolurl` longtext COLLATE utf8_unicode_ci NOT NULL,
  `securetoolurl` longtext COLLATE utf8_unicode_ci,
  `instructorchoicesendname` tinyint(1) DEFAULT NULL,
  `instructorchoicesendemailaddr` tinyint(1) DEFAULT NULL,
  `instructorchoiceallowroster` tinyint(1) DEFAULT NULL,
  `instructorchoiceallowsetting` tinyint(1) DEFAULT NULL,
  `instructorcustomparameters` varchar(255) COLLATE utf8_unicode_ci DEFAULT NULL,
  `instructorchoiceacceptgrades` tinyint(1) DEFAULT NULL,
  `grade` decimal(10,5) NOT NULL DEFAULT '100.00000',
  `launchcontainer` tinyint(2) NOT NULL DEFAULT '1',
  `resourcekey` varchar(255) COLLATE utf8_unicode_ci DEFAULT NULL,
  `password` varchar(255) COLLATE utf8_unicode_ci DEFAULT NULL,
  `debuglaunch` tinyint(1) NOT NULL DEFAULT '0',
  `showtitlelaunch` tinyint(1) NOT NULL DEFAULT '0',
  `showdescriptionlaunch` tinyint(1) NOT NULL DEFAULT '0',
  `servicesalt` varchar(40) COLLATE utf8_unicode_ci DEFAULT NULL,
  `icon` longtext COLLATE utf8_unicode_ci,
  `secureicon` longtext COLLATE utf8_unicode_ci
) ENGINE=InnoDB DEFAULT CHARSET=utf8 COLLATE=utf8_unicode_ci COMMENT='This table contains Basic LTI activities instances';

-- --------------------------------------------------------

--
-- Table structure for table `mdl_lti_submission`
--

CREATE TABLE `mdl_lti_submission` (
  `id` bigint(10) NOT NULL,
  `ltiid` bigint(10) NOT NULL,
  `userid` bigint(10) NOT NULL,
  `datesubmitted` bigint(10) NOT NULL,
  `dateupdated` bigint(10) NOT NULL,
  `gradepercent` decimal(10,5) NOT NULL,
  `originalgrade` decimal(10,5) NOT NULL,
  `launchid` bigint(10) NOT NULL,
  `state` tinyint(2) NOT NULL
) ENGINE=InnoDB DEFAULT CHARSET=utf8 COLLATE=utf8_unicode_ci COMMENT='Keeps track of individual submissions for LTI activities.';

-- --------------------------------------------------------

--
-- Table structure for table `mdl_lti_types`
--

CREATE TABLE `mdl_lti_types` (
  `id` bigint(10) NOT NULL,
  `name` varchar(255) COLLATE utf8_unicode_ci NOT NULL DEFAULT 'basiclti Activity',
  `baseurl` longtext COLLATE utf8_unicode_ci NOT NULL,
  `tooldomain` varchar(255) COLLATE utf8_unicode_ci NOT NULL DEFAULT '',
  `state` tinyint(2) NOT NULL DEFAULT '2',
  `course` bigint(10) NOT NULL,
  `coursevisible` tinyint(1) NOT NULL DEFAULT '0',
  `createdby` bigint(10) NOT NULL,
  `timecreated` bigint(10) NOT NULL,
  `timemodified` bigint(10) NOT NULL
) ENGINE=InnoDB DEFAULT CHARSET=utf8 COLLATE=utf8_unicode_ci COMMENT='Basic LTI pre-configured activities';

-- --------------------------------------------------------

--
-- Table structure for table `mdl_lti_types_config`
--

CREATE TABLE `mdl_lti_types_config` (
  `id` bigint(10) NOT NULL,
  `typeid` bigint(10) NOT NULL,
  `name` varchar(100) COLLATE utf8_unicode_ci NOT NULL DEFAULT '',
  `value` varchar(255) COLLATE utf8_unicode_ci NOT NULL DEFAULT ''
) ENGINE=InnoDB DEFAULT CHARSET=utf8 COLLATE=utf8_unicode_ci COMMENT='Basic LTI types configuration';

-- --------------------------------------------------------

--
-- Table structure for table `mdl_message`
--

CREATE TABLE `mdl_message` (
  `id` bigint(10) NOT NULL,
  `useridfrom` bigint(10) NOT NULL DEFAULT '0',
  `useridto` bigint(10) NOT NULL DEFAULT '0',
  `subject` longtext COLLATE utf8_unicode_ci,
  `fullmessage` longtext COLLATE utf8_unicode_ci,
  `fullmessageformat` smallint(4) DEFAULT '0',
  `fullmessagehtml` longtext COLLATE utf8_unicode_ci,
  `smallmessage` longtext COLLATE utf8_unicode_ci,
  `notification` tinyint(1) DEFAULT '0',
  `contexturl` longtext COLLATE utf8_unicode_ci,
  `contexturlname` longtext COLLATE utf8_unicode_ci,
  `timecreated` bigint(10) NOT NULL DEFAULT '0'
) ENGINE=InnoDB DEFAULT CHARSET=utf8 COLLATE=utf8_unicode_ci COMMENT='Stores all unread messages';

-- --------------------------------------------------------

--
-- Table structure for table `mdl_message_contacts`
--

CREATE TABLE `mdl_message_contacts` (
  `id` bigint(10) NOT NULL,
  `userid` bigint(10) NOT NULL DEFAULT '0',
  `contactid` bigint(10) NOT NULL DEFAULT '0',
  `blocked` tinyint(1) NOT NULL DEFAULT '0'
) ENGINE=InnoDB DEFAULT CHARSET=utf8 COLLATE=utf8_unicode_ci COMMENT='Maintains lists of relationships between users';

-- --------------------------------------------------------

--
-- Table structure for table `mdl_message_processors`
--

CREATE TABLE `mdl_message_processors` (
  `id` bigint(10) NOT NULL,
  `name` varchar(166) COLLATE utf8_unicode_ci NOT NULL DEFAULT '',
  `enabled` tinyint(1) NOT NULL DEFAULT '1'
) ENGINE=InnoDB DEFAULT CHARSET=utf8 COLLATE=utf8_unicode_ci COMMENT='List of message output plugins';

--
-- Dumping data for table `mdl_message_processors`
--

INSERT INTO `mdl_message_processors` (`id`, `name`, `enabled`) VALUES
(1, 'email', 1),
(2, 'jabber', 1),
(3, 'popup', 1);

-- --------------------------------------------------------

--
-- Table structure for table `mdl_message_providers`
--

CREATE TABLE `mdl_message_providers` (
  `id` bigint(10) NOT NULL,
  `name` varchar(100) COLLATE utf8_unicode_ci NOT NULL DEFAULT '',
  `component` varchar(200) COLLATE utf8_unicode_ci NOT NULL DEFAULT '',
  `capability` varchar(255) COLLATE utf8_unicode_ci DEFAULT NULL
) ENGINE=InnoDB DEFAULT CHARSET=utf8 COLLATE=utf8_unicode_ci COMMENT='This table stores the message providers (modules and core sy';

--
-- Dumping data for table `mdl_message_providers`
--

INSERT INTO `mdl_message_providers` (`id`, `name`, `component`, `capability`) VALUES
(1, 'notices', 'moodle', 'moodle/site:config'),
(2, 'errors', 'moodle', 'moodle/site:config'),
(3, 'availableupdate', 'moodle', 'moodle/site:config'),
(4, 'instantmessage', 'moodle', NULL),
(5, 'backup', 'moodle', 'moodle/site:config'),
(6, 'courserequested', 'moodle', 'moodle/site:approvecourse'),
(7, 'courserequestapproved', 'moodle', 'moodle/course:request'),
(8, 'courserequestrejected', 'moodle', 'moodle/course:request'),
(9, 'assign_notification', 'mod_assign', NULL),
(10, 'assignment_updates', 'mod_assignment', NULL),
(11, 'submission', 'mod_feedback', NULL),
(12, 'message', 'mod_feedback', NULL),
(13, 'posts', 'mod_forum', NULL),
(14, 'graded_essay', 'mod_lesson', NULL),
(15, 'submission', 'mod_quiz', 'mod/quiz:emailnotifysubmission'),
(16, 'confirmation', 'mod_quiz', 'mod/quiz:emailconfirmsubmission'),
(17, 'attempt_overdue', 'mod_quiz', 'mod/quiz:emailwarnoverdue'),
(18, 'authorize_enrolment', 'enrol_authorize', NULL),
(19, 'flatfile_enrolment', 'enrol_flatfile', NULL),
(20, 'imsenterprise_enrolment', 'enrol_imsenterprise', NULL),
(21, 'expiry_notification', 'enrol_manual', NULL),
(22, 'paypal_enrolment', 'enrol_paypal', NULL),
(23, 'expiry_notification', 'enrol_self', NULL);

-- --------------------------------------------------------

--
-- Table structure for table `mdl_message_read`
--

CREATE TABLE `mdl_message_read` (
  `id` bigint(10) NOT NULL,
  `useridfrom` bigint(10) NOT NULL DEFAULT '0',
  `useridto` bigint(10) NOT NULL DEFAULT '0',
  `subject` longtext COLLATE utf8_unicode_ci,
  `fullmessage` longtext COLLATE utf8_unicode_ci,
  `fullmessageformat` smallint(4) DEFAULT '0',
  `fullmessagehtml` longtext COLLATE utf8_unicode_ci,
  `smallmessage` longtext COLLATE utf8_unicode_ci,
  `notification` tinyint(1) DEFAULT '0',
  `contexturl` longtext COLLATE utf8_unicode_ci,
  `contexturlname` longtext COLLATE utf8_unicode_ci,
  `timecreated` bigint(10) NOT NULL DEFAULT '0',
  `timeread` bigint(10) NOT NULL DEFAULT '0'
) ENGINE=InnoDB DEFAULT CHARSET=utf8 COLLATE=utf8_unicode_ci COMMENT='Stores all messages that have been read';

-- --------------------------------------------------------

--
-- Table structure for table `mdl_message_working`
--

CREATE TABLE `mdl_message_working` (
  `id` bigint(10) NOT NULL,
  `unreadmessageid` bigint(10) NOT NULL,
  `processorid` bigint(10) NOT NULL
) ENGINE=InnoDB DEFAULT CHARSET=utf8 COLLATE=utf8_unicode_ci COMMENT='Lists all the messages and processors that need to be proces';

-- --------------------------------------------------------

--
-- Table structure for table `mdl_mnetservice_enrol_courses`
--

CREATE TABLE `mdl_mnetservice_enrol_courses` (
  `id` bigint(10) NOT NULL,
  `hostid` bigint(10) NOT NULL,
  `remoteid` bigint(10) NOT NULL,
  `categoryid` bigint(10) NOT NULL,
  `categoryname` varchar(255) COLLATE utf8_unicode_ci NOT NULL DEFAULT '',
  `sortorder` bigint(10) NOT NULL DEFAULT '0',
  `fullname` varchar(254) COLLATE utf8_unicode_ci NOT NULL DEFAULT '',
  `shortname` varchar(100) COLLATE utf8_unicode_ci NOT NULL DEFAULT '',
  `idnumber` varchar(100) COLLATE utf8_unicode_ci NOT NULL DEFAULT '',
  `summary` longtext COLLATE utf8_unicode_ci NOT NULL,
  `summaryformat` smallint(3) DEFAULT '0',
  `startdate` bigint(10) NOT NULL,
  `roleid` bigint(10) NOT NULL,
  `rolename` varchar(255) COLLATE utf8_unicode_ci NOT NULL DEFAULT ''
) ENGINE=InnoDB DEFAULT CHARSET=utf8 COLLATE=utf8_unicode_ci COMMENT='Caches the information fetched via XML-RPC about courses on ';

-- --------------------------------------------------------

--
-- Table structure for table `mdl_mnetservice_enrol_enrolments`
--

CREATE TABLE `mdl_mnetservice_enrol_enrolments` (
  `id` bigint(10) NOT NULL,
  `hostid` bigint(10) NOT NULL,
  `userid` bigint(10) NOT NULL,
  `remotecourseid` bigint(10) NOT NULL,
  `rolename` varchar(255) COLLATE utf8_unicode_ci NOT NULL DEFAULT '',
  `enroltime` bigint(10) NOT NULL DEFAULT '0',
  `enroltype` varchar(20) COLLATE utf8_unicode_ci NOT NULL DEFAULT ''
) ENGINE=InnoDB DEFAULT CHARSET=utf8 COLLATE=utf8_unicode_ci COMMENT='Caches the information about enrolments of our local users i';

-- --------------------------------------------------------

--
-- Table structure for table `mdl_mnet_application`
--

CREATE TABLE `mdl_mnet_application` (
  `id` bigint(10) NOT NULL,
  `name` varchar(50) COLLATE utf8_unicode_ci NOT NULL DEFAULT '',
  `display_name` varchar(50) COLLATE utf8_unicode_ci NOT NULL DEFAULT '',
  `xmlrpc_server_url` varchar(255) COLLATE utf8_unicode_ci NOT NULL DEFAULT '',
  `sso_land_url` varchar(255) COLLATE utf8_unicode_ci NOT NULL DEFAULT '',
  `sso_jump_url` varchar(255) COLLATE utf8_unicode_ci NOT NULL DEFAULT ''
) ENGINE=InnoDB DEFAULT CHARSET=utf8 COLLATE=utf8_unicode_ci COMMENT='Information about applications on remote hosts';

--
-- Dumping data for table `mdl_mnet_application`
--

INSERT INTO `mdl_mnet_application` (`id`, `name`, `display_name`, `xmlrpc_server_url`, `sso_land_url`, `sso_jump_url`) VALUES
(1, 'moodle', 'Moodle', '/mnet/xmlrpc/server.php', '/auth/mnet/land.php', '/auth/mnet/jump.php'),
(2, 'mahara', 'Mahara', '/api/xmlrpc/server.php', '/auth/xmlrpc/land.php', '/auth/xmlrpc/jump.php');

-- --------------------------------------------------------

--
-- Table structure for table `mdl_mnet_host`
--

CREATE TABLE `mdl_mnet_host` (
  `id` bigint(10) NOT NULL,
  `deleted` tinyint(1) NOT NULL DEFAULT '0',
  `wwwroot` varchar(255) COLLATE utf8_unicode_ci NOT NULL DEFAULT '',
  `ip_address` varchar(45) COLLATE utf8_unicode_ci NOT NULL DEFAULT '',
  `name` varchar(80) COLLATE utf8_unicode_ci NOT NULL DEFAULT '',
  `public_key` longtext COLLATE utf8_unicode_ci NOT NULL,
  `public_key_expires` bigint(10) NOT NULL DEFAULT '0',
  `transport` tinyint(2) NOT NULL DEFAULT '0',
  `portno` mediumint(5) NOT NULL DEFAULT '0',
  `last_connect_time` bigint(10) NOT NULL DEFAULT '0',
  `last_log_id` bigint(10) NOT NULL DEFAULT '0',
  `force_theme` tinyint(1) NOT NULL DEFAULT '0',
  `theme` varchar(100) COLLATE utf8_unicode_ci DEFAULT NULL,
  `applicationid` bigint(10) NOT NULL DEFAULT '1'
) ENGINE=InnoDB DEFAULT CHARSET=utf8 COLLATE=utf8_unicode_ci COMMENT='Information about the local and remote hosts for RPC';

--
-- Dumping data for table `mdl_mnet_host`
--

INSERT INTO `mdl_mnet_host` (`id`, `deleted`, `wwwroot`, `ip_address`, `name`, `public_key`, `public_key_expires`, `transport`, `portno`, `last_connect_time`, `last_log_id`, `force_theme`, `theme`, `applicationid`) VALUES
(1, 0, 'http://campus.tecprecincsrl.com.ar', '178.33.161.11', '', '', 0, 0, 0, 0, 0, 0, NULL, 1),
(2, 0, '', '', 'All Hosts', '', 0, 0, 0, 0, 0, 0, NULL, 1);

-- --------------------------------------------------------

--
-- Table structure for table `mdl_mnet_host2service`
--

CREATE TABLE `mdl_mnet_host2service` (
  `id` bigint(10) NOT NULL,
  `hostid` bigint(10) NOT NULL DEFAULT '0',
  `serviceid` bigint(10) NOT NULL DEFAULT '0',
  `publish` tinyint(1) NOT NULL DEFAULT '0',
  `subscribe` tinyint(1) NOT NULL DEFAULT '0'
) ENGINE=InnoDB DEFAULT CHARSET=utf8 COLLATE=utf8_unicode_ci COMMENT='Information about the services for a given host';

-- --------------------------------------------------------

--
-- Table structure for table `mdl_mnet_log`
--

CREATE TABLE `mdl_mnet_log` (
  `id` bigint(10) NOT NULL,
  `hostid` bigint(10) NOT NULL DEFAULT '0',
  `remoteid` bigint(10) NOT NULL DEFAULT '0',
  `time` bigint(10) NOT NULL DEFAULT '0',
  `userid` bigint(10) NOT NULL DEFAULT '0',
  `ip` varchar(45) COLLATE utf8_unicode_ci NOT NULL DEFAULT '',
  `course` bigint(10) NOT NULL DEFAULT '0',
  `coursename` varchar(40) COLLATE utf8_unicode_ci NOT NULL DEFAULT '',
  `module` varchar(20) COLLATE utf8_unicode_ci NOT NULL DEFAULT '',
  `cmid` bigint(10) NOT NULL DEFAULT '0',
  `action` varchar(40) COLLATE utf8_unicode_ci NOT NULL DEFAULT '',
  `url` varchar(100) COLLATE utf8_unicode_ci NOT NULL DEFAULT '',
  `info` varchar(255) COLLATE utf8_unicode_ci NOT NULL DEFAULT ''
) ENGINE=InnoDB DEFAULT CHARSET=utf8 COLLATE=utf8_unicode_ci COMMENT='Store session data from users migrating to other sites';

-- --------------------------------------------------------

--
-- Table structure for table `mdl_mnet_remote_rpc`
--

CREATE TABLE `mdl_mnet_remote_rpc` (
  `id` bigint(10) NOT NULL,
  `functionname` varchar(40) COLLATE utf8_unicode_ci NOT NULL DEFAULT '',
  `xmlrpcpath` varchar(80) COLLATE utf8_unicode_ci NOT NULL DEFAULT '',
  `plugintype` varchar(20) COLLATE utf8_unicode_ci NOT NULL DEFAULT '',
  `pluginname` varchar(20) COLLATE utf8_unicode_ci NOT NULL DEFAULT '',
  `enabled` tinyint(1) NOT NULL
) ENGINE=InnoDB DEFAULT CHARSET=utf8 COLLATE=utf8_unicode_ci COMMENT='This table describes functions that might be called remotely';

--
-- Dumping data for table `mdl_mnet_remote_rpc`
--

INSERT INTO `mdl_mnet_remote_rpc` (`id`, `functionname`, `xmlrpcpath`, `plugintype`, `pluginname`, `enabled`) VALUES
(1, 'user_authorise', 'auth/mnet/auth.php/user_authorise', 'auth', 'mnet', 1),
(2, 'keepalive_server', 'auth/mnet/auth.php/keepalive_server', 'auth', 'mnet', 1),
(3, 'kill_children', 'auth/mnet/auth.php/kill_children', 'auth', 'mnet', 1),
(4, 'refresh_log', 'auth/mnet/auth.php/refresh_log', 'auth', 'mnet', 1),
(5, 'fetch_user_image', 'auth/mnet/auth.php/fetch_user_image', 'auth', 'mnet', 1),
(6, 'fetch_theme_info', 'auth/mnet/auth.php/fetch_theme_info', 'auth', 'mnet', 1),
(7, 'update_enrolments', 'auth/mnet/auth.php/update_enrolments', 'auth', 'mnet', 1),
(8, 'keepalive_client', 'auth/mnet/auth.php/keepalive_client', 'auth', 'mnet', 1),
(9, 'kill_child', 'auth/mnet/auth.php/kill_child', 'auth', 'mnet', 1),
(10, 'available_courses', 'enrol/mnet/enrol.php/available_courses', 'enrol', 'mnet', 1),
(11, 'user_enrolments', 'enrol/mnet/enrol.php/user_enrolments', 'enrol', 'mnet', 1),
(12, 'enrol_user', 'enrol/mnet/enrol.php/enrol_user', 'enrol', 'mnet', 1),
(13, 'unenrol_user', 'enrol/mnet/enrol.php/unenrol_user', 'enrol', 'mnet', 1),
(14, 'course_enrolments', 'enrol/mnet/enrol.php/course_enrolments', 'enrol', 'mnet', 1),
(15, 'send_content_intent', 'portfolio/mahara/lib.php/send_content_intent', 'portfolio', 'mahara', 1),
(16, 'send_content_ready', 'portfolio/mahara/lib.php/send_content_ready', 'portfolio', 'mahara', 1);

-- --------------------------------------------------------

--
-- Table structure for table `mdl_mnet_remote_service2rpc`
--

CREATE TABLE `mdl_mnet_remote_service2rpc` (
  `id` bigint(10) NOT NULL,
  `serviceid` bigint(10) NOT NULL DEFAULT '0',
  `rpcid` bigint(10) NOT NULL DEFAULT '0'
) ENGINE=InnoDB DEFAULT CHARSET=utf8 COLLATE=utf8_unicode_ci COMMENT='Group functions or methods under a service';

--
-- Dumping data for table `mdl_mnet_remote_service2rpc`
--

INSERT INTO `mdl_mnet_remote_service2rpc` (`id`, `serviceid`, `rpcid`) VALUES
(1, 1, 1),
(2, 1, 2),
(3, 1, 3),
(4, 1, 4),
(5, 1, 5),
(6, 1, 6),
(7, 1, 7),
(8, 2, 8),
(9, 2, 9),
(10, 3, 10),
(11, 3, 11),
(12, 3, 12),
(13, 3, 13),
(14, 3, 14),
(15, 4, 15),
(16, 4, 16);

-- --------------------------------------------------------

--
-- Table structure for table `mdl_mnet_rpc`
--

CREATE TABLE `mdl_mnet_rpc` (
  `id` bigint(10) NOT NULL,
  `functionname` varchar(40) COLLATE utf8_unicode_ci NOT NULL DEFAULT '',
  `xmlrpcpath` varchar(80) COLLATE utf8_unicode_ci NOT NULL DEFAULT '',
  `plugintype` varchar(20) COLLATE utf8_unicode_ci NOT NULL DEFAULT '',
  `pluginname` varchar(20) COLLATE utf8_unicode_ci NOT NULL DEFAULT '',
  `enabled` tinyint(1) NOT NULL DEFAULT '0',
  `help` longtext COLLATE utf8_unicode_ci NOT NULL,
  `profile` longtext COLLATE utf8_unicode_ci NOT NULL,
  `filename` varchar(100) COLLATE utf8_unicode_ci NOT NULL DEFAULT '',
  `classname` varchar(150) COLLATE utf8_unicode_ci DEFAULT NULL,
  `static` tinyint(1) DEFAULT NULL
) ENGINE=InnoDB DEFAULT CHARSET=utf8 COLLATE=utf8_unicode_ci COMMENT='Functions or methods that we may publish or subscribe to';

--
-- Dumping data for table `mdl_mnet_rpc`
--

INSERT INTO `mdl_mnet_rpc` (`id`, `functionname`, `xmlrpcpath`, `plugintype`, `pluginname`, `enabled`, `help`, `profile`, `filename`, `classname`, `static`) VALUES
(1, 'user_authorise', 'auth/mnet/auth.php/user_authorise', 'auth', 'mnet', 1, 'Return user data for the provided token, compare with user_agent string.', 'a:2:{s:10:\"parameters\";a:2:{i:0;a:3:{s:4:\"name\";s:5:\"token\";s:4:\"type\";s:6:\"string\";s:11:\"description\";s:37:\"The unique ID provided by remotehost.\";}i:1;a:3:{s:4:\"name\";s:9:\"useragent\";s:4:\"type\";s:6:\"string\";s:11:\"description\";s:0:\"\";}}s:6:\"return\";a:2:{s:4:\"type\";s:5:\"array\";s:11:\"description\";s:44:\"$userdata Array of user info for remote host\";}}', 'auth.php', 'auth_plugin_mnet', 0),
(2, 'keepalive_server', 'auth/mnet/auth.php/keepalive_server', 'auth', 'mnet', 1, 'Receives an array of usernames from a remote machine and prods their\nsessions to keep them alive', 'a:2:{s:10:\"parameters\";a:1:{i:0;a:3:{s:4:\"name\";s:5:\"array\";s:4:\"type\";s:5:\"array\";s:11:\"description\";s:21:\"An array of usernames\";}}s:6:\"return\";a:2:{s:4:\"type\";s:6:\"string\";s:11:\"description\";s:28:\"\"All ok\" or an error message\";}}', 'auth.php', 'auth_plugin_mnet', 0),
(3, 'kill_children', 'auth/mnet/auth.php/kill_children', 'auth', 'mnet', 1, 'The IdP uses this function to kill child sessions on other hosts', 'a:2:{s:10:\"parameters\";a:2:{i:0;a:3:{s:4:\"name\";s:8:\"username\";s:4:\"type\";s:6:\"string\";s:11:\"description\";s:28:\"Username for session to kill\";}i:1;a:3:{s:4:\"name\";s:9:\"useragent\";s:4:\"type\";s:6:\"string\";s:11:\"description\";s:0:\"\";}}s:6:\"return\";a:2:{s:4:\"type\";s:6:\"string\";s:11:\"description\";s:39:\"A plaintext report of what has happened\";}}', 'auth.php', 'auth_plugin_mnet', 0),
(4, 'refresh_log', 'auth/mnet/auth.php/refresh_log', 'auth', 'mnet', 1, 'Receives an array of log entries from an SP and adds them to the mnet_log\ntable', 'a:2:{s:10:\"parameters\";a:1:{i:0;a:3:{s:4:\"name\";s:5:\"array\";s:4:\"type\";s:5:\"array\";s:11:\"description\";s:21:\"An array of usernames\";}}s:6:\"return\";a:2:{s:4:\"type\";s:6:\"string\";s:11:\"description\";s:28:\"\"All ok\" or an error message\";}}', 'auth.php', 'auth_plugin_mnet', 0),
(5, 'fetch_user_image', 'auth/mnet/auth.php/fetch_user_image', 'auth', 'mnet', 1, 'Returns the user\'s profile image info\nIf the user exists and has a profile picture, the returned array will contain keys:\n f1          - the content of the default 100x100px image\n f1_mimetype - the mimetype of the f1 file\n f2          - the content of the 35x35px variant of the image\n f2_mimetype - the mimetype of the f2 file\nThe mimetype information was added in Moodle 2.0. In Moodle 1.x, images are always jpegs.', 'a:2:{s:10:\"parameters\";a:1:{i:0;a:3:{s:4:\"name\";s:8:\"username\";s:4:\"type\";s:3:\"int\";s:11:\"description\";s:18:\"The id of the user\";}}s:6:\"return\";a:2:{s:4:\"type\";s:5:\"array\";s:11:\"description\";s:84:\"false if user not found, empty array if no picture exists, array with data otherwise\";}}', 'auth.php', 'auth_plugin_mnet', 0),
(6, 'fetch_theme_info', 'auth/mnet/auth.php/fetch_theme_info', 'auth', 'mnet', 1, 'Returns the theme information and logo url as strings.', 'a:2:{s:10:\"parameters\";a:0:{}s:6:\"return\";a:2:{s:4:\"type\";s:6:\"string\";s:11:\"description\";s:14:\"The theme info\";}}', 'auth.php', 'auth_plugin_mnet', 0),
(7, 'update_enrolments', 'auth/mnet/auth.php/update_enrolments', 'auth', 'mnet', 1, 'Invoke this function _on_ the IDP to update it with enrolment info local to\nthe SP right after calling user_authorise()\nNormally called by the SP after calling user_authorise()', 'a:2:{s:10:\"parameters\";a:2:{i:0;a:3:{s:4:\"name\";s:8:\"username\";s:4:\"type\";s:6:\"string\";s:11:\"description\";s:12:\"The username\";}i:1;a:3:{s:4:\"name\";s:7:\"courses\";s:4:\"type\";s:5:\"array\";s:11:\"description\";s:0:\"\";}}s:6:\"return\";a:2:{s:4:\"type\";s:4:\"bool\";s:11:\"description\";s:0:\"\";}}', 'auth.php', 'auth_plugin_mnet', 0),
(8, 'keepalive_client', 'auth/mnet/auth.php/keepalive_client', 'auth', 'mnet', 1, 'Poll the IdP server to let it know that a user it has authenticated is still\nonline', 'a:2:{s:10:\"parameters\";a:0:{}s:6:\"return\";a:2:{s:4:\"type\";s:4:\"void\";s:11:\"description\";s:0:\"\";}}', 'auth.php', 'auth_plugin_mnet', 0),
(9, 'kill_child', 'auth/mnet/auth.php/kill_child', 'auth', 'mnet', 1, 'When the IdP requests that child sessions are terminated,\nthis function will be called on each of the child hosts. The machine that\ncalls the function (over xmlrpc) provides us with the mnethostid we need.', 'a:2:{s:10:\"parameters\";a:2:{i:0;a:3:{s:4:\"name\";s:8:\"username\";s:4:\"type\";s:6:\"string\";s:11:\"description\";s:28:\"Username for session to kill\";}i:1;a:3:{s:4:\"name\";s:9:\"useragent\";s:4:\"type\";s:6:\"string\";s:11:\"description\";s:0:\"\";}}s:6:\"return\";a:2:{s:4:\"type\";s:4:\"bool\";s:11:\"description\";s:15:\"True on success\";}}', 'auth.php', 'auth_plugin_mnet', 0),
(10, 'available_courses', 'enrol/mnet/enrol.php/available_courses', 'enrol', 'mnet', 1, 'Returns list of courses that we offer to the caller for remote enrolment of their users\nSince Moodle 2.0, courses are made available for MNet peers by creating an instance\nof enrol_mnet plugin for the course. Hidden courses are not returned. If there are two\ninstances - one specific for the host and one for \'All hosts\', the setting of the specific\none is used. The id of the peer is kept in customint1, no other custom fields are used.', 'a:2:{s:10:\"parameters\";a:0:{}s:6:\"return\";a:2:{s:4:\"type\";s:5:\"array\";s:11:\"description\";s:0:\"\";}}', 'enrol.php', 'enrol_mnet_mnetservice_enrol', 0),
(11, 'user_enrolments', 'enrol/mnet/enrol.php/user_enrolments', 'enrol', 'mnet', 1, 'This method has never been implemented in Moodle MNet API', 'a:2:{s:10:\"parameters\";a:0:{}s:6:\"return\";a:2:{s:4:\"type\";s:5:\"array\";s:11:\"description\";s:11:\"empty array\";}}', 'enrol.php', 'enrol_mnet_mnetservice_enrol', 0),
(12, 'enrol_user', 'enrol/mnet/enrol.php/enrol_user', 'enrol', 'mnet', 1, 'Enrol remote user to our course\nIf we do not have local record for the remote user in our database,\nit gets created here.', 'a:2:{s:10:\"parameters\";a:2:{i:0;a:3:{s:4:\"name\";s:8:\"userdata\";s:4:\"type\";s:5:\"array\";s:11:\"description\";s:14:\"user details {\";}i:1;a:3:{s:4:\"name\";s:8:\"courseid\";s:4:\"type\";s:3:\"int\";s:11:\"description\";s:19:\"our local course id\";}}s:6:\"return\";a:2:{s:4:\"type\";s:4:\"bool\";s:11:\"description\";s:69:\"true if the enrolment has been successful, throws exception otherwise\";}}', 'enrol.php', 'enrol_mnet_mnetservice_enrol', 0),
(13, 'unenrol_user', 'enrol/mnet/enrol.php/unenrol_user', 'enrol', 'mnet', 1, 'Unenrol remote user from our course\nOnly users enrolled via enrol_mnet plugin can be unenrolled remotely. If the\nremote user is enrolled into the local course via some other enrol plugin\n(enrol_manual for example), the remote host can\'t touch such enrolment. Please\ndo not report this behaviour as bug, it is a feature ;-)', 'a:2:{s:10:\"parameters\";a:2:{i:0;a:3:{s:4:\"name\";s:8:\"username\";s:4:\"type\";s:6:\"string\";s:11:\"description\";s:18:\"of the remote user\";}i:1;a:3:{s:4:\"name\";s:8:\"courseid\";s:4:\"type\";s:3:\"int\";s:11:\"description\";s:0:\"\";}}s:6:\"return\";a:2:{s:4:\"type\";s:4:\"bool\";s:11:\"description\";s:71:\"true if the unenrolment has been successful, throws exception otherwise\";}}', 'enrol.php', 'enrol_mnet_mnetservice_enrol', 0),
(14, 'course_enrolments', 'enrol/mnet/enrol.php/course_enrolments', 'enrol', 'mnet', 1, 'Returns a list of users from the client server who are enrolled in our course\nSuitable instance of enrol_mnet must be created in the course. This method will not\nreturn any information about the enrolments in courses that are not available for\nremote enrolment, even if their users are enrolled into them via other plugin\n(note the difference from {@link self::user_enrolments()}).\nThis method will return enrolment information for users from hosts regardless\nthe enrolment plugin. It does not matter if the user was enrolled remotely by\ntheir admin or locally. Once the course is available for remote enrolments, we\nwill tell them everything about their users.\nIn Moodle 1.x the returned array used to be indexed by username. The side effect\nof MDL-19219 fix is that we do not need to use such index and therefore we can\nreturn all enrolment records. MNet clients 1.x will only use the last record for\nthe student, if she is enrolled via multiple plugins.', 'a:2:{s:10:\"parameters\";a:2:{i:0;a:3:{s:4:\"name\";s:8:\"courseid\";s:4:\"type\";s:3:\"int\";s:11:\"description\";s:16:\"ID of our course\";}i:1;a:3:{s:4:\"name\";s:5:\"roles\";s:4:\"type\";s:5:\"array\";s:11:\"description\";s:0:\"\";}}s:6:\"return\";a:2:{s:4:\"type\";s:5:\"array\";s:11:\"description\";s:0:\"\";}}', 'enrol.php', 'enrol_mnet_mnetservice_enrol', 0),
(15, 'fetch_file', 'portfolio/mahara/lib.php/fetch_file', 'portfolio', 'mahara', 1, 'xmlrpc (mnet) function to get the file.\nreads in the file and returns it base_64 encoded\nso that it can be enrypted by mnet.', 'a:2:{s:10:\"parameters\";a:1:{i:0;a:3:{s:4:\"name\";s:5:\"token\";s:4:\"type\";s:6:\"string\";s:11:\"description\";s:56:\"the token recieved previously during send_content_intent\";}}s:6:\"return\";a:2:{s:4:\"type\";s:4:\"void\";s:11:\"description\";s:0:\"\";}}', 'lib.php', 'portfolio_plugin_mahara', 1);

-- --------------------------------------------------------

--
-- Table structure for table `mdl_mnet_service`
--

CREATE TABLE `mdl_mnet_service` (
  `id` bigint(10) NOT NULL,
  `name` varchar(40) COLLATE utf8_unicode_ci NOT NULL DEFAULT '',
  `description` varchar(40) COLLATE utf8_unicode_ci NOT NULL DEFAULT '',
  `apiversion` varchar(10) COLLATE utf8_unicode_ci NOT NULL DEFAULT '',
  `offer` tinyint(1) NOT NULL DEFAULT '0'
) ENGINE=InnoDB DEFAULT CHARSET=utf8 COLLATE=utf8_unicode_ci COMMENT='A service is a group of functions';

--
-- Dumping data for table `mdl_mnet_service`
--

INSERT INTO `mdl_mnet_service` (`id`, `name`, `description`, `apiversion`, `offer`) VALUES
(1, 'sso_idp', '', '1', 1),
(2, 'sso_sp', '', '1', 1),
(3, 'mnet_enrol', '', '1', 1),
(4, 'pf', '', '1', 1);

-- --------------------------------------------------------

--
-- Table structure for table `mdl_mnet_service2rpc`
--

CREATE TABLE `mdl_mnet_service2rpc` (
  `id` bigint(10) NOT NULL,
  `serviceid` bigint(10) NOT NULL DEFAULT '0',
  `rpcid` bigint(10) NOT NULL DEFAULT '0'
) ENGINE=InnoDB DEFAULT CHARSET=utf8 COLLATE=utf8_unicode_ci COMMENT='Group functions or methods under a service';

--
-- Dumping data for table `mdl_mnet_service2rpc`
--

INSERT INTO `mdl_mnet_service2rpc` (`id`, `serviceid`, `rpcid`) VALUES
(1, 1, 1),
(2, 1, 2),
(3, 1, 3),
(4, 1, 4),
(5, 1, 5),
(6, 1, 6),
(7, 1, 7),
(8, 2, 8),
(9, 2, 9),
(10, 3, 10),
(11, 3, 11),
(12, 3, 12),
(13, 3, 13),
(14, 3, 14),
(15, 4, 15);

-- --------------------------------------------------------

--
-- Table structure for table `mdl_mnet_session`
--

CREATE TABLE `mdl_mnet_session` (
  `id` bigint(10) NOT NULL,
  `userid` bigint(10) NOT NULL DEFAULT '0',
  `username` varchar(100) COLLATE utf8_unicode_ci NOT NULL DEFAULT '',
  `token` varchar(40) COLLATE utf8_unicode_ci NOT NULL DEFAULT '',
  `mnethostid` bigint(10) NOT NULL DEFAULT '0',
  `useragent` varchar(40) COLLATE utf8_unicode_ci NOT NULL DEFAULT '',
  `confirm_timeout` bigint(10) NOT NULL DEFAULT '0',
  `session_id` varchar(40) COLLATE utf8_unicode_ci NOT NULL DEFAULT '',
  `expires` bigint(10) NOT NULL DEFAULT '0'
) ENGINE=InnoDB DEFAULT CHARSET=utf8 COLLATE=utf8_unicode_ci COMMENT='Store session data from users migrating to other sites';

-- --------------------------------------------------------

--
-- Table structure for table `mdl_mnet_sso_access_control`
--

CREATE TABLE `mdl_mnet_sso_access_control` (
  `id` bigint(10) NOT NULL,
  `username` varchar(100) COLLATE utf8_unicode_ci NOT NULL DEFAULT '',
  `mnet_host_id` bigint(10) NOT NULL DEFAULT '0',
  `accessctrl` varchar(20) COLLATE utf8_unicode_ci NOT NULL DEFAULT 'allow'
) ENGINE=InnoDB DEFAULT CHARSET=utf8 COLLATE=utf8_unicode_ci COMMENT='Users by host permitted (or not) to login from a remote prov';

-- --------------------------------------------------------

--
-- Table structure for table `mdl_modules`
--

CREATE TABLE `mdl_modules` (
  `id` bigint(10) NOT NULL,
  `name` varchar(20) COLLATE utf8_unicode_ci NOT NULL DEFAULT '',
  `version` bigint(10) NOT NULL DEFAULT '0',
  `cron` bigint(10) NOT NULL DEFAULT '0',
  `lastcron` bigint(10) NOT NULL DEFAULT '0',
  `search` varchar(255) COLLATE utf8_unicode_ci NOT NULL DEFAULT '',
  `visible` tinyint(1) NOT NULL DEFAULT '1'
) ENGINE=InnoDB DEFAULT CHARSET=utf8 COLLATE=utf8_unicode_ci COMMENT='modules available in the site';

--
-- Dumping data for table `mdl_modules`
--

INSERT INTO `mdl_modules` (`id`, `name`, `version`, `cron`, `lastcron`, `search`, `visible`) VALUES
(1, 'assign', 2012112900, 60, 0, '', 1),
(2, 'assignment', 2012112900, 60, 0, '', 0),
(3, 'book', 2012112900, 0, 0, '', 1),
(4, 'chat', 2012112900, 300, 1359221384, '', 1),
(5, 'choice', 2012112900, 0, 0, '', 1),
(6, 'data', 2012112901, 0, 0, '', 1),
(7, 'feedback', 2012112900, 0, 0, '', 0),
(8, 'folder', 2012112900, 0, 0, '', 1),
(9, 'forum', 2012112900, 60, 1359221384, '', 1),
(10, 'glossary', 2012112900, 0, 0, '', 1),
(11, 'imscp', 2012112900, 0, 0, '', 1),
(12, 'label', 2012112900, 0, 0, '', 1),
(13, 'lesson', 2012112900, 0, 0, '', 1),
(14, 'lti', 2012112900, 0, 0, '', 1),
(15, 'page', 2012112900, 0, 0, '', 1),
(16, 'quiz', 2012112900, 60, 1359221384, '', 1),
(17, 'resource', 2012112900, 0, 0, '', 1),
(18, 'scorm', 2012112900, 300, 1359221384, '', 1),
(19, 'survey', 2012112900, 0, 0, '', 1),
(20, 'url', 2012112900, 0, 0, '', 1),
(21, 'wiki', 2012112900, 0, 0, '', 1),
(22, 'workshop', 2012112900, 60, 1359221384, '', 1);

-- --------------------------------------------------------

--
-- Table structure for table `mdl_my_pages`
--

CREATE TABLE `mdl_my_pages` (
  `id` bigint(10) NOT NULL,
  `userid` bigint(10) DEFAULT '0',
  `name` varchar(200) COLLATE utf8_unicode_ci NOT NULL DEFAULT '',
  `private` tinyint(1) NOT NULL DEFAULT '1',
  `sortorder` mediumint(6) NOT NULL DEFAULT '0'
) ENGINE=InnoDB DEFAULT CHARSET=utf8 COLLATE=utf8_unicode_ci COMMENT='Extra user pages for the My Moodle system';

--
-- Dumping data for table `mdl_my_pages`
--

INSERT INTO `mdl_my_pages` (`id`, `userid`, `name`, `private`, `sortorder`) VALUES
(1, NULL, '__default', 0, 0),
(2, NULL, '__default', 1, 0),
(3, 19, '__default', 0, 0),
(4, 46, '__default', 0, 0);

-- --------------------------------------------------------

--
-- Table structure for table `mdl_page`
--

CREATE TABLE `mdl_page` (
  `id` bigint(10) NOT NULL,
  `course` bigint(10) NOT NULL DEFAULT '0',
  `name` varchar(255) COLLATE utf8_unicode_ci NOT NULL DEFAULT '',
  `intro` longtext COLLATE utf8_unicode_ci,
  `introformat` smallint(4) NOT NULL DEFAULT '0',
  `content` longtext COLLATE utf8_unicode_ci,
  `contentformat` smallint(4) NOT NULL DEFAULT '0',
  `legacyfiles` smallint(4) NOT NULL DEFAULT '0',
  `legacyfileslast` bigint(10) DEFAULT NULL,
  `display` smallint(4) NOT NULL DEFAULT '0',
  `displayoptions` longtext COLLATE utf8_unicode_ci,
  `revision` bigint(10) NOT NULL DEFAULT '0',
  `timemodified` bigint(10) NOT NULL DEFAULT '0'
) ENGINE=InnoDB DEFAULT CHARSET=utf8 COLLATE=utf8_unicode_ci COMMENT='Each record is one page and its config data';

-- --------------------------------------------------------

--
-- Table structure for table `mdl_portfolio_instance`
--

CREATE TABLE `mdl_portfolio_instance` (
  `id` bigint(10) NOT NULL,
  `plugin` varchar(50) COLLATE utf8_unicode_ci NOT NULL DEFAULT '',
  `name` varchar(255) COLLATE utf8_unicode_ci NOT NULL DEFAULT '',
  `visible` tinyint(1) NOT NULL DEFAULT '1'
) ENGINE=InnoDB DEFAULT CHARSET=utf8 COLLATE=utf8_unicode_ci COMMENT='base table (not including config data) for instances of port';

-- --------------------------------------------------------

--
-- Table structure for table `mdl_portfolio_instance_config`
--

CREATE TABLE `mdl_portfolio_instance_config` (
  `id` bigint(10) NOT NULL,
  `instance` bigint(10) NOT NULL,
  `name` varchar(255) COLLATE utf8_unicode_ci NOT NULL DEFAULT '',
  `value` longtext COLLATE utf8_unicode_ci
) ENGINE=InnoDB DEFAULT CHARSET=utf8 COLLATE=utf8_unicode_ci COMMENT='config for portfolio plugin instances';

-- --------------------------------------------------------

--
-- Table structure for table `mdl_portfolio_instance_user`
--

CREATE TABLE `mdl_portfolio_instance_user` (
  `id` bigint(10) NOT NULL,
  `instance` bigint(10) NOT NULL,
  `userid` bigint(10) NOT NULL,
  `name` varchar(255) COLLATE utf8_unicode_ci NOT NULL DEFAULT '',
  `value` longtext COLLATE utf8_unicode_ci
) ENGINE=InnoDB DEFAULT CHARSET=utf8 COLLATE=utf8_unicode_ci COMMENT='user data for portfolio instances.';

-- --------------------------------------------------------

--
-- Table structure for table `mdl_portfolio_log`
--

CREATE TABLE `mdl_portfolio_log` (
  `id` bigint(10) NOT NULL,
  `userid` bigint(10) NOT NULL,
  `time` bigint(10) NOT NULL,
  `portfolio` bigint(10) NOT NULL,
  `caller_class` varchar(150) COLLATE utf8_unicode_ci NOT NULL DEFAULT '',
  `caller_file` varchar(255) COLLATE utf8_unicode_ci NOT NULL DEFAULT '',
  `caller_component` varchar(255) COLLATE utf8_unicode_ci DEFAULT NULL,
  `caller_sha1` varchar(255) COLLATE utf8_unicode_ci NOT NULL DEFAULT '',
  `tempdataid` bigint(10) NOT NULL DEFAULT '0',
  `returnurl` varchar(255) COLLATE utf8_unicode_ci NOT NULL DEFAULT '',
  `continueurl` varchar(255) COLLATE utf8_unicode_ci NOT NULL DEFAULT ''
) ENGINE=InnoDB DEFAULT CHARSET=utf8 COLLATE=utf8_unicode_ci COMMENT='log of portfolio transfers (used to later check for duplicat';

-- --------------------------------------------------------

--
-- Table structure for table `mdl_portfolio_mahara_queue`
--

CREATE TABLE `mdl_portfolio_mahara_queue` (
  `id` bigint(10) NOT NULL,
  `transferid` bigint(10) NOT NULL,
  `token` varchar(50) COLLATE utf8_unicode_ci NOT NULL DEFAULT ''
) ENGINE=InnoDB DEFAULT CHARSET=utf8 COLLATE=utf8_unicode_ci COMMENT='maps mahara tokens to transfer ids';

-- --------------------------------------------------------

--
-- Table structure for table `mdl_portfolio_tempdata`
--

CREATE TABLE `mdl_portfolio_tempdata` (
  `id` bigint(10) NOT NULL,
  `data` longtext COLLATE utf8_unicode_ci,
  `expirytime` bigint(10) NOT NULL,
  `userid` bigint(10) NOT NULL,
  `instance` bigint(10) DEFAULT '0'
) ENGINE=InnoDB DEFAULT CHARSET=utf8 COLLATE=utf8_unicode_ci COMMENT='stores temporary data for portfolio exports. the id of this ';

-- --------------------------------------------------------

--
-- Table structure for table `mdl_post`
--

CREATE TABLE `mdl_post` (
  `id` bigint(10) NOT NULL,
  `module` varchar(20) COLLATE utf8_unicode_ci NOT NULL DEFAULT '',
  `userid` bigint(10) NOT NULL DEFAULT '0',
  `courseid` bigint(10) NOT NULL DEFAULT '0',
  `groupid` bigint(10) NOT NULL DEFAULT '0',
  `moduleid` bigint(10) NOT NULL DEFAULT '0',
  `coursemoduleid` bigint(10) NOT NULL DEFAULT '0',
  `subject` varchar(128) COLLATE utf8_unicode_ci NOT NULL DEFAULT '',
  `summary` longtext COLLATE utf8_unicode_ci,
  `content` longtext COLLATE utf8_unicode_ci,
  `uniquehash` varchar(255) COLLATE utf8_unicode_ci NOT NULL DEFAULT '',
  `rating` bigint(10) NOT NULL DEFAULT '0',
  `format` bigint(10) NOT NULL DEFAULT '0',
  `summaryformat` tinyint(2) NOT NULL DEFAULT '0',
  `attachment` varchar(100) COLLATE utf8_unicode_ci DEFAULT NULL,
  `publishstate` varchar(20) COLLATE utf8_unicode_ci NOT NULL DEFAULT 'draft',
  `lastmodified` bigint(10) NOT NULL DEFAULT '0',
  `created` bigint(10) NOT NULL DEFAULT '0',
  `usermodified` bigint(10) DEFAULT NULL
) ENGINE=InnoDB DEFAULT CHARSET=utf8 COLLATE=utf8_unicode_ci COMMENT='Generic post table to hold data blog entries etc in differen';

-- --------------------------------------------------------

--
-- Table structure for table `mdl_profiling`
--

CREATE TABLE `mdl_profiling` (
  `id` bigint(10) NOT NULL,
  `runid` varchar(32) COLLATE utf8_unicode_ci NOT NULL DEFAULT '',
  `url` varchar(255) COLLATE utf8_unicode_ci NOT NULL DEFAULT '',
  `data` longtext COLLATE utf8_unicode_ci NOT NULL,
  `totalexecutiontime` bigint(10) NOT NULL,
  `totalcputime` bigint(10) NOT NULL,
  `totalcalls` bigint(10) NOT NULL,
  `totalmemory` bigint(10) NOT NULL,
  `runreference` tinyint(2) NOT NULL DEFAULT '0',
  `runcomment` varchar(255) COLLATE utf8_unicode_ci NOT NULL DEFAULT '',
  `timecreated` bigint(10) NOT NULL
) ENGINE=InnoDB DEFAULT CHARSET=utf8 COLLATE=utf8_unicode_ci COMMENT='Stores the results of all the profiling runs';

-- --------------------------------------------------------

--
-- Table structure for table `mdl_qtype_essay_options`
--

CREATE TABLE `mdl_qtype_essay_options` (
  `id` bigint(10) NOT NULL,
  `questionid` bigint(10) NOT NULL,
  `responseformat` varchar(16) COLLATE utf8_unicode_ci NOT NULL DEFAULT 'editor',
  `responsefieldlines` smallint(4) NOT NULL DEFAULT '15',
  `attachments` smallint(4) NOT NULL DEFAULT '0',
  `graderinfo` longtext COLLATE utf8_unicode_ci,
  `graderinfoformat` smallint(4) NOT NULL DEFAULT '0'
) ENGINE=InnoDB DEFAULT CHARSET=utf8 COLLATE=utf8_unicode_ci COMMENT='Extra options for essay questions.';

-- --------------------------------------------------------

--
-- Table structure for table `mdl_question`
--

CREATE TABLE `mdl_question` (
  `id` bigint(10) NOT NULL,
  `category` bigint(10) NOT NULL DEFAULT '0',
  `parent` bigint(10) NOT NULL DEFAULT '0',
  `name` varchar(255) COLLATE utf8_unicode_ci NOT NULL DEFAULT '',
  `questiontext` longtext COLLATE utf8_unicode_ci NOT NULL,
  `questiontextformat` tinyint(2) NOT NULL DEFAULT '0',
  `generalfeedback` longtext COLLATE utf8_unicode_ci NOT NULL,
  `generalfeedbackformat` tinyint(2) NOT NULL DEFAULT '0',
  `defaultmark` decimal(12,7) NOT NULL DEFAULT '1.0000000',
  `penalty` decimal(12,7) NOT NULL DEFAULT '0.3333333',
  `qtype` varchar(20) COLLATE utf8_unicode_ci NOT NULL DEFAULT '',
  `length` bigint(10) NOT NULL DEFAULT '1',
  `stamp` varchar(255) COLLATE utf8_unicode_ci NOT NULL DEFAULT '',
  `version` varchar(255) COLLATE utf8_unicode_ci NOT NULL DEFAULT '',
  `hidden` tinyint(1) NOT NULL DEFAULT '0',
  `timecreated` bigint(10) NOT NULL DEFAULT '0',
  `timemodified` bigint(10) NOT NULL DEFAULT '0',
  `createdby` bigint(10) DEFAULT NULL,
  `modifiedby` bigint(10) DEFAULT NULL
) ENGINE=InnoDB DEFAULT CHARSET=utf8 COLLATE=utf8_unicode_ci COMMENT='The questions themselves';

-- --------------------------------------------------------

--
-- Table structure for table `mdl_question_answers`
--

CREATE TABLE `mdl_question_answers` (
  `id` bigint(10) NOT NULL,
  `question` bigint(10) NOT NULL DEFAULT '0',
  `answer` longtext COLLATE utf8_unicode_ci NOT NULL,
  `answerformat` tinyint(2) NOT NULL DEFAULT '0',
  `fraction` decimal(12,7) NOT NULL DEFAULT '0.0000000',
  `feedback` longtext COLLATE utf8_unicode_ci NOT NULL,
  `feedbackformat` tinyint(2) NOT NULL DEFAULT '0'
) ENGINE=InnoDB DEFAULT CHARSET=utf8 COLLATE=utf8_unicode_ci COMMENT='Answers, with a fractional grade (0-1) and feedback';

-- --------------------------------------------------------

--
-- Table structure for table `mdl_question_attempts`
--

CREATE TABLE `mdl_question_attempts` (
  `id` bigint(10) NOT NULL,
  `questionusageid` bigint(10) NOT NULL,
  `slot` bigint(10) NOT NULL,
  `behaviour` varchar(32) COLLATE utf8_unicode_ci NOT NULL DEFAULT '',
  `questionid` bigint(10) NOT NULL,
  `variant` bigint(10) NOT NULL DEFAULT '1',
  `maxmark` decimal(12,7) NOT NULL,
  `minfraction` decimal(12,7) NOT NULL,
  `flagged` tinyint(1) NOT NULL DEFAULT '0',
  `questionsummary` longtext COLLATE utf8_unicode_ci,
  `rightanswer` longtext COLLATE utf8_unicode_ci,
  `responsesummary` longtext COLLATE utf8_unicode_ci,
  `timemodified` bigint(10) NOT NULL
) ENGINE=InnoDB DEFAULT CHARSET=utf8 COLLATE=utf8_unicode_ci COMMENT='Each row here corresponds to an attempt at one question, as ';

-- --------------------------------------------------------

--
-- Table structure for table `mdl_question_attempt_steps`
--

CREATE TABLE `mdl_question_attempt_steps` (
  `id` bigint(10) NOT NULL,
  `questionattemptid` bigint(10) NOT NULL,
  `sequencenumber` bigint(10) NOT NULL,
  `state` varchar(13) COLLATE utf8_unicode_ci NOT NULL DEFAULT '',
  `fraction` decimal(12,7) DEFAULT NULL,
  `timecreated` bigint(10) NOT NULL,
  `userid` bigint(10) DEFAULT NULL
) ENGINE=InnoDB DEFAULT CHARSET=utf8 COLLATE=utf8_unicode_ci COMMENT='Stores one step in in a question attempt. As well as the dat';

-- --------------------------------------------------------

--
-- Table structure for table `mdl_question_attempt_step_data`
--

CREATE TABLE `mdl_question_attempt_step_data` (
  `id` bigint(10) NOT NULL,
  `attemptstepid` bigint(10) NOT NULL,
  `name` varchar(32) COLLATE utf8_unicode_ci NOT NULL DEFAULT '',
  `value` longtext COLLATE utf8_unicode_ci
) ENGINE=InnoDB DEFAULT CHARSET=utf8 COLLATE=utf8_unicode_ci COMMENT='Each question_attempt_step has an associative array of the d';

-- --------------------------------------------------------

--
-- Table structure for table `mdl_question_calculated`
--

CREATE TABLE `mdl_question_calculated` (
  `id` bigint(10) NOT NULL,
  `question` bigint(10) NOT NULL DEFAULT '0',
  `answer` bigint(10) NOT NULL DEFAULT '0',
  `tolerance` varchar(20) COLLATE utf8_unicode_ci NOT NULL DEFAULT '0.0',
  `tolerancetype` bigint(10) NOT NULL DEFAULT '1',
  `correctanswerlength` bigint(10) NOT NULL DEFAULT '2',
  `correctanswerformat` bigint(10) NOT NULL DEFAULT '2'
) ENGINE=InnoDB DEFAULT CHARSET=utf8 COLLATE=utf8_unicode_ci COMMENT='Options for questions of type calculated';

-- --------------------------------------------------------

--
-- Table structure for table `mdl_question_calculated_options`
--

CREATE TABLE `mdl_question_calculated_options` (
  `id` bigint(10) NOT NULL,
  `question` bigint(10) NOT NULL DEFAULT '0',
  `synchronize` tinyint(2) NOT NULL DEFAULT '0',
  `single` smallint(4) NOT NULL DEFAULT '0',
  `shuffleanswers` smallint(4) NOT NULL DEFAULT '0',
  `correctfeedback` longtext COLLATE utf8_unicode_ci,
  `correctfeedbackformat` tinyint(2) NOT NULL DEFAULT '0',
  `partiallycorrectfeedback` longtext COLLATE utf8_unicode_ci,
  `partiallycorrectfeedbackformat` tinyint(2) NOT NULL DEFAULT '0',
  `incorrectfeedback` longtext COLLATE utf8_unicode_ci,
  `incorrectfeedbackformat` tinyint(2) NOT NULL DEFAULT '0',
  `answernumbering` varchar(10) COLLATE utf8_unicode_ci NOT NULL DEFAULT 'abc',
  `shownumcorrect` tinyint(2) NOT NULL DEFAULT '0'
) ENGINE=InnoDB DEFAULT CHARSET=utf8 COLLATE=utf8_unicode_ci COMMENT='Options for questions of type calculated';

-- --------------------------------------------------------

--
-- Table structure for table `mdl_question_categories`
--

CREATE TABLE `mdl_question_categories` (
  `id` bigint(10) NOT NULL,
  `name` varchar(255) COLLATE utf8_unicode_ci NOT NULL DEFAULT '',
  `contextid` bigint(10) NOT NULL DEFAULT '0',
  `info` longtext COLLATE utf8_unicode_ci NOT NULL,
  `infoformat` tinyint(2) NOT NULL DEFAULT '0',
  `stamp` varchar(255) COLLATE utf8_unicode_ci NOT NULL DEFAULT '',
  `parent` bigint(10) NOT NULL DEFAULT '0',
  `sortorder` bigint(10) NOT NULL DEFAULT '999'
) ENGINE=InnoDB DEFAULT CHARSET=utf8 COLLATE=utf8_unicode_ci COMMENT='Categories are for grouping questions';

-- --------------------------------------------------------

--
-- Table structure for table `mdl_question_datasets`
--

CREATE TABLE `mdl_question_datasets` (
  `id` bigint(10) NOT NULL,
  `question` bigint(10) NOT NULL DEFAULT '0',
  `datasetdefinition` bigint(10) NOT NULL DEFAULT '0'
) ENGINE=InnoDB DEFAULT CHARSET=utf8 COLLATE=utf8_unicode_ci COMMENT='Many-many relation between questions and dataset definitions';

-- --------------------------------------------------------

--
-- Table structure for table `mdl_question_dataset_definitions`
--

CREATE TABLE `mdl_question_dataset_definitions` (
  `id` bigint(10) NOT NULL,
  `category` bigint(10) NOT NULL DEFAULT '0',
  `name` varchar(255) COLLATE utf8_unicode_ci NOT NULL DEFAULT '',
  `type` bigint(10) NOT NULL DEFAULT '0',
  `options` varchar(255) COLLATE utf8_unicode_ci NOT NULL DEFAULT '',
  `itemcount` bigint(10) NOT NULL DEFAULT '0'
) ENGINE=InnoDB DEFAULT CHARSET=utf8 COLLATE=utf8_unicode_ci COMMENT='Organises and stores properties for dataset items';

-- --------------------------------------------------------

--
-- Table structure for table `mdl_question_dataset_items`
--

CREATE TABLE `mdl_question_dataset_items` (
  `id` bigint(10) NOT NULL,
  `definition` bigint(10) NOT NULL DEFAULT '0',
  `itemnumber` bigint(10) NOT NULL DEFAULT '0',
  `value` varchar(255) COLLATE utf8_unicode_ci NOT NULL DEFAULT ''
) ENGINE=InnoDB DEFAULT CHARSET=utf8 COLLATE=utf8_unicode_ci COMMENT='Individual dataset items';

-- --------------------------------------------------------

--
-- Table structure for table `mdl_question_hints`
--

CREATE TABLE `mdl_question_hints` (
  `id` bigint(10) NOT NULL,
  `questionid` bigint(10) NOT NULL,
  `hint` longtext COLLATE utf8_unicode_ci NOT NULL,
  `hintformat` smallint(4) NOT NULL DEFAULT '0',
  `shownumcorrect` tinyint(1) DEFAULT NULL,
  `clearwrong` tinyint(1) DEFAULT NULL,
  `options` varchar(255) COLLATE utf8_unicode_ci DEFAULT NULL
) ENGINE=InnoDB DEFAULT CHARSET=utf8 COLLATE=utf8_unicode_ci COMMENT='Stores the the part of the question definition that gives di';

-- --------------------------------------------------------

--
-- Table structure for table `mdl_question_match`
--

CREATE TABLE `mdl_question_match` (
  `id` bigint(10) NOT NULL,
  `question` bigint(10) NOT NULL DEFAULT '0',
  `subquestions` varchar(255) COLLATE utf8_unicode_ci NOT NULL DEFAULT '',
  `shuffleanswers` smallint(4) NOT NULL DEFAULT '1',
  `correctfeedback` longtext COLLATE utf8_unicode_ci NOT NULL,
  `correctfeedbackformat` tinyint(2) NOT NULL DEFAULT '0',
  `partiallycorrectfeedback` longtext COLLATE utf8_unicode_ci NOT NULL,
  `partiallycorrectfeedbackformat` tinyint(2) NOT NULL DEFAULT '0',
  `incorrectfeedback` longtext COLLATE utf8_unicode_ci NOT NULL,
  `incorrectfeedbackformat` tinyint(2) NOT NULL DEFAULT '0',
  `shownumcorrect` tinyint(2) NOT NULL DEFAULT '0'
) ENGINE=InnoDB DEFAULT CHARSET=utf8 COLLATE=utf8_unicode_ci COMMENT='Defines fixed matching questions';

-- --------------------------------------------------------

--
-- Table structure for table `mdl_question_match_sub`
--

CREATE TABLE `mdl_question_match_sub` (
  `id` bigint(10) NOT NULL,
  `code` bigint(10) NOT NULL DEFAULT '0',
  `question` bigint(10) NOT NULL DEFAULT '0',
  `questiontext` longtext COLLATE utf8_unicode_ci NOT NULL,
  `questiontextformat` tinyint(2) NOT NULL DEFAULT '0',
  `answertext` varchar(255) COLLATE utf8_unicode_ci NOT NULL DEFAULT ''
) ENGINE=InnoDB DEFAULT CHARSET=utf8 COLLATE=utf8_unicode_ci COMMENT='Defines the subquestions that make up a matching question';

-- --------------------------------------------------------

--
-- Table structure for table `mdl_question_multianswer`
--

CREATE TABLE `mdl_question_multianswer` (
  `id` bigint(10) NOT NULL,
  `question` bigint(10) NOT NULL DEFAULT '0',
  `sequence` longtext COLLATE utf8_unicode_ci NOT NULL
) ENGINE=InnoDB DEFAULT CHARSET=utf8 COLLATE=utf8_unicode_ci COMMENT='Options for multianswer questions';

-- --------------------------------------------------------

--
-- Table structure for table `mdl_question_multichoice`
--

CREATE TABLE `mdl_question_multichoice` (
  `id` bigint(10) NOT NULL,
  `question` bigint(10) NOT NULL DEFAULT '0',
  `layout` smallint(4) NOT NULL DEFAULT '0',
  `answers` varchar(255) COLLATE utf8_unicode_ci NOT NULL DEFAULT '',
  `single` smallint(4) NOT NULL DEFAULT '0',
  `shuffleanswers` smallint(4) NOT NULL DEFAULT '1',
  `correctfeedback` longtext COLLATE utf8_unicode_ci NOT NULL,
  `correctfeedbackformat` tinyint(2) NOT NULL DEFAULT '0',
  `partiallycorrectfeedback` longtext COLLATE utf8_unicode_ci NOT NULL,
  `partiallycorrectfeedbackformat` tinyint(2) NOT NULL DEFAULT '0',
  `incorrectfeedback` longtext COLLATE utf8_unicode_ci NOT NULL,
  `incorrectfeedbackformat` tinyint(2) NOT NULL DEFAULT '0',
  `answernumbering` varchar(10) COLLATE utf8_unicode_ci NOT NULL DEFAULT 'abc',
  `shownumcorrect` tinyint(2) NOT NULL DEFAULT '0'
) ENGINE=InnoDB DEFAULT CHARSET=utf8 COLLATE=utf8_unicode_ci COMMENT='Options for multiple choice questions';

-- --------------------------------------------------------

--
-- Table structure for table `mdl_question_numerical`
--

CREATE TABLE `mdl_question_numerical` (
  `id` bigint(10) NOT NULL,
  `question` bigint(10) NOT NULL DEFAULT '0',
  `answer` bigint(10) NOT NULL DEFAULT '0',
  `tolerance` varchar(255) COLLATE utf8_unicode_ci NOT NULL DEFAULT '0.0'
) ENGINE=InnoDB DEFAULT CHARSET=utf8 COLLATE=utf8_unicode_ci COMMENT='Options for numerical questions.';

-- --------------------------------------------------------

--
-- Table structure for table `mdl_question_numerical_options`
--

CREATE TABLE `mdl_question_numerical_options` (
  `id` bigint(10) NOT NULL,
  `question` bigint(10) NOT NULL DEFAULT '0',
  `showunits` smallint(4) NOT NULL DEFAULT '0',
  `unitsleft` smallint(4) NOT NULL DEFAULT '0',
  `unitgradingtype` smallint(4) NOT NULL DEFAULT '0',
  `unitpenalty` decimal(12,7) NOT NULL DEFAULT '0.1000000'
) ENGINE=InnoDB DEFAULT CHARSET=utf8 COLLATE=utf8_unicode_ci COMMENT='Options for questions of type numerical This table is also u';

-- --------------------------------------------------------

--
-- Table structure for table `mdl_question_numerical_units`
--

CREATE TABLE `mdl_question_numerical_units` (
  `id` bigint(10) NOT NULL,
  `question` bigint(10) NOT NULL DEFAULT '0',
  `multiplier` decimal(40,20) NOT NULL DEFAULT '1.00000000000000000000',
  `unit` varchar(50) COLLATE utf8_unicode_ci NOT NULL DEFAULT ''
) ENGINE=InnoDB DEFAULT CHARSET=utf8 COLLATE=utf8_unicode_ci COMMENT='Optional unit options for numerical questions. This table is';

-- --------------------------------------------------------

--
-- Table structure for table `mdl_question_randomsamatch`
--

CREATE TABLE `mdl_question_randomsamatch` (
  `id` bigint(10) NOT NULL,
  `question` bigint(10) NOT NULL DEFAULT '0',
  `choose` bigint(10) NOT NULL DEFAULT '4'
) ENGINE=InnoDB DEFAULT CHARSET=utf8 COLLATE=utf8_unicode_ci COMMENT='Info about a random short-answer matching question';

-- --------------------------------------------------------

--
-- Table structure for table `mdl_question_sessions`
--

CREATE TABLE `mdl_question_sessions` (
  `id` bigint(10) NOT NULL,
  `attemptid` bigint(10) NOT NULL DEFAULT '0',
  `questionid` bigint(10) NOT NULL DEFAULT '0',
  `newest` bigint(10) NOT NULL DEFAULT '0',
  `newgraded` bigint(10) NOT NULL DEFAULT '0',
  `sumpenalty` decimal(12,7) NOT NULL DEFAULT '0.0000000',
  `manualcomment` longtext COLLATE utf8_unicode_ci NOT NULL,
  `manualcommentformat` tinyint(2) NOT NULL DEFAULT '0',
  `flagged` tinyint(2) NOT NULL DEFAULT '0'
) ENGINE=InnoDB DEFAULT CHARSET=utf8 COLLATE=utf8_unicode_ci COMMENT='Gives ids of the newest open and newest graded states';

-- --------------------------------------------------------

--
-- Table structure for table `mdl_question_shortanswer`
--

CREATE TABLE `mdl_question_shortanswer` (
  `id` bigint(10) NOT NULL,
  `question` bigint(10) NOT NULL DEFAULT '0',
  `answers` varchar(255) COLLATE utf8_unicode_ci NOT NULL DEFAULT '',
  `usecase` tinyint(2) NOT NULL DEFAULT '0'
) ENGINE=InnoDB DEFAULT CHARSET=utf8 COLLATE=utf8_unicode_ci COMMENT='Options for short answer questions';

-- --------------------------------------------------------

--
-- Table structure for table `mdl_question_states`
--

CREATE TABLE `mdl_question_states` (
  `id` bigint(10) NOT NULL,
  `attempt` bigint(10) NOT NULL DEFAULT '0',
  `question` bigint(10) NOT NULL DEFAULT '0',
  `seq_number` mediumint(6) NOT NULL DEFAULT '0',
  `answer` longtext COLLATE utf8_unicode_ci NOT NULL,
  `timestamp` bigint(10) NOT NULL DEFAULT '0',
  `event` smallint(4) NOT NULL DEFAULT '0',
  `grade` decimal(12,7) NOT NULL DEFAULT '0.0000000',
  `raw_grade` decimal(12,7) NOT NULL DEFAULT '0.0000000',
  `penalty` decimal(12,7) NOT NULL DEFAULT '0.0000000'
) ENGINE=InnoDB DEFAULT CHARSET=utf8 COLLATE=utf8_unicode_ci COMMENT='Stores user responses to an attempt, and percentage grades';

-- --------------------------------------------------------

--
-- Table structure for table `mdl_question_truefalse`
--

CREATE TABLE `mdl_question_truefalse` (
  `id` bigint(10) NOT NULL,
  `question` bigint(10) NOT NULL DEFAULT '0',
  `trueanswer` bigint(10) NOT NULL DEFAULT '0',
  `falseanswer` bigint(10) NOT NULL DEFAULT '0'
) ENGINE=InnoDB DEFAULT CHARSET=utf8 COLLATE=utf8_unicode_ci COMMENT='Options for True-False questions';

-- --------------------------------------------------------

--
-- Table structure for table `mdl_question_usages`
--

CREATE TABLE `mdl_question_usages` (
  `id` bigint(10) NOT NULL,
  `contextid` bigint(10) NOT NULL,
  `component` varchar(255) COLLATE utf8_unicode_ci NOT NULL DEFAULT '',
  `preferredbehaviour` varchar(32) COLLATE utf8_unicode_ci NOT NULL DEFAULT ''
) ENGINE=InnoDB DEFAULT CHARSET=utf8 COLLATE=utf8_unicode_ci COMMENT='This table''s main purpose it to assign a unique id to each a';

-- --------------------------------------------------------

--
-- Table structure for table `mdl_quiz`
--

CREATE TABLE `mdl_quiz` (
  `id` bigint(10) NOT NULL,
  `course` bigint(10) NOT NULL DEFAULT '0',
  `name` varchar(255) COLLATE utf8_unicode_ci NOT NULL DEFAULT '',
  `intro` longtext COLLATE utf8_unicode_ci NOT NULL,
  `introformat` smallint(4) NOT NULL DEFAULT '0',
  `timeopen` bigint(10) NOT NULL DEFAULT '0',
  `timeclose` bigint(10) NOT NULL DEFAULT '0',
  `timelimit` bigint(10) NOT NULL DEFAULT '0',
  `overduehandling` varchar(16) COLLATE utf8_unicode_ci NOT NULL DEFAULT 'autoabandon',
  `graceperiod` bigint(10) NOT NULL DEFAULT '0',
  `preferredbehaviour` varchar(32) COLLATE utf8_unicode_ci NOT NULL DEFAULT '',
  `attempts` mediumint(6) NOT NULL DEFAULT '0',
  `attemptonlast` smallint(4) NOT NULL DEFAULT '0',
  `grademethod` smallint(4) NOT NULL DEFAULT '1',
  `decimalpoints` smallint(4) NOT NULL DEFAULT '2',
  `questiondecimalpoints` smallint(4) NOT NULL DEFAULT '-1',
  `reviewattempt` mediumint(6) NOT NULL DEFAULT '0',
  `reviewcorrectness` mediumint(6) NOT NULL DEFAULT '0',
  `reviewmarks` mediumint(6) NOT NULL DEFAULT '0',
  `reviewspecificfeedback` mediumint(6) NOT NULL DEFAULT '0',
  `reviewgeneralfeedback` mediumint(6) NOT NULL DEFAULT '0',
  `reviewrightanswer` mediumint(6) NOT NULL DEFAULT '0',
  `reviewoverallfeedback` mediumint(6) NOT NULL DEFAULT '0',
  `questionsperpage` bigint(10) NOT NULL DEFAULT '0',
  `navmethod` varchar(16) COLLATE utf8_unicode_ci NOT NULL DEFAULT 'free',
  `shufflequestions` smallint(4) NOT NULL DEFAULT '0',
  `shuffleanswers` smallint(4) NOT NULL DEFAULT '0',
  `questions` longtext COLLATE utf8_unicode_ci NOT NULL,
  `sumgrades` decimal(10,5) NOT NULL DEFAULT '0.00000',
  `grade` decimal(10,5) NOT NULL DEFAULT '0.00000',
  `timecreated` bigint(10) NOT NULL DEFAULT '0',
  `timemodified` bigint(10) NOT NULL DEFAULT '0',
  `password` varchar(255) COLLATE utf8_unicode_ci NOT NULL DEFAULT '',
  `subnet` varchar(255) COLLATE utf8_unicode_ci NOT NULL DEFAULT '',
  `browsersecurity` varchar(32) COLLATE utf8_unicode_ci NOT NULL DEFAULT '',
  `delay1` bigint(10) NOT NULL DEFAULT '0',
  `delay2` bigint(10) NOT NULL DEFAULT '0',
  `showuserpicture` smallint(4) NOT NULL DEFAULT '0',
  `showblocks` smallint(4) NOT NULL DEFAULT '0'
) ENGINE=InnoDB DEFAULT CHARSET=utf8 COLLATE=utf8_unicode_ci COMMENT='The settings for each quiz.';

-- --------------------------------------------------------

--
-- Table structure for table `mdl_quiz_attempts`
--

CREATE TABLE `mdl_quiz_attempts` (
  `id` bigint(10) NOT NULL,
  `quiz` bigint(10) NOT NULL DEFAULT '0',
  `userid` bigint(10) NOT NULL DEFAULT '0',
  `attempt` mediumint(6) NOT NULL DEFAULT '0',
  `uniqueid` bigint(10) NOT NULL DEFAULT '0',
  `layout` longtext COLLATE utf8_unicode_ci NOT NULL,
  `currentpage` bigint(10) NOT NULL DEFAULT '0',
  `preview` smallint(3) NOT NULL DEFAULT '0',
  `state` varchar(16) COLLATE utf8_unicode_ci NOT NULL DEFAULT 'inprogress',
  `timestart` bigint(10) NOT NULL DEFAULT '0',
  `timefinish` bigint(10) NOT NULL DEFAULT '0',
  `timemodified` bigint(10) NOT NULL DEFAULT '0',
  `timecheckstate` bigint(10) DEFAULT '0',
  `sumgrades` decimal(10,5) DEFAULT NULL,
  `needsupgradetonewqe` smallint(3) NOT NULL DEFAULT '0'
) ENGINE=InnoDB DEFAULT CHARSET=utf8 COLLATE=utf8_unicode_ci COMMENT='Stores users attempts at quizzes.';

-- --------------------------------------------------------

--
-- Table structure for table `mdl_quiz_feedback`
--

CREATE TABLE `mdl_quiz_feedback` (
  `id` bigint(10) NOT NULL,
  `quizid` bigint(10) NOT NULL DEFAULT '0',
  `feedbacktext` longtext COLLATE utf8_unicode_ci NOT NULL,
  `feedbacktextformat` tinyint(2) NOT NULL DEFAULT '0',
  `mingrade` decimal(10,5) NOT NULL DEFAULT '0.00000',
  `maxgrade` decimal(10,5) NOT NULL DEFAULT '0.00000'
) ENGINE=InnoDB DEFAULT CHARSET=utf8 COLLATE=utf8_unicode_ci COMMENT='Feedback given to students based on which grade band their o';

-- --------------------------------------------------------

--
-- Table structure for table `mdl_quiz_grades`
--

CREATE TABLE `mdl_quiz_grades` (
  `id` bigint(10) NOT NULL,
  `quiz` bigint(10) NOT NULL DEFAULT '0',
  `userid` bigint(10) NOT NULL DEFAULT '0',
  `grade` decimal(10,5) NOT NULL DEFAULT '0.00000',
  `timemodified` bigint(10) NOT NULL DEFAULT '0'
) ENGINE=InnoDB DEFAULT CHARSET=utf8 COLLATE=utf8_unicode_ci COMMENT='Stores the overall grade for each user on the quiz, based on';

-- --------------------------------------------------------

--
-- Table structure for table `mdl_quiz_overrides`
--

CREATE TABLE `mdl_quiz_overrides` (
  `id` bigint(10) NOT NULL,
  `quiz` bigint(10) NOT NULL DEFAULT '0',
  `groupid` bigint(10) DEFAULT NULL,
  `userid` bigint(10) DEFAULT NULL,
  `timeopen` bigint(10) DEFAULT NULL,
  `timeclose` bigint(10) DEFAULT NULL,
  `timelimit` bigint(10) DEFAULT NULL,
  `attempts` mediumint(6) DEFAULT NULL,
  `password` varchar(255) COLLATE utf8_unicode_ci DEFAULT NULL
) ENGINE=InnoDB DEFAULT CHARSET=utf8 COLLATE=utf8_unicode_ci COMMENT='The overrides to quiz settings on a per-user and per-group b';

-- --------------------------------------------------------

--
-- Table structure for table `mdl_quiz_overview_regrades`
--

CREATE TABLE `mdl_quiz_overview_regrades` (
  `id` bigint(10) NOT NULL,
  `questionusageid` bigint(10) NOT NULL,
  `slot` bigint(10) NOT NULL,
  `newfraction` decimal(12,7) DEFAULT NULL,
  `oldfraction` decimal(12,7) DEFAULT NULL,
  `regraded` smallint(4) NOT NULL,
  `timemodified` bigint(10) NOT NULL
) ENGINE=InnoDB DEFAULT CHARSET=utf8 COLLATE=utf8_unicode_ci COMMENT='This table records which question attempts need regrading an';

-- --------------------------------------------------------

--
-- Table structure for table `mdl_quiz_question_instances`
--

CREATE TABLE `mdl_quiz_question_instances` (
  `id` bigint(10) NOT NULL,
  `quiz` bigint(10) NOT NULL DEFAULT '0',
  `question` bigint(10) NOT NULL DEFAULT '0',
  `grade` decimal(12,7) NOT NULL DEFAULT '0.0000000'
) ENGINE=InnoDB DEFAULT CHARSET=utf8 COLLATE=utf8_unicode_ci COMMENT='Stores the maximum possible grade (weight) for each question';

-- --------------------------------------------------------

--
-- Table structure for table `mdl_quiz_question_response_stats`
--

CREATE TABLE `mdl_quiz_question_response_stats` (
  `id` bigint(10) NOT NULL,
  `quizstatisticsid` bigint(10) NOT NULL,
  `questionid` bigint(10) NOT NULL,
  `subqid` varchar(100) COLLATE utf8_unicode_ci NOT NULL DEFAULT '',
  `aid` varchar(100) COLLATE utf8_unicode_ci DEFAULT NULL,
  `response` longtext COLLATE utf8_unicode_ci,
  `rcount` bigint(10) DEFAULT NULL,
  `credit` decimal(15,5) NOT NULL
) ENGINE=InnoDB DEFAULT CHARSET=utf8 COLLATE=utf8_unicode_ci COMMENT='Quiz question responses.';

-- --------------------------------------------------------

--
-- Table structure for table `mdl_quiz_question_statistics`
--

CREATE TABLE `mdl_quiz_question_statistics` (
  `id` bigint(10) NOT NULL,
  `quizstatisticsid` bigint(10) NOT NULL,
  `questionid` bigint(10) NOT NULL,
  `slot` bigint(10) DEFAULT NULL,
  `subquestion` smallint(4) NOT NULL,
  `s` bigint(10) NOT NULL DEFAULT '0',
  `effectiveweight` decimal(15,5) DEFAULT NULL,
  `negcovar` tinyint(2) NOT NULL DEFAULT '0',
  `discriminationindex` decimal(15,5) DEFAULT NULL,
  `discriminativeefficiency` decimal(15,5) DEFAULT NULL,
  `sd` decimal(15,10) DEFAULT NULL,
  `facility` decimal(15,10) DEFAULT NULL,
  `subquestions` longtext COLLATE utf8_unicode_ci,
  `maxmark` decimal(12,7) DEFAULT NULL,
  `positions` longtext COLLATE utf8_unicode_ci,
  `randomguessscore` decimal(12,7) DEFAULT NULL
) ENGINE=InnoDB DEFAULT CHARSET=utf8 COLLATE=utf8_unicode_ci COMMENT='Default comment for the table, please edit me';

-- --------------------------------------------------------

--
-- Table structure for table `mdl_quiz_reports`
--

CREATE TABLE `mdl_quiz_reports` (
  `id` bigint(10) NOT NULL,
  `name` varchar(255) COLLATE utf8_unicode_ci DEFAULT NULL,
  `displayorder` bigint(10) NOT NULL,
  `capability` varchar(255) COLLATE utf8_unicode_ci DEFAULT NULL
) ENGINE=InnoDB DEFAULT CHARSET=utf8 COLLATE=utf8_unicode_ci COMMENT='Lists all the installed quiz reports and their display order';

--
-- Dumping data for table `mdl_quiz_reports`
--

INSERT INTO `mdl_quiz_reports` (`id`, `name`, `displayorder`, `capability`) VALUES
(1, 'overview', 10000, NULL),
(2, 'responses', 9000, NULL),
(3, 'grading', 6000, NULL),
(4, 'statistics', 8000, 'quiz/statistics:view');

-- --------------------------------------------------------

--
-- Table structure for table `mdl_quiz_statistics`
--

CREATE TABLE `mdl_quiz_statistics` (
  `id` bigint(10) NOT NULL,
  `quizid` bigint(10) NOT NULL,
  `groupid` bigint(10) NOT NULL,
  `allattempts` smallint(4) NOT NULL,
  `timemodified` bigint(10) NOT NULL,
  `firstattemptscount` bigint(10) NOT NULL,
  `allattemptscount` bigint(10) NOT NULL,
  `firstattemptsavg` decimal(15,5) DEFAULT NULL,
  `allattemptsavg` decimal(15,5) DEFAULT NULL,
  `median` decimal(15,5) DEFAULT NULL,
  `standarddeviation` decimal(15,5) DEFAULT NULL,
  `skewness` decimal(15,10) DEFAULT NULL,
  `kurtosis` decimal(15,5) DEFAULT NULL,
  `cic` decimal(15,10) DEFAULT NULL,
  `errorratio` decimal(15,10) DEFAULT NULL,
  `standarderror` decimal(15,10) DEFAULT NULL
) ENGINE=InnoDB DEFAULT CHARSET=utf8 COLLATE=utf8_unicode_ci COMMENT='table to cache results from analysis done in statistics repo';

-- --------------------------------------------------------

--
-- Table structure for table `mdl_rating`
--

CREATE TABLE `mdl_rating` (
  `id` bigint(10) NOT NULL,
  `contextid` bigint(10) NOT NULL,
  `component` varchar(100) COLLATE utf8_unicode_ci NOT NULL DEFAULT '',
  `ratingarea` varchar(50) COLLATE utf8_unicode_ci NOT NULL DEFAULT '',
  `itemid` bigint(10) NOT NULL,
  `scaleid` bigint(10) NOT NULL,
  `rating` bigint(10) NOT NULL,
  `userid` bigint(10) NOT NULL,
  `timecreated` bigint(10) NOT NULL,
  `timemodified` bigint(10) NOT NULL
) ENGINE=InnoDB DEFAULT CHARSET=utf8 COLLATE=utf8_unicode_ci COMMENT='moodle ratings';

-- --------------------------------------------------------

--
-- Table structure for table `mdl_registration_hubs`
--

CREATE TABLE `mdl_registration_hubs` (
  `id` bigint(10) NOT NULL,
  `token` varchar(255) COLLATE utf8_unicode_ci NOT NULL DEFAULT '',
  `hubname` varchar(255) COLLATE utf8_unicode_ci NOT NULL DEFAULT '',
  `huburl` varchar(255) COLLATE utf8_unicode_ci NOT NULL DEFAULT '',
  `confirmed` tinyint(1) NOT NULL DEFAULT '0',
  `secret` varchar(255) COLLATE utf8_unicode_ci DEFAULT NULL
) ENGINE=InnoDB DEFAULT CHARSET=utf8 COLLATE=utf8_unicode_ci COMMENT='hub where the site is registered on with their associated to';

-- --------------------------------------------------------

--
-- Table structure for table `mdl_repository`
--

CREATE TABLE `mdl_repository` (
  `id` bigint(10) NOT NULL,
  `type` varchar(255) COLLATE utf8_unicode_ci NOT NULL DEFAULT '',
  `visible` tinyint(1) DEFAULT '1',
  `sortorder` bigint(10) NOT NULL DEFAULT '0'
) ENGINE=InnoDB DEFAULT CHARSET=utf8 COLLATE=utf8_unicode_ci COMMENT='This table contains one entry for every configured external ';

--
-- Dumping data for table `mdl_repository`
--

INSERT INTO `mdl_repository` (`id`, `type`, `visible`, `sortorder`) VALUES
(1, 'local', 1, 1),
(2, 'recent', 1, 2),
(3, 'upload', 1, 3),
(4, 'url', 1, 4),
(5, 'user', 1, 5),
(6, 'wikimedia', 1, 6),
(7, 'youtube', 1, 7);

-- --------------------------------------------------------

--
-- Table structure for table `mdl_repository_instance_config`
--

CREATE TABLE `mdl_repository_instance_config` (
  `id` bigint(10) NOT NULL,
  `instanceid` bigint(10) NOT NULL,
  `name` varchar(255) COLLATE utf8_unicode_ci NOT NULL DEFAULT '',
  `value` longtext COLLATE utf8_unicode_ci
) ENGINE=InnoDB DEFAULT CHARSET=utf8 COLLATE=utf8_unicode_ci COMMENT='The config for intances';

-- --------------------------------------------------------

--
-- Table structure for table `mdl_resource`
--

CREATE TABLE `mdl_resource` (
  `id` bigint(10) NOT NULL,
  `course` bigint(10) NOT NULL DEFAULT '0',
  `name` varchar(255) COLLATE utf8_unicode_ci NOT NULL DEFAULT '',
  `intro` longtext COLLATE utf8_unicode_ci,
  `introformat` smallint(4) NOT NULL DEFAULT '0',
  `tobemigrated` smallint(4) NOT NULL DEFAULT '0',
  `legacyfiles` smallint(4) NOT NULL DEFAULT '0',
  `legacyfileslast` bigint(10) DEFAULT NULL,
  `display` smallint(4) NOT NULL DEFAULT '0',
  `displayoptions` longtext COLLATE utf8_unicode_ci,
  `filterfiles` smallint(4) NOT NULL DEFAULT '0',
  `revision` bigint(10) NOT NULL DEFAULT '0',
  `timemodified` bigint(10) NOT NULL DEFAULT '0'
) ENGINE=InnoDB DEFAULT CHARSET=utf8 COLLATE=utf8_unicode_ci COMMENT='Each record is one resource and its config data';

--
-- Dumping data for table `mdl_resource`
--

INSERT INTO `mdl_resource` (`id`, `course`, `name`, `intro`, `introformat`, `tobemigrated`, `legacyfiles`, `legacyfileslast`, `display`, `displayoptions`, `filterfiles`, `revision`, `timemodified`) VALUES
(1, 2, 'prueba', '<p>test</p>', 1, 0, 0, NULL, 0, 'a:2:{s:12:\"printheading\";i:0;s:10:\"printintro\";i:1;}', 0, 1, 1359473246);

-- --------------------------------------------------------

--
-- Table structure for table `mdl_resource_old`
--

CREATE TABLE `mdl_resource_old` (
  `id` bigint(10) NOT NULL,
  `course` bigint(10) NOT NULL DEFAULT '0',
  `name` varchar(255) COLLATE utf8_unicode_ci NOT NULL DEFAULT '',
  `type` varchar(30) COLLATE utf8_unicode_ci NOT NULL DEFAULT '',
  `reference` varchar(255) COLLATE utf8_unicode_ci NOT NULL DEFAULT '',
  `intro` longtext COLLATE utf8_unicode_ci,
  `introformat` smallint(4) NOT NULL DEFAULT '0',
  `alltext` longtext COLLATE utf8_unicode_ci NOT NULL,
  `popup` longtext COLLATE utf8_unicode_ci NOT NULL,
  `options` varchar(255) COLLATE utf8_unicode_ci NOT NULL DEFAULT '',
  `timemodified` bigint(10) NOT NULL DEFAULT '0',
  `oldid` bigint(10) NOT NULL,
  `cmid` bigint(10) DEFAULT NULL,
  `newmodule` varchar(50) COLLATE utf8_unicode_ci DEFAULT NULL,
  `newid` bigint(10) DEFAULT NULL,
  `migrated` bigint(10) NOT NULL DEFAULT '0'
) ENGINE=InnoDB DEFAULT CHARSET=utf8 COLLATE=utf8_unicode_ci COMMENT='backup of all old resource instances from 1.9';

-- --------------------------------------------------------

--
-- Table structure for table `mdl_role`
--

CREATE TABLE `mdl_role` (
  `id` bigint(10) NOT NULL,
  `name` varchar(255) COLLATE utf8_unicode_ci NOT NULL DEFAULT '',
  `shortname` varchar(100) COLLATE utf8_unicode_ci NOT NULL DEFAULT '',
  `description` longtext COLLATE utf8_unicode_ci NOT NULL,
  `sortorder` bigint(10) NOT NULL DEFAULT '0',
  `archetype` varchar(30) COLLATE utf8_unicode_ci NOT NULL DEFAULT ''
) ENGINE=InnoDB DEFAULT CHARSET=utf8 COLLATE=utf8_unicode_ci COMMENT='moodle roles';

--
-- Dumping data for table `mdl_role`
--

INSERT INTO `mdl_role` (`id`, `name`, `shortname`, `description`, `sortorder`, `archetype`) VALUES
(1, '', 'manager', '', 1, 'manager'),
(2, '', 'coursecreator', '', 2, 'coursecreator'),
(3, '', 'editingteacher', '', 3, 'editingteacher'),
(4, '', 'teacher', '', 4, 'teacher'),
(5, '', 'student', '', 5, 'student'),
(6, '', 'guest', '', 6, 'guest'),
(7, '', 'user', '', 7, 'user'),
(8, '', 'frontpage', '', 8, 'frontpage');

-- --------------------------------------------------------

--
-- Table structure for table `mdl_role_allow_assign`
--

CREATE TABLE `mdl_role_allow_assign` (
  `id` bigint(10) NOT NULL,
  `roleid` bigint(10) NOT NULL DEFAULT '0',
  `allowassign` bigint(10) NOT NULL DEFAULT '0'
) ENGINE=InnoDB DEFAULT CHARSET=utf8 COLLATE=utf8_unicode_ci COMMENT='this defines what role can assign what role';

--
-- Dumping data for table `mdl_role_allow_assign`
--

INSERT INTO `mdl_role_allow_assign` (`id`, `roleid`, `allowassign`) VALUES
(1, 1, 1),
(2, 1, 2),
(3, 1, 3),
(4, 1, 4),
(5, 1, 5),
(6, 3, 4),
(7, 3, 5);

-- --------------------------------------------------------

--
-- Table structure for table `mdl_role_allow_override`
--

CREATE TABLE `mdl_role_allow_override` (
  `id` bigint(10) NOT NULL,
  `roleid` bigint(10) NOT NULL DEFAULT '0',
  `allowoverride` bigint(10) NOT NULL DEFAULT '0'
) ENGINE=InnoDB DEFAULT CHARSET=utf8 COLLATE=utf8_unicode_ci COMMENT='this defines what role can override what role';

--
-- Dumping data for table `mdl_role_allow_override`
--

INSERT INTO `mdl_role_allow_override` (`id`, `roleid`, `allowoverride`) VALUES
(1, 1, 1),
(2, 1, 2),
(3, 1, 3),
(4, 1, 4),
(5, 1, 5),
(6, 1, 6),
(7, 1, 7),
(8, 1, 8),
(9, 3, 4),
(10, 3, 5),
(11, 3, 6);

-- --------------------------------------------------------

--
-- Table structure for table `mdl_role_allow_switch`
--

CREATE TABLE `mdl_role_allow_switch` (
  `id` bigint(10) NOT NULL,
  `roleid` bigint(10) NOT NULL,
  `allowswitch` bigint(10) NOT NULL
) ENGINE=InnoDB DEFAULT CHARSET=utf8 COLLATE=utf8_unicode_ci COMMENT='This table stores which which other roles a user is allowed ';

--
-- Dumping data for table `mdl_role_allow_switch`
--

INSERT INTO `mdl_role_allow_switch` (`id`, `roleid`, `allowswitch`) VALUES
(1, 1, 3),
(2, 1, 4),
(3, 1, 5),
(4, 1, 6),
(5, 3, 4),
(6, 3, 5),
(7, 3, 6),
(8, 4, 5),
(9, 4, 6);

-- --------------------------------------------------------

--
-- Table structure for table `mdl_role_assignments`
--

CREATE TABLE `mdl_role_assignments` (
  `id` bigint(10) NOT NULL,
  `roleid` bigint(10) NOT NULL DEFAULT '0',
  `contextid` bigint(10) NOT NULL DEFAULT '0',
  `userid` bigint(10) NOT NULL DEFAULT '0',
  `timemodified` bigint(10) NOT NULL DEFAULT '0',
  `modifierid` bigint(10) NOT NULL DEFAULT '0',
  `component` varchar(100) COLLATE utf8_unicode_ci NOT NULL DEFAULT '',
  `itemid` bigint(10) NOT NULL DEFAULT '0',
  `sortorder` bigint(10) NOT NULL DEFAULT '0'
) ENGINE=InnoDB DEFAULT CHARSET=utf8 COLLATE=utf8_unicode_ci COMMENT='assigning roles in different context';

--
-- Dumping data for table `mdl_role_assignments`
--

INSERT INTO `mdl_role_assignments` (`id`, `roleid`, `contextid`, `userid`, `timemodified`, `modifierid`, `component`, `itemid`, `sortorder`) VALUES
(1, 5, 20, 2, 1359215568, 2, '', 0, 0),
(2, 5, 20, 3, 1359217406, 2, '', 0, 0),
(3, 5, 20, 59, 1359471705, 2, '', 0, 0),
(4, 5, 20, 9, 1359485349, 2, '', 0, 0),
(5, 5, 20, 5, 1359485371, 2, '', 0, 0),
(6, 3, 2, 9, 1359485989, 2, '', 0, 0),
(7, 3, 2, 5, 1359486008, 2, '', 0, 0),
(8, 3, 2, 2, 1359486032, 2, '', 0, 0),
(9, 2, 3, 5, 1359486782, 2, '', 0, 0),
(10, 1, 3, 5, 1359486876, 2, '', 0, 0),
(11, 5, 289, 60, 1359489566, 5, '', 0, 0);

-- --------------------------------------------------------

--
-- Table structure for table `mdl_role_capabilities`
--

CREATE TABLE `mdl_role_capabilities` (
  `id` bigint(10) NOT NULL,
  `contextid` bigint(10) NOT NULL DEFAULT '0',
  `roleid` bigint(10) NOT NULL DEFAULT '0',
  `capability` varchar(255) COLLATE utf8_unicode_ci NOT NULL DEFAULT '',
  `permission` bigint(10) NOT NULL DEFAULT '0',
  `timemodified` bigint(10) NOT NULL DEFAULT '0',
  `modifierid` bigint(10) NOT NULL DEFAULT '0'
) ENGINE=InnoDB DEFAULT CHARSET=utf8 COLLATE=utf8_unicode_ci COMMENT='permission has to be signed, overriding a capability for a p';

--
-- Dumping data for table `mdl_role_capabilities`
--

INSERT INTO `mdl_role_capabilities` (`id`, `contextid`, `roleid`, `capability`, `permission`, `timemodified`, `modifierid`) VALUES
(1, 1, 1, 'moodle/site:readallmessages', 1, 1359214484, 0),
(2, 1, 3, 'moodle/site:readallmessages', 1, 1359214484, 0),
(3, 1, 1, 'moodle/site:sendmessage', 1, 1359214484, 0),
(4, 1, 7, 'moodle/site:sendmessage', 1, 1359214484, 0),
(5, 1, 1, 'moodle/site:approvecourse', 1, 1359214484, 0),
(6, 1, 3, 'moodle/backup:backupcourse', 1, 1359214484, 0),
(7, 1, 1, 'moodle/backup:backupcourse', 1, 1359214484, 0),
(8, 1, 3, 'moodle/backup:backupsection', 1, 1359214484, 0),
(9, 1, 1, 'moodle/backup:backupsection', 1, 1359214484, 0),
(10, 1, 3, 'moodle/backup:backupactivity', 1, 1359214484, 0),
(11, 1, 1, 'moodle/backup:backupactivity', 1, 1359214484, 0),
(12, 1, 3, 'moodle/backup:backuptargethub', 1, 1359214484, 0),
(13, 1, 1, 'moodle/backup:backuptargethub', 1, 1359214484, 0),
(14, 1, 3, 'moodle/backup:backuptargetimport', 1, 1359214484, 0),
(15, 1, 1, 'moodle/backup:backuptargetimport', 1, 1359214484, 0),
(16, 1, 3, 'moodle/backup:downloadfile', 1, 1359214484, 0),
(17, 1, 1, 'moodle/backup:downloadfile', 1, 1359214484, 0),
(18, 1, 3, 'moodle/backup:configure', 1, 1359214484, 0),
(19, 1, 1, 'moodle/backup:configure', 1, 1359214484, 0),
(20, 1, 1, 'moodle/backup:userinfo', 1, 1359214484, 0),
(21, 1, 1, 'moodle/backup:anonymise', 1, 1359214484, 0),
(22, 1, 3, 'moodle/restore:restorecourse', 1, 1359214484, 0),
(23, 1, 1, 'moodle/restore:restorecourse', 1, 1359214484, 0),
(24, 1, 3, 'moodle/restore:restoresection', 1, 1359214484, 0),
(25, 1, 1, 'moodle/restore:restoresection', 1, 1359214484, 0),
(26, 1, 3, 'moodle/restore:restoreactivity', 1, 1359214484, 0),
(27, 1, 1, 'moodle/restore:restoreactivity', 1, 1359214484, 0),
(28, 1, 3, 'moodle/restore:restoretargethub', 1, 1359214484, 0),
(29, 1, 1, 'moodle/restore:restoretargethub', 1, 1359214484, 0),
(30, 1, 3, 'moodle/restore:restoretargetimport', 1, 1359214484, 0),
(31, 1, 1, 'moodle/restore:restoretargetimport', 1, 1359214484, 0),
(32, 1, 3, 'moodle/restore:uploadfile', 1, 1359214484, 0),
(33, 1, 1, 'moodle/restore:uploadfile', 1, 1359214484, 0),
(34, 1, 3, 'moodle/restore:configure', 1, 1359214484, 0),
(35, 1, 1, 'moodle/restore:configure', 1, 1359214484, 0),
(36, 1, 2, 'moodle/restore:rolldates', 1, 1359214484, 0),
(37, 1, 1, 'moodle/restore:rolldates', 1, 1359214484, 0),
(38, 1, 1, 'moodle/restore:userinfo', 1, 1359214484, 0),
(39, 1, 1, 'moodle/restore:createuser', 1, 1359214484, 0),
(40, 1, 3, 'moodle/site:manageblocks', 1, 1359214484, 0),
(41, 1, 1, 'moodle/site:manageblocks', 1, 1359214484, 0),
(42, 1, 4, 'moodle/site:accessallgroups', 1, 1359214484, 0),
(43, 1, 3, 'moodle/site:accessallgroups', 1, 1359214484, 0),
(44, 1, 1, 'moodle/site:accessallgroups', 1, 1359214484, 0),
(45, 1, 4, 'moodle/site:viewfullnames', 1, 1359214484, 0),
(46, 1, 3, 'moodle/site:viewfullnames', 1, 1359214484, 0),
(47, 1, 1, 'moodle/site:viewfullnames', 1, 1359214484, 0),
(48, 1, 4, 'moodle/site:viewuseridentity', 1, 1359214484, 0),
(49, 1, 3, 'moodle/site:viewuseridentity', 1, 1359214484, 0),
(50, 1, 1, 'moodle/site:viewuseridentity', 1, 1359214484, 0),
(51, 1, 4, 'moodle/site:viewreports', 1, 1359214484, 0),
(52, 1, 3, 'moodle/site:viewreports', 1, 1359214484, 0),
(53, 1, 1, 'moodle/site:viewreports', 1, 1359214484, 0),
(54, 1, 3, 'moodle/site:trustcontent', 1, 1359214484, 0),
(55, 1, 1, 'moodle/site:trustcontent', 1, 1359214484, 0),
(56, 1, 1, 'moodle/site:uploadusers', 1, 1359214484, 0),
(57, 1, 3, 'moodle/filter:manage', 1, 1359214484, 0),
(58, 1, 1, 'moodle/filter:manage', 1, 1359214484, 0),
(59, 1, 1, 'moodle/user:create', 1, 1359214485, 0),
(60, 1, 1, 'moodle/user:delete', 1, 1359214485, 0),
(61, 1, 1, 'moodle/user:update', 1, 1359214485, 0),
(62, 1, 6, 'moodle/user:viewdetails', 1, 1359214485, 0),
(63, 1, 5, 'moodle/user:viewdetails', 1, 1359214485, 0),
(64, 1, 4, 'moodle/user:viewdetails', 1, 1359214485, 0),
(65, 1, 3, 'moodle/user:viewdetails', 1, 1359214485, 0),
(66, 1, 1, 'moodle/user:viewdetails', 1, 1359214485, 0),
(67, 1, 1, 'moodle/user:viewalldetails', 1, 1359214485, 0),
(68, 1, 4, 'moodle/user:viewhiddendetails', 1, 1359214485, 0),
(69, 1, 3, 'moodle/user:viewhiddendetails', 1, 1359214485, 0),
(70, 1, 1, 'moodle/user:viewhiddendetails', 1, 1359214485, 0),
(71, 1, 1, 'moodle/user:loginas', 1, 1359214485, 0),
(72, 1, 1, 'moodle/user:managesyspages', 1, 1359214485, 0),
(73, 1, 7, 'moodle/user:manageownblocks', 1, 1359214485, 0),
(74, 1, 7, 'moodle/user:manageownfiles', 1, 1359214485, 0),
(75, 1, 1, 'moodle/my:configsyspages', 1, 1359214485, 0),
(76, 1, 3, 'moodle/role:assign', 1, 1359214485, 0),
(77, 1, 1, 'moodle/role:assign', 1, 1359214485, 0),
(78, 1, 4, 'moodle/role:review', 1, 1359214485, 0),
(79, 1, 3, 'moodle/role:review', 1, 1359214485, 0),
(80, 1, 1, 'moodle/role:review', 1, 1359214485, 0),
(81, 1, 1, 'moodle/role:override', 1, 1359214485, 0),
(82, 1, 3, 'moodle/role:safeoverride', 1, 1359214485, 0),
(83, 1, 1, 'moodle/role:manage', 1, 1359214485, 0),
(84, 1, 3, 'moodle/role:switchroles', 1, 1359214485, 0),
(85, 1, 1, 'moodle/role:switchroles', 1, 1359214485, 0),
(86, 1, 1, 'moodle/category:manage', 1, 1359214485, 0),
(87, 1, 2, 'moodle/category:viewhiddencategories', 1, 1359214485, 0),
(88, 1, 1, 'moodle/category:viewhiddencategories', 1, 1359214485, 0),
(89, 1, 1, 'moodle/cohort:manage', 1, 1359214485, 0),
(90, 1, 1, 'moodle/cohort:assign', 1, 1359214485, 0),
(91, 1, 3, 'moodle/cohort:view', 1, 1359214485, 0),
(92, 1, 1, 'moodle/cohort:view', 1, 1359214485, 0),
(93, 1, 2, 'moodle/course:create', 1, 1359214485, 0),
(94, 1, 1, 'moodle/course:create', 1, 1359214485, 0),
(95, 1, 7, 'moodle/course:request', 1, 1359214485, 0),
(96, 1, 1, 'moodle/course:delete', 1, 1359214485, 0),
(97, 1, 3, 'moodle/course:update', 1, 1359214485, 0),
(98, 1, 1, 'moodle/course:update', 1, 1359214485, 0),
(99, 1, 1, 'moodle/course:view', 1, 1359214485, 0),
(100, 1, 3, 'moodle/course:enrolreview', 1, 1359214485, 0),
(101, 1, 1, 'moodle/course:enrolreview', 1, 1359214485, 0),
(102, 1, 3, 'moodle/course:enrolconfig', 1, 1359214485, 0),
(103, 1, 1, 'moodle/course:enrolconfig', 1, 1359214485, 0),
(104, 1, 4, 'moodle/course:bulkmessaging', 1, 1359214485, 0),
(105, 1, 3, 'moodle/course:bulkmessaging', 1, 1359214485, 0),
(106, 1, 1, 'moodle/course:bulkmessaging', 1, 1359214485, 0),
(107, 1, 4, 'moodle/course:viewhiddenuserfields', 1, 1359214485, 0),
(108, 1, 3, 'moodle/course:viewhiddenuserfields', 1, 1359214485, 0),
(109, 1, 1, 'moodle/course:viewhiddenuserfields', 1, 1359214485, 0),
(110, 1, 2, 'moodle/course:viewhiddencourses', 1, 1359214485, 0),
(111, 1, 4, 'moodle/course:viewhiddencourses', 1, 1359214485, 0),
(112, 1, 3, 'moodle/course:viewhiddencourses', 1, 1359214485, 0),
(113, 1, 1, 'moodle/course:viewhiddencourses', 1, 1359214485, 0),
(114, 1, 3, 'moodle/course:visibility', 1, 1359214485, 0),
(115, 1, 1, 'moodle/course:visibility', 1, 1359214485, 0),
(116, 1, 3, 'moodle/course:managefiles', 1, 1359214485, 0),
(117, 1, 1, 'moodle/course:managefiles', 1, 1359214485, 0),
(118, 1, 3, 'moodle/course:manageactivities', 1, 1359214485, 0),
(119, 1, 1, 'moodle/course:manageactivities', 1, 1359214485, 0),
(120, 1, 3, 'moodle/course:activityvisibility', 1, 1359214485, 0),
(121, 1, 1, 'moodle/course:activityvisibility', 1, 1359214485, 0),
(122, 1, 4, 'moodle/course:viewhiddenactivities', 1, 1359214485, 0),
(123, 1, 3, 'moodle/course:viewhiddenactivities', 1, 1359214485, 0),
(124, 1, 1, 'moodle/course:viewhiddenactivities', 1, 1359214485, 0),
(125, 1, 5, 'moodle/course:viewparticipants', 1, 1359214485, 0),
(126, 1, 4, 'moodle/course:viewparticipants', 1, 1359214485, 0),
(127, 1, 3, 'moodle/course:viewparticipants', 1, 1359214485, 0),
(128, 1, 1, 'moodle/course:viewparticipants', 1, 1359214485, 0),
(129, 1, 3, 'moodle/course:changefullname', 1, 1359214485, 0),
(130, 1, 1, 'moodle/course:changefullname', 1, 1359214485, 0),
(131, 1, 3, 'moodle/course:changeshortname', 1, 1359214485, 0),
(132, 1, 1, 'moodle/course:changeshortname', 1, 1359214485, 0),
(133, 1, 3, 'moodle/course:changeidnumber', 1, 1359214485, 0),
(134, 1, 1, 'moodle/course:changeidnumber', 1, 1359214485, 0),
(135, 1, 3, 'moodle/course:changecategory', 1, 1359214485, 0),
(136, 1, 1, 'moodle/course:changecategory', 1, 1359214485, 0),
(137, 1, 3, 'moodle/course:changesummary', 1, 1359214485, 0),
(138, 1, 1, 'moodle/course:changesummary', 1, 1359214485, 0),
(139, 1, 1, 'moodle/site:viewparticipants', 1, 1359214485, 0),
(140, 1, 5, 'moodle/course:isincompletionreports', 1, 1359214485, 0),
(141, 1, 5, 'moodle/course:viewscales', 1, 1359214485, 0),
(142, 1, 4, 'moodle/course:viewscales', 1, 1359214485, 0),
(143, 1, 3, 'moodle/course:viewscales', 1, 1359214485, 0),
(144, 1, 1, 'moodle/course:viewscales', 1, 1359214485, 0),
(145, 1, 3, 'moodle/course:managescales', 1, 1359214485, 0),
(146, 1, 1, 'moodle/course:managescales', 1, 1359214485, 0),
(147, 1, 3, 'moodle/course:managegroups', 1, 1359214485, 0),
(148, 1, 1, 'moodle/course:managegroups', 1, 1359214485, 0),
(149, 1, 3, 'moodle/course:reset', 1, 1359214485, 0),
(150, 1, 1, 'moodle/course:reset', 1, 1359214485, 0),
(151, 1, 6, 'moodle/blog:view', 1, 1359214485, 0),
(152, 1, 7, 'moodle/blog:view', 1, 1359214485, 0),
(153, 1, 5, 'moodle/blog:view', 1, 1359214485, 0),
(154, 1, 4, 'moodle/blog:view', 1, 1359214485, 0),
(155, 1, 3, 'moodle/blog:view', 1, 1359214485, 0),
(156, 1, 1, 'moodle/blog:view', 1, 1359214485, 0),
(157, 1, 6, 'moodle/blog:search', 1, 1359214485, 0),
(158, 1, 7, 'moodle/blog:search', 1, 1359214485, 0),
(159, 1, 5, 'moodle/blog:search', 1, 1359214485, 0),
(160, 1, 4, 'moodle/blog:search', 1, 1359214485, 0),
(161, 1, 3, 'moodle/blog:search', 1, 1359214485, 0),
(162, 1, 1, 'moodle/blog:search', 1, 1359214485, 0),
(163, 1, 1, 'moodle/blog:viewdrafts', 1, 1359214485, 0),
(164, 1, 7, 'moodle/blog:create', 1, 1359214485, 0),
(165, 1, 1, 'moodle/blog:create', 1, 1359214485, 0),
(166, 1, 4, 'moodle/blog:manageentries', 1, 1359214485, 0),
(167, 1, 3, 'moodle/blog:manageentries', 1, 1359214485, 0),
(168, 1, 1, 'moodle/blog:manageentries', 1, 1359214485, 0),
(169, 1, 5, 'moodle/blog:manageexternal', 1, 1359214485, 0),
(170, 1, 7, 'moodle/blog:manageexternal', 1, 1359214485, 0),
(171, 1, 4, 'moodle/blog:manageexternal', 1, 1359214485, 0),
(172, 1, 3, 'moodle/blog:manageexternal', 1, 1359214485, 0),
(173, 1, 1, 'moodle/blog:manageexternal', 1, 1359214485, 0),
(174, 1, 5, 'moodle/blog:associatecourse', 1, 1359214485, 0),
(175, 1, 7, 'moodle/blog:associatecourse', 1, 1359214485, 0),
(176, 1, 4, 'moodle/blog:associatecourse', 1, 1359214485, 0),
(177, 1, 3, 'moodle/blog:associatecourse', 1, 1359214485, 0),
(178, 1, 1, 'moodle/blog:associatecourse', 1, 1359214485, 0),
(179, 1, 5, 'moodle/blog:associatemodule', 1, 1359214485, 0),
(180, 1, 7, 'moodle/blog:associatemodule', 1, 1359214485, 0),
(181, 1, 4, 'moodle/blog:associatemodule', 1, 1359214485, 0),
(182, 1, 3, 'moodle/blog:associatemodule', 1, 1359214485, 0),
(183, 1, 1, 'moodle/blog:associatemodule', 1, 1359214485, 0),
(184, 1, 7, 'moodle/calendar:manageownentries', 1, 1359214485, 0),
(185, 1, 1, 'moodle/calendar:manageownentries', 1, 1359214485, 0),
(186, 1, 4, 'moodle/calendar:managegroupentries', 1, 1359214485, 0),
(187, 1, 3, 'moodle/calendar:managegroupentries', 1, 1359214485, 0),
(188, 1, 1, 'moodle/calendar:managegroupentries', 1, 1359214485, 0),
(189, 1, 4, 'moodle/calendar:manageentries', 1, 1359214485, 0),
(190, 1, 3, 'moodle/calendar:manageentries', 1, 1359214485, 0),
(191, 1, 1, 'moodle/calendar:manageentries', 1, 1359214485, 0),
(192, 1, 1, 'moodle/user:editprofile', 1, 1359214485, 0),
(193, 1, 6, 'moodle/user:editownprofile', -1000, 1359214485, 0),
(194, 1, 7, 'moodle/user:editownprofile', 1, 1359214485, 0),
(195, 1, 1, 'moodle/user:editownprofile', 1, 1359214485, 0),
(196, 1, 6, 'moodle/user:changeownpassword', -1000, 1359214485, 0),
(197, 1, 7, 'moodle/user:changeownpassword', 1, 1359214485, 0),
(198, 1, 1, 'moodle/user:changeownpassword', 1, 1359214485, 0),
(199, 1, 5, 'moodle/user:readuserposts', 1, 1359214485, 0),
(200, 1, 4, 'moodle/user:readuserposts', 1, 1359214485, 0),
(201, 1, 3, 'moodle/user:readuserposts', 1, 1359214485, 0),
(202, 1, 1, 'moodle/user:readuserposts', 1, 1359214485, 0),
(203, 1, 5, 'moodle/user:readuserblogs', 1, 1359214485, 0),
(204, 1, 4, 'moodle/user:readuserblogs', 1, 1359214485, 0),
(205, 1, 3, 'moodle/user:readuserblogs', 1, 1359214485, 0),
(206, 1, 1, 'moodle/user:readuserblogs', 1, 1359214485, 0),
(207, 1, 1, 'moodle/user:editmessageprofile', 1, 1359214485, 0),
(208, 1, 6, 'moodle/user:editownmessageprofile', -1000, 1359214485, 0),
(209, 1, 7, 'moodle/user:editownmessageprofile', 1, 1359214485, 0),
(210, 1, 1, 'moodle/user:editownmessageprofile', 1, 1359214485, 0),
(211, 1, 3, 'moodle/question:managecategory', 1, 1359214485, 0),
(212, 1, 1, 'moodle/question:managecategory', 1, 1359214485, 0),
(213, 1, 3, 'moodle/question:add', 1, 1359214485, 0),
(214, 1, 1, 'moodle/question:add', 1, 1359214485, 0),
(215, 1, 3, 'moodle/question:editmine', 1, 1359214485, 0),
(216, 1, 1, 'moodle/question:editmine', 1, 1359214485, 0),
(217, 1, 3, 'moodle/question:editall', 1, 1359214485, 0),
(218, 1, 1, 'moodle/question:editall', 1, 1359214485, 0),
(219, 1, 3, 'moodle/question:viewmine', 1, 1359214485, 0),
(220, 1, 1, 'moodle/question:viewmine', 1, 1359214485, 0),
(221, 1, 3, 'moodle/question:viewall', 1, 1359214485, 0),
(222, 1, 1, 'moodle/question:viewall', 1, 1359214485, 0),
(223, 1, 3, 'moodle/question:usemine', 1, 1359214485, 0),
(224, 1, 1, 'moodle/question:usemine', 1, 1359214485, 0),
(225, 1, 3, 'moodle/question:useall', 1, 1359214485, 0),
(226, 1, 1, 'moodle/question:useall', 1, 1359214485, 0),
(227, 1, 3, 'moodle/question:movemine', 1, 1359214485, 0),
(228, 1, 1, 'moodle/question:movemine', 1, 1359214485, 0),
(229, 1, 3, 'moodle/question:moveall', 1, 1359214485, 0),
(230, 1, 1, 'moodle/question:moveall', 1, 1359214485, 0),
(231, 1, 1, 'moodle/question:config', 1, 1359214485, 0),
(232, 1, 5, 'moodle/question:flag', 1, 1359214485, 0),
(233, 1, 4, 'moodle/question:flag', 1, 1359214485, 0),
(234, 1, 3, 'moodle/question:flag', 1, 1359214485, 0),
(235, 1, 1, 'moodle/question:flag', 1, 1359214485, 0),
(236, 1, 4, 'moodle/site:doclinks', 1, 1359214485, 0),
(237, 1, 3, 'moodle/site:doclinks', 1, 1359214485, 0),
(238, 1, 1, 'moodle/site:doclinks', 1, 1359214485, 0),
(239, 1, 3, 'moodle/course:sectionvisibility', 1, 1359214485, 0),
(240, 1, 1, 'moodle/course:sectionvisibility', 1, 1359214485, 0),
(241, 1, 3, 'moodle/course:useremail', 1, 1359214485, 0),
(242, 1, 1, 'moodle/course:useremail', 1, 1359214485, 0),
(243, 1, 3, 'moodle/course:viewhiddensections', 1, 1359214485, 0),
(244, 1, 1, 'moodle/course:viewhiddensections', 1, 1359214485, 0),
(245, 1, 3, 'moodle/course:setcurrentsection', 1, 1359214485, 0),
(246, 1, 1, 'moodle/course:setcurrentsection', 1, 1359214485, 0),
(247, 1, 3, 'moodle/course:movesections', 1, 1359214485, 0),
(248, 1, 1, 'moodle/course:movesections', 1, 1359214485, 0),
(249, 1, 4, 'moodle/grade:viewall', 1, 1359214485, 0),
(250, 1, 3, 'moodle/grade:viewall', 1, 1359214485, 0),
(251, 1, 1, 'moodle/grade:viewall', 1, 1359214485, 0),
(252, 1, 5, 'moodle/grade:view', 1, 1359214485, 0),
(253, 1, 4, 'moodle/grade:viewhidden', 1, 1359214485, 0),
(254, 1, 3, 'moodle/grade:viewhidden', 1, 1359214485, 0),
(255, 1, 1, 'moodle/grade:viewhidden', 1, 1359214485, 0),
(256, 1, 3, 'moodle/grade:import', 1, 1359214485, 0),
(257, 1, 1, 'moodle/grade:import', 1, 1359214485, 0),
(258, 1, 4, 'moodle/grade:export', 1, 1359214485, 0),
(259, 1, 3, 'moodle/grade:export', 1, 1359214485, 0),
(260, 1, 1, 'moodle/grade:export', 1, 1359214485, 0),
(261, 1, 3, 'moodle/grade:manage', 1, 1359214485, 0),
(262, 1, 1, 'moodle/grade:manage', 1, 1359214485, 0),
(263, 1, 3, 'moodle/grade:edit', 1, 1359214485, 0),
(264, 1, 1, 'moodle/grade:edit', 1, 1359214485, 0),
(265, 1, 3, 'moodle/grade:managegradingforms', 1, 1359214485, 0),
(266, 1, 1, 'moodle/grade:managegradingforms', 1, 1359214485, 0),
(267, 1, 1, 'moodle/grade:sharegradingforms', 1, 1359214485, 0),
(268, 1, 1, 'moodle/grade:managesharedforms', 1, 1359214485, 0),
(269, 1, 3, 'moodle/grade:manageoutcomes', 1, 1359214485, 0),
(270, 1, 1, 'moodle/grade:manageoutcomes', 1, 1359214485, 0),
(271, 1, 3, 'moodle/grade:manageletters', 1, 1359214485, 0),
(272, 1, 1, 'moodle/grade:manageletters', 1, 1359214485, 0),
(273, 1, 3, 'moodle/grade:hide', 1, 1359214485, 0),
(274, 1, 1, 'moodle/grade:hide', 1, 1359214485, 0),
(275, 1, 3, 'moodle/grade:lock', 1, 1359214485, 0),
(276, 1, 1, 'moodle/grade:lock', 1, 1359214485, 0),
(277, 1, 3, 'moodle/grade:unlock', 1, 1359214485, 0),
(278, 1, 1, 'moodle/grade:unlock', 1, 1359214485, 0),
(279, 1, 7, 'moodle/my:manageblocks', 1, 1359214485, 0),
(280, 1, 4, 'moodle/notes:view', 1, 1359214485, 0),
(281, 1, 3, 'moodle/notes:view', 1, 1359214485, 0),
(282, 1, 1, 'moodle/notes:view', 1, 1359214485, 0),
(283, 1, 4, 'moodle/notes:manage', 1, 1359214485, 0),
(284, 1, 3, 'moodle/notes:manage', 1, 1359214485, 0),
(285, 1, 1, 'moodle/notes:manage', 1, 1359214485, 0),
(286, 1, 4, 'moodle/tag:manage', 1, 1359214485, 0),
(287, 1, 3, 'moodle/tag:manage', 1, 1359214485, 0),
(288, 1, 1, 'moodle/tag:manage', 1, 1359214485, 0),
(289, 1, 1, 'moodle/tag:create', 1, 1359214485, 0),
(290, 1, 7, 'moodle/tag:create', 1, 1359214485, 0),
(291, 1, 1, 'moodle/tag:edit', 1, 1359214485, 0),
(292, 1, 7, 'moodle/tag:edit', 1, 1359214485, 0),
(293, 1, 1, 'moodle/tag:flag', 1, 1359214485, 0),
(294, 1, 7, 'moodle/tag:flag', 1, 1359214485, 0),
(295, 1, 4, 'moodle/tag:editblocks', 1, 1359214485, 0),
(296, 1, 3, 'moodle/tag:editblocks', 1, 1359214485, 0),
(297, 1, 1, 'moodle/tag:editblocks', 1, 1359214485, 0),
(298, 1, 6, 'moodle/block:view', 1, 1359214485, 0),
(299, 1, 7, 'moodle/block:view', 1, 1359214485, 0),
(300, 1, 5, 'moodle/block:view', 1, 1359214485, 0),
(301, 1, 4, 'moodle/block:view', 1, 1359214485, 0),
(302, 1, 3, 'moodle/block:view', 1, 1359214485, 0),
(303, 1, 3, 'moodle/block:edit', 1, 1359214485, 0),
(304, 1, 1, 'moodle/block:edit', 1, 1359214485, 0),
(305, 1, 7, 'moodle/portfolio:export', 1, 1359214485, 0),
(306, 1, 5, 'moodle/portfolio:export', 1, 1359214485, 0),
(307, 1, 4, 'moodle/portfolio:export', 1, 1359214485, 0),
(308, 1, 3, 'moodle/portfolio:export', 1, 1359214485, 0),
(309, 1, 8, 'moodle/comment:view', 1, 1359214485, 0),
(310, 1, 6, 'moodle/comment:view', 1, 1359214485, 0),
(311, 1, 7, 'moodle/comment:view', 1, 1359214485, 0),
(312, 1, 5, 'moodle/comment:view', 1, 1359214485, 0),
(313, 1, 4, 'moodle/comment:view', 1, 1359214485, 0),
(314, 1, 3, 'moodle/comment:view', 1, 1359214485, 0),
(315, 1, 1, 'moodle/comment:view', 1, 1359214485, 0),
(316, 1, 7, 'moodle/comment:post', 1, 1359214485, 0),
(317, 1, 5, 'moodle/comment:post', 1, 1359214485, 0),
(318, 1, 4, 'moodle/comment:post', 1, 1359214485, 0),
(319, 1, 3, 'moodle/comment:post', 1, 1359214485, 0),
(320, 1, 1, 'moodle/comment:post', 1, 1359214485, 0),
(321, 1, 3, 'moodle/comment:delete', 1, 1359214485, 0),
(322, 1, 1, 'moodle/comment:delete', 1, 1359214485, 0),
(323, 1, 1, 'moodle/webservice:createtoken', 1, 1359214485, 0),
(324, 1, 7, 'moodle/webservice:createmobiletoken', 1, 1359214485, 0),
(325, 1, 7, 'moodle/rating:view', 1, 1359214485, 0),
(326, 1, 5, 'moodle/rating:view', 1, 1359214485, 0),
(327, 1, 4, 'moodle/rating:view', 1, 1359214485, 0),
(328, 1, 3, 'moodle/rating:view', 1, 1359214485, 0),
(329, 1, 1, 'moodle/rating:view', 1, 1359214485, 0),
(330, 1, 7, 'moodle/rating:viewany', 1, 1359214485, 0),
(331, 1, 5, 'moodle/rating:viewany', 1, 1359214485, 0),
(332, 1, 4, 'moodle/rating:viewany', 1, 1359214485, 0),
(333, 1, 3, 'moodle/rating:viewany', 1, 1359214485, 0),
(334, 1, 1, 'moodle/rating:viewany', 1, 1359214485, 0),
(335, 1, 7, 'moodle/rating:viewall', 1, 1359214485, 0),
(336, 1, 5, 'moodle/rating:viewall', 1, 1359214485, 0),
(337, 1, 4, 'moodle/rating:viewall', 1, 1359214485, 0),
(338, 1, 3, 'moodle/rating:viewall', 1, 1359214485, 0),
(339, 1, 1, 'moodle/rating:viewall', 1, 1359214485, 0),
(340, 1, 7, 'moodle/rating:rate', 1, 1359214485, 0),
(341, 1, 5, 'moodle/rating:rate', 1, 1359214485, 0),
(342, 1, 4, 'moodle/rating:rate', 1, 1359214485, 0),
(343, 1, 3, 'moodle/rating:rate', 1, 1359214485, 0),
(344, 1, 1, 'moodle/rating:rate', 1, 1359214485, 0),
(345, 1, 1, 'moodle/course:publish', 1, 1359214485, 0),
(346, 1, 4, 'moodle/course:markcomplete', 1, 1359214485, 0),
(347, 1, 3, 'moodle/course:markcomplete', 1, 1359214485, 0),
(348, 1, 1, 'moodle/course:markcomplete', 1, 1359214485, 0),
(349, 1, 1, 'moodle/community:add', 1, 1359214485, 0),
(350, 1, 4, 'moodle/community:add', 1, 1359214485, 0),
(351, 1, 3, 'moodle/community:add', 1, 1359214485, 0),
(352, 1, 1, 'moodle/community:download', 1, 1359214485, 0),
(353, 1, 3, 'moodle/community:download', 1, 1359214485, 0),
(354, 1, 6, 'mod/assign:view', 1, 1359214487, 0),
(355, 1, 5, 'mod/assign:view', 1, 1359214487, 0),
(356, 1, 4, 'mod/assign:view', 1, 1359214487, 0),
(357, 1, 3, 'mod/assign:view', 1, 1359214487, 0),
(358, 1, 1, 'mod/assign:view', 1, 1359214487, 0),
(359, 1, 5, 'mod/assign:submit', 1, 1359214487, 0),
(360, 1, 4, 'mod/assign:grade', 1, 1359214487, 0),
(361, 1, 3, 'mod/assign:grade', 1, 1359214487, 0),
(362, 1, 1, 'mod/assign:grade', 1, 1359214487, 0),
(363, 1, 4, 'mod/assign:exportownsubmission', 1, 1359214487, 0),
(364, 1, 3, 'mod/assign:exportownsubmission', 1, 1359214487, 0),
(365, 1, 1, 'mod/assign:exportownsubmission', 1, 1359214487, 0),
(366, 1, 5, 'mod/assign:exportownsubmission', 1, 1359214487, 0),
(367, 1, 3, 'mod/assign:addinstance', 1, 1359214487, 0),
(368, 1, 1, 'mod/assign:addinstance', 1, 1359214487, 0),
(369, 1, 4, 'mod/assign:grantextension', 1, 1359214487, 0),
(370, 1, 3, 'mod/assign:grantextension', 1, 1359214487, 0),
(371, 1, 1, 'mod/assign:grantextension', 1, 1359214487, 0),
(372, 1, 3, 'mod/assign:revealidentities', 1, 1359214487, 0),
(373, 1, 1, 'mod/assign:revealidentities', 1, 1359214487, 0),
(374, 1, 6, 'mod/assignment:view', 1, 1359214487, 0),
(375, 1, 5, 'mod/assignment:view', 1, 1359214487, 0),
(376, 1, 4, 'mod/assignment:view', 1, 1359214487, 0),
(377, 1, 3, 'mod/assignment:view', 1, 1359214487, 0),
(378, 1, 1, 'mod/assignment:view', 1, 1359214487, 0),
(379, 1, 3, 'mod/assignment:addinstance', 1, 1359214487, 0),
(380, 1, 1, 'mod/assignment:addinstance', 1, 1359214487, 0),
(381, 1, 5, 'mod/assignment:submit', 1, 1359214487, 0),
(382, 1, 4, 'mod/assignment:grade', 1, 1359214487, 0),
(383, 1, 3, 'mod/assignment:grade', 1, 1359214487, 0),
(384, 1, 1, 'mod/assignment:grade', 1, 1359214487, 0),
(385, 1, 4, 'mod/assignment:exportownsubmission', 1, 1359214487, 0),
(386, 1, 3, 'mod/assignment:exportownsubmission', 1, 1359214487, 0),
(387, 1, 1, 'mod/assignment:exportownsubmission', 1, 1359214487, 0),
(388, 1, 5, 'mod/assignment:exportownsubmission', 1, 1359214487, 0),
(389, 1, 3, 'mod/book:addinstance', 1, 1359214487, 0),
(390, 1, 1, 'mod/book:addinstance', 1, 1359214487, 0),
(391, 1, 6, 'mod/book:read', 1, 1359214487, 0),
(392, 1, 8, 'mod/book:read', 1, 1359214487, 0),
(393, 1, 5, 'mod/book:read', 1, 1359214487, 0),
(394, 1, 4, 'mod/book:read', 1, 1359214487, 0),
(395, 1, 3, 'mod/book:read', 1, 1359214487, 0),
(396, 1, 1, 'mod/book:read', 1, 1359214487, 0),
(397, 1, 4, 'mod/book:viewhiddenchapters', 1, 1359214487, 0),
(398, 1, 3, 'mod/book:viewhiddenchapters', 1, 1359214487, 0),
(399, 1, 1, 'mod/book:viewhiddenchapters', 1, 1359214487, 0),
(400, 1, 3, 'mod/book:edit', 1, 1359214487, 0),
(401, 1, 1, 'mod/book:edit', 1, 1359214487, 0),
(402, 1, 3, 'mod/chat:addinstance', 1, 1359214487, 0),
(403, 1, 1, 'mod/chat:addinstance', 1, 1359214487, 0),
(404, 1, 5, 'mod/chat:chat', 1, 1359214487, 0),
(405, 1, 4, 'mod/chat:chat', 1, 1359214487, 0),
(406, 1, 3, 'mod/chat:chat', 1, 1359214487, 0),
(407, 1, 1, 'mod/chat:chat', 1, 1359214487, 0),
(408, 1, 5, 'mod/chat:readlog', 1, 1359214487, 0),
(409, 1, 4, 'mod/chat:readlog', 1, 1359214487, 0),
(410, 1, 3, 'mod/chat:readlog', 1, 1359214487, 0),
(411, 1, 1, 'mod/chat:readlog', 1, 1359214487, 0),
(412, 1, 4, 'mod/chat:deletelog', 1, 1359214487, 0),
(413, 1, 3, 'mod/chat:deletelog', 1, 1359214487, 0),
(414, 1, 1, 'mod/chat:deletelog', 1, 1359214487, 0),
(415, 1, 4, 'mod/chat:exportparticipatedsession', 1, 1359214487, 0),
(416, 1, 3, 'mod/chat:exportparticipatedsession', 1, 1359214487, 0),
(417, 1, 1, 'mod/chat:exportparticipatedsession', 1, 1359214487, 0),
(418, 1, 4, 'mod/chat:exportsession', 1, 1359214487, 0),
(419, 1, 3, 'mod/chat:exportsession', 1, 1359214487, 0),
(420, 1, 1, 'mod/chat:exportsession', 1, 1359214488, 0),
(421, 1, 3, 'mod/choice:addinstance', 1, 1359214488, 0),
(422, 1, 1, 'mod/choice:addinstance', 1, 1359214488, 0),
(423, 1, 5, 'mod/choice:choose', 1, 1359214488, 0),
(424, 1, 4, 'mod/choice:choose', 1, 1359214488, 0),
(425, 1, 3, 'mod/choice:choose', 1, 1359214488, 0),
(426, 1, 4, 'mod/choice:readresponses', 1, 1359214488, 0),
(427, 1, 3, 'mod/choice:readresponses', 1, 1359214488, 0),
(428, 1, 1, 'mod/choice:readresponses', 1, 1359214488, 0),
(429, 1, 4, 'mod/choice:deleteresponses', 1, 1359214488, 0),
(430, 1, 3, 'mod/choice:deleteresponses', 1, 1359214488, 0),
(431, 1, 1, 'mod/choice:deleteresponses', 1, 1359214488, 0),
(432, 1, 4, 'mod/choice:downloadresponses', 1, 1359214488, 0),
(433, 1, 3, 'mod/choice:downloadresponses', 1, 1359214488, 0),
(434, 1, 1, 'mod/choice:downloadresponses', 1, 1359214488, 0),
(435, 1, 3, 'mod/data:addinstance', 1, 1359214488, 0),
(436, 1, 1, 'mod/data:addinstance', 1, 1359214488, 0),
(437, 1, 8, 'mod/data:viewentry', 1, 1359214488, 0),
(438, 1, 6, 'mod/data:viewentry', 1, 1359214488, 0),
(439, 1, 5, 'mod/data:viewentry', 1, 1359214488, 0),
(440, 1, 4, 'mod/data:viewentry', 1, 1359214488, 0),
(441, 1, 3, 'mod/data:viewentry', 1, 1359214488, 0),
(442, 1, 1, 'mod/data:viewentry', 1, 1359214488, 0),
(443, 1, 5, 'mod/data:writeentry', 1, 1359214488, 0),
(444, 1, 4, 'mod/data:writeentry', 1, 1359214488, 0),
(445, 1, 3, 'mod/data:writeentry', 1, 1359214488, 0),
(446, 1, 1, 'mod/data:writeentry', 1, 1359214488, 0),
(447, 1, 5, 'mod/data:comment', 1, 1359214488, 0),
(448, 1, 4, 'mod/data:comment', 1, 1359214488, 0),
(449, 1, 3, 'mod/data:comment', 1, 1359214488, 0),
(450, 1, 1, 'mod/data:comment', 1, 1359214488, 0),
(451, 1, 4, 'mod/data:rate', 1, 1359214488, 0),
(452, 1, 3, 'mod/data:rate', 1, 1359214488, 0),
(453, 1, 1, 'mod/data:rate', 1, 1359214488, 0),
(454, 1, 4, 'mod/data:viewrating', 1, 1359214488, 0),
(455, 1, 3, 'mod/data:viewrating', 1, 1359214488, 0),
(456, 1, 1, 'mod/data:viewrating', 1, 1359214488, 0),
(457, 1, 4, 'mod/data:viewanyrating', 1, 1359214488, 0),
(458, 1, 3, 'mod/data:viewanyrating', 1, 1359214488, 0),
(459, 1, 1, 'mod/data:viewanyrating', 1, 1359214488, 0),
(460, 1, 4, 'mod/data:viewallratings', 1, 1359214488, 0),
(461, 1, 3, 'mod/data:viewallratings', 1, 1359214488, 0),
(462, 1, 1, 'mod/data:viewallratings', 1, 1359214488, 0),
(463, 1, 4, 'mod/data:approve', 1, 1359214488, 0),
(464, 1, 3, 'mod/data:approve', 1, 1359214488, 0),
(465, 1, 1, 'mod/data:approve', 1, 1359214488, 0),
(466, 1, 4, 'mod/data:manageentries', 1, 1359214488, 0),
(467, 1, 3, 'mod/data:manageentries', 1, 1359214488, 0),
(468, 1, 1, 'mod/data:manageentries', 1, 1359214488, 0),
(469, 1, 4, 'mod/data:managecomments', 1, 1359214488, 0),
(470, 1, 3, 'mod/data:managecomments', 1, 1359214488, 0),
(471, 1, 1, 'mod/data:managecomments', 1, 1359214488, 0),
(472, 1, 3, 'mod/data:managetemplates', 1, 1359214488, 0),
(473, 1, 1, 'mod/data:managetemplates', 1, 1359214488, 0),
(474, 1, 4, 'mod/data:viewalluserpresets', 1, 1359214488, 0),
(475, 1, 3, 'mod/data:viewalluserpresets', 1, 1359214488, 0),
(476, 1, 1, 'mod/data:viewalluserpresets', 1, 1359214488, 0),
(477, 1, 1, 'mod/data:manageuserpresets', 1, 1359214488, 0),
(478, 1, 1, 'mod/data:exportentry', 1, 1359214488, 0),
(479, 1, 4, 'mod/data:exportentry', 1, 1359214488, 0),
(480, 1, 3, 'mod/data:exportentry', 1, 1359214488, 0),
(481, 1, 1, 'mod/data:exportownentry', 1, 1359214488, 0),
(482, 1, 4, 'mod/data:exportownentry', 1, 1359214488, 0),
(483, 1, 3, 'mod/data:exportownentry', 1, 1359214488, 0),
(484, 1, 5, 'mod/data:exportownentry', 1, 1359214488, 0),
(485, 1, 1, 'mod/data:exportallentries', 1, 1359214488, 0),
(486, 1, 4, 'mod/data:exportallentries', 1, 1359214488, 0),
(487, 1, 3, 'mod/data:exportallentries', 1, 1359214488, 0),
(488, 1, 1, 'mod/data:exportuserinfo', 1, 1359214488, 0),
(489, 1, 4, 'mod/data:exportuserinfo', 1, 1359214488, 0),
(490, 1, 3, 'mod/data:exportuserinfo', 1, 1359214488, 0),
(491, 1, 3, 'mod/feedback:addinstance', 1, 1359214488, 0),
(492, 1, 1, 'mod/feedback:addinstance', 1, 1359214488, 0),
(493, 1, 6, 'mod/feedback:view', 1, 1359214488, 0),
(494, 1, 5, 'mod/feedback:view', 1, 1359214488, 0),
(495, 1, 4, 'mod/feedback:view', 1, 1359214488, 0),
(496, 1, 3, 'mod/feedback:view', 1, 1359214488, 0),
(497, 1, 1, 'mod/feedback:view', 1, 1359214488, 0),
(498, 1, 5, 'mod/feedback:complete', 1, 1359214488, 0),
(499, 1, 5, 'mod/feedback:viewanalysepage', 1, 1359214488, 0),
(500, 1, 3, 'mod/feedback:viewanalysepage', 1, 1359214488, 0),
(501, 1, 1, 'mod/feedback:viewanalysepage', 1, 1359214488, 0),
(502, 1, 3, 'mod/feedback:deletesubmissions', 1, 1359214488, 0),
(503, 1, 1, 'mod/feedback:deletesubmissions', 1, 1359214488, 0),
(504, 1, 1, 'mod/feedback:mapcourse', 1, 1359214488, 0),
(505, 1, 3, 'mod/feedback:edititems', 1, 1359214488, 0),
(506, 1, 1, 'mod/feedback:edititems', 1, 1359214488, 0),
(507, 1, 3, 'mod/feedback:createprivatetemplate', 1, 1359214488, 0),
(508, 1, 1, 'mod/feedback:createprivatetemplate', 1, 1359214488, 0),
(509, 1, 3, 'mod/feedback:createpublictemplate', 1, 1359214488, 0),
(510, 1, 1, 'mod/feedback:createpublictemplate', 1, 1359214488, 0),
(511, 1, 3, 'mod/feedback:deletetemplate', 1, 1359214488, 0),
(512, 1, 1, 'mod/feedback:deletetemplate', 1, 1359214488, 0),
(513, 1, 4, 'mod/feedback:viewreports', 1, 1359214488, 0),
(514, 1, 3, 'mod/feedback:viewreports', 1, 1359214488, 0),
(515, 1, 1, 'mod/feedback:viewreports', 1, 1359214488, 0),
(516, 1, 4, 'mod/feedback:receivemail', 1, 1359214488, 0),
(517, 1, 3, 'mod/feedback:receivemail', 1, 1359214488, 0),
(518, 1, 3, 'mod/folder:addinstance', 1, 1359214488, 0),
(519, 1, 1, 'mod/folder:addinstance', 1, 1359214488, 0),
(520, 1, 6, 'mod/folder:view', 1, 1359214488, 0),
(521, 1, 7, 'mod/folder:view', 1, 1359214488, 0),
(522, 1, 3, 'mod/folder:managefiles', 1, 1359214488, 0),
(523, 1, 3, 'mod/forum:addinstance', 1, 1359214488, 0),
(524, 1, 1, 'mod/forum:addinstance', 1, 1359214488, 0),
(525, 1, 8, 'mod/forum:viewdiscussion', 1, 1359214488, 0),
(526, 1, 6, 'mod/forum:viewdiscussion', 1, 1359214488, 0),
(527, 1, 5, 'mod/forum:viewdiscussion', 1, 1359214488, 0),
(528, 1, 4, 'mod/forum:viewdiscussion', 1, 1359214488, 0),
(529, 1, 3, 'mod/forum:viewdiscussion', 1, 1359214488, 0),
(530, 1, 1, 'mod/forum:viewdiscussion', 1, 1359214488, 0),
(531, 1, 4, 'mod/forum:viewhiddentimedposts', 1, 1359214488, 0),
(532, 1, 3, 'mod/forum:viewhiddentimedposts', 1, 1359214488, 0),
(533, 1, 1, 'mod/forum:viewhiddentimedposts', 1, 1359214488, 0),
(534, 1, 5, 'mod/forum:startdiscussion', 1, 1359214488, 0),
(535, 1, 4, 'mod/forum:startdiscussion', 1, 1359214488, 0),
(536, 1, 3, 'mod/forum:startdiscussion', 1, 1359214488, 0),
(537, 1, 1, 'mod/forum:startdiscussion', 1, 1359214488, 0),
(538, 1, 5, 'mod/forum:replypost', 1, 1359214488, 0),
(539, 1, 4, 'mod/forum:replypost', 1, 1359214488, 0),
(540, 1, 3, 'mod/forum:replypost', 1, 1359214488, 0),
(541, 1, 1, 'mod/forum:replypost', 1, 1359214488, 0),
(542, 1, 4, 'mod/forum:addnews', 1, 1359214488, 0),
(543, 1, 3, 'mod/forum:addnews', 1, 1359214488, 0),
(544, 1, 1, 'mod/forum:addnews', 1, 1359214488, 0),
(545, 1, 4, 'mod/forum:replynews', 1, 1359214488, 0),
(546, 1, 3, 'mod/forum:replynews', 1, 1359214488, 0),
(547, 1, 1, 'mod/forum:replynews', 1, 1359214488, 0),
(548, 1, 5, 'mod/forum:viewrating', 1, 1359214488, 0),
(549, 1, 4, 'mod/forum:viewrating', 1, 1359214488, 0),
(550, 1, 3, 'mod/forum:viewrating', 1, 1359214488, 0),
(551, 1, 1, 'mod/forum:viewrating', 1, 1359214488, 0),
(552, 1, 4, 'mod/forum:viewanyrating', 1, 1359214488, 0),
(553, 1, 3, 'mod/forum:viewanyrating', 1, 1359214488, 0),
(554, 1, 1, 'mod/forum:viewanyrating', 1, 1359214488, 0),
(555, 1, 4, 'mod/forum:viewallratings', 1, 1359214488, 0),
(556, 1, 3, 'mod/forum:viewallratings', 1, 1359214488, 0),
(557, 1, 1, 'mod/forum:viewallratings', 1, 1359214489, 0),
(558, 1, 4, 'mod/forum:rate', 1, 1359214489, 0),
(559, 1, 3, 'mod/forum:rate', 1, 1359214489, 0),
(560, 1, 1, 'mod/forum:rate', 1, 1359214489, 0),
(561, 1, 5, 'mod/forum:createattachment', 1, 1359214489, 0),
(562, 1, 4, 'mod/forum:createattachment', 1, 1359214489, 0),
(563, 1, 3, 'mod/forum:createattachment', 1, 1359214489, 0),
(564, 1, 1, 'mod/forum:createattachment', 1, 1359214489, 0),
(565, 1, 5, 'mod/forum:deleteownpost', 1, 1359214489, 0),
(566, 1, 4, 'mod/forum:deleteownpost', 1, 1359214489, 0),
(567, 1, 3, 'mod/forum:deleteownpost', 1, 1359214489, 0),
(568, 1, 1, 'mod/forum:deleteownpost', 1, 1359214489, 0),
(569, 1, 4, 'mod/forum:deleteanypost', 1, 1359214489, 0),
(570, 1, 3, 'mod/forum:deleteanypost', 1, 1359214489, 0),
(571, 1, 1, 'mod/forum:deleteanypost', 1, 1359214489, 0),
(572, 1, 4, 'mod/forum:splitdiscussions', 1, 1359214489, 0),
(573, 1, 3, 'mod/forum:splitdiscussions', 1, 1359214489, 0),
(574, 1, 1, 'mod/forum:splitdiscussions', 1, 1359214489, 0),
(575, 1, 4, 'mod/forum:movediscussions', 1, 1359214489, 0),
(576, 1, 3, 'mod/forum:movediscussions', 1, 1359214489, 0),
(577, 1, 1, 'mod/forum:movediscussions', 1, 1359214489, 0),
(578, 1, 4, 'mod/forum:editanypost', 1, 1359214489, 0),
(579, 1, 3, 'mod/forum:editanypost', 1, 1359214489, 0),
(580, 1, 1, 'mod/forum:editanypost', 1, 1359214489, 0),
(581, 1, 4, 'mod/forum:viewqandawithoutposting', 1, 1359214489, 0),
(582, 1, 3, 'mod/forum:viewqandawithoutposting', 1, 1359214489, 0),
(583, 1, 1, 'mod/forum:viewqandawithoutposting', 1, 1359214489, 0),
(584, 1, 4, 'mod/forum:viewsubscribers', 1, 1359214489, 0),
(585, 1, 3, 'mod/forum:viewsubscribers', 1, 1359214489, 0),
(586, 1, 1, 'mod/forum:viewsubscribers', 1, 1359214489, 0),
(587, 1, 4, 'mod/forum:managesubscriptions', 1, 1359214489, 0),
(588, 1, 3, 'mod/forum:managesubscriptions', 1, 1359214489, 0),
(589, 1, 1, 'mod/forum:managesubscriptions', 1, 1359214489, 0),
(590, 1, 4, 'mod/forum:postwithoutthrottling', 1, 1359214489, 0),
(591, 1, 3, 'mod/forum:postwithoutthrottling', 1, 1359214489, 0),
(592, 1, 1, 'mod/forum:postwithoutthrottling', 1, 1359214489, 0),
(593, 1, 4, 'mod/forum:exportdiscussion', 1, 1359214489, 0),
(594, 1, 3, 'mod/forum:exportdiscussion', 1, 1359214489, 0),
(595, 1, 1, 'mod/forum:exportdiscussion', 1, 1359214489, 0),
(596, 1, 4, 'mod/forum:exportpost', 1, 1359214489, 0),
(597, 1, 3, 'mod/forum:exportpost', 1, 1359214489, 0),
(598, 1, 1, 'mod/forum:exportpost', 1, 1359214489, 0),
(599, 1, 4, 'mod/forum:exportownpost', 1, 1359214489, 0),
(600, 1, 3, 'mod/forum:exportownpost', 1, 1359214489, 0),
(601, 1, 1, 'mod/forum:exportownpost', 1, 1359214489, 0),
(602, 1, 5, 'mod/forum:exportownpost', 1, 1359214489, 0),
(603, 1, 4, 'mod/forum:addquestion', 1, 1359214489, 0),
(604, 1, 3, 'mod/forum:addquestion', 1, 1359214489, 0),
(605, 1, 1, 'mod/forum:addquestion', 1, 1359214489, 0),
(606, 1, 5, 'mod/forum:allowforcesubscribe', 1, 1359214489, 0),
(607, 1, 4, 'mod/forum:allowforcesubscribe', 1, 1359214489, 0),
(608, 1, 3, 'mod/forum:allowforcesubscribe', 1, 1359214489, 0),
(609, 1, 3, 'mod/glossary:addinstance', 1, 1359214489, 0),
(610, 1, 1, 'mod/glossary:addinstance', 1, 1359214489, 0),
(611, 1, 8, 'mod/glossary:view', 1, 1359214489, 0),
(612, 1, 6, 'mod/glossary:view', 1, 1359214489, 0),
(613, 1, 5, 'mod/glossary:view', 1, 1359214489, 0),
(614, 1, 4, 'mod/glossary:view', 1, 1359214489, 0),
(615, 1, 3, 'mod/glossary:view', 1, 1359214489, 0),
(616, 1, 1, 'mod/glossary:view', 1, 1359214489, 0),
(617, 1, 5, 'mod/glossary:write', 1, 1359214489, 0),
(618, 1, 4, 'mod/glossary:write', 1, 1359214489, 0),
(619, 1, 3, 'mod/glossary:write', 1, 1359214489, 0),
(620, 1, 1, 'mod/glossary:write', 1, 1359214489, 0),
(621, 1, 4, 'mod/glossary:manageentries', 1, 1359214489, 0),
(622, 1, 3, 'mod/glossary:manageentries', 1, 1359214489, 0),
(623, 1, 1, 'mod/glossary:manageentries', 1, 1359214489, 0),
(624, 1, 4, 'mod/glossary:managecategories', 1, 1359214489, 0),
(625, 1, 3, 'mod/glossary:managecategories', 1, 1359214489, 0),
(626, 1, 1, 'mod/glossary:managecategories', 1, 1359214489, 0),
(627, 1, 5, 'mod/glossary:comment', 1, 1359214489, 0),
(628, 1, 4, 'mod/glossary:comment', 1, 1359214489, 0),
(629, 1, 3, 'mod/glossary:comment', 1, 1359214489, 0),
(630, 1, 1, 'mod/glossary:comment', 1, 1359214489, 0),
(631, 1, 4, 'mod/glossary:managecomments', 1, 1359214489, 0),
(632, 1, 3, 'mod/glossary:managecomments', 1, 1359214489, 0),
(633, 1, 1, 'mod/glossary:managecomments', 1, 1359214489, 0),
(634, 1, 4, 'mod/glossary:import', 1, 1359214489, 0),
(635, 1, 3, 'mod/glossary:import', 1, 1359214489, 0),
(636, 1, 1, 'mod/glossary:import', 1, 1359214489, 0),
(637, 1, 4, 'mod/glossary:export', 1, 1359214489, 0),
(638, 1, 3, 'mod/glossary:export', 1, 1359214489, 0),
(639, 1, 1, 'mod/glossary:export', 1, 1359214489, 0),
(640, 1, 4, 'mod/glossary:approve', 1, 1359214489, 0),
(641, 1, 3, 'mod/glossary:approve', 1, 1359214489, 0),
(642, 1, 1, 'mod/glossary:approve', 1, 1359214489, 0),
(643, 1, 4, 'mod/glossary:rate', 1, 1359214489, 0),
(644, 1, 3, 'mod/glossary:rate', 1, 1359214489, 0),
(645, 1, 1, 'mod/glossary:rate', 1, 1359214489, 0),
(646, 1, 4, 'mod/glossary:viewrating', 1, 1359214489, 0),
(647, 1, 3, 'mod/glossary:viewrating', 1, 1359214489, 0),
(648, 1, 1, 'mod/glossary:viewrating', 1, 1359214489, 0),
(649, 1, 4, 'mod/glossary:viewanyrating', 1, 1359214489, 0),
(650, 1, 3, 'mod/glossary:viewanyrating', 1, 1359214489, 0),
(651, 1, 1, 'mod/glossary:viewanyrating', 1, 1359214489, 0),
(652, 1, 4, 'mod/glossary:viewallratings', 1, 1359214489, 0),
(653, 1, 3, 'mod/glossary:viewallratings', 1, 1359214489, 0),
(654, 1, 1, 'mod/glossary:viewallratings', 1, 1359214489, 0),
(655, 1, 4, 'mod/glossary:exportentry', 1, 1359214489, 0),
(656, 1, 3, 'mod/glossary:exportentry', 1, 1359214489, 0),
(657, 1, 1, 'mod/glossary:exportentry', 1, 1359214489, 0),
(658, 1, 4, 'mod/glossary:exportownentry', 1, 1359214489, 0),
(659, 1, 3, 'mod/glossary:exportownentry', 1, 1359214489, 0),
(660, 1, 1, 'mod/glossary:exportownentry', 1, 1359214489, 0),
(661, 1, 5, 'mod/glossary:exportownentry', 1, 1359214489, 0),
(662, 1, 6, 'mod/imscp:view', 1, 1359214489, 0),
(663, 1, 7, 'mod/imscp:view', 1, 1359214489, 0),
(664, 1, 3, 'mod/imscp:addinstance', 1, 1359214489, 0),
(665, 1, 1, 'mod/imscp:addinstance', 1, 1359214489, 0),
(666, 1, 3, 'mod/label:addinstance', 1, 1359214489, 0),
(667, 1, 1, 'mod/label:addinstance', 1, 1359214489, 0),
(668, 1, 3, 'mod/lesson:addinstance', 1, 1359214489, 0),
(669, 1, 1, 'mod/lesson:addinstance', 1, 1359214489, 0),
(670, 1, 3, 'mod/lesson:edit', 1, 1359214489, 0),
(671, 1, 1, 'mod/lesson:edit', 1, 1359214489, 0),
(672, 1, 4, 'mod/lesson:manage', 1, 1359214489, 0),
(673, 1, 3, 'mod/lesson:manage', 1, 1359214489, 0),
(674, 1, 1, 'mod/lesson:manage', 1, 1359214489, 0),
(675, 1, 6, 'mod/lti:view', 1, 1359214489, 0),
(676, 1, 5, 'mod/lti:view', 1, 1359214489, 0),
(677, 1, 4, 'mod/lti:view', 1, 1359214489, 0),
(678, 1, 3, 'mod/lti:view', 1, 1359214489, 0),
(679, 1, 1, 'mod/lti:view', 1, 1359214489, 0),
(680, 1, 3, 'mod/lti:addinstance', 1, 1359214489, 0),
(681, 1, 1, 'mod/lti:addinstance', 1, 1359214489, 0),
(682, 1, 4, 'mod/lti:grade', 1, 1359214489, 0),
(683, 1, 3, 'mod/lti:grade', 1, 1359214489, 0),
(684, 1, 1, 'mod/lti:grade', 1, 1359214489, 0),
(685, 1, 4, 'mod/lti:manage', 1, 1359214489, 0),
(686, 1, 3, 'mod/lti:manage', 1, 1359214489, 0),
(687, 1, 1, 'mod/lti:manage', 1, 1359214489, 0),
(688, 1, 4, 'mod/lti:addcoursetool', 1, 1359214489, 0),
(689, 1, 3, 'mod/lti:addcoursetool', 1, 1359214489, 0),
(690, 1, 1, 'mod/lti:addcoursetool', 1, 1359214489, 0),
(691, 1, 4, 'mod/lti:requesttooladd', 1, 1359214489, 0),
(692, 1, 3, 'mod/lti:requesttooladd', 1, 1359214489, 0),
(693, 1, 1, 'mod/lti:requesttooladd', 1, 1359214489, 0),
(694, 1, 6, 'mod/page:view', 1, 1359214489, 0),
(695, 1, 7, 'mod/page:view', 1, 1359214489, 0),
(696, 1, 3, 'mod/page:addinstance', 1, 1359214489, 0),
(697, 1, 1, 'mod/page:addinstance', 1, 1359214489, 0),
(698, 1, 6, 'mod/quiz:view', 1, 1359214490, 0),
(699, 1, 5, 'mod/quiz:view', 1, 1359214490, 0),
(700, 1, 4, 'mod/quiz:view', 1, 1359214490, 0),
(701, 1, 3, 'mod/quiz:view', 1, 1359214490, 0),
(702, 1, 1, 'mod/quiz:view', 1, 1359214490, 0),
(703, 1, 3, 'mod/quiz:addinstance', 1, 1359214490, 0),
(704, 1, 1, 'mod/quiz:addinstance', 1, 1359214490, 0),
(705, 1, 5, 'mod/quiz:attempt', 1, 1359214490, 0),
(706, 1, 5, 'mod/quiz:reviewmyattempts', 1, 1359214490, 0),
(707, 1, 3, 'mod/quiz:manage', 1, 1359214490, 0),
(708, 1, 1, 'mod/quiz:manage', 1, 1359214490, 0),
(709, 1, 3, 'mod/quiz:manageoverrides', 1, 1359214490, 0),
(710, 1, 1, 'mod/quiz:manageoverrides', 1, 1359214490, 0),
(711, 1, 4, 'mod/quiz:preview', 1, 1359214490, 0),
(712, 1, 3, 'mod/quiz:preview', 1, 1359214490, 0),
(713, 1, 1, 'mod/quiz:preview', 1, 1359214490, 0),
(714, 1, 4, 'mod/quiz:grade', 1, 1359214490, 0),
(715, 1, 3, 'mod/quiz:grade', 1, 1359214490, 0),
(716, 1, 1, 'mod/quiz:grade', 1, 1359214490, 0),
(717, 1, 4, 'mod/quiz:regrade', 1, 1359214490, 0),
(718, 1, 3, 'mod/quiz:regrade', 1, 1359214490, 0),
(719, 1, 1, 'mod/quiz:regrade', 1, 1359214490, 0),
(720, 1, 4, 'mod/quiz:viewreports', 1, 1359214490, 0),
(721, 1, 3, 'mod/quiz:viewreports', 1, 1359214490, 0),
(722, 1, 1, 'mod/quiz:viewreports', 1, 1359214490, 0),
(723, 1, 3, 'mod/quiz:deleteattempts', 1, 1359214490, 0),
(724, 1, 1, 'mod/quiz:deleteattempts', 1, 1359214490, 0),
(725, 1, 6, 'mod/resource:view', 1, 1359214490, 0),
(726, 1, 7, 'mod/resource:view', 1, 1359214490, 0),
(727, 1, 3, 'mod/resource:addinstance', 1, 1359214490, 0),
(728, 1, 1, 'mod/resource:addinstance', 1, 1359214490, 0),
(729, 1, 3, 'mod/scorm:addinstance', 1, 1359214490, 0),
(730, 1, 1, 'mod/scorm:addinstance', 1, 1359214490, 0),
(731, 1, 4, 'mod/scorm:viewreport', 1, 1359214490, 0),
(732, 1, 3, 'mod/scorm:viewreport', 1, 1359214490, 0),
(733, 1, 1, 'mod/scorm:viewreport', 1, 1359214490, 0),
(734, 1, 5, 'mod/scorm:skipview', 1, 1359214490, 0),
(735, 1, 5, 'mod/scorm:savetrack', 1, 1359214490, 0),
(736, 1, 4, 'mod/scorm:savetrack', 1, 1359214490, 0),
(737, 1, 3, 'mod/scorm:savetrack', 1, 1359214490, 0),
(738, 1, 1, 'mod/scorm:savetrack', 1, 1359214490, 0),
(739, 1, 5, 'mod/scorm:viewscores', 1, 1359214490, 0),
(740, 1, 4, 'mod/scorm:viewscores', 1, 1359214490, 0),
(741, 1, 3, 'mod/scorm:viewscores', 1, 1359214490, 0),
(742, 1, 1, 'mod/scorm:viewscores', 1, 1359214490, 0),
(743, 1, 4, 'mod/scorm:deleteresponses', 1, 1359214490, 0),
(744, 1, 3, 'mod/scorm:deleteresponses', 1, 1359214490, 0),
(745, 1, 1, 'mod/scorm:deleteresponses', 1, 1359214490, 0),
(746, 1, 3, 'mod/survey:addinstance', 1, 1359214490, 0),
(747, 1, 1, 'mod/survey:addinstance', 1, 1359214490, 0),
(748, 1, 5, 'mod/survey:participate', 1, 1359214490, 0),
(749, 1, 4, 'mod/survey:participate', 1, 1359214490, 0),
(750, 1, 3, 'mod/survey:participate', 1, 1359214490, 0),
(751, 1, 1, 'mod/survey:participate', 1, 1359214490, 0),
(752, 1, 4, 'mod/survey:readresponses', 1, 1359214490, 0),
(753, 1, 3, 'mod/survey:readresponses', 1, 1359214490, 0),
(754, 1, 1, 'mod/survey:readresponses', 1, 1359214490, 0),
(755, 1, 4, 'mod/survey:download', 1, 1359214490, 0),
(756, 1, 3, 'mod/survey:download', 1, 1359214490, 0),
(757, 1, 1, 'mod/survey:download', 1, 1359214490, 0),
(758, 1, 6, 'mod/url:view', 1, 1359214491, 0),
(759, 1, 7, 'mod/url:view', 1, 1359214491, 0),
(760, 1, 3, 'mod/url:addinstance', 1, 1359214491, 0),
(761, 1, 1, 'mod/url:addinstance', 1, 1359214491, 0),
(762, 1, 3, 'mod/wiki:addinstance', 1, 1359214491, 0),
(763, 1, 1, 'mod/wiki:addinstance', 1, 1359214491, 0),
(764, 1, 6, 'mod/wiki:viewpage', 1, 1359214491, 0),
(765, 1, 5, 'mod/wiki:viewpage', 1, 1359214491, 0),
(766, 1, 4, 'mod/wiki:viewpage', 1, 1359214491, 0),
(767, 1, 3, 'mod/wiki:viewpage', 1, 1359214491, 0),
(768, 1, 1, 'mod/wiki:viewpage', 1, 1359214491, 0),
(769, 1, 5, 'mod/wiki:editpage', 1, 1359214491, 0),
(770, 1, 4, 'mod/wiki:editpage', 1, 1359214491, 0),
(771, 1, 3, 'mod/wiki:editpage', 1, 1359214491, 0),
(772, 1, 1, 'mod/wiki:editpage', 1, 1359214491, 0),
(773, 1, 5, 'mod/wiki:createpage', 1, 1359214491, 0),
(774, 1, 4, 'mod/wiki:createpage', 1, 1359214491, 0),
(775, 1, 3, 'mod/wiki:createpage', 1, 1359214491, 0),
(776, 1, 1, 'mod/wiki:createpage', 1, 1359214491, 0),
(777, 1, 5, 'mod/wiki:viewcomment', 1, 1359214491, 0),
(778, 1, 4, 'mod/wiki:viewcomment', 1, 1359214491, 0),
(779, 1, 3, 'mod/wiki:viewcomment', 1, 1359214491, 0),
(780, 1, 1, 'mod/wiki:viewcomment', 1, 1359214491, 0),
(781, 1, 5, 'mod/wiki:editcomment', 1, 1359214491, 0),
(782, 1, 4, 'mod/wiki:editcomment', 1, 1359214491, 0),
(783, 1, 3, 'mod/wiki:editcomment', 1, 1359214491, 0),
(784, 1, 1, 'mod/wiki:editcomment', 1, 1359214491, 0),
(785, 1, 4, 'mod/wiki:managecomment', 1, 1359214491, 0),
(786, 1, 3, 'mod/wiki:managecomment', 1, 1359214491, 0),
(787, 1, 1, 'mod/wiki:managecomment', 1, 1359214491, 0),
(788, 1, 4, 'mod/wiki:managefiles', 1, 1359214491, 0),
(789, 1, 3, 'mod/wiki:managefiles', 1, 1359214491, 0),
(790, 1, 1, 'mod/wiki:managefiles', 1, 1359214491, 0),
(791, 1, 4, 'mod/wiki:overridelock', 1, 1359214491, 0),
(792, 1, 3, 'mod/wiki:overridelock', 1, 1359214491, 0),
(793, 1, 1, 'mod/wiki:overridelock', 1, 1359214491, 0),
(794, 1, 4, 'mod/wiki:managewiki', 1, 1359214491, 0),
(795, 1, 3, 'mod/wiki:managewiki', 1, 1359214491, 0),
(796, 1, 1, 'mod/wiki:managewiki', 1, 1359214491, 0),
(797, 1, 6, 'mod/workshop:view', 1, 1359214491, 0),
(798, 1, 5, 'mod/workshop:view', 1, 1359214491, 0),
(799, 1, 4, 'mod/workshop:view', 1, 1359214491, 0),
(800, 1, 3, 'mod/workshop:view', 1, 1359214491, 0),
(801, 1, 1, 'mod/workshop:view', 1, 1359214491, 0),
(802, 1, 3, 'mod/workshop:addinstance', 1, 1359214491, 0),
(803, 1, 1, 'mod/workshop:addinstance', 1, 1359214491, 0),
(804, 1, 4, 'mod/workshop:switchphase', 1, 1359214491, 0),
(805, 1, 3, 'mod/workshop:switchphase', 1, 1359214491, 0),
(806, 1, 1, 'mod/workshop:switchphase', 1, 1359214491, 0),
(807, 1, 3, 'mod/workshop:editdimensions', 1, 1359214491, 0),
(808, 1, 1, 'mod/workshop:editdimensions', 1, 1359214491, 0),
(809, 1, 5, 'mod/workshop:submit', 1, 1359214491, 0),
(810, 1, 5, 'mod/workshop:peerassess', 1, 1359214491, 0),
(811, 1, 4, 'mod/workshop:manageexamples', 1, 1359214491, 0),
(812, 1, 3, 'mod/workshop:manageexamples', 1, 1359214491, 0),
(813, 1, 1, 'mod/workshop:manageexamples', 1, 1359214491, 0),
(814, 1, 4, 'mod/workshop:allocate', 1, 1359214491, 0),
(815, 1, 3, 'mod/workshop:allocate', 1, 1359214491, 0),
(816, 1, 1, 'mod/workshop:allocate', 1, 1359214491, 0),
(817, 1, 4, 'mod/workshop:publishsubmissions', 1, 1359214491, 0),
(818, 1, 3, 'mod/workshop:publishsubmissions', 1, 1359214491, 0),
(819, 1, 1, 'mod/workshop:publishsubmissions', 1, 1359214491, 0),
(820, 1, 5, 'mod/workshop:viewauthornames', 1, 1359214491, 0),
(821, 1, 4, 'mod/workshop:viewauthornames', 1, 1359214491, 0),
(822, 1, 3, 'mod/workshop:viewauthornames', 1, 1359214491, 0),
(823, 1, 1, 'mod/workshop:viewauthornames', 1, 1359214491, 0),
(824, 1, 4, 'mod/workshop:viewreviewernames', 1, 1359214491, 0),
(825, 1, 3, 'mod/workshop:viewreviewernames', 1, 1359214491, 0),
(826, 1, 1, 'mod/workshop:viewreviewernames', 1, 1359214491, 0),
(827, 1, 4, 'mod/workshop:viewallsubmissions', 1, 1359214491, 0),
(828, 1, 3, 'mod/workshop:viewallsubmissions', 1, 1359214491, 0),
(829, 1, 1, 'mod/workshop:viewallsubmissions', 1, 1359214491, 0),
(830, 1, 5, 'mod/workshop:viewpublishedsubmissions', 1, 1359214491, 0),
(831, 1, 4, 'mod/workshop:viewpublishedsubmissions', 1, 1359214491, 0),
(832, 1, 3, 'mod/workshop:viewpublishedsubmissions', 1, 1359214491, 0),
(833, 1, 1, 'mod/workshop:viewpublishedsubmissions', 1, 1359214491, 0),
(834, 1, 5, 'mod/workshop:viewauthorpublished', 1, 1359214491, 0),
(835, 1, 4, 'mod/workshop:viewauthorpublished', 1, 1359214491, 0),
(836, 1, 3, 'mod/workshop:viewauthorpublished', 1, 1359214491, 0),
(837, 1, 1, 'mod/workshop:viewauthorpublished', 1, 1359214491, 0),
(838, 1, 4, 'mod/workshop:viewallassessments', 1, 1359214491, 0),
(839, 1, 3, 'mod/workshop:viewallassessments', 1, 1359214491, 0),
(840, 1, 1, 'mod/workshop:viewallassessments', 1, 1359214491, 0),
(841, 1, 4, 'mod/workshop:overridegrades', 1, 1359214491, 0),
(842, 1, 3, 'mod/workshop:overridegrades', 1, 1359214491, 0),
(843, 1, 1, 'mod/workshop:overridegrades', 1, 1359214491, 0),
(844, 1, 4, 'mod/workshop:ignoredeadlines', 1, 1359214491, 0),
(845, 1, 3, 'mod/workshop:ignoredeadlines', 1, 1359214491, 0),
(846, 1, 1, 'mod/workshop:ignoredeadlines', 1, 1359214491, 0),
(847, 1, 1, 'enrol/authorize:config', 1, 1359214492, 0),
(848, 1, 1, 'enrol/authorize:manage', 1, 1359214492, 0),
(849, 1, 3, 'enrol/authorize:manage', 1, 1359214492, 0),
(850, 1, 1, 'enrol/authorize:unenrol', 1, 1359214492, 0),
(851, 1, 1, 'enrol/authorize:managepayments', 1, 1359214492, 0),
(852, 1, 1, 'enrol/authorize:uploadcsv', 1, 1359214492, 0),
(853, 1, 3, 'enrol/cohort:config', 1, 1359214492, 0),
(854, 1, 1, 'enrol/cohort:config', 1, 1359214492, 0),
(855, 1, 1, 'enrol/cohort:unenrol', 1, 1359214492, 0),
(856, 1, 1, 'enrol/database:unenrol', 1, 1359214492, 0),
(857, 1, 1, 'enrol/guest:config', 1, 1359214492, 0),
(858, 1, 3, 'enrol/guest:config', 1, 1359214492, 0),
(859, 1, 1, 'enrol/ldap:manage', 1, 1359214492, 0),
(860, 1, 1, 'enrol/manual:config', 1, 1359214492, 0),
(861, 1, 1, 'enrol/manual:enrol', 1, 1359214492, 0),
(862, 1, 3, 'enrol/manual:enrol', 1, 1359214492, 0),
(863, 1, 1, 'enrol/manual:manage', 1, 1359214492, 0),
(864, 1, 3, 'enrol/manual:manage', 1, 1359214492, 0),
(865, 1, 1, 'enrol/manual:unenrol', 1, 1359214492, 0),
(866, 1, 3, 'enrol/manual:unenrol', 1, 1359214492, 0),
(867, 1, 1, 'enrol/meta:config', 1, 1359214492, 0),
(868, 1, 3, 'enrol/meta:config', 1, 1359214492, 0),
(869, 1, 1, 'enrol/meta:selectaslinked', 1, 1359214492, 0),
(870, 1, 1, 'enrol/meta:unenrol', 1, 1359214492, 0),
(871, 1, 1, 'enrol/paypal:config', 1, 1359214492, 0),
(872, 1, 1, 'enrol/paypal:manage', 1, 1359214492, 0),
(873, 1, 3, 'enrol/paypal:manage', 1, 1359214492, 0),
(874, 1, 1, 'enrol/paypal:unenrol', 1, 1359214492, 0),
(875, 1, 3, 'enrol/self:config', 1, 1359214492, 0),
(876, 1, 1, 'enrol/self:config', 1, 1359214492, 0),
(877, 1, 3, 'enrol/self:manage', 1, 1359214492, 0),
(878, 1, 1, 'enrol/self:manage', 1, 1359214492, 0),
(879, 1, 5, 'enrol/self:unenrolself', 1, 1359214492, 0),
(880, 1, 3, 'enrol/self:unenrol', 1, 1359214492, 0),
(881, 1, 1, 'enrol/self:unenrol', 1, 1359214492, 0),
(882, 1, 3, 'block/activity_modules:addinstance', 1, 1359214492, 0),
(883, 1, 1, 'block/activity_modules:addinstance', 1, 1359214492, 0),
(884, 1, 7, 'block/admin_bookmarks:myaddinstance', 1, 1359214492, 0),
(885, 1, 3, 'block/admin_bookmarks:addinstance', 1, 1359214492, 0),
(886, 1, 1, 'block/admin_bookmarks:addinstance', 1, 1359214492, 0),
(887, 1, 3, 'block/blog_menu:addinstance', 1, 1359214492, 0),
(888, 1, 1, 'block/blog_menu:addinstance', 1, 1359214492, 0),
(889, 1, 3, 'block/blog_recent:addinstance', 1, 1359214492, 0),
(890, 1, 1, 'block/blog_recent:addinstance', 1, 1359214492, 0),
(891, 1, 3, 'block/blog_tags:addinstance', 1, 1359214492, 0),
(892, 1, 1, 'block/blog_tags:addinstance', 1, 1359214492, 0),
(893, 1, 7, 'block/calendar_month:myaddinstance', 1, 1359214492, 0),
(894, 1, 3, 'block/calendar_month:addinstance', 1, 1359214492, 0),
(895, 1, 1, 'block/calendar_month:addinstance', 1, 1359214492, 0),
(896, 1, 7, 'block/calendar_upcoming:myaddinstance', 1, 1359214492, 0),
(897, 1, 3, 'block/calendar_upcoming:addinstance', 1, 1359214492, 0);
INSERT INTO `mdl_role_capabilities` (`id`, `contextid`, `roleid`, `capability`, `permission`, `timemodified`, `modifierid`) VALUES
(898, 1, 1, 'block/calendar_upcoming:addinstance', 1, 1359214493, 0),
(899, 1, 7, 'block/comments:myaddinstance', 1, 1359214493, 0),
(900, 1, 3, 'block/comments:addinstance', 1, 1359214493, 0),
(901, 1, 1, 'block/comments:addinstance', 1, 1359214493, 0),
(902, 1, 7, 'block/community:myaddinstance', 1, 1359214493, 0),
(903, 1, 3, 'block/community:addinstance', 1, 1359214493, 0),
(904, 1, 1, 'block/community:addinstance', 1, 1359214493, 0),
(905, 1, 3, 'block/completionstatus:addinstance', 1, 1359214493, 0),
(906, 1, 1, 'block/completionstatus:addinstance', 1, 1359214493, 0),
(907, 1, 7, 'block/course_list:myaddinstance', 1, 1359214493, 0),
(908, 1, 3, 'block/course_list:addinstance', 1, 1359214493, 0),
(909, 1, 1, 'block/course_list:addinstance', 1, 1359214493, 0),
(910, 1, 7, 'block/course_overview:myaddinstance', 1, 1359214493, 0),
(911, 1, 3, 'block/course_summary:addinstance', 1, 1359214493, 0),
(912, 1, 1, 'block/course_summary:addinstance', 1, 1359214493, 0),
(913, 1, 3, 'block/feedback:addinstance', 1, 1359214493, 0),
(914, 1, 1, 'block/feedback:addinstance', 1, 1359214493, 0),
(915, 1, 3, 'block/glossary_random:addinstance', 1, 1359214493, 0),
(916, 1, 1, 'block/glossary_random:addinstance', 1, 1359214493, 0),
(917, 1, 7, 'block/html:myaddinstance', 1, 1359214493, 0),
(918, 1, 3, 'block/html:addinstance', 1, 1359214493, 0),
(919, 1, 1, 'block/html:addinstance', 1, 1359214493, 0),
(920, 1, 3, 'block/login:addinstance', 1, 1359214493, 0),
(921, 1, 1, 'block/login:addinstance', 1, 1359214493, 0),
(922, 1, 3, 'block/mentees:addinstance', 1, 1359214493, 0),
(923, 1, 1, 'block/mentees:addinstance', 1, 1359214493, 0),
(924, 1, 7, 'block/messages:myaddinstance', 1, 1359214493, 0),
(925, 1, 3, 'block/messages:addinstance', 1, 1359214493, 0),
(926, 1, 1, 'block/messages:addinstance', 1, 1359214493, 0),
(927, 1, 7, 'block/mnet_hosts:myaddinstance', 1, 1359214493, 0),
(928, 1, 3, 'block/mnet_hosts:addinstance', 1, 1359214493, 0),
(929, 1, 1, 'block/mnet_hosts:addinstance', 1, 1359214493, 0),
(930, 1, 7, 'block/myprofile:myaddinstance', 1, 1359214493, 0),
(931, 1, 3, 'block/myprofile:addinstance', 1, 1359214493, 0),
(932, 1, 1, 'block/myprofile:addinstance', 1, 1359214493, 0),
(933, 1, 7, 'block/navigation:myaddinstance', 1, 1359214493, 0),
(934, 1, 3, 'block/navigation:addinstance', 1, 1359214493, 0),
(935, 1, 1, 'block/navigation:addinstance', 1, 1359214493, 0),
(936, 1, 3, 'block/news_items:addinstance', 1, 1359214493, 0),
(937, 1, 1, 'block/news_items:addinstance', 1, 1359214493, 0),
(938, 1, 3, 'block/online_users:addinstance', 1, 1359214493, 0),
(939, 1, 1, 'block/online_users:addinstance', 1, 1359214493, 0),
(940, 1, 7, 'block/online_users:viewlist', 1, 1359214493, 0),
(941, 1, 6, 'block/online_users:viewlist', 1, 1359214493, 0),
(942, 1, 5, 'block/online_users:viewlist', 1, 1359214493, 0),
(943, 1, 4, 'block/online_users:viewlist', 1, 1359214493, 0),
(944, 1, 3, 'block/online_users:viewlist', 1, 1359214493, 0),
(945, 1, 1, 'block/online_users:viewlist', 1, 1359214493, 0),
(946, 1, 3, 'block/participants:addinstance', 1, 1359214493, 0),
(947, 1, 1, 'block/participants:addinstance', 1, 1359214493, 0),
(948, 1, 7, 'block/private_files:myaddinstance', 1, 1359214493, 0),
(949, 1, 3, 'block/private_files:addinstance', 1, 1359214493, 0),
(950, 1, 1, 'block/private_files:addinstance', 1, 1359214493, 0),
(951, 1, 3, 'block/quiz_results:addinstance', 1, 1359214493, 0),
(952, 1, 1, 'block/quiz_results:addinstance', 1, 1359214493, 0),
(953, 1, 3, 'block/recent_activity:addinstance', 1, 1359214493, 0),
(954, 1, 1, 'block/recent_activity:addinstance', 1, 1359214493, 0),
(955, 1, 7, 'block/rss_client:myaddinstance', 1, 1359214493, 0),
(956, 1, 3, 'block/rss_client:addinstance', 1, 1359214493, 0),
(957, 1, 1, 'block/rss_client:addinstance', 1, 1359214493, 0),
(958, 1, 4, 'block/rss_client:manageownfeeds', 1, 1359214493, 0),
(959, 1, 3, 'block/rss_client:manageownfeeds', 1, 1359214493, 0),
(960, 1, 1, 'block/rss_client:manageownfeeds', 1, 1359214493, 0),
(961, 1, 1, 'block/rss_client:manageanyfeeds', 1, 1359214493, 0),
(962, 1, 3, 'block/search_forums:addinstance', 1, 1359214493, 0),
(963, 1, 1, 'block/search_forums:addinstance', 1, 1359214493, 0),
(964, 1, 3, 'block/section_links:addinstance', 1, 1359214493, 0),
(965, 1, 1, 'block/section_links:addinstance', 1, 1359214493, 0),
(966, 1, 3, 'block/selfcompletion:addinstance', 1, 1359214493, 0),
(967, 1, 1, 'block/selfcompletion:addinstance', 1, 1359214493, 0),
(968, 1, 7, 'block/settings:myaddinstance', 1, 1359214493, 0),
(969, 1, 3, 'block/settings:addinstance', 1, 1359214493, 0),
(970, 1, 1, 'block/settings:addinstance', 1, 1359214493, 0),
(971, 1, 3, 'block/site_main_menu:addinstance', 1, 1359214493, 0),
(972, 1, 1, 'block/site_main_menu:addinstance', 1, 1359214493, 0),
(973, 1, 3, 'block/social_activities:addinstance', 1, 1359214493, 0),
(974, 1, 1, 'block/social_activities:addinstance', 1, 1359214493, 0),
(975, 1, 3, 'block/tag_flickr:addinstance', 1, 1359214493, 0),
(976, 1, 1, 'block/tag_flickr:addinstance', 1, 1359214493, 0),
(977, 1, 3, 'block/tag_youtube:addinstance', 1, 1359214493, 0),
(978, 1, 1, 'block/tag_youtube:addinstance', 1, 1359214493, 0),
(979, 1, 7, 'block/tags:myaddinstance', 1, 1359214493, 0),
(980, 1, 3, 'block/tags:addinstance', 1, 1359214493, 0),
(981, 1, 1, 'block/tags:addinstance', 1, 1359214493, 0),
(982, 1, 4, 'report/completion:view', 1, 1359214494, 0),
(983, 1, 3, 'report/completion:view', 1, 1359214494, 0),
(984, 1, 1, 'report/completion:view', 1, 1359214494, 0),
(985, 1, 4, 'report/courseoverview:view', 1, 1359214494, 0),
(986, 1, 3, 'report/courseoverview:view', 1, 1359214494, 0),
(987, 1, 1, 'report/courseoverview:view', 1, 1359214494, 0),
(988, 1, 4, 'report/log:view', 1, 1359214494, 0),
(989, 1, 3, 'report/log:view', 1, 1359214494, 0),
(990, 1, 1, 'report/log:view', 1, 1359214494, 0),
(991, 1, 4, 'report/log:viewtoday', 1, 1359214494, 0),
(992, 1, 3, 'report/log:viewtoday', 1, 1359214494, 0),
(993, 1, 1, 'report/log:viewtoday', 1, 1359214494, 0),
(994, 1, 4, 'report/loglive:view', 1, 1359214494, 0),
(995, 1, 3, 'report/loglive:view', 1, 1359214494, 0),
(996, 1, 1, 'report/loglive:view', 1, 1359214494, 0),
(997, 1, 4, 'report/outline:view', 1, 1359214494, 0),
(998, 1, 3, 'report/outline:view', 1, 1359214494, 0),
(999, 1, 1, 'report/outline:view', 1, 1359214494, 0),
(1000, 1, 4, 'report/participation:view', 1, 1359214494, 0),
(1001, 1, 3, 'report/participation:view', 1, 1359214494, 0),
(1002, 1, 1, 'report/participation:view', 1, 1359214494, 0),
(1003, 1, 4, 'report/progress:view', 1, 1359214494, 0),
(1004, 1, 3, 'report/progress:view', 1, 1359214494, 0),
(1005, 1, 1, 'report/progress:view', 1, 1359214494, 0),
(1006, 1, 1, 'report/security:view', 1, 1359214494, 0),
(1007, 1, 4, 'report/stats:view', 1, 1359214494, 0),
(1008, 1, 3, 'report/stats:view', 1, 1359214494, 0),
(1009, 1, 1, 'report/stats:view', 1, 1359214494, 0),
(1010, 1, 4, 'gradeexport/ods:view', 1, 1359214494, 0),
(1011, 1, 3, 'gradeexport/ods:view', 1, 1359214494, 0),
(1012, 1, 1, 'gradeexport/ods:view', 1, 1359214494, 0),
(1013, 1, 1, 'gradeexport/ods:publish', 1, 1359214494, 0),
(1014, 1, 4, 'gradeexport/txt:view', 1, 1359214494, 0),
(1015, 1, 3, 'gradeexport/txt:view', 1, 1359214494, 0),
(1016, 1, 1, 'gradeexport/txt:view', 1, 1359214494, 0),
(1017, 1, 1, 'gradeexport/txt:publish', 1, 1359214494, 0),
(1018, 1, 4, 'gradeexport/xls:view', 1, 1359214494, 0),
(1019, 1, 3, 'gradeexport/xls:view', 1, 1359214494, 0),
(1020, 1, 1, 'gradeexport/xls:view', 1, 1359214494, 0),
(1021, 1, 1, 'gradeexport/xls:publish', 1, 1359214494, 0),
(1022, 1, 4, 'gradeexport/xml:view', 1, 1359214494, 0),
(1023, 1, 3, 'gradeexport/xml:view', 1, 1359214494, 0),
(1024, 1, 1, 'gradeexport/xml:view', 1, 1359214494, 0),
(1025, 1, 1, 'gradeexport/xml:publish', 1, 1359214494, 0),
(1026, 1, 3, 'gradeimport/csv:view', 1, 1359214494, 0),
(1027, 1, 1, 'gradeimport/csv:view', 1, 1359214494, 0),
(1028, 1, 3, 'gradeimport/xml:view', 1, 1359214494, 0),
(1029, 1, 1, 'gradeimport/xml:view', 1, 1359214494, 0),
(1030, 1, 1, 'gradeimport/xml:publish', 1, 1359214494, 0),
(1031, 1, 4, 'gradereport/grader:view', 1, 1359214494, 0),
(1032, 1, 3, 'gradereport/grader:view', 1, 1359214494, 0),
(1033, 1, 1, 'gradereport/grader:view', 1, 1359214494, 0),
(1034, 1, 4, 'gradereport/outcomes:view', 1, 1359214494, 0),
(1035, 1, 3, 'gradereport/outcomes:view', 1, 1359214494, 0),
(1036, 1, 1, 'gradereport/outcomes:view', 1, 1359214494, 0),
(1037, 1, 5, 'gradereport/overview:view', 1, 1359214494, 0),
(1038, 1, 1, 'gradereport/overview:view', 1, 1359214494, 0),
(1039, 1, 5, 'gradereport/user:view', 1, 1359214494, 0),
(1040, 1, 4, 'gradereport/user:view', 1, 1359214494, 0),
(1041, 1, 3, 'gradereport/user:view', 1, 1359214494, 0),
(1042, 1, 1, 'gradereport/user:view', 1, 1359214494, 0),
(1043, 1, 7, 'repository/alfresco:view', 1, 1359214495, 0),
(1044, 1, 7, 'repository/boxnet:view', 1, 1359214495, 0),
(1045, 1, 2, 'repository/coursefiles:view', 1, 1359214495, 0),
(1046, 1, 4, 'repository/coursefiles:view', 1, 1359214495, 0),
(1047, 1, 3, 'repository/coursefiles:view', 1, 1359214495, 0),
(1048, 1, 1, 'repository/coursefiles:view', 1, 1359214495, 0),
(1049, 1, 7, 'repository/dropbox:view', 1, 1359214495, 0),
(1050, 1, 7, 'repository/equella:view', 1, 1359214495, 0),
(1051, 1, 2, 'repository/filesystem:view', 1, 1359214495, 0),
(1052, 1, 4, 'repository/filesystem:view', 1, 1359214495, 0),
(1053, 1, 3, 'repository/filesystem:view', 1, 1359214495, 0),
(1054, 1, 1, 'repository/filesystem:view', 1, 1359214495, 0),
(1055, 1, 7, 'repository/flickr:view', 1, 1359214495, 0),
(1056, 1, 7, 'repository/flickr_public:view', 1, 1359214495, 0),
(1057, 1, 7, 'repository/googledocs:view', 1, 1359214495, 0),
(1058, 1, 2, 'repository/local:view', 1, 1359214495, 0),
(1059, 1, 4, 'repository/local:view', 1, 1359214495, 0),
(1060, 1, 3, 'repository/local:view', 1, 1359214495, 0),
(1061, 1, 1, 'repository/local:view', 1, 1359214495, 0),
(1062, 1, 7, 'repository/merlot:view', 1, 1359214495, 0),
(1063, 1, 7, 'repository/picasa:view', 1, 1359214495, 0),
(1064, 1, 7, 'repository/recent:view', 1, 1359214495, 0),
(1065, 1, 7, 'repository/s3:view', 1, 1359214495, 0),
(1066, 1, 7, 'repository/upload:view', 1, 1359214495, 0),
(1067, 1, 7, 'repository/url:view', 1, 1359214495, 0),
(1068, 1, 7, 'repository/user:view', 1, 1359214495, 0),
(1069, 1, 2, 'repository/webdav:view', 1, 1359214495, 0),
(1070, 1, 4, 'repository/webdav:view', 1, 1359214495, 0),
(1071, 1, 3, 'repository/webdav:view', 1, 1359214495, 0),
(1072, 1, 1, 'repository/webdav:view', 1, 1359214495, 0),
(1073, 1, 7, 'repository/wikimedia:view', 1, 1359214495, 0),
(1074, 1, 7, 'repository/youtube:view', 1, 1359214495, 0),
(1075, 1, 1, 'tool/customlang:view', 1, 1359214496, 0),
(1076, 1, 1, 'tool/customlang:edit', 1, 1359214496, 0),
(1077, 1, 3, 'booktool/importhtml:import', 1, 1359214497, 0),
(1078, 1, 1, 'booktool/importhtml:import', 1, 1359214497, 0),
(1079, 1, 6, 'booktool/print:print', 1, 1359214497, 0),
(1080, 1, 8, 'booktool/print:print', 1, 1359214497, 0),
(1081, 1, 5, 'booktool/print:print', 1, 1359214497, 0),
(1082, 1, 4, 'booktool/print:print', 1, 1359214497, 0),
(1083, 1, 3, 'booktool/print:print', 1, 1359214497, 0),
(1084, 1, 1, 'booktool/print:print', 1, 1359214497, 0),
(1085, 1, 4, 'quiz/grading:viewstudentnames', 1, 1359214498, 0),
(1086, 1, 3, 'quiz/grading:viewstudentnames', 1, 1359214498, 0),
(1087, 1, 1, 'quiz/grading:viewstudentnames', 1, 1359214498, 0),
(1088, 1, 4, 'quiz/grading:viewidnumber', 1, 1359214498, 0),
(1089, 1, 3, 'quiz/grading:viewidnumber', 1, 1359214498, 0),
(1090, 1, 1, 'quiz/grading:viewidnumber', 1, 1359214498, 0),
(1091, 1, 4, 'quiz/statistics:view', 1, 1359214498, 0),
(1092, 1, 3, 'quiz/statistics:view', 1, 1359214498, 0),
(1093, 1, 1, 'quiz/statistics:view', 1, 1359214498, 0),
(1094, 26, 6, 'mod/chat:chat', 1, 1359216764, 2),
(1095, 26, 6, 'mod/chat:readlog', 1, 1359216954, 2);

-- --------------------------------------------------------

--
-- Table structure for table `mdl_role_context_levels`
--

CREATE TABLE `mdl_role_context_levels` (
  `id` bigint(10) NOT NULL,
  `roleid` bigint(10) NOT NULL,
  `contextlevel` bigint(10) NOT NULL
) ENGINE=InnoDB DEFAULT CHARSET=utf8 COLLATE=utf8_unicode_ci COMMENT='Lists which roles can be assigned at which context levels. T';

--
-- Dumping data for table `mdl_role_context_levels`
--

INSERT INTO `mdl_role_context_levels` (`id`, `roleid`, `contextlevel`) VALUES
(1, 1, 10),
(4, 2, 10),
(2, 1, 40),
(5, 2, 40),
(3, 1, 50),
(6, 3, 50),
(8, 4, 50),
(10, 5, 50),
(7, 3, 70),
(9, 4, 70),
(11, 5, 70);

-- --------------------------------------------------------

--
-- Table structure for table `mdl_role_names`
--

CREATE TABLE `mdl_role_names` (
  `id` bigint(10) NOT NULL,
  `roleid` bigint(10) NOT NULL DEFAULT '0',
  `contextid` bigint(10) NOT NULL DEFAULT '0',
  `name` varchar(255) COLLATE utf8_unicode_ci NOT NULL DEFAULT ''
) ENGINE=InnoDB DEFAULT CHARSET=utf8 COLLATE=utf8_unicode_ci COMMENT='role names in native strings';

-- --------------------------------------------------------

--
-- Table structure for table `mdl_role_sortorder`
--

CREATE TABLE `mdl_role_sortorder` (
  `id` bigint(10) NOT NULL,
  `userid` bigint(10) NOT NULL,
  `roleid` bigint(10) NOT NULL,
  `contextid` bigint(10) NOT NULL,
  `sortoder` bigint(10) NOT NULL
) ENGINE=InnoDB DEFAULT CHARSET=utf8 COLLATE=utf8_unicode_ci COMMENT='sort order of course managers in a course';

-- --------------------------------------------------------

--
-- Table structure for table `mdl_scale`
--

CREATE TABLE `mdl_scale` (
  `id` bigint(10) NOT NULL,
  `courseid` bigint(10) NOT NULL DEFAULT '0',
  `userid` bigint(10) NOT NULL DEFAULT '0',
  `name` varchar(255) COLLATE utf8_unicode_ci NOT NULL DEFAULT '',
  `scale` longtext COLLATE utf8_unicode_ci NOT NULL,
  `description` longtext COLLATE utf8_unicode_ci NOT NULL,
  `descriptionformat` tinyint(2) NOT NULL DEFAULT '0',
  `timemodified` bigint(10) NOT NULL DEFAULT '0'
) ENGINE=InnoDB DEFAULT CHARSET=utf8 COLLATE=utf8_unicode_ci COMMENT='Defines grading scales';

-- --------------------------------------------------------

--
-- Table structure for table `mdl_scale_history`
--

CREATE TABLE `mdl_scale_history` (
  `id` bigint(10) NOT NULL,
  `action` bigint(10) NOT NULL DEFAULT '0',
  `oldid` bigint(10) NOT NULL,
  `source` varchar(255) COLLATE utf8_unicode_ci DEFAULT NULL,
  `timemodified` bigint(10) DEFAULT NULL,
  `loggeduser` bigint(10) DEFAULT NULL,
  `courseid` bigint(10) NOT NULL DEFAULT '0',
  `userid` bigint(10) NOT NULL DEFAULT '0',
  `name` varchar(255) COLLATE utf8_unicode_ci NOT NULL DEFAULT '',
  `scale` longtext COLLATE utf8_unicode_ci NOT NULL,
  `description` longtext COLLATE utf8_unicode_ci NOT NULL
) ENGINE=InnoDB DEFAULT CHARSET=utf8 COLLATE=utf8_unicode_ci COMMENT='History table';

-- --------------------------------------------------------

--
-- Table structure for table `mdl_scorm`
--

CREATE TABLE `mdl_scorm` (
  `id` bigint(10) NOT NULL,
  `course` bigint(10) NOT NULL DEFAULT '0',
  `name` varchar(255) COLLATE utf8_unicode_ci NOT NULL DEFAULT '',
  `scormtype` varchar(50) COLLATE utf8_unicode_ci NOT NULL DEFAULT 'local',
  `reference` varchar(255) COLLATE utf8_unicode_ci NOT NULL DEFAULT '',
  `intro` longtext COLLATE utf8_unicode_ci NOT NULL,
  `introformat` smallint(4) NOT NULL DEFAULT '0',
  `version` varchar(9) COLLATE utf8_unicode_ci NOT NULL DEFAULT '',
  `maxgrade` double NOT NULL DEFAULT '0',
  `grademethod` tinyint(2) NOT NULL DEFAULT '0',
  `whatgrade` bigint(10) NOT NULL DEFAULT '0',
  `maxattempt` bigint(10) NOT NULL DEFAULT '1',
  `forcecompleted` tinyint(1) NOT NULL DEFAULT '1',
  `forcenewattempt` tinyint(1) NOT NULL DEFAULT '0',
  `lastattemptlock` tinyint(1) NOT NULL DEFAULT '0',
  `displayattemptstatus` tinyint(1) NOT NULL DEFAULT '1',
  `displaycoursestructure` tinyint(1) NOT NULL DEFAULT '1',
  `updatefreq` tinyint(1) NOT NULL DEFAULT '0',
  `sha1hash` varchar(40) COLLATE utf8_unicode_ci DEFAULT NULL,
  `md5hash` varchar(32) COLLATE utf8_unicode_ci NOT NULL DEFAULT '',
  `revision` bigint(10) NOT NULL DEFAULT '0',
  `launch` bigint(10) NOT NULL DEFAULT '0',
  `skipview` tinyint(1) NOT NULL DEFAULT '1',
  `hidebrowse` tinyint(1) NOT NULL DEFAULT '0',
  `hidetoc` tinyint(1) NOT NULL DEFAULT '0',
  `hidenav` tinyint(1) NOT NULL DEFAULT '0',
  `auto` tinyint(1) NOT NULL DEFAULT '0',
  `popup` tinyint(1) NOT NULL DEFAULT '0',
  `options` varchar(255) COLLATE utf8_unicode_ci NOT NULL DEFAULT '',
  `width` bigint(10) NOT NULL DEFAULT '100',
  `height` bigint(10) NOT NULL DEFAULT '600',
  `timeopen` bigint(10) NOT NULL DEFAULT '0',
  `timeclose` bigint(10) NOT NULL DEFAULT '0',
  `timemodified` bigint(10) NOT NULL DEFAULT '0',
  `completionstatusrequired` tinyint(1) DEFAULT NULL,
  `completionscorerequired` tinyint(2) DEFAULT NULL
) ENGINE=InnoDB DEFAULT CHARSET=utf8 COLLATE=utf8_unicode_ci COMMENT='each table is one SCORM module and its configuration';

-- --------------------------------------------------------

--
-- Table structure for table `mdl_scorm_aicc_session`
--

CREATE TABLE `mdl_scorm_aicc_session` (
  `id` bigint(10) NOT NULL,
  `userid` bigint(10) NOT NULL DEFAULT '0',
  `scormid` bigint(10) NOT NULL DEFAULT '0',
  `hacpsession` varchar(255) COLLATE utf8_unicode_ci NOT NULL DEFAULT '',
  `scoid` bigint(10) DEFAULT '0',
  `scormmode` varchar(50) COLLATE utf8_unicode_ci DEFAULT NULL,
  `scormstatus` varchar(255) COLLATE utf8_unicode_ci DEFAULT NULL,
  `attempt` bigint(10) DEFAULT NULL,
  `lessonstatus` varchar(255) COLLATE utf8_unicode_ci DEFAULT NULL,
  `sessiontime` varchar(255) COLLATE utf8_unicode_ci DEFAULT NULL,
  `timecreated` bigint(10) NOT NULL DEFAULT '0',
  `timemodified` bigint(10) NOT NULL DEFAULT '0'
) ENGINE=InnoDB DEFAULT CHARSET=utf8 COLLATE=utf8_unicode_ci COMMENT='Used by AICC HACP to store session information';

-- --------------------------------------------------------

--
-- Table structure for table `mdl_scorm_scoes`
--

CREATE TABLE `mdl_scorm_scoes` (
  `id` bigint(10) NOT NULL,
  `scorm` bigint(10) NOT NULL DEFAULT '0',
  `manifest` varchar(255) COLLATE utf8_unicode_ci NOT NULL DEFAULT '',
  `organization` varchar(255) COLLATE utf8_unicode_ci NOT NULL DEFAULT '',
  `parent` varchar(255) COLLATE utf8_unicode_ci NOT NULL DEFAULT '',
  `identifier` varchar(255) COLLATE utf8_unicode_ci NOT NULL DEFAULT '',
  `launch` longtext COLLATE utf8_unicode_ci NOT NULL,
  `scormtype` varchar(5) COLLATE utf8_unicode_ci NOT NULL DEFAULT '',
  `title` varchar(255) COLLATE utf8_unicode_ci NOT NULL DEFAULT ''
) ENGINE=InnoDB DEFAULT CHARSET=utf8 COLLATE=utf8_unicode_ci COMMENT='each SCO part of the SCORM module';

-- --------------------------------------------------------

--
-- Table structure for table `mdl_scorm_scoes_data`
--

CREATE TABLE `mdl_scorm_scoes_data` (
  `id` bigint(10) NOT NULL,
  `scoid` bigint(10) NOT NULL DEFAULT '0',
  `name` varchar(255) COLLATE utf8_unicode_ci NOT NULL DEFAULT '',
  `value` longtext COLLATE utf8_unicode_ci NOT NULL
) ENGINE=InnoDB DEFAULT CHARSET=utf8 COLLATE=utf8_unicode_ci COMMENT='Contains variable data get from packages';

-- --------------------------------------------------------

--
-- Table structure for table `mdl_scorm_scoes_track`
--

CREATE TABLE `mdl_scorm_scoes_track` (
  `id` bigint(10) NOT NULL,
  `userid` bigint(10) NOT NULL DEFAULT '0',
  `scormid` bigint(10) NOT NULL DEFAULT '0',
  `scoid` bigint(10) NOT NULL DEFAULT '0',
  `attempt` bigint(10) NOT NULL DEFAULT '1',
  `element` varchar(255) COLLATE utf8_unicode_ci NOT NULL DEFAULT '',
  `value` longtext COLLATE utf8_unicode_ci NOT NULL,
  `timemodified` bigint(10) NOT NULL DEFAULT '0'
) ENGINE=InnoDB DEFAULT CHARSET=utf8 COLLATE=utf8_unicode_ci COMMENT='to track SCOes';

-- --------------------------------------------------------

--
-- Table structure for table `mdl_scorm_seq_mapinfo`
--

CREATE TABLE `mdl_scorm_seq_mapinfo` (
  `id` bigint(10) NOT NULL,
  `scoid` bigint(10) NOT NULL DEFAULT '0',
  `objectiveid` bigint(10) NOT NULL DEFAULT '0',
  `targetobjectiveid` bigint(10) NOT NULL DEFAULT '0',
  `readsatisfiedstatus` tinyint(1) NOT NULL DEFAULT '1',
  `readnormalizedmeasure` tinyint(1) NOT NULL DEFAULT '1',
  `writesatisfiedstatus` tinyint(1) NOT NULL DEFAULT '0',
  `writenormalizedmeasure` tinyint(1) NOT NULL DEFAULT '0'
) ENGINE=InnoDB DEFAULT CHARSET=utf8 COLLATE=utf8_unicode_ci COMMENT='SCORM2004 objective mapinfo description';

-- --------------------------------------------------------

--
-- Table structure for table `mdl_scorm_seq_objective`
--

CREATE TABLE `mdl_scorm_seq_objective` (
  `id` bigint(10) NOT NULL,
  `scoid` bigint(10) NOT NULL DEFAULT '0',
  `primaryobj` tinyint(1) NOT NULL DEFAULT '0',
  `objectiveid` varchar(255) COLLATE utf8_unicode_ci NOT NULL DEFAULT '',
  `satisfiedbymeasure` tinyint(1) NOT NULL DEFAULT '1',
  `minnormalizedmeasure` float(11,4) NOT NULL DEFAULT '0.0000'
) ENGINE=InnoDB DEFAULT CHARSET=utf8 COLLATE=utf8_unicode_ci COMMENT='SCORM2004 objective description';

-- --------------------------------------------------------

--
-- Table structure for table `mdl_scorm_seq_rolluprule`
--

CREATE TABLE `mdl_scorm_seq_rolluprule` (
  `id` bigint(10) NOT NULL,
  `scoid` bigint(10) NOT NULL DEFAULT '0',
  `childactivityset` varchar(15) COLLATE utf8_unicode_ci NOT NULL DEFAULT '',
  `minimumcount` bigint(10) NOT NULL DEFAULT '0',
  `minimumpercent` float(11,4) NOT NULL DEFAULT '0.0000',
  `conditioncombination` varchar(3) COLLATE utf8_unicode_ci NOT NULL DEFAULT 'all',
  `action` varchar(15) COLLATE utf8_unicode_ci NOT NULL DEFAULT ''
) ENGINE=InnoDB DEFAULT CHARSET=utf8 COLLATE=utf8_unicode_ci COMMENT='SCORM2004 sequencing rule';

-- --------------------------------------------------------

--
-- Table structure for table `mdl_scorm_seq_rolluprulecond`
--

CREATE TABLE `mdl_scorm_seq_rolluprulecond` (
  `id` bigint(10) NOT NULL,
  `scoid` bigint(10) NOT NULL DEFAULT '0',
  `rollupruleid` bigint(10) NOT NULL DEFAULT '0',
  `operator` varchar(5) COLLATE utf8_unicode_ci NOT NULL DEFAULT 'noOp',
  `cond` varchar(25) COLLATE utf8_unicode_ci NOT NULL DEFAULT ''
) ENGINE=InnoDB DEFAULT CHARSET=utf8 COLLATE=utf8_unicode_ci COMMENT='SCORM2004 sequencing rule';

-- --------------------------------------------------------

--
-- Table structure for table `mdl_scorm_seq_rulecond`
--

CREATE TABLE `mdl_scorm_seq_rulecond` (
  `id` bigint(10) NOT NULL,
  `scoid` bigint(10) NOT NULL DEFAULT '0',
  `ruleconditionsid` bigint(10) NOT NULL DEFAULT '0',
  `refrencedobjective` varchar(255) COLLATE utf8_unicode_ci NOT NULL DEFAULT '',
  `measurethreshold` float(11,4) NOT NULL DEFAULT '0.0000',
  `operator` varchar(5) COLLATE utf8_unicode_ci NOT NULL DEFAULT 'noOp',
  `cond` varchar(30) COLLATE utf8_unicode_ci NOT NULL DEFAULT 'always'
) ENGINE=InnoDB DEFAULT CHARSET=utf8 COLLATE=utf8_unicode_ci COMMENT='SCORM2004 rule condition';

-- --------------------------------------------------------

--
-- Table structure for table `mdl_scorm_seq_ruleconds`
--

CREATE TABLE `mdl_scorm_seq_ruleconds` (
  `id` bigint(10) NOT NULL,
  `scoid` bigint(10) NOT NULL DEFAULT '0',
  `conditioncombination` varchar(3) COLLATE utf8_unicode_ci NOT NULL DEFAULT 'all',
  `ruletype` tinyint(2) NOT NULL DEFAULT '0',
  `action` varchar(25) COLLATE utf8_unicode_ci NOT NULL DEFAULT ''
) ENGINE=InnoDB DEFAULT CHARSET=utf8 COLLATE=utf8_unicode_ci COMMENT='SCORM2004 rule conditions';

-- --------------------------------------------------------

--
-- Table structure for table `mdl_sessions`
--

CREATE TABLE `mdl_sessions` (
  `id` bigint(10) NOT NULL,
  `state` bigint(10) NOT NULL DEFAULT '0',
  `sid` varchar(128) COLLATE utf8_unicode_ci NOT NULL DEFAULT '',
  `userid` bigint(10) NOT NULL,
  `sessdata` longtext COLLATE utf8_unicode_ci,
  `timecreated` bigint(10) NOT NULL,
  `timemodified` bigint(10) NOT NULL,
  `firstip` varchar(45) COLLATE utf8_unicode_ci DEFAULT NULL,
  `lastip` varchar(45) COLLATE utf8_unicode_ci DEFAULT NULL
) ENGINE=InnoDB DEFAULT CHARSET=utf8 COLLATE=utf8_unicode_ci COMMENT='Database based session storage - now recommended';

--
-- Dumping data for table `mdl_sessions`
--

INSERT INTO `mdl_sessions` (`id`, `state`, `sid`, `userid`, `sessdata`, `timecreated`, `timemodified`, `firstip`, `lastip`) VALUES
(6, 0, '7a7102bfca4b5d1ca47613d3c2e28e7a', 1, '[encoded data, 5976 characters]', 1359216891, 1359217085, '190.189.40.226', '190.189.40.226'),
(9, 0, '2675d71eeef365ecdda586db719bd773', 5, '[encoded data, 10840 characters]', 1359222318, 1359222630, '190.104.72.202', '190.104.72.202'),
(10, 0, '05b4f8180e177086579f0d129f040e09', 2, '[encoded data, 18808 characters]', 1359226705, 1359231422, '201.213.51.174', '201.213.51.174'),
(16, 0, 'c220d46fadab0418c98ac02a3b5f8224', 0, 'RWRpR0tpSEhGQXBGZkFrQjNqekZWR3l2MzN0cDF6UXg5UDBVTTB3bXRGSjlXZVZjaGRJQ21jejFBRmc2MTc4ZVVRVUp2VHRDYkNOVk8wWHVvMXNuWHp3UE9lY0YzQWZfWjNoMGc4NHVZQy1RUV9uQWljMXdza0RjLVh2Um5ZYkNoSHVfTWZWZUtHZXFpQ1lFR3JjLTBKX1NWaTY1Rk03UEVQWkRsWFl2N3pVTDNod1gwTTF3dWllVjJIZlh3ZHJyaVJwOFlsTFlHa19UdlR3cXNBM09VZ25jcUpjbGZOZ2stQjEzelFnNGY3cXRnVkNscnNvX3JSNjV0NUNNQVU3eXJOckZiQUplTHdObjd0TWRiMmZTcnRiZ2RKRk1OR3dqQ2RUcmx1TTBOV3pHUHpnNnZnQlNPTkhISTROX040U04yV1JMMjZnUmZocHJLQnhHWlY0RWNDNkkydUlqNkd3bUJsMnloeExpenVnVTZGc2puc3psc0JpYnpGN0VOTi02SnRfVkxhYUVpXzhESjZpaHl2UFR1YXAwNEdpemxRUUVxNWJObHM4bTVhSjQtRTdKR0ZDX2RtdnZmZFk1X01EcC1KNGVyVDBwMUZXd01SWDhVMDRYSWlXNWI4RWswOE4zMVZIYXlCWi1jRXNuQlFncVlWRGM2N18tLTlaa19oRExtU3duek9YcmhGMHlWUjAyWktVNlNWQko1U2hGaGlleTFYNlIxaG5fWkdsdTdwTXVfVjBjZDU5WE5IWmVveUNkYko0RjR2YnJnM2Z6ODZpYng1MnEzLTYzRk9fUWRrM1BIa0RhemxLa2xoM3J6eVgyd0s5Z3RqNlBZTmhJS0h4V1pfbkhscVpPdkhIdUFVZkF2UzUzZGEzR1dvTXp1UmdzcXZYZEM5MzhOMU5nbk5YOEQxQ2FiMHl3MGFiX0Rpb2VlamhnTjFiYmVNbF9wX2Zqcm9HWmlEX2xRUmZMUGFTSkJjRjU1UFVVUmVYUkw0bWh0ZnRkeExiOE5WampQdnN4ak9CSlpRZU5aYU9oNGF2SjdmQzdBenNkekJyazlmZmJYdmpob0k3MWdCdHR2VmNGNUpiSlh0QmlMVnJsWTJENHJvNU5FbXRCbGtISGZQRFpNU1gwZWRtcGZRc0ctRkw0WlAybnQ5cXAydmEzaHhoOHBEcV9Keld2ZlJ1ZC1DcHBQRVgzU0laeGhJSEJvUmZ2UlZrdU5xX0dpLW1TeTFLeldRMVZ2OXYwVnJNazVaRWNZdVR5UGx2YXk5QzA4NnRFQXYyN3l0T0pQbXFCM2UyRVYzcV9jX0llenR5TVFjV0lWclZESEwxUXhfdmo4cFVtWE16WHBBVkhpZlBKcVVHSXU2bWhkQmJCa01zOG9ZOWxrWmJ2N3lKS1BrVU05ZEkzVVNaeXluN1NQZ0VmQVU2VUNlR3BzYWxLeEpmZGxUbXFsd09HY0lBaGdpM1RjWDltVVhteHNWX2M4Z21OQ3l2dWhlLXd4aF92UU1VcjBEZXl4UklhbU5vOFBMM3lLdDRlMVk5WXo4MUlBR0RxcV9wM3pJeER0d2FJN1dTQ0ltZE5zSjhLbnY5aGZ2eU56SE0zaFVaak5PMEVBVTlhVmplVjA1RnNMVW9xUGhfVUp6R2Y4MGo1ZS1RVUlFcFlZMG1vS0dqYlF4LTJKU2NFeXJqeVBLNDY1YmdfczdpakRLZE9mNXl3b2hvb29UVnFiREtsdDZDY2VyNkJPN2twU2ZkaFZVbU5OZmQ0d2praTRvbGYxaVIzTHVPa0VBS21nNEppRENOUklxanVFMG1jUWFZMGFmVHFvczA4NGNTa3hXYXFObW5SVUFmYWVGUGZxTjlESjFDQTIycG5paEUyYWwyVjJycUp3d1dLNEVfeHVFai1DVUlhRU9ua2lseG5Ta3lOeU5kUzBlekpfNDF1RWQ3ejFrTXNYcENHaVhFWmM1MUZpOTZWNmdlLXRld1AtQ3laUkltSll6VkRRQWpVaEVCVWY5QXBBd0s5N01tZzFkNnZXSDBzZmc3NE51NEtxVDhxS1M0bHpGWjZMWTNja1lsRUFsOEd3b0ZWcXp3UVEtUFoyWkIwSG0yaW5wdzFtSVAxLWU3ZmZFQmJRNUJNZnVsSlcxU21HZEdRMWx5QkhQSmRhcWhuN3h0Rkw0eWdFS2VmU2ctbGU4TXJNNmMtN3FqOXhmYzVFN09VM3FuSHNkdm1tSm02b3NuQjFLenVINWlKRHZHbEp0ZTRlVmJaMzg1U21scU5zSzlWcGozclZ0S01Ba2x2dzVNUDNsaWU1UDZid3NnYzRKZDh0T29lWFB3Y2lUMmhqRnV3LTQ2ckx1aHpNRnZqeTM2eU1LelRlLUpNWkkySHZ1bzYxeVBuSUE2NUttWGs0WmJiSWFJXzFwNGoza013WmpEUjg4UlVHSGhEdWQ5bFkxT19XZWdPNDJuMF9iaHItLURGanVoU0NpLXZuaUduS1U3SlllNWFrWVVuSGpiV25zR2RYWXRKYVMxVTh6SzZyRFVXeXYtcjRaY2s2d2lvLWZfUUZ1OXcwVldfaU43MS1ZNHhHeW8wam5QUFZ4YlZlOHFtYWRKTURTNVFyellROUZCc0FQczRIMHhvakdYMUYzbHpwRzlvZGNCVHE0MkNmVDNzVVFCdjgzVjJJQU8xdHpyNy1NR043NWYzTEh3dTlLXzZRTVhiQzdScEtxMk5ad1F2Sl9qNWNBRDdGS0FhWUZzN0dkZGltNFFoOEtRX09BLi4=', 1359232182, 1359232183, '190.104.74.66', '190.104.74.66'),
(18, 0, '421ba38381fe8b5178ef7b76a5276fad', 60, '[encoded data, 10728 characters]', 1359233642, 1359233887, '190.195.6.157', '190.195.6.157');
INSERT INTO `mdl_sessions` (`id`, `state`, `sid`, `userid`, `sessdata`, `timecreated`, `timemodified`, `firstip`, `lastip`) VALUES
(19, 0, 'afd4fef246c5fab25b4363050ddaba43', 0, 'NllteW15cXJPamx6R1RZYVlyak1ORnA0XzdLSDlqcUwteFM2STIyRkU5OHFsaG9Vc1hLZWd0WEVnVjZELUdnVXJfM09QMnNTdzZManRuQ1ZmTHRaeVFOTnZkdklkUnBfSkNzQjBrb0xocU56X1ZNdDJ2U01GY29YOVY0NVVVUEw3S19GNWFGSEdjRmZyajVldVBRQUM0QW9iQ0dhb3hJTzJmaFRXb1g1b3NhdEFRekotM0lHc1R3Q0FMZ25pWHAwbldUVG5NdGpfTEwxRGFRMUtHbElhVzI3Qm55RklqemlMdjVnYURaemFMSXdsV3kzcUJ3c1RVbGhTVkFIRkVqYVhxdVVuRWFsTlVDdnJ1UW1SMDZGdmo3Yld6V3B1bnF5N0xSTzRDRkJxeUgtZnVEWnpoYjUwN3dLRUlyZTBHa2N0bVpLU3ktYWsxVThQZW9PdWZqNjB3Nll4aGdWX09FWnU3R3JXcE9iQWUxVWJZYVdpR0ZjMWZiNGRZWWt5Q0Y2eEZYOEpMNHlFZzZ0YWQwQTJSRmJHU29FenRRdkZCZGdUcTRpQUo5d3hJNTNnRFg2U05RY3M0b08tRGN0eWVjUzdHc3pQOG85UGZUdnFtRTVIQnR6dkNHUFNHT2x6aGxTZE9KaWZfUWFtdEthc0xUWHowVVBfclRJSDlTR253UWtoYm1iM1daSEJxMVU1T3VVREQwdHI5NU5JeDZpeVp3VEFGcVJmQjlnUHpvQ2lENV9jQS1TQnNOcDNCVDRweFRRNEJ2SkVXUURtZGMwOHUzTXpya0Fmb181RG5jNHpJeU1ZSHhDVnlqYUdJWGhhUkdkdDlyYmV5dG81U19kYzhYdE1YVFNzcGUyWFNrQUF1YU1YdFdmYnJyNVljSTBud3E3ZDNIYjU5MzdmQTF1Q1JMSHNGZlFDbkVIdVU0MlV1Nk1ndnNLYXAtaXZLdm1SRTZyOFQ1UXBTSkxYSzd5LWRkY3JQMWpkbmhQODA0bWFmZExvUzl6TEREXzhqZnNTaFM0OVBUZ1dZLUlEQ1dkSFBBUWVvSFJELUVxeWpWREdObG1TVGJKSEdRMWFMQ0pUVGN1aWgyOE9pVWhOYWVydkVicjRCR3dIXzAzVjhMVlQzNVVkS3E1eExjNzJLTjAxQnNJRER2NlBBZ0czODNLaDBkR1NOVUM1cnJjZWk1eVFvTGQ2WktfRVpZbF9LSDdBZ0tWR0Z6RDhUMWNVLVZXdnd3Wl85LXAxMEFRQldDc2hTMEphYVdzdUpmaWJwYzBFb05jaFdvalo3WkhCd1llMWxaVnhQT0RyNWhmSmQ2SHVJUWVsYXJ3WTZxSm50bW9JNWdvdXVFS0IzTzNabGg3d01BaXdQaDRJM1UzcFRBbTlwOERsd2Z0TEJPby03N2p0Sk56bVl4QjFLZ19XdWJGeDBic01EUWQtek1ZcE5GNzUwajZQaUU5cjlWNFJ2V0ZPSGwzdS1QVFl2LWhpMWJYdzNMYmVPVlBwVDJUc1ZBLUtiMFNBMXlvNktyMktxMHZTR2FpS3A2cC1keWR3UzVzLTl2Y1FodmNkZUVDX0FqVjlxM2VIcjFLYkJ5WXFvUS0wd0Y0NFVReWYwNExjY2diR2JhalIyT3lMcWVueWFpcHB6Y0JnYXdqVEF3bEloNWZZaE11Z2V6Uk52WnNjY3JFaUltU2dkVGduVHZuaDRQTW9mSHd2OTY3YU5oN2NxZ1NUc0tjeENheFg5ajkyYnFKMHVmU21wYnBkR0FnTFBUOGFpcDJWRWltOE1rVnBsNHNYVlgtU0xoWHBNN0ZUeEFiT3c4N0djeldMSWxSS0pyX0pyU2Q5Vkt1VlJxN3lnTm9XeU5vd08zQ0FiYlpMV1E4QWMzbWhSS2ZhSE5sY1IyTTFjMmQtbnd4TU5GZmRLLWRQTTlROWp3cTBOeS1hUnI5VU1yaHE5ZlhORjNfVGplLVVkRlYwZ1NfT3hTam9fTGtaVWwwQjl2ZWxvV0lBYWVJSDVoeTBLR1p4aVNCX0h3ckwwazB1cVV5UGhyajlRUURzNnlBc0l5SVpSREZlZlRpRzM1SGNoRWpncm1RNjZJZUhSeVU5bE1FTXdzOFNjd3FiUjRPeDZ5cHlPSnRGU0lQOVNqODBmMGlKUmJFQUVJaXphazhneTdFU0pZUTFybEp3THN3SlhQU2F0ME1pLVFpY1d1VW00OTBpQXFoWlo2Q0Y1RWpicmJMa0JDUjZ0VTI3WWpFa0dNWEY0MWNzNjNLOEhpNXZmWF9CeUJ2RUxVdHZfSWhJWFRtSWZ3eHRRSjlvTlQ4eUhnbDBUMjFNWmhlVFM4WlY4MWN5Q3hyazNITEJGZVFaR213MUoxUEl5T1hrdDJZSngzWHFxUnRYTGxHWVZmVjZRTWZpVGpWbVYwbGtxSUdnSmN6eVo2R2JfNXBLcVRuMzFMdU85LThfMkku', 1359247953, 1359247954, '190.104.72.202', '190.104.72.202'),
(22, 0, '1c22a0db9c5d16bdb3b6abbefee2ca31', 0, 'Sy1YUzljQ24tOUZRQUR0TWZhLWphdmJNcS04SVpWSWpLRE1zNk5WV1BhT0JDM21vamZRUEppcThCRVAwVXdtQjUxdF9fbFZlVGxydlZsaXNjbTZhVERZbFlLMXpkMUVVU3c0NFBDeHRzejZkblo3dnRYbTY2ZnoxSzN0V0FkbWFOWGJZQzRjYVM0aHdWWTQ2UUx3d0kzSWYwZERhSkExVF9zQTFYbFRubG54VDRYR3Z0R191MDA2ZXQ2SW9zOWRlN3EtWkttVExIWERPYmZ0YzctUEVBY0VoVEN2eFJPRWhpNEFZX0NVQmNiVWRxeVVMZkc0OU8xWWRyYktSXzJ1UWFFVUxSSnRoZXBGM0VSbFc2eEgxNlhTdmRjWU1sbkFLemttaFpqVFdXWHVyaTVLUnhOOGdGT3R4b2dsRzJBY29yV2ZWQUlYY1h0UHN4YnpPbDhDQUNVYzF4QXczdWJBWXlFVGRXQWlpT3FlbU5yVGYtR0g2V3BLX0hjWm04TzI5YUVFU3drMy1zWDU0V19ld0dMa3BENXFnX2sxc3BNNVFzWldHcHRmaU1nc1RaM25aR3BTM19VVVJNU0l0eXFkMVVucTBLblZkaUg2THAxUUY1MXRmbmdFaDhBS0hhbWdfRVgwVG1Xdjl6bHFCQkIzYktsQVBUSGt5V1lySngyUDBzckdmTFlmam9lc1VOLTlwY3lIRV9vZnNXWWRYSno1TEp6N3FkaU5hakMtMVJGSUJ1alN2WVZBeUlpQUJESmJRMk1Rcy1vSXN6ZldSUHdPWkh5YzZHUExjaVpudHcwODRBQ1NhOFVPUUxONEJWYlE2dzN1YUFEeUtNc0ZtT0NoNGZzVmZSQlRnSm1iRmtxaTJjUVNKZkFidzc4UFVWSEhOWktCRjh1M3RnS28tbTFncXhVMnhKUF9sdnY0UlotMWdNelJTRmQwTDhIQXJNVTJfZVlXODJjeDN2ZGM1Um16MjhBam15dVM4MU9DUE5fVW9uYWFwbEQ2NkVYWUlLQWFsbS1WbWd5NW1kV3dyeHlwb2gyTjRyMXlGdEoyRlF6alRNMG1OcWtjMERlQklqMjVPRXJhRUkxMzN4LTBRZE5pSHRqaXpBSkVnNGFfbjQyRG9IcWtxM3BOVE1iZUpURXlmTGFWcEI2UWNKaThVakhvS2RuSUFReWRpbjhOaW91RzRva2FudmFxZjRLV1VTV015NVdwSEFVbGw3cUtrLVZQeXZrU3FwSmFYeGFzaktfeUREQlhweHVGYTFJbDF4MENEM3BnaHAyT1VfZU1uRHdRcktYMlIxanU1UnlXR1ljYVVyRUcxTDlPcFJjUHgwSUMwSWdGU2stRjBMZjVjTFhiUFlHUkY1cEktbjljbFR3R2hyb1NSd3pGU1BwNEJjWm04dGo1SmlKbzQ2c2NPSXMtV0Q1RmVWVmJ5cVBJQXYtN2Izanl4NXVLbW1QY0VFTWVnQUpBWG1qN0xfXzZ2bFFKVG5RZ0FkX042OTdndmMtc3pFSmg3WElJWnNmeHRmblhaRW9CQzhER1c5XzFhRjNoNFcyYklsOGlyYnp3clBaTmhjTGN0WmdpSVY0ZThlc1M3bXJqcGEwNXNCZzlwUk5Ib3dnUjlJQXRaQXVwdFdEWWR0RDZGbW0zSldTSkpnVHBXWGFwaXJPVjl4SzhhOXN5MElmNUh1VDRVdjRjNGFSYzAtcUZKT3ZjQXI0ZzV2cm02QUFTbHlmcDNPWjM5M1g3TUNLM0hBNks4M0N1NENtSV9kUE8wdDNneDBrbTZrOFdCZGNDVl9zcUx2bXRwMkpJaEwyaDczZVhrcTRiT2lRUm1VT1ZmNkprUExKR09MUW1wY1FraFNFaXFtTDRaUjRlbFVOcEFpck5HSTZkSXNlam5PcEU0SVVsUmZIakwzc25XSUlnTFYzTDVGc1BwSkhIU2N6bExQLS02Mk5OSXVMcTdIZzZIRFVCTzhKY21Wcl9NMlp4bzg0N1hRZnUyTDN1c1gtVEVmak9nbGZEX2thd0VRb2dsUlkzRnBpSm5YSkpocEhoalJXaUVSSVJKVElPQ0RFSEo1Wnh5NUxLVEpEU3Z6a2hieTRVcE5URXI1RVRhMzNUc2pFV2JPUmxOQjFSYXlvcEc0ZFJDUGhPMUViNkdXemRxRFVTcmh4WmI5c0htNmNaNElvVGpvYTYtaHpjSmpIdWx4T2RoTEpTcXVoclFqUGlwY2lndHJwVVNER2pTX2xvR21OWEgtYnU0VkNlYzhFZml5M05sbTdQQ21RMjlBZUQ4akQ5VFY4Z0dKeG5DUlFYenBtMGJ2TEdsdmdqelJuV1VLQjN3c0lGUTZsZzZtcVMtcDRGdG42U0lHWEpTa3Z2NVo4Tno1b3ZEbjc3VkdKVkRaZnRNVG02Zk5Gem9vVlpnS3hlX29XWGx4d1B2cFJXR3duWXJVUEY4bE9KRFFiUENZUTJPNlZUbTZGLWdQR05ETE5KN2lzdXNFWGtCMGtXTHBwblFudjNKZGJZSU5FM1F2bG9DX0Q2X2sya2dWa3lyYlBnMVNrbTR5cEdMWFFNaVZyYWIzTGdoaHZkM1FVNmxIYU9zdk5QVV9lM3Qyb0RTajZVMVZJQTJuNzJCT01ROHQ5cjFQV3pTNkh2VTNRNHVqOXdCdFFLbzJTYXRSY296a1JWUTFTTVdvU2tjd2xTSjJtdnE4bmQ1YzZGSXRDSjZOM2dLQzMzczVLQk1nMmFKUHdlWWtMbzFUd2p4LXhyelB3Li4=', 1359323639, 1359323640, '190.114.129.219', '190.114.129.219'),
(24, 0, '97e31d85b1fc3cc762e3af6b5f05e979', 53, '[encoded data, 10668 characters]', 1359340546, 1359340775, '190.104.65.176', '190.104.65.176'),
(26, 0, 'a13507424ee6dfc90721cce74b6c8318', 21, '[encoded data, 10216 characters]', 1359369681, 1359369833, '190.104.77.39', '190.104.77.39'),
(27, 0, '5786903d6375df7e0adf29f065b3edeb', 0, 'NVFSa1dxcmZIblprMk9LdWdHMnhLdnRzc1JkWlBqdHM3REplWXZIa0JLTWs4OXBuNGxadmNWM2huMHB2RXNKdTJ2RFZSMzIyRGJqMUExa25oOXliRjdlYWVBd1pNdS1rNW9zZ1VwbmptdFVwby02cnhQYUY2Y2Z0UGxGNXF4VnBTVEkyZ2VrZ19OSzVCd0RZWURzbmsyT1M3azY0aGtRTi1qdXhBd2NzNHFtLUZKd0ZRM2dNVjhBMjRmVnM0WkZadXpjM0E4Wm5fajVBRXJBcHlmUXJmMTBvMThtTG43Vy1fTVNodmpSRV9GNi1FeFNRc1RBYlZSRzBmSDZxTnJhVF96cFF3d0V1MHZyZWJhTXFsOE9XazBsWk1iVkh5dkg1UmFxenFUTFdjQ1hSdjJJUURhQnByMFpPVkRXTk1uVFVveE9paTFra2RpMWR2dWpVTWxBZ212M041NmV2RXJzVklyOTUxTjN5MDNVb2dDLUR0UVJtQzVaNHdLbHNiZzQxa2lJaHR5eVdnbjRSamlJcVlxUkp5Z0dYU1FxNUZ6cTBWcW5lUWl1M0lneWo3RW40WGgxZG9GblNJV0hhcDZRbkxJT1Y4MFowZ0Qwa1BuWXFlMklsRUx5RHlRWkx2WDVvYXVUTnF4eEtpV3B5NGhBS2pkckl4ekw1eHlQa0l4V2lKdTh1N2E0bGhIR0pxa2NDM2RFQnlpeW9vQ0pNTDlRUHNmd1p1Z0xFY2FZYWpaaU8xdE5PUnA5bjl6MVpEZVJFcnA1RkJySk9vRjUyLTRtUlR2b1gtb1NMVXV6RU90NVQzQUNYZFJ4d1hIWi11cXpBS1BsUXZCdnBrLUdQZWNGekY5bV9SeVV2OUhaaFd5T0YzWWFza0x6enZOYTE1anY4SG9wX2cyYmctRGF5UWgwLW9SVnlfc2xQMURUbFdvVkY5ZVN3ZjhBVVMtaUg2dmhCTWRiRG8xd0JFTXVIM2JpV1lkQnJHWnFILTc2TFp5UW1xRVpEcDFMRkF5OTd5NHN1TGJhY0YySmxqSEZsbXdzV1BZZmZsN2Vqbkx4R3c4OUpwMzcxd2NDT3RCUVNTWnhBeWRGa2xvUDVRNTg1Um53VHk2M2RRSEpfVUhqZnZTSE1iU1VCMkNVcEJaYlJvZW4zS0U4Ui0zOGpwMHFaVXZOTExXWkxMcjZWeWhVM2pGSGVlUXRNZFVxeHJDeHlTRHQybE1Ic2VlWWxSNUhEWXh3Y0dueks0X2xRbWxMVmZBQ05EVWU4a0RaZk5INU9DNWVRWE9WeFBKQmF3WWpKb2k1X0xJdHFuQ3NmVGQwV3pGdEljTDVEclRlR0RQYkJpcVpodV9uQkNLVG5QcHBCbTlKSmVZdEZJNTUzWTlBV1A0UkVzQWxQM3ZSOU5zdXpueEF1aTVzOUhKTUcyZWtIUDNFTFFvcEhJYXpEUWg2bEUteWQ0VDZPNjFCQjkyR0RmdF9KQzJlWWZQZmFJbFZaS3FNUzVDUG1vVmxpZTlSMi1RZDJWN0hQVEtOS1RncllmNVhueVItQ25GaWJDN2dBS016eWl5U1Y1RTJscDZjYnNRRlA0ZVpDTE1yT1pLbFJUZ3R5YWh3QzlJVU5nY0NQYmRWeWpnYlpfcXVtSDRaVG5WVWtWME91MnZ3ZWFVNHE2c1p4WFBJTllPX3JXVTRRcnEtZUx0aTk1d0cyX3c5cGJSMFJCcFN5LXU5TzNaaEZ6WF9fRGhKX2Y4emUzbzJER2NfdXpzeVlPS2FkdHZIWnFLMkhBakJ2UUtOajhSNkxWSmhpbXl2VkJ4d1hSRmFzM2Q2YTJJbDNlT2x6ZGRfTXZFSUlvYnVWWW5nbWsxdHBud2tVMDFPRWZqdGZTaFBFZ2Q0UGx0QlFfcFZyVElTSUR1NDJRV1k1emw1b2V2b0dkeDNEU3dEbXdNSVFCdkVELVVqcm5iTVVjUDJCUlJHMmdMc2paeDVCVHI5UGxNbUlsY1phUkI5Mi10LW5YRkFhdXBaWkVWN1JWZTNDV1JCUHp1ZlZUZE1xN281RVVMMG5PUjRPNnpIVEhqaTNpalQ5dGJaTlZtMXA3UkZoM2Y4TEtVQkVaZURTbGs0NUlpaVlFb05CbjZDMldNMzc5dDU1S1BRa0FxMUdMbmNkV2IzOEM2WTE3MFFkX2s0MDc2VThaRmZBNUw4WXBxLXc2U2p0c3ZTRmk3VUNjQmZva0t1VE9YSmZaQU9rWFQ2a1RjRzVwYWlwRmpfUnRPUHM2dnotcW1IZ016bm5KUEJLTXZjeU9YLXJLU1FrdDBfY1dWU3hqeUJw', 1359372145, 1359372611, '190.104.75.16', '190.104.75.16'),
(30, 0, '75c09be90d4f0c2e305092f0dbe525f8', 55, '[encoded data, 10300 characters]', 1359372205, 1359372860, '190.104.75.16', '190.104.75.16'),
(33, 0, '28e6293bfe670d24947ba3d7aa457875', 67, '[encoded data, 10016 characters]', 1359372335, 1359372494, '190.104.75.16', '190.104.75.16');
INSERT INTO `mdl_sessions` (`id`, `state`, `sid`, `userid`, `sessdata`, `timecreated`, `timemodified`, `firstip`, `lastip`) VALUES
(34, 0, '9a8d6d86748db94c6c282c5f734ff423', 68, '[encoded data, 10752 characters]', 1359372339, 1359377941, '190.104.75.16', '190.104.75.16'),
(39, 0, '9dfaaa0e784ddb4807bff5c5490f2624', 0, 'NmxadmFHVk1TaE5sMUREZEozcWJsN2d2SHNmVDBWX180M3JuaU52NURxM29RbG5TNTBSMll3S0pSRC1kQmtPenNHTzRNaUF1X2JTU0ZfX2c3cmdsZnRMUFZuQjJHZHZuX3dEc2h1cFpIczhHYjNUVDdBR0ItVUFrRWJQSkIyYzF4R1hnSk9TOWRCNGRScDZ5d2dzSExmZjdnbnBjOHRoMlBadlJXRTFHcGxjLXVrUDNudGdGRkpKYWs0V0d5SzJDanVyQjhhdGh4ZmtyMVUyOXBWTmFva3NUb2hpbWtLbG5HcVhVR1BBS2h3U2Y4WXVGa3RaTTByQzhUQ0pNYjAxanBqZnhPQnhwOUNRNzdKdDNGNGhHbGhMa0ZkQlhIbmFoaWN6Z1BlSjVySGJpcnFPOWRPSDJjVTlEVnJwLTFYcF9yVjVyTXBZQnBzbzhMNS1lYWJiLXItRUZHRlZFcllTTGhzR3o2bjVDRjN5MG9oN3dyTk9sQk9YQzM3SXNmQ3VVSVZ3VktFeDNOdU5zS3haTzdLN0JTcE1FeWNnOHBxQlFLWE5JS1F5b1ZHU1lNZEhjVlF5a2NSWE16VFJLNEZaOW52WUExdlFLWXktNjNHUGM4Y3ZETjhIU2VRcWY0ZHZqeGlFelZMcWJ3cGoxcEtiSUxiRTJHT214VlJGbTZNY2thZkZoTXZHZmhBSHg4R053YVBpRXQ2NnhIRFFScGdPTDMyTHlHUHI3dkp5N0VMNVExUml3cmFKdEt1Wkp6R29aQU9qdVgwS3d6ZWk5eWlTZWlOMERnZUtraEFseGMySVdfYXZ2YzB4bEJCWnJKbGVMQWdmZENqRDhFSXlINktVNXY4UEE4a0VscF9tbTZwSk5HNlVzTkFZeGtRMi1adHVxLVNVU0hHSXdWc1JlbXpVOGE5SVhUcjdVZjRfWWVXUENzalRnLUJtXzktaXVoc2tlNnVheTRBREZDY0NVYjh3emRsTnBCX1FqNk42NjI1VzFXZDlYQWpoYWlSU1pOVjFkdWdLOGt2V3dBdnB5bmhuX1o3NERWU2J4NnFzSW1uQVEtSUw3RFlwVmpBUkZFaTF0M0ZMenZQek9DUk9SR2EwY3pWVzVxTFBDQU9iWlZsNXdxNkV3WkxpS1FDa3p0VkFxeExoRE1peVBQUHFyU2ZBWWFnXzZvSW5EWW9keWNNUGw4TXlhZjYySGczeDBkWExOZlBDbERyaWZwMVo2ODJHeDZ4OUdMQjVpQUFUaVo0T3c5a0hSMXM4X0lvMzA2ck11dXBPdlk4RnBUcHhONGpfc1JKdERNTUNJa0ZmRnZJUlliX3lyUFh1TVdOTG1GeXpob0RibVU5aFFmZ2Y0OEM5ektNMGd6bzQtVUdaWkZTUHV3ZFgxZ2NicU5jWl9NUGhjRERQUmVNWnJJZHpLSEdZZDVvQ3ZrS1BtY3pGdXFUZ1ZXc3BwNF9qdEo0VHR6WG9aMnQxTEd0Z2xid2pCbjQyZ3R6a0hZQlZWcDk5VWVTMjdDLW1hSUVPVUFkV3JVSEtqaUl1WnItd1UxY0F6b2FySWp3cVdULVJNN0hUZ081MGxRZDU0Ny14REtadUFUblV2OHJNYlhoVXVDLUxlaExwZWhORVVyVXZFclJ1STN2MmRPQ2tTTm03WmhUSzRrSWZYRFIwU1NXRTktS251OXhQbi1BMTZqWGNQQWM2X1BwYV9ONEd1UzBBYnRMdGZFdnNib19mWUpNYVBaUUpqbjBjZXBSV3hoNzN6THpkc2hYWl9hVENfc0FhMjdvaFN2RVZ3MzVBRTU4MmQ5cmNudVAxTFlZd3VmWUs5LTJGTkpnS0tKcDB6NVlsNGNfUEdQaGFzczlqLWpYV2NCa2t3N1VrZUl0RkpwcFJ0Sl94MGxXTy1MbWswRnBXZmltZ3ZWcDdMQi1rQWlMT3dqVmUtNWtkZEJGaXNscEF0SEVsQ1ZXMnU1bTY2Uko4akd4a2NjTWItOUlzU0JMaHlkbk41Skc4YWoxNTcxdTVadzFwM0JKWHVxLTh2VFI5RUJJMldKb3dQOWltWjUxSFZib1dCUHhoTWxaMmhoNm5qZWtURGdOUmdQYWd3VmU2Z0k5b21udGVKazY0TEpPd1JnY3hoWmpBcFN4RFY4YkJIY0FRZFQ3YXJaUXJRV3JIZkxhb0dHY1YzX2NTOUFFeXplSmlFQkE2S0Vha052RFdZa2NMek5EVnl3NVhlUU9rYm5RMjExR0JRc2VoNjVzZjNnME0yRWJOU3JtUzNMX2xNcXd2eFZNLU1HS3BVbnBzZ3dEMFlONFl6LXZXX2NZLVdXa3lEZG1sRDQ3QWN1WEJVcDc4RkpZUHY3dWlHZ0hrM1E2ZWx2dTRGVjhZaFVhWk5SeWtabXN3MnRGQUljd1hhYWEtTnp1S3ZSVlR2eVNyMGM5RGlrR0w5S3VwNFBURjJfM2ZBYnJ1QkJTdUpGZC1uTzR4ZEZPVDg2VXNzUnBiLXVSUkhwd3lpakNiVlJOblY2a1NYZGxHSGt1T1RYZU9tUHdxMF9XLWI2Z19QM1JMVlZrZjgtVGxsZERrS3Z5Zk9OS3dKdjdpVUNVX3FSUVlVYnhTSzBybV9QRjFxanlvbVo1NUs5M2IyTVVPYi05MV9ZU3hWSlNncGo3Y29xdTJWMHhnSDVNX1d3UURlREcxeHpnU3k0OUtKdVZnSGhDd1ZjNm52SzVLOHpka0tNOEpGbndQcjVpcjVMVjBPRXVLY3NON1lPUDhfSjNXUVZBLi4=', 1359372546, 1359372573, '190.104.75.16', '190.104.75.16'),
(40, 0, 'f27acf494e6e64f2743aec4de035bf6d', 4, '[encoded data, 10700 characters]', 1359372604, 1359372867, '190.104.75.16', '190.104.75.16'),
(41, 0, '12e6da4495fc1a70191cb328ecb8b775', 0, 'SFlwd3haZXBoREZSdFpwY3ZrS3VKRm0tVWY5OEN6Y0NGRkVHNkplTWhGVTZuNmdiR1BCTld1TF9sbEU3MGtWc1ZZd0FJQmhrOUNhbVU1Q3kyQ3B3Ri1QZjkzTDB5LVJudlBaYWJDc1hDWkhoUmUyU1M0NU1qci1iSW95UEQ4ZUM5Q29uVUFLbGNocHFYRTdnQWlqeXFva3lnWWlObTNtY0Ryd01GaUFzV0hzRjI2aDFXQ2x2cWJSV2Z1YUNsNHdCcl9Vb0dmVzRjNjdwVU1IeUV0cjNxeGx6eXhxYVY2dGJNYnlsWnQ5RE03SXpUdjJqallCMzV5YnZyUEZnN0FhM3diVmZaM1dGTVZ4Y0NGMVBueEhiVDk0MFhpSDhZa2FYOUo1czhXTXczTlU1UDNjaUFYLWFMWExJWDhETkJ1cXZBbXBJVzBiSl9pT0QybjM0MGlSaEhLOFVKUnlkX2V3NU1hTy1uS0dnLWNZbDViUkljYUQtRFRYal9TM1RRbk9rMmdNWFRoQVlOZDlxYjlmSjA2eEVoU2t5LWwxd0VIeW40cE5HSG0tYVZfaGV1OU5rd1NaeDNrTW04VXpEZVgtVFpibHFSOXRsb0ZXZ0ZtT2xUT2JhdlpnSmJwQVV4VEhMdUZZWVlleVdralBGTExKMkU2N3ZoUDRsRFRfY1ZQSG5wbDk1Qndnd3Rua2s4TFliWW12X2FsbUxYbW9NbmJQQ3BiSWVYUUZ2Y3JXLTdQOVNLalZNSFlvWHllTTZGdzNEc2dERFdCTWN6c2tKVzUyUW5rTFYyd05RVW9SUkJDckNaa2FxYThYTEFvd1dGTFpsWXFDUGdzVUlOV0RMQ3RmN3IwT0dKcjU5NkhpSXdneFZ2U3RLcWR4ZGxIZ1k5SmprYW1DSFF5YzgtUGRXSi0wWDl6WEpFTWhMbXNwZU41cmpBeGoyNHFEb2ZVUmEtN2tWSlJFdnB4V0hvck5iMFNQamVqN0dPSUpzSGJMb0Q1cnpLZnRZcHpBRTN4WVR6cWZaM0xvYW5qN0g0LVdnQTdOVjE3NTFFdjFzUmVKcUE3RWdlYTUza1ZoQndnUzN4SldVY2NQWVRwOTFKREJ1c2RfUkx1b1Z1WUllYWdORjV4ZksycWRqd2s5T0FxSFB2QXlaYjZPeHcwb2QxS1Vlel91c1QwWGR2WUNvVTJneHlzWUlOZUluNmotdXNCTW15eXZZWC16X0UteGhEdnI5b0JPcnlLNzdnYi1wXzNmNHZlYWdMT2V3VUNncnF5X1lxUEtGTGFpdWZaWUJEbjFMc2J4ajhJakJsMk1yQ3NrSk9EV1NFOGxUYTFIT21fbjJZazYtdWFzZ3hhU3BDcXJBOFJyX3lfZVdyV2l6SW42VmtxbUZsbGtzRGg1SjJNbjRxTDlOZDZmaDZjRnJ5b1FJdk1DeGRzX2RydHdjVkFmeFVuSnpjS1dMSW9jazNZMXFXV29PZ01nUEoybnliUjZEU2V3eVoyMUF0YTIyNUczM2NtSzRnczB0RWo3MU9Ca0JYRTk2SDJHVmM5cUFTMm1ZbC1MWmlJWXk3cUZfSUFNWVdmb0ZydHU4bVdPV284TXlLNVEybF80SDFfTDNQeGFNUHk3ajVCWThvcmhtaTZXUEhJM3YyeGRfQjh4WVBWWnl6a3ZhT254T2JmNWxISjYxLVVtUHFTVTE1WjBTOFNKSVRoM3E2OTF0VzhuUU5uMEtiQnNhZXF2TkRDTGpMWW1IWWFQNy1nVmNFdG1nQlBrLV9zanc3bk5yZXJtazlqMWpxUG92bXRsbmUtak5SdkFOQWF5a2RxZGNCX2pDWExWb3VneHdQSGhJcVRpM2hBMUZMZTF4Mk9qcGQ2akdTbzRYcUQ1N3BhZm5vYzgxNHFvc0E4dEFhY3h2NjJDRWtmOTlMY2RRa2Q0cHM5MlFTaEZ1eThCWkZVa05Oam92X2J0RjNxN1VMOFB5alRrbjVtSFNfTmtielhiU2hRUzY2a1VSMFFOR3RLSkcyZzcxQXZPVjNjLVIxYXAybjVKejNvOXNLTjZCUkRwYTJvcmhhRGJfM0s0LXpvNk9ocVJBcTZybTVMdW1EUDNkNlB4S3hVZTNMbHIxallkYmFVSzhGZVFvSWF0SU9VN1V1cW00SHZSWU5ibG9UNVozWUpDVDJzcDRCbkJuOFlzREE2ZzEtNGlJZTZYYm5MUENYUGplaFZrX0FaZXd3dmoyX2txMlRseW4ySy1GOFN2QmlkOVJnNzhZakNEVmI5SmhDWjQyTXlpdmEzWE9JZlZLc2tzOVRKeEpQY2RQVVpKbkZNOUpjYWZzRTBTOVN3cEhscnJaNGdfRXl2ajBQQUlESWNodFhtZUJqVlpEWjU4Y2QtM2pueG9oUlppbkFwZmNOSVVNUTh0NkdvcFZvTExBekJhaVFWYXFFMTZyVmtadDU2UzhoblpISnFEVVY1MmFBejZOZ1JQNXJyU3dMcS1CUHMzOVBMS096MU9ralNvQUJDc0dTcFdDQnYzT21aZnN3clNKMGpWZ2tielBrbG5NZGlRTGJURmZmbEc5bGpzNkF5RTl6R1Ewc0VjU3VsT041cG1weWxBNEFQRlQxbTB1WlhDeU1Gc21fSnFIakhRZVFxczJtZnJET2VTT0M3bnNaS1VKRWpyX3VVSzB0UjBiQ2NNOTdramtaYV8wWkdpdzhxVmJSa3pVSXZ5VFZYaElsRzR4LUVlRlpHemo0UWQxOVRKZGN3dy1HTGhiMHFXN1dGcDZRSWtCRkRGQzhCWUxmeVJsQ21vdFJGZlpqSlBjQmRvQ00tSHl0RWVnSnhpXzZyQ283dDY5bnRncjI4Ry1zMXZvNzk1aV9DbFBjMjdyX3VwSDFpZ3VuSjJnWUozT0J4VnFFaHctblZUeGVMUUxCeGRxUm1meVRwbEhQWFpaVVdPV1NXTWU0bEhUS1dyZHp4c3FKSkpzRGdWM1pDZEkzQ3htYVFpRTlqcnRUU1ZHOVlpOVZlQm83bHlSck1uMUxrbDMxOXFIb1ZCM1NURjRXZC1aUHRzLg==', 1359372767, 1359372787, '190.104.75.16', '190.104.75.16'),
(42, 0, 'c93004915d0196aaf6547891de3799a4', 0, 'NXpaVnNtUXV3anBnTDRmZEU3Y3diV0tadGVKQkNxZER0eXZnTTV6Snh2X1l3Rmk2Q0JsR2hHZlRCSUFuY2FaUU9JZG9RVDhwaUItYUs4TkVrc05jcURpMjVLZS15RGg0WS1PdFdLREQwM3NpQnYwVkEtWjlWejQzTFRJQ01ZNmU4SS04cTdQRnNnM3JwN3UweWoyWTQ1YzNvR09IZkY0bG9TSGlENTY4dUR3Q215UnJaSGllTkZWUVJlV0NieDZMMlJERGZlZEg5OWpuSF95eHJxSVBhSE5fUzRQZHhGYlhoUzN1UjNDRGxRUUJ0aFhHME5nWWFfWmFxRk85RUh2TnR6QS13LWhSLVJja2pMTGsySUNldWNkZmx5OXgwUkVwWWs1SVdwNEZmM3RlT2RiZW9BMEhHaGVxWEVhZUhjakZoY0VTaTZ5S1I5ZHRVT3A5YWpLMm41T19ZWng0MkpKTDRWaERyUHl5VjhCWHpCY0kxUjlWY1FCSDBpdE9BVG94WXpBa2Q4amVBQlYyWG9vbzc3WVpOekE4QVNxTWJHam1uWVJZQ280TkhZWDZzSHNMdTR0RWgxUWJCczRZeWIwRzRzUmdUaXQ4Q25SVFZkSGxXZ2F1allPS2NVYnNUYUhOVG0wVUpPU2h4dVZhWnhfWWE4M2JkaDMtYTdlelJnRTFDbGYydFNNV3JjN0RKdzBjOHJ2MVBIeE9tOS1IcVpiOTBjdXRiRXljUzlxeTdlYk9ISlkyZklIMlVvSHN4d18zVGN2Vm5UbHkyM3VqUHFuTDJVOFhWdjZ4cjZESUhRVmR6TkUtZWU4SkRMUWFJSDRTOWxXU0VULU1aeWRtMTkyYktHbUNSZU9Uak9DdWlaRVJSODlkaWp4U1lyaVloQmFvQkVUN2xnd080bFZWSEU3cjQyU0hBM3dSWVNSRG9oMlhDNkMtUW1CU2NLek5PMGVhR1NiMzM2dkJXYUlHdk1CU2pBTDJMYmRZMkoxLWNpaHdac2d4TnRGZGpsMUc3S21kOHpkQjhfWkdxRDU5dnNKUkxWRk1OdVlfeW52TmZnS2JFTUNreGVsc1E4dUNBX3NaRm56VDNlcllUa2tENVpTS0Q0MFlnLWZvMFNJcDBZSGdQa21COVIyand5U3BPaFkyRk1GNmpXVGQ1c2xXaUIyX2piTVdyOEpkYkpMTTBGeTNkV2VNY1pCR25UWVFqXzR6M3pORjczcDRnMFFqaU5rV01wVlN4MVRzaEJLZEVzMnpxbGpseVg2WE1hbEtiVzByRm5PS21hYWhnTDJpSUVLSUNDb3Rfb3FRYWlVa2pXWGZIbkJ3N1lkRHRNUHhIaXViN3p0anJoTVVxdjc0NlVpQWVwTTJrZGU0S2ZDVkNPZDRmTEVjVVZmNTFPMnVmZS1LZ2t0RGlOZ0o3WFlLeHNQcktkSVhPeVBLWEdyZmctall6T25BQXZhWGttVzE3cm9nRnNKN29Yd1I0bHlGZkxaRkVzRElJZUhFdzIyRW1FeTUxV05RSGV4UG13S2xEVnZNUkloV1YtVmlQVHJpNVZhSHg2eF9qOV9WbGplcjlXNnNjR2xOajJZdXB1WUNDVzBIQ3hSak43VU1OMDJjczJpN083SEY4cTJ1ckx5UG5VV3Q5bTZSZ19VUEVqNmNEbjJHZnY0THZDV3kzRndHbnc0cU42SXVnTTgtbnppb0oyU0JjY3E5QUhIYnNKM2xEc25YWXdNVGxHU0ZBVVBrSXNubUtQWFZ3LThPaUt3ZlRHd244R3lwSXNpRWhLbi1JT0FEN0M5RnVzcFhaNHVfTWRic3RZUHdhd3pUUWZteW5mUk4yUTBBXzBoUVRHaXBXRVhaWEJfN29kejRHa3Roend3OXpKc3FyeDFSMGxTazUyR3dnU0o0aVRPQ2duUE0yNUpwSzdyUVRSTmZTNVZlMW1PT2d4N2dEdzFTUERaVHZtVnAzV3BWYWZOSWhHaVB0Wmo5eTJDTnUxWnVnU2RJVXpoN19wcjQ5bHF5ZTJwNkdPQlc2R0pWS19SNVBjM0JkMF9LMlJmYU8xRkY5Ukc1S01ORkxtYlJyWWZaNzlOT01nOVFlTi03eWw5ckZybF9NcGtLUFlVUWV5a2JSUl9lMjVSb19rOGhTN1Y0NGRSaVN2RFdISXFZdllpdnVWMm84QWc2RUNCcy0tdnY4dy1uaE9YT0prM1NzdXVVQ2pkNFViamo2S3NYMHRHTjBZUGNBS2ZXM0FlUTNnLi4=', 1359373055, 1359373055, '190.104.75.16', '190.104.75.16'),
(44, 0, '1cbeea4f1bbba351388797673fd90991', 0, 'ZzZYaUpyWjdwaWpwZkhMVFh2NU5VWVRqcjcwc1VqTXNGa0JiR2VmMk9EdHhGbkZNbUlIMDRodmY4M1R4dnluT0lFTlFhNXpYUE5Ca3hGakFpSnhFSkhhcWhrdHdLclVjS0hyQ295WlhxNmptQXNHWkVuLWNYdy1pQjZXUGd5ZEZWbXBiaWZseFQyM3pRM3pmTGJTSzdjQm1rOUxMTVZndnZBNkVtSGttbUdMcHJHbzdCVzRGZGtQNjF5RS1OdDVidXcwUEQxTjgtRk1LYkcyOGdyVGtFcmVzUlZEZWN6aXhPWlFJVElHcGVIMnlIb09lcnVQWFVvTVFGclR1X1BtNnNycHIzODh3YU95TFJXOEZwdS0zNUNjMFl5Ykg0WUxfT1lUaF9UakhZYUlWR2FHY0NtQkR4aG5IUExBd3gzMHh1RWhlWWszNDZncEZYLUdtWFI5V0lKd0xMcjhRZTZuYWFzNVQ5NjZ6ejdYUWtIZ1EtenhkNS0yTUF2ZW5xaXVTSTlTRFByOHhWZ1V1TWVUc001dDNKMlJDa0VPbGlOaW5mV2ctUWFWN01KbmZ3V1RPQlRmMzZ1WGZicnhDNG5QSzd0MEZYQnVybG1mb2NCWElQVVNfb3REaU15UmR1Mk9IUF9GWU1fSFl4bThRZGpFeDJZZWtIZWt1MXJrTlRGV1hmSGVkZzJ3Zm5QNU91TzRwYW5SaXNmT0otMS12VzBWRnlJdFpaSTlIaldxQ096T1czdkFQUENUNjYwT1FJdWJIdHlIWThZeHJmRTJGS1VBOXBuNDlydGRwMl9lYmlpR2tmdWgwbzVxbkVYdnZYSldUaU82aDhxOHV5NEpNNkptbjNQUnJHTi1xeE5MZHV4TU0zNU1Fekt5N1JNazFRUU5uSG9Ob2RkSUtETklma0llTEtSODZjT3JQbmYxQlQ2dFBXR0VzWDEzUURUSVdfdE10NmtjWExXMGtwWTJHV1BxMkRDcFBzc1ZnYXdNc1IyTkJ3Zk52V0dSeEtmWEgzNHBiWGc1VGdhNHA3elU1Q1Ffd0cxNFJWX2pPSk1JSWl0QTNDejhzOGFuU3lSdk83Z2l3RFRPY2I2OXdhNHZkdmFUMGFBTndTZ1IwTU1ZUkxYTW1LT05naGlOSDcyUEVNcURBVkdNMFFTUk5WZ3U2bzVodVc2MWp0cWJJcXd4TVlRbFIxb1QyUUJOM2g1V3A1MExRRGx5NWpKTERWc0E1MHJCQ3JQbWpKUXNDakhGSWxxU1A5bmRfdk5KbEpUT0JpTklQdW5NOFJEWFNSY251Q3hURXpENTZFc0xZWGY4SmJBMnc0LVdkeS1PQllUSlJLN01ZU00zLW5qa0RQa2tXQjd0QlVwX0dWX09OOVViY3NIaEVCLW1zd2pCTFc5Tm1OcGdEbFl4UTNJZXVtbVlXWkk1TVpNZG5kTlRwbjE3clJCUm03QlN3a1QxS25rdUVwOHo1dG41X1RsU2pvWkpsZF90SkVZbDB4QWZoTk5LanRoM200OURCZi0zeU11RFNiRFVRR085T1laNktzd09hc0lLWnVHQ3V5Xy1ldHgtdDBOU215eEhGcS0tZWVmeUItb1IzQkwwckNTVUt4M2RHa3BLSFpkSEE3ZUNKcXNQU2pRSjNwQ3Z4b185bXhvbzBjbXI1NUdxQmpzZVNQcUphTG5pcUIwZENOamNKRFdwQ2dDNEpSNmVDb1ViVjcyS0JaVzlrMEEyZWNWb3d1WXhpMlB5bl9UcmVzLTJnT2hOSVJDWTBoeGt3NWtjUldLTWZwa1lVWGdqM25uYklnc2QxUlltWVVIaG9TRW1UejFKejZPdmRBZ3lta1c2eC15LTZHcUJpSkgxTzBaYzJncWsyRUJYQ1VoX3dUcEVuNE1DakFiejdlWjNQTTkwaGxIeG80SXJDWVh0RHM5T01admg3Qk1vRHFwM0ZVY0E2LXh1VVlGaWd4VjZENWZvek9ySmlEZVhXT1c0bDdPY3JkZWxZQ2V1bkFZMDl2MHRZcF80UXZablhvWElkZTFMTEs4ZEdhT2RnY1hHa3NLWlNjR3JXd1RGdnVBc3ViQTBOYWw2NjBEdTNUajFGTXM2RGd4VExSWTBSSVIxLURZT0F3QkpLelZpcWl0bzBqWV9qSEZUa3hrbF85U0luZVBTMkxoQjl5LTNFLUwzd09yMjdfWWpqeElITGlnRWs2dnROYTVsWlNhaFBRb3JkZjduZTlaZjlVeTZvZFhWb2N3Li4=', 1359373088, 1359373088, '190.104.75.16', '190.104.75.16'),
(50, 0, '711614b9f3df9117825ddb36ffde735c', 0, 'NGoyN0FTOXJkRHQzVERyM3Z0MUQ4Y1dTN2swUGNnRko1OEplU3otdmxnWlo3aDMzdjJKSHl0bWJYbXM5M0RHaWVKUW5XX1ZubHY0SGs1MGZ0UW52VXJPOFdyYnM0c21kZXA5UE5sTVhRb1gwVy1fQXZaalpjTGtyM3NrUTM2YUw5aTBsdFROX2hsdHV3RkN2SmNsU1p1SlFfbVZEQlBSZEhCSTRfX2dTN3Nia0Q1SFhuUUFFWkRjVENkenZLeUsxb3pkWjFoME5iY2dLdEt0VVJKNTVjTWN1eU5FazlSTGN2RGNWY1BISXZsWU9xbS14Wk5jOE9mNjhMbVIzT1oxMmdaV25meWFKTWFRaXFOcmtrLW8wTVc1endlZWxuejZ0V0ZZNVVUUlNzU1Rfb0JrZTRPM0x3S3JyanM2dnlpbjBJUm5WSXB2dVlab3IwWlZDc20tRTFDN3ZYSGRnNklpRVlvSUg5QnZ1a3I5TFU5NUdQMFE4aGc0YlRoUWU3X0NuNEJmQl9YdFM5Q2ZpcTFKZWpHN3R1SWR2WndwamV1alpvajVDeHhHSXR3b2o3bVEzc0FtSUZkNUVmTFAxRHFGc29feVYzUktMdXBkV19uWElBYm94UjNpNDBYZFY5eUVlUE9aSVBYbTNnN0w2STBHZlZSRHhPRWRFbkQwN25KdjFTMUgwZmRKV2ZyV3dqOTFobDVFeUJuMmtzaDlFYjRBLVBOSmpVR3YtSHlKQkQ1bXdVVEdNNzhjU19qRU1fNXZKYWgyanhzZFZacUpmWFAydUkyNlJQQ1Vfa3QzWHdhUmU2N0FPMXJhM2hKYUN0d0IwTTFUUWcyUjBBMThVNmM4MW5PN21PX1FQeG1RSkFVQ1IwMkJKT1lLUXI1RHVyTVFSbzVFZWF2TEIwY1ZzVUZCcUJkd0hMOWRhV09yNDdJdHhMT1hrclBkNGxZQVdrNzVQUFl2VTVaemlEQ0RpRGZhQ2U0b1h0U2dEQV9IRGxCYUUteWNSWjZJUWZOUnBGbEVDcktKZUZMSHE1Vnk1T2hGaGlIZTBqdHJRQ3JRaUxyTjdHSUs2YmpHRXp6aTZvZkw5MjBjdXhvWUpyYTBPUW12Z2JDUmNPRWg0U01jUjUyNFJhTmNaUExjSEE2STczQVc3dGxXWFBQSFdwUXpSb0l6VTBnNHBnd0IyeGt5bVVIX3RQTkxHRWhwUnQxMHlGbHRqZXF0b25rLVdrOWpqeTdwVVdEcHFHbW81dmJWQWlYcV9DXzdKaEx1cnhOcFV3a05Da3JWZEt1TVBQNnRaMFlkby1WSllFWVVKWWFwVDNEYURBdTBkSllhT01wemUxX0pZNTdBVnQ0WmxRaHlCWWtvQXRvd0xPMm5jRXZNZzg3eHRWNHZ2S1pJUExLcjNPd09BbUwxV3EzamZfR3VVd2RnS2VnZDB3VmV0cDZURHhQZ2p0dm1WWk1mcU0yQWdGRHRyVVpHS1dISEhQUXV6QzZtaDRUUm9vY1VydEFNcmVCWHRLbmJfeTY3eEtTN1FmOEpKbzlXT0FPLVkzT3JaN3lRX1dqTWhMa0hOa3BDaHJpM3daNEZ0dGFEbHgwNHYtM2JGWF85NkpBX0FmUHhXOFFGdHpTNW0xVXp1Yl9FeFlFZGVPb291WWVoSDFlYjE1eFNpX1daczJjNlRrMVJuWm1aMV92TDI1Y1ltdnVLeDE4dzR5eEdVZkI3V2xmX0VUWGRQT0ZYZ1ZselRzbjdRUVl3cFRkVVRxVW5Pckl0a3F1Tjh4VkFqT1N0WWtKeUFOZEJ3V0otT0lxbV9vWExEdEd2aTJ3bzkwQVk4MkJUcWk2MVFwOUhWQW0wZzRlZElqanJsQkxFaUZMWXpzaDdQY2Z3RzlFZ1ZqWkd3TXVISjFlVHRkcU1GVXA4ZVFQbnYydjlKLUVUSGRmRkFMaUNtUEVwcWJSaGFTS1NJeUNNbk5jc19xTzdaaXFabnZERG1zRXk4VzJtbnprNVZfTHdpX0VvZC15TWhUZmVFZFJOVzZIdDRSd2tUZEF5X0pQX3ZaWkstTzBYclEyMzFueVVWTE1yYTloa0c0N2I2em10YnMyWDB4NDg5ZHBGTGZucHFBQ1poelZPM2VNcnhmdVM1aUttZFQ0MzluaGotNkl0U2JsTWhSelphcWltNzN5cENHVWRGWEJILVhlUlRXN05lRnUyWjBKQ0FRY2NnaEVWU05mMU9wOUg3VWI0SUFPTldsRHcyZmFTQk5DeDZ6SmtNSk83WGRlVk5paGFZOExYRXZsZ1ltN2toR1YwbWVEOEhzYURTTGxlTm9ZOWhfQmFMdEFiN2sySHJrai1kQzhEMnUzTmJJRkJSVjBQV0UyYy01ZWRwUGlGNTRqZ2xtVWlfa1NObFVlcGFjVFdjZVNiQmVxUHp1UGpBT0NfYnJPX3I3ZUktOUdHOHN1WmdMeFU4WDRMVmRpX0RQdDF2OW9WQlNyZVNTY0RVNlFQaGlEWk1fbUMwNEViTUZ3VVQyR0NpajYtMzRQM05yTVB4Z2g5NTRaYWVNcm9wTmJtVjlkTm5HV2tlSXkzeFhBMG5qSzYwTVdnRm9qb3JwTjRmR0RZN1hLQ21ycVhLTk94R2dtS1MxMXE4bDU2Z2g0WW5sZWVoT3NWaHBNVXN2TDVVZW5iaXFUWmh2YzVMRXNoTkQ0UmF2c1BXM2ZGcGhBX3U1YTBKSHgxd2FGWWcxWjRQUlg2T1FTNjQ4TzNPUmdJd0ZCbXVZSHpOVXNuZ3ZRLi4=', 1359373468, 1359373469, '190.104.75.16', '190.104.75.16'),
(51, 0, '182c1753ca9c2c51fb5e94beae06c04e', 0, 'THhlRUdoOVJoUHNiX3BsRGdEX2piSTBnQ0ZlVmtIQl9sb3ZEYmpBTGprbm5GcUpOanpZYk5aREpoY1BKMDhROVZQSk9FZzBkQkw2VUZLblJ6RTRRQTJEVkJZTk9TaFBtSl9pcnRMSXlVY1hvRXozR1hwRFZrR3dmdFJCdDdYQ1Eycm5XeDhLa3pRdmhlYWlvZG5fLWxFVlRmZFRqMzRiMVZReXExX0N4VktjM3lrb1lWYzk4T25Yd1o3MGJoM0ZfY1NwUklDU1JyYXlydFZrYzNmelRfUmUtazVMVl9JdGJCMHpQTWZnT2l1ZDJuR2s0QWVWSFNNY2VVTjZ1TzdDYWN0djZZbnd1QWhGcVJncnQ5VUxxM2VyY0Q4bk1WNVNCOW5oOU5lLVU3YVo5dG5TcWlwenJjbnNYS25CdHd5MzFBSFVlVHhXT21KSkhWSFJ2Z2xlV3RfWXk5N2JURHhnRVV1M2tZMTdGUlF0b0pzTEtrcTNEN3ljckZOMDFjVW54bk1ZN2dkTlZCclk2Nk5ENkxkQkdtMVI0Q0hCQkJSMWhSemFLTjMxbDFnRzV0aTVBbVZ1SkxERUYyM18xNlo5QnRMdTdUTXBkNWtCenQ5MVNBaVg1NFFMX2tFNDdEUTZxV1h5T1FWdWhjemNXV3gyZjhwaTBDbHF2ODRacjAwdDNpeTVYaHJ0bVJIWTlZNlF3U0FPbXB6LTEtcFZMcnVnUE5NeFdmbm1PS3NEY0xOUFAzN1NYX2RWVjJ5cEVJcklJYkxTdWg0VllzOVZOVUNnRUctOEF6T21uVm5MSU9fTkdtN1RQTGlEWmhZYzRUZUxGRmxiakxXZFc3WG5DaGJMOFQ3bk9kcVFkR050U2k1N3AweDFKa19zOTdKZXQyVExieS1zV3hwOUk5QTRfcWUwd01WSzRCU2NMbmtrV0FpTXpHVU1sU0k5UlNBR0JFdHlFU1k2TlNDTENqZWRlUktsMlVPTjdZVHl6YU12Wjh6MW11RFFIM3BBenBlMkktSTRNcGU5eXNua3BFQmJzU05BdlBDQjJYZ2V6T3dqQW5iVkxBekRCeFh4ZmFfSnQxWVBpWGVzNlhleVZ4UThISGhPdElWeWZsY09hVkp5YjdDYU9OZjFiYnYzelBQRHJ6ek44bVY5VGNCR3BMOXY5NXdQUk9FQ1lKLV9lUmpKbm9xMV90dlpUc29TNVFWRWlya29VT3NCbDZYNk5FT0F0X29xbE14V0FaNUVOQ2xJNUVIOGd6U2tJZVBfbmc1TTR4UlZzOHZ2Uk82emZ4ZC1WUWpMVkc5M2R4VElmZndsa3ozNXg4NERSeVViWU1NSGJFMFdIMHdjQmsyU0JuMWZkUTFTMVo4cTRWRV81ZHNUTjZjeFViNl9ETXRhQzJqbGxjb3VBSGkxU3l0UXMzVVNKTGJ5RVpHQnNtY1RiZGxEZmUta0hmUldRaHFtQjVqaHNkN1EyYTBHYW01OHhEdmhNX3B6ekxuVDFsQlVtQVJPN0Iwc3JyaWV0MzBIczBPYVNHR3JtN003aXpVaG5rYUdtaVZaV2xMQTRBdVNrQUVBNmdYZmZaS0VVWTRaQ0hlSGp5QVFla3J0cVdQZmpzaDZ0cHlkUTJxcUw2bHg3XzlHZURrSEdhOXVvTWk3cEtTLXFuV3F6MmlmcWVjd1dseWwwRmNhR042Um8tOWlQSWd1cjVYTzQ3QnV1a0VuOWRwUDkxbERjT3ViSEFqbmRyWkgwZ0VfWmVocG80Z2VuckNqVWRncHVsWjdiVlBfc1JLNTQxcTVPeG1lZEpWVGhNYURUd2VFYUJwY3AweDQ2bUJIV3VMMWZ0SWYxd3dCa3ZITjJIcWJtRUxadzZhbWV3eXpudEFCa3lmNy1pMlZmLTB0Nl9HdUJyQzE3U0YxbUZwdC1kRTF6dVJwMnZLMXh3cWJkTnBYWHVKcFVTS3I4eldkU3pOcFM5X2dYNlM5djJCX2xCYXBYYU5XRXZfZHFGeUV4VjBfNDZfVkttVEN5LS1kMGRNQWdZdWwzdHkwMlZYZTlRSmVFZWY4LXRMbDNXVzBSMXFHMG5BVnlYQXI2UXRDeXNXRmMtR0dKOHRNN2tCR2RIUW9fMHZTQjBacXN0T0dTc0tmcWNYTXkyQzMwTzBKMmJ4TjBfZllKTTBROHhnQUZBRWZVMWdja0x0NWJmNi1UN0NiVTVrN0hjX3U5Y1BfX2ROTmVGQUtXMDZSdDNtdVYzODVWM1N6VzlrQVRSWTNwbXh1UE5hTFFfR0hNNDdmdnVVU1l5Q2FTblo5MmF0cTZpaFJYX2IzcFpreWhHaTBPN3pOMW5zSkR0LVZhSzZneHcxMHU0VEY3OXgxR24wUVJJMUVOejRqV2pMYW0yamVkekpLdlgwcWhFRG85VkxFNEw3U2ZqX3c0bjBtandpYl9idmpVUnI3LVVrYklJa2l0aXNEendtanM5MXB2azM2RnhsRzVZelpxdE9MMUdyeUEwX1RWTVo3VlB2a1dpTzVTbzM1amtZeXhYOUE3ak5EcU9nUlk0NVVtVVZ6WGtETzJlZXRkSXU3aGI3R1YzRjlqVmI1VkI2Qkx3Tlc2Q3hJZFB5R045c0VJTDhHc2l1dDNOZU1OTmdQMGY2TVRWRV9WdXdBTXRWcjJmd1RfMS1sR1lWSmZtT3ViZXlNeXJ3TkVlVVp1OU9rbHNKc0pWcV9MN2Y0WXBBMmlIZGFHU3MzbWhHTERkS0hCcURJaHlkS3lSeUxwVkpVQ0t3Li4=', 1359373740, 1359373740, '190.104.75.16', '190.104.75.16'),
(52, 0, '0088827ded0d2090042a6da70858b541', 0, 'NmRoRUlrMXoyNG1MSGRKMkk5UWd0a2xmd2RTQTFpZWdzdmg5VGdjMGJRU2ZQUlNfNGZMaVpWT3N5anMya015Z0laaW1rOUdrTnY0MG9QOGtzeWxDMkMzZzFCYWRoNFFQZXFCZkRPd0lPWk9kcDhzZjFuZFNiU1VIS0VITlBVRXdzVl94bXp5eTBPT043eTFtOWFWdzJyZVlMTGg3bTdHS1hhdFpVZmU2cXRvREwwN0J2bG54c2hydHk1SENBOHZTX0dEWXZRRTZRejhJU0c4VzVzelVQZG1xUHU3Q3BTVkstRDBQOFN2amZCYUs5OXZfdzljX1lkWUFRanM0Q1p2SGY4UTdCU0dsbTFrc0dNZFNnYmhPMmdQeUJwMFZwRW96RkV5aFJFZ0VCcWlmbGtjUzZVcGtZOThDYUp4ZGpDaDFjZkdteGJCRnI4bGwxOUhkMm1BdV9ZSVRLQ0JQQ01iMUNRVFIxNmE1R3hpbjFnZnJOSHhEak9tZkExNTZwcElwVUZyNjBoem41NHIxVXlqN2lhcS1WMmhYS2MzYzI5ZGowVDlPTmFOaHhINGIyWmdwemNBLW9zV096Mzc4b1B2NW9vS0ZUMjNMU2FGdmttYnV0cjhtUU93dGtkblVnNGg1MFF6NGQ4T0dxcElQWEY1SXh5OFRCMEpiWFMyT090c1QzY21RdHk3cTVEOEp3b3hLWERIVVRrYXV1SklIU2hHajdMMTVCRDR3UjJvQS1PMXlHOFBiSXF4dzl4bk9ESDBfVmlLOGFLeFdjLURPTnJDQnYtbWt6Skhwem4yTVowRUpnSHljMi1tYVdhU2FlWHZKX2dEcGtsdnVtS1pSRkpSSkR3NkVMS3VCU2dFOENrWWhodHRBQ09RV0NrRkhlMGNidTdtTVZfaWJ6Rk56N0VwTWgxRUEtYkpUbGpBTFdGLWtnN3pkMlpmekw0MS1wOXlQNFF5QjRZTzlaM29EeHVMZ21YYlhSYnN0aGx2WVB5dm1Qd1BJc2dBRE9DX2hKTmM2UmhSdUdXd3Z4UUlsM1hyZVg5dVA2QlRld3JzRVRFUFhNS2I2Wm9fZ0FYbndrUDFxc0c1N0w0T1BPRmdCRjQ2dlF2UDBiQzI1VHVMaFdENHgwcmhaWmYwN3Q1Y0c4dmZPaTlkcEdieXlMSFItcjZydGJvaXNNVEhvdGtreFNBcUdoNmtaX0ZXWi16MlBoV3lveUJYMXd5TGNuY1JnSnBkYXNnUEdYa0s3SjYtV0llSHV5WV9vcWpjeGtxeTZ5YW1HUS1uMzZ2c24tLUNZN1BNSjdGRFViZGNmUU1udVNiOXdCZ2t3ejllYnIwOGo0Z3NwZUN3c3hpOWx6QWVzOVhyZHpBRXlydlE3UGcyQ0dNTzVWUGdVc19nZkZac2lmRXlmM2haSlVRU0lac2Vza08wWGxaQmo3N19LR2hyeDBIaEthQWg5NzFlR1FqYlZYdUs3WDdEcmJkNGtiU0RWWnFQRHBQNkJSaHhiVFNFcm9zdFhtYmVFQi10VWltOUZPV291UjlHVGxTbnlGaW45aGF3eDNsbU1oVk41NTdBeEhHem50cW5tQWFMWlFxeVFOc0VmX3hSTWlwa1pLdnB2MXJvV1JYSl9kazZQRlk2T01vNWRXQWk3c1M5VWQ1dk1WOHdaWU8wT3lFSE5iZnRIV3kzdlMxWl9XVWt4TElKSVEzeVNmemZTMl9WRFMzOE4tMUJWWnpweVQzbUc2VUdpS2FoOTVlTGRZZ0RFSktyazFiMmN0M3hJNGNwNXRWYWl1MjExeXQ2enhmalQ0aDBZUzNvXzI3RXJrOGNYWVNmaEZyVGRSMjhpUWtPLW1neG1yM3dodlNNNkNLVXJFdThPUG1nZmNsRjdBbXIxWEtIWTE3MHQ3RUVoOW80RU9GcEEwaENTWURxYmsyZU5JTzgyMFJHaFEyVWZEVmNDYU1XaEIyRGU1TTF0ZGJnR295WUZPdEhfakVmSWVHRDJVUDlRQTBnOHgzRnI4dmpFRmZhMlhhOWJPaVZrMHpqUFdSb3A4UjNLblhtazR4WGgwWHJPOGJZcllTdGZITW9tX2tDczFMaWNTVVdvYzBWanVYRHQ5N1lXMmFJLUxYd2toLUhlN2NuenZ4OWNxU25MeU1IUllROEJEaWxEUEVWYjcySXF0MGcxZDdVV0tveGRtcXdvMmdWdmo3bGhLVHdWS3c5cTBzRjFiSnhfSVd2cnZJREk1ZWh3dUVhZ2xRLi4=', 1359373769, 1359373769, '190.104.75.16', '190.104.75.16'),
(53, 0, '4e29958fbc0e0f028c6042d8f5c065ba', 0, 'LWFFWVVSLWFHdjdYNjVHam11M2pXQkQzVDZiOERzTmdJMDExdjNGM0VUM3ctSEQ0aV8zczRpVldwZ0dzcW5hUDU0MEsxcFlENXRVZm5XQUtRQmJOQ2RZTEl6ak1JY2l4SVhPWmxpUnQ0aGRNRWJmM2JvSGdWYTAzdUFCN2xYWmFkLUVCNVlNSlZVQzhvUjJIbDlmQVM5bTV6blY5S1NGa0JyRUZXNzFmVWhQYnNpcXItUG5TU3hCY040WUxUcV90b0Z6RHA1dy1HZ3VzQXlQV09CMklrRFN5MXN0MEpfYzJCQVlJamR6UkdDTUEzN0VRVEtveGhNbmdFallDOGxlQ1gyQ081STZGdHdCY0tkc1ZVcHhUeGdFWUtrd1ZsVDFLclVNeVBpSUNxWnZ1VnNBN2Y4RV9BRTJSNVMyVC1LQ0xBYkFVcldIY0czTDNodzZFdHVCSkVuUWx2YW1SYmV0ZnZoTk1rdTR1Q0JxeTBfZWo0S0xTY1BJcXBvdGpWTTRsMUZBVElNYjJUcWdVcWhXMzZBOGFPcVlUUGkzTHphSklnTkg3ZzdJUWRmVHBPalA5UWNlSEkxeGZFWnJ2cEtGTE5qa1UwWGFDQmJ0MGZ5Y2RWYmFhVnRQVXJ3bm5tVmFYSE5xRGtjTjZrY01DU2JBUkVZNHF6aUxLZi1ERHVVSzk2TkZvWm9ranAzdU5aTVloSzBiei1GRTJjUEZoRV9SZ2lLZm1FRHU4Smt2R0ZTcDVkcC02bGxDbGJsNVdEbVI1dTBYUkxtSEpmTlduYkRUUjVSZVdWNHhnM2l0R2FUYjhNbmRMamhLSUp3dzVjRl84OTlyYmpua3J4VDJhWjBFWFlNVFU3MmJqZ2hIc0E2Ujh4bUdYSFFuSG92T0lzLVNodDZjY0pFaGQwY1p6cHBObGZpOTNfTDFJVHBTRVhleXBSM0VockJaREExY0FweW1vSE5BRlhBTVNUTUVWLWZpanF1b1RXcEFrTjlvMW8zSksySk9YR3RtOWRxTUFHYUNYa3gxYWFvZVBWNTBFWWZwZDNmdnNJUlpmbDcyalp2N21NaXYteXpUVkxKYzJySHpIQ2ZaQ3dQbVhWMWNhb1V1eHQ1THVLbVh3OFdseGpTV1c0T1JBbGxKR1h3c2kzcmxhLVlidzVjWDlBS0k1VzJBRVhLeWIxNjd1QlFtS0xHbXdGV0V0RGJlclBBbERUYkFOa0RYMzJveXJ0OWdKXzdhSjdKcFU5aFpEUHBmOC1sNW1pcXlQVkpqdjNTd3Q5OUtRbTVza3cxZlpLaDFhcHBrbTJFV2RITTcyMzRzUG1wODRkdFo4VDRNQXJRUXI0ZHVZNkMxX0pybGRtV3BDOExDYmFQZWhmWGNwUU9uN24tUWxpOUNudF9uZkpvVHMwOERDdXJjTTBBajRCNTROLVhZODlBYW1XSkFXcllJdk1HUk00ZnZVQlRNX01KcW5ETkd2TXUwcEt0NWRPS25POTY5OVB4cFVoaV9DUC1PcDVxOFFCVTVjVGRSVC1OMHhVSE1pdGo3dVBzbXpsRTI1a0pja1RGT1o5TV9Tc2xoUW5KT21WdXo3TGxGWmRwV1ZJUXJoWXc4N2lhLVJDeTBQb1VMckN3VGVRSWJma05KZzlXaUZuZnJLVDRrR3g4Y0tOeUVpcWZqQkhMaXhCVHlVMkN2dVk3RVNfeFRnWEZ0dDNudU9jSG1WT05mT3o0RmNaaXJRdTdnNWd2b1BGMTZ3Z2VhQ295UmoxN0ZYMGdDdTdCeWZUNlRObUkxZy1qZDItU1dwUzJlaFBxT243NkRDdVAwYW5vMHVXWHNLbnZEaGxYZXNzRnFZVk1OMERXZUk2TF9kemhFd2VvSldpWkFIamxjSU9kYndKbHNtXzlKQ0NiQnJneE8yRndLWUI0T0x3TG9NUjROc1M4SmlZY2pKcFd1QnotY0NZUDVMbThxUG4yWm40NW5qaGF1bEZaR3ZUVUo1NlA4eTJBNldSbXZ5WFRTOWE5M0U4ZEcwVHp2dXE0TUVPZzNsWC1hLXRyLTdZUnlmeEZ5WjVhUXZPTHNDSUFfZ0ZfcjB1QXA3eGc1RjdUWWhra1VidmVDVmd0MVlnU2s1YnZNTHF3alFCUGd0dzlHU2lPMF82c3VGNmgzUWtfbnFIUmtkNHd2NkUtMXhmNlFEbzJxLTlNeEo4QzM2VDRuMU1aTVRxZGl1dDRDOVIydS1pcEpKbjY3b3I3WXYySkgtRWVPVkN3Li4=', 1359373788, 1359373788, '190.104.75.16', '190.104.75.16'),
(56, 0, '6ece0eddec86435e720bd933b21437d8', 0, 'SnYtMldlaTBFTmk1MHlqRVBHeWJMbWZDOXRTRG91b2lkdEZBSVpfOU9QM0d0UE5XMnVaOVowYkxhTDhkeWlxQjBrX2dJSk9YTWhzUzBBaTN2RXFKRXkxUVNXLWNRQVJpalE3VTV5SEU2T0pmZGJZZ3piVXZiWUx1Z3NhRktxNFlFcFhsSXpUSTFmNVJUbTN1aENHT0pPdmRBNHhXM1lhMUpWNmdhbnhtUW1RWGd0dl8wN3VPZldGRWZzcG53a2p6aEI2eF8ycG5xTTY3Y0pqTG81Z1NBRE5yc1gzVjRDM1Y3ZXR3bWtiOGMxeVlJR2F1VXpMVFNhN2hqc05mN3BhdVU5UUNsTnd4MWY3Vi0zUjZOelVtTW5zdHdWeXRXLUY2dlhfblY1SzNsSEZCUXVfc29aVTM3ODl6T1k2UlVBRGVNXzY3SlZmWmlSTXpoTHBQWDA4M0c5aWxJSXVxc2syT3ROTXR2WlZZbXU4S3BwaUdrU2IxOE92bXhyWmFJTnpKaVNGdS14bkFlLVpFNHhFWlBWM2Z5RnhMb1N3VVdSVDZEOEEtZTg5TmhUNHlpZWtBUTdjeVRobThtUWx5VGhjRFdTRmlPYm1NM0hVemxCeVhnN1JQWHBYSVFzOGFfSC1EYTZPaU1qVFFWUEZRNF94clRWTlJRQ2V3YUg5Z0J3TlVrT0NYdzRmbHFSTTAxUGNBbUdHeERjRHN6eVo2NFJDWm5SbTlfZThiMGZtSnN5eWpuVjF0MjJ2X05sdDIySTBJSllCdU8wei1icThwRWFtT01VUk15MGx5VEk3QV9NWGFIb1VlTTJQMUY1bGtFZ2c1RWlwV28zaVdjaERUS0c5WkxJbjlnQjVRMXQ1ZGZxbjAwU2xzb0hUYllPbzREU1NJbXhobEZkS3U3OFlGa3NtTTBhUkl3UHVfMExOQVZfb040cHY5RGRpellNMlZGVzl6djh3U3pUZXN0Wm91aG9sREJ0TXpJMDRVRHVXYXVZV0pQRkdXeWRib2ZlbjlmelBuNnJEMEt1QmNvVlctR05xODVUeTFqbThhMG1CQXlsYjE5Z3p2OWVLVzRKQmpFLS1pRmQ0b2d4RFRBdEpHQnJOV3h3YVI5MFR5ZnhjWVhORUhrSFBMMnRwNmdUX2RVNUI5b21qeVk5aUVYUnpwS0YzTTg4VmdjUGdMZC10WmxlTTlDWl9qeF9NRjVTMWxDV1lFRkx3ZFc4MHBmemdZTDNZcFZBeWNzTnJydzR0bVpDQVVUOGhHSGktbkJid3gteFNXSzV4M1lVSm5Wc3BoRTgzblY4a0NSdUE5aHR3Z05haGtRd0tBcXFta2t4dTVNRjM3d3pMZ0FDY0EwRzFra1UxM25fSmh1azFUX3lPeG9ldURYVHZsVzVZMFUtYUFUT1dYUmswZEhhNG5fc1kxS2xFbG1Ya2VZOFhjSE1rSUJXZ0laVVZSWWRNenZ2cDcyQzh2SEFYRFhBbkFabkRFQmpTa0ZMbHB6QUsySEk5MENyX2lZOFRXVFBUR0Npd1pINi1GRTQ2dnkwNzR1cHY3SE1GUW16eFE3b2tIZHdZR1k5U0QxaDhvZmc5X002OVRXUjBsZFRYNjFOdzBnYnVpSFFta0tIR2c5WVc5TFNiMGxBM3Z3ZktrU2x5YkhmOC1ENmxjczhfMkZCOGtZZS1qeWZ0Mk5oRFN2dS1hQ3hCdTVSaHVOelY3bnhzRGU2b0hOOW1GckprdW4tQ3FZNTFZOXA1V3RmZlN2UHUtcG1QWmptNE5OM0Mwbm9DYlRpemQySGFnUjJqVzdEUjhuSVFVYzV6QWplX1MyZlgwU1BNNUZ6czBFOWlvVl9nM2hYYW1Dc1owQ3ZETXR0SGd2MW84N0lVVFpyNjlhMC16NjN0ek9MQXhPUWFheE54QUtJQ2lBYnpFZHJkYU53OGdZNnJSZWN5aEd2TF9oUWR3LWU0Ty0yRV9fWUxyemxDSWRNZ280c0t5T3JwT1F1ZkxrNGNIbGpxSURkNjZSR09YTDBwcjA2TjBYVWxlYTRrYk1OVlhiMVhDM0FRTU5WOTE1QTJFUzFyRGI4TmxValRfd2pqTnpicUdldS0wbkY3elZCQlpDZ21pZWlvREZLUl9GNkk5dXJxb00wb2I5RkR2Sk5ZNVpnbzZGMGdDeXpuekVTRVlWaFMyOTlhQkYwVUJGcGZlTFJRN2g4MjJaRlhSVG9yNUFFS0R5R0RnNGk3UnNWYWxjRmg1T3JtWkVGakpxZ05zWS02aFUtLU5aLU1uTGJ6eUd4VWhPQzVKbTRfTGNWUUdLQ0FTS3FLLTRUaU1IWEQxbDhiZ3RNSzhsUEpoLWQ3cjFIM1V2TC1IcTdXb3JKbmU4RkFXNGNUTmxRVGVPSE9MWlhqc0hvQUJ3YVRmUDlTRU1xYUU0THVCTVdBRnBXWHI1c2xGNGwtNWI4aDVwa3gwdkJ4emE4VFVFR1NJOGpzNVBFak00OEY0dXlFdEFiYjNRaXZUYW1BRlVTZW9ZMk9Ld1BSTTlPRFQ0NU42MlB4VF9FTzhTUWJSQkxyMFNjVXhWMmxPWS1uZnFYQ0xBWFktTGsxLXNROUUyeXlsWEV3V3FNTk9vY1o2Y0tXOXIxMXhrTWVKejhBRnlOclo5LUNnOUs1NmJEMDZKV0luaWdiSHRjeE83Qjc4NEQ0NkdjVWdMczMwLUhDRDNaOE1SclNJLU93eFBlUTdrNS1fWVV3Z2pMbG0wUXk1ZnpoeW5IbWpUVElWd3NlMGdBLi4=', 1359374575, 1359374576, '190.104.75.16', '190.104.75.16');
INSERT INTO `mdl_sessions` (`id`, `state`, `sid`, `userid`, `sessdata`, `timecreated`, `timemodified`, `firstip`, `lastip`) VALUES
(58, 0, 'c484f20c94fb40143e19cbf4810c04e9', 15, '[encoded data, 10104 characters]', 1359375129, 1359375312, '10.14.49.39', '10.14.49.39'),
(61, 0, '8205c282783b23ba9ceb8eab3d72fb39', 0, 'VXNWd2F2Z0JyakZJTTRBcEVWYndSdEhtcmZBUURyYzJsSUlpNWJya0ZaWlBCTU5TMUFzWmdsRXdueXVvZmtIYTBJcmFsWFJPOG40eGxLT0tfbGN6ZTZLdG9pMnNTUW1rSVMydTFfQnZIeVA3TnFmbGpUZjloYTRiSHZvWFl5Q1VlZEQ0aDFZM1dGMk4wbHBZMDluT2c4X2VCN1pOOWlfVi1qOWh0UmxFZmU1SUZfSWhoMVhIc1hYdEJKdzVSRkJpeGJMVFJaZGJ1TFRGd2RxT2wycU05RjVPQUVKVFhOdEhsSV91THlCWVl2WWQ5Mnd5ZTJvSGFsMGdDZ3lNXzNRUGtTYlA1ZTc4RUJ0TUdULVNCNHVYY3JBYnNhdG13ZjRsYjJSUkZSNm9mUHZERlpnTDlWb1RUcHRlcW5uZHRrdWoycWZsVWRRM3VZVy1KMjI2REh4OWdZWHI1Um1HX2Eyd0hIYnh3OUZpUEFmWUtWTjVrLWQ5aDFZckJuODNPS1dlNEtmVDV2NnVwaElma013Y25ael9PVmZiR1MxY0xYTUh4X0hqaXRJUlJIdWxuSExYblFCaUpSWEpoekVfcXdQMmhEdi03cWpPU0wzUzh0dHhFSDV3VENlUWVTeVRGYWVSUnRMdUxQTzQ3NW5tTlF5VUlIcmY2V2RNcHNEa242R2dHNHB2bk9TOEJpdXFBWDZaVDNtV1ZmdU5nODA5aXNMSFVhbEI2ZEczRm9aV0VCcWNmQnc2VGxSaFRvZVd3LU5ha0hxYm1sNFJHQTRiMUJRcGstdVREdGFFdjlfdlRCVnB1RjlXTkdjamplNkNyOVcwNGhzTkl6NE1JeEdJVzRLV1B6YWUyNnFiVENoRF9yR2NuVEdVQm5nTjJsbld6bzFQOHNPYzFXbTdHUUUxNGRsbUZjeHJYUDlsUEFHZEUtTmNUbHRXRDdOUi1hdUtlQzFsU3hqYU85bXN3SThlTV9iOUxscE1vMUlnRkRQNTU4cHEzRnp4Y3YyQk53YU5pQkM0RFd2M05XMjR3QllsOU1pZkx4VmdiYTllVmF1aklUdlhVdVJ0RzlFNF9iTXY3VDFPNGlfSnJYd1NVMGoxeWNBTWNkNHhVcUZlZHg1VmFTYm1pQ2x2WW9WX1prV2RVZk5vdjZtaWxsanR1TGhlb1lSbDhHUkdoQ3Nxem5KV1NRbnZ3MFdxT0hNZmZ6MFk2U2JjR3hTV1FSNHZrYUE2Z3BObTQzNGxSWTR5dHBKSGVHeTVaRjNtQTVOSFFnbldpMmMzT2VxZUlCLUw2c3pjZi1hc1RHSGdoUFZkdzFzRUZRS2ZQVU04YXU0dW5EQ2Y5Nm40OVNwYkFTV0Z1Z3dNMkFHLTMtbmt4TVk4bThCTFNURWpxUUdXeTlYNGRxSEhzVzl0QzltQjZod2YyVWxkWlJ5Q1hueHBJRDBXTlpHcmJDZEg5T0pBVjlDdnp6ZUZwWkwwSVBPRnZSTm5iWlZDRThBNlctdW1oVy11QTJVcXdxNmlFTERJbmw0clVaZEdIWHcwc3JnUVlpX0FIdHgyLWRiVXZDLWxYYzB5dW9HOUduOGpmUXppRG8wZjZtLUVlZ1I5dG1RWEdCUlVKRWVTWkoxUktpeDRRY3REX1RRcktCazZYMHpnX25TbzFHaXFpUmh3UU9LUW5USlpnNmxlQmJ1b1RqbTBJX0VnaDhob1RRdjBGbFNaY0d2V3dXY2N6ZUE2Y003ZklEaDRyWGQ5ZzMwZ2Z5cjhxRHFZaXRjcVhCTmY1Nm41LUxEdnRTekdiajBsWlU5RXBpbjZZYkdoVkVUUHM1eUJjQm1EYloweHpMY2hWdVUyM3RzSFhkOGJ0QlJSbDhENEgySzRmeHBsNUwxV2lMMDZfUWd6Tmx0YmlvNV95X2FUNDRDQTUwcXJCbEZhWVRQUGxkUy1wVnhJUVdya01va1dnZmtaYS1hdDk0eVdKcnh0X0hNa2hvbmh2emw1bklFWjBpXzM4aGpuQUFOTk1hRTBMUExubXBvTGtjaF9tY1phaWxzREsyNHdrX3NhczdHUERWZTJkMGpwR0IzQ0lWR0t1S1Y4bU5FaVRLMWxPWW9XdXljLWFSTzFWYU1TeVY3NkowU2IzN1JwNGgtc1B6dzdUNjB2RDNWRXhtUnhpWkdURmp5djVNaXhMWTdURk9EX3I2LTVPZDU5LV9iRGtlWmhFNDJNUGFPTEhXbWhFMUhEU29UY3NSOThKTzN0cktSUXNQNi1yLUhGdk9sb0o5dzQ2NkpRdVVEeXFuMVVWck5pN3d3Q0VzQXdheEZjLWNnUHpFR0hBVUdzSzlYS0M5cVdJdXp2V2tHeEpmLWhvTUMxT1BMZjI1RGZlY3E5WXpDa05PTHlIWU5MSjRUMlZOMG5FSjl2d2tkOVBpNkljNFZQc0RfU1VKbFFoV2NNV2lsTVlrMkFMZ0hWcm1lcWdtb196VjJyc2ltelBlYnAzaFJrano0cElOQ3kxYXVKUGdHSVhzb1BycnpWYVhuamJBZ0VsSmJ0eXRfMUp6R2F1ZVdKWV93VmhfeWZZM29IQ2VWcTkxejBsSmptNm5QQkstU0E0eEdqa2RWcU8xcTJLTlM0djJEd09lWGsxRF91Z29XbmY5NUhJallBdjlkdXFfV2tjbk1BMm5UVGdjRzlhOXhBbS14T1pROEdNSlp3S2RrU1RXUldVQWpmY1pBaXJGWG5QcUZ4Y2pPWHhxN2RJRmFpZ05Ob1lwZFpfX0hFZFdNXzB3Li4=', 1359385280, 1359385281, '200.5.119.36', '200.5.119.36'),
(62, 0, '8288976e8021bd33b6e32713ee516558', 0, 'Y2lRWXExUVh3aEswRjV6RjF2aDdaZUZETmRiZU8yYTNwczU2Y1h0U1A4b0JBNXcxa19pRTgzR0pvMkxwUlRfQ216UE5Mbk9ueUI2aFMtcnB6ckNsSU9fWVFfemYtNG1OaExWTEpsa1lyWHMtM3Z2MERGeEFtUzdYY3k1V2JyRTZFNDNNMllqWEFHUmhNR0laTFk5VUVpNkg3R2ZkbWY2Y0M2ZGh1eGg3SlBQRks2aUxxdTdHaEpCX294dGowdlRtMWdCNElScmlYT2xxWEh6eEdMQ2tJSW02MzItLUlHaHlkS2VadWZ2eDB2aTNNM05uZ01LV0pkakxnOHAzdGZTRm5qenRJV29ERkJ6QU1QaThOZFpaa3E1RU5vTGlZX3pVX2RMdC1qcURDN3dlZDYyLTRnRTJqR1ZZWU94cmxiLUdlVnhPNTlyRWgwYnpkeHhXOGNYUDVmNW0tTERBVW9MZC1hU1RwTmdLcmFYZkZEenE5QjFGVkxkaXhfXzJnSm9EVHZqb2dLSjc0cExOcGQ5UGRKVFl5Ny1nNWtzc2tPTlVHTlZDZmhjQk03bVVnOUJYRGJuLUNPRF9kdDRsc1RKektFN1YwR3NEN2RoSVd4TFhnaFhIM0F3N0EyUTFfWkZ3dEhwczA3SWtLY1JfUUZ3dGdiWWxCYjFQTlM5S3JuX2JPRkd5WklTeHN5U0ZSWHFLMHcxQ2EzeTc0alhaYU9FUW1LUTFCbWFfVHdyU29nLXlleFM4bTZvN1B2TF9NeHJsYW90NlVVRGZuQkhjUFpudW1jRXVkc05qMmQwNUZNcHN0QXRCWUhnS3Fac24zbFBnVEJyQUxEOFNSTkZBQlRtTUgwSnNQQ0k0SVJVU3FQWTBWSGQxSERFTEN3bkZPU1VGdjE1bXFOdTZqbGNtQWZVeVJRYVE2UU82ZUkxRjZzSkVWT1dSZzBfRGNnYkJzaEIyZ0Zvb2lDVXhyNWR4WUgyQWFnUFVubUVJYUV1WTVIaTIxRERiQ1dzbDlrU1lpZUhJWnFYZ2ZMS3R3QXpkNDk4b080MHg4SjkybmYtNFVQaEdWVHNzZUNQOEczQjZDRm9ibS1iQW9CRjc4NlFLT2F0eXpoaFVnY1F5RVktdVQ0UHVrdzNsWk1QOUIzNmNTeHdRSDYyWXF6X0k5bG5adm5VVTVxbXJGQ2doWEdWRTVmMVRFSHYyc1ZlUDBGN2tHV0VMUmNsMnVUaDRFX0tpUVQydDM4LW9vUGVmeTRrWUdVX2VlNjR5cm9MbzlWSzdhUzh0c2EwWDlNWkJLOTBDcXVYeF9rTnF2RkJFbEhRTVA0OGpaYzJvMFQzNE1WcnpLYl80T0Z6elBTdjR1bHY1TTl1OUVkd0g4OGl2NUhNMnprV1ZSMG0yd1lXUUNmUmFVVC1fcjBkS3gwcHhiTDg2SlZZOF9nTGdzQXdNQXpQRmgtS0lrVHhMcnpDOVdKaUREVjg3YzU2NW83alowTWtiZVExdDc2RWcwWVI2S3o3MnhWUVVOclBDeE10UW56TmlFNzhOWmswZS00V29iNGRuSkEyU3gyYTZkdURzcVY4S3NldlZhQ01QMml1VUFZUEhIRkloREFFU2JfSWNiVGp5UTYyTFdET0hfMkt3bFBWcmREdzZWMmJkNEFXWUhKWGJDdlFQZWhJWTFFNnI2ZGhRYXBmN216SFlfODI1YVdldlROWUlEWjFjRlpyclZLeHVWWHVyNFVzU0J0bEhfSzlxY29mYS04ZENOSlp1WUtvbzh1NWhpdjNQQktUNTJteUtaWkVjcGhSQzNlNl83anV2b3pPMHBIUHhDUjVjSXNrY3lLd0ZLaEpRSS1KX0h2S2dwVkYzLWlDZkdzOUh0bFhxX1hFRU1XUUZpV2dSNkxqYWgyak5JblJfRFJMdUUta1p5MWNwZ1VMRXZETXNWMklnQjdvNGJtcEtQLWtMcDFrbGxQLWtVS2ZIdzVjT05RUTRyNmFOS3U1VHBkSDR5NFFIc1FXcjZLcGI5SndZb2luQmdlN2pleXQ4ZHVDMTJ6LWZJc3RYdVdHUUN2ZEtXSFh0aVR2QThFdFRDd1p1SzdJMDVqdHpJOHZMN0I2MGo2SDR0ZFhJdVcxaENvSE4wRF82MzMwbHJoVmg2aWk2dWVodnpUN09Oc0I5ZVFiLVVnRzY3c21QOV9XNEVvYnM1S0xEX0JMS2hHTTJzTVJ6TVMwcm56LXVqOXNHOVJRaEM0aXNwRmdHdk5tMjhBLi4=', 1359391659, 1359391659, '8.28.16.254', '8.28.16.254'),
(65, 0, 'e00e65913721c9d691fdf57a9875adf1', 0, 'Rk5KeExROVdSRU9yU2ZiLWVEV0NZSlUtN09TTnlHTU9Da1c5YWp6a3pTLWMxZzFIZlp0Z0pzTnZrZnpWMzVrNW1ZQ0hoTGJ4dzBaSERTSVN0UmFBOHowMkxFT3Z0VkhCc0w4VVE0dVRDNDV5QU50NC1wYnpFaHRsMkNncTlfLUdVY081N0VKbW4xYUo0M2wzYVpfM1R3UkMxWmJnLXNjNGVUNGl4dWtvUkp5NGgwNzVUVG1tTVlSaC1aVURLdW9heDF2dFBxM0ZKeHE4ZXhRb2MzTzk1ZVhlV1lxV3dRSkZBOC1yNjF3SHliREdFVmJuNWZ4NjVOTVJzbkd2eGowc1p6LXptRl80MUZ1c0FhWm1ocnJyVE5ZTlkzNnduUzFVamN5YWQ3QS1OejF5N2NBeHFOdzB1VTFRTE5PczNad0luQ29OVFBJQXo4SWlsQlZaemFSMWt2cjViSHJLbUpEM0djNUxuTFNHM3dZd1EzLXFZYVlaYU1sekZuQUJJZlNQWHUxLWM1TEg1cU9jeHNhU1VUNmJ4SDhpc2xHcXV4cnB0UnFRSXptRWhBa3h6RWQwUU9yZEhic3hiV29kaDFVdjU2RFpPUXFIN1djeDNuLTVIVG9sOG5yd1I2REtaQnRuRWRHRkJHSWtGS1VnNEx4V3ZMQkUzRkxRdHQ4cUN1aS1RM2lCWW8yRE9RMXdrdG9mcXY1OEp0UlVSbHduVUN2MXF4T1FGYWFPN1d3V0FrVVFUZmx1d1VJOFpOS09YdVE1S29LSDlqUzZ4emlJSVNmSXdnV0V2bGtadkdvU3U0NHc3UGFxVGdQV3BOMklIbGM1LTY2NFhZQm1FdlpuNWI5YTRHcU5kdlpaZkFWVVBNUzFqMkxqQnhlOThfUEp5dUc4TGNoeXFFVVlHTFJIcWduTjVYVVVwRTZCckctOHViOHFlb3hLdEtUa29rREd5dEQxM0RBbjBXR0dOajluMnNRblpsYVZSSXNQMmlCMVVpUl90cnl2TURfNkhDTi0yclA4WnBrd1hFMUQ2TlJsN19SREtBZnZIbnlNdDV2MFl4bDN6dFlrbmxvOHhsTXBLakxINUVlS2EzeGhXOERWcms4V1ZYRy1nSnVBRVRySC01MF9CWUxrS2RlTUM4aVJ1Vks5X1dTRk9xVzV3TFRNd3dpNjIzcmY5NkVHbmNaLW1OVzE1YXA5X1dKMFVZWm10bVc2MkVNc1k2ZmZFZzZJY0lPMUVobnRHRjkzVVlJdUk2WVhKc29NY1FMckJCM2JQWlRUOFZKRzdaRzBGclhnTEs0OUN1M1pBY1hMb2hBdEE2WlBfUElLRXlidmhxNDRSQWk0amxOQ2xVOUxENERKWHp6TkNrQ2Z4c1o4cVdGclBJUmNTdUV0NklwZFk4SHZCLXhncWY5a2dRQktDTjBqdkJlMTJINU80QkpqN3ZONFZSbWtFSDdrVEJNdDlzUUh1anpsOF9HeGdTZjJyMC1vUWw3SkQ0QklxNWgwd2c3RGRVa08wSFNaQS16RXhSZDJvVDJVVHY3OWRxcURURXUwUWhoOEhxNXpsazUxbnZjOGNObXZWZ0E2SEl0ajFQLS1CaXdxZ2M3a2pmZXBodENaTHFrVm43NWpaXzdlbzM2d2hudjRwMGpkWWtfc0pPTWFFWWZVdlI5c3hLZDVEN1VrSkt2LVRlSHNCdWpDQ3JTV0JVWWFZVU5QeFRMeTR6NXk3X2RWQXFTTEhsajZYQURTS3BpVWR3bm5zRzVsanp5azNVQzNFdDJLRzlXWXBxWjlVdVVfWjdPVEVnTnlJOXVMcjFPOVVCY0l5SzNfYmptRWE4cE5TdUlCeTJ4b1lvdDNHeW55NlFHd0RqVDY2Qk1hN1dWcWRLbTBkcHNhaTFTTk9rZGczcmJ3cFVzajBuSGVsNnVsSHFxYXpWLXcxemdwMno3d3Z6d1FqazdOa0RBMVBKYjdrbmEzMkROTkRLV0ZxQVRaZmpJbk5jRG8tQWlGdzJLUWFKSjVYdl9HT1ZqSDV3Y25ic0lHWXAxMjd5QTBIYVl3TW1rSDRUZWQ3eXRPTy1QREtkSml0SXdFZGg3QlFCSVFjc1dVMl94N0o2WklBTGpkXzYwQzhMTlZoS2RPdW9fTG1qMWpVUm9CS2M2cXJxNC1ubVNuS3E2VGhIZzh2b1Bqbm12S2F5OU5jWnpxOWxpQXBoOHhKSjVQUHFwb0pSOUxEdlJFV1RZRVVxNDUtOGwwR01ZdVJPNVY5QkM4RGFDekZzbGtLN3BOYlJmYU9FSFpXY3lQU2tWVlZraVFDb1l2ZzdqTjZRMEoyejBkYWo1ZlB5YlB2V2Y1bllWc21SVmhZWTNoZ3lRRUd0ay4=', 1359391703, 1359391703, '8.28.16.254', '8.28.16.254'),
(66, 0, '9b60eab0668d31e94fe78e62ca7c86b9', 0, 'U1g0cTJDeDdRSGVTUDNzcGhOUlJqS0lwUnVZd29LdHZMdG9CSlJSX0c0V1VPZUJBd0lyREZRZXI0MWNjLVpqekd3djV0WG00clJtelk5OTRRajNvLUk2SUhQdWUzMGxpbXd2QksyVHFXOVhoUmU3aDNKa2xQdmFIcWdRTmlhZVgtRlFlRG00SVliYzhFLTFrVS0tUWllOVQ5R1lpeTFTeE1NTEJhQ3k1NGdaRUhfRWJvLWsyMG5hME5QMms1UGYzRGVaMzF0WEVYZ2haOXJZRWlPX19tOVgwaEZ0N2RqZWpib2padFh3dnZTSmFqSFc5aDN1cDBBajRpcFNUSDM3TzRjdmVjUFBpcmNBOWwxdUNBMWhTX3NoOUUzdkR4SHJZRG5TRGY3SEoxcGZaUG5WRzA5dHhEWW9IbzAzOG5wYXQ=', 1359391746, 1359391746, '8.28.16.254', '8.28.16.254'),
(67, 0, 'f94c104d504cf68ada7ce8085f0e5feb', 0, 'M2IxbS1ReVdvblBVcFZydTQ0OHdLbXhoa0x1TUE4bS12cUQtNl9fNklXNjRIS1hhR2xmYkpFdENtdUQtV1hDdmV5VFFlU2g5LXNjeEFoU01lNFY4MHkxNUpOcjA2dXd4emNITnV6M0NhMGFNV2c0WTl2alJucnVLMzF0ZVVadE9BWEJ1aHFCNmlUS0pQRm9vU0JlMFpHSXhFeDl5b3VJbFQ4Y1VJQkNBMlJZcDJKYkZ0a3l4QkVicHBlOFpPUTJjZnNERlZlTGJKTmNfYjZPMGs5YWdrYVJEQndQSVdCc25WOTA0cVN3Nmw1b0psaUFDZXZTWlI1R1ZfM2ZSSnpYTVgzN0M3YmZfUW5fQ1ZGTXN4Q09IQVFFUms3OTRUNHlvMVBzVjUtWVI4M0NqeHJpRE9ZSGNOVm5SRnRGTTc0UkRkcGd2cUhFTW1pLU9BOVpaeGxZZkdvSWNCNVVBM2pVWDFULXZoUjNCUmJLbERxSldHOUNpdC1CLWJzbXoyVUZYbnE1UHlpQ0piTGlWZkNHeGs0RUVLTGVqUHlNWTZEbEhkRUNHdkYtVFpJa3RkMUlxX2YzWi1rc0VYY2hYcm1CUXA0S09LUW9faEdVWGZWeXhJdVZ6ajloVG1BbkV5cUJSOWVaUE1ZUkFNWWJuSlJBSFo5b3lQbGRJZnhCYk8tN3FMSm1ETFAxbk15ZTZuSkNEaFNvd3FyV2lHN3lTREhaMEJvUm1jaWEtcFJEYWd6RnZ0VUFKYUIySEJpTDI4YnY1djVRdzZScENCMkVmUXhxZzJ4bE5JM25TeWo1N3BOU0xxb003WTN6b0FhRWlWVmpqVGcyMkhsRk5CaHJrUWRrZ2dkbE1CcjFyUWlMb3RqTlNjUHMwMlJUNGp2Slh6MWJ6cTI0dmpCejdKOTNrWkQwVF9sTXlwZTBETHlEczRzOUx0ZXRNcUw3bWVTRXJWc0VaSHNIZ2Jzb0ZCRmxXLUt6WnVleUs2SU1TZEg4dldRekk1NEdvb3RGdVVKNjhBY0toTldPaFk1VUIzQnJUWmtEMEk2a25qQzlJT3pTa2VTV3V1a2xjREF5Qm5KR3pVTTNQWmMzdTY4ZVY5ZHR3MkxFeWV6S2IzUzRSdUVmTGkzZF96Vzg3TWtzZ0MyT3BOcHpNVTIyZW0yMFhHY1pMTExMSGdIYUpZUFJ5S0xtT21xaG1xWUs2T3lEeDVJc3pTRFlrSWpHZk1BR2pUNnVwc3NZN19UZV9LN1hYT0Vqc3hWSF9la1dsUnFWZ1JacGw2MUt4UGlySDlkLURHMDZnendPUHhxM1ZSQ1FvVGpzbUFRMTBtaVBhT24xcDVnemxnUVNrdlpSWjdKZENJaEN4YzhyUGVmb0lpcFF0WjJZQW1tbnhDSkJYYzBxeExPZHllLW1NUEt3YUpnQ0pDSU53SUJRQ0ZUNXlzX0xXVkZUVFVOdGIzdEdoMnhPbnBjS25yVkxCZkhKVGh2YVNBZlNOMzRmMnpjX2tfaWdxN24wbXZrNEZfZzl0ci02SUdHLU9DNFMtVS1laHhxeTJiSzBmQmU3V1hwblRwbVdzcXNkb1pkY3U3aHRwOHN4bXhKbHVVSEN1SWR1cnYxLW5rc3l3RVd2RFdua21KUzhfc3U5UlpPVDFXNnRjSmw1LU5jS1RhNkNncVhNQ0lHUVNLXzljUU1SYzQwZ3hzQ2J1bGc0OVpRLW81azBSdkMxNUVXcXlCYzlYcTh0SlJLLXFVSkRBMkF3TFBMZGZYc19WWWpxZHRRcjF5UGFLcl8tcjhhNmxEZXladVJCcncxd0xpaHY3MU5DSFFqVW0telk0dWg5VUZXb3RGWXpkM3daUVJoaDNsaFZsNU5OellfSWtFUEFmMEJUQkdxWXpoMDBzamc0QmNqZmNLbjhaemxPTWd6Wk9OeVoxRExRY2FVRGFNNnZPMXJfcS1SalpxZUJIbnVTVTIteU44TXNvampyN0U4YVJVNlV5T1Fxdms5MTlhX1hJY1ljWVRFSFVlZ3RCM2dJOWx4Y2VzWEFtTThKbXI0R2hhdEQ3ajJDN2pfc1dyT3A5TnJPYnJwR0ljV2dYWUJNQ1hRTEcwVGZidXYxX1d1YXkxVGxlamZITXQzS1JqQWh1eEh2MGM2VDVzdVl4RU5PS1R1R0lHTk5CbFpTZDlfLUtYY0NCYktlbUZFRnNuclUtTXBvVE9BbXNjZHRRRTlDRTcwMFlwTE1Lb2luUmwxRVlKbktDcEhhbTFRLi4=', 1359391746, 1359391746, '8.28.16.254', '8.28.16.254'),
(68, 0, '3db42fe9995f9f3320c5b9825871b2d9', 0, 'X1QwWGsxYUNZWnYyZmlNU0taNWtsOVZ1NGN5TUJndjdBYUVHZ3o1UzdGck04dkYxMWNhMU9vS2NPSGdLZlc3MUE0UG1QRVVYRU42VXE0OFVkV3RkeEdZU3lWbEU1ZjdfNFRZWk1WVGpGZXZ4TDRqb1dXMWk5Zm5renFDUndkdkdHRGZLb0QzY0dWNlkzUUtzU1ZGTl9EajNiUWhSS3l4d2xzeHlFTTNveXN1b2Nsc0ZBbWRMOV9QM05CZHdRREtBb01YcGtweVJPdXlqakhMbHl0MEtjdEtJbXdMNFFUZ1FNYzZBNjZEdVpsSWlpdmNiS3ZTbXdYU0JwYjdHUHNQWjJVU1J6bVlhdEpoN0I1NjZCUUt1YWFwUGV1ZndyMGU0LXJBTkxxMWNaRXY3T2xJMkh5Y04wc19jUzJ0bjlGdWJKUGZ3YU9NeWtUOGJsd1pXS3kwR3FBbEFoYTRaOGZMU3N0cGstblVEckpDbThuV1lwRS1iS3I3WnVuSk1kNHJJcXY1SjRjX0U0RFVvekJnQWg5UVdyOTdHVDFlYWltbkpvUS1LeU1MTGNPb3cwSW1NVFFjXzQxYzI4dm5DRDNOSGhkM3hqLTZMSnJkUEZXUGo5b3c3X3hQZGY5b01ybFJiejFIM1BQUC1fZUpkNUJUMHZZenFxREMzeV9vbVNjS3hsOF94eHRpa1o4T2RxUWRVc1k2RGw4YnlTaDlndW13X2dwMFExZThlb3h5SEREdk1jTnAwc1BSMWFiV2lPNW11Rm1Sd3JlQTRPVDNTM0tmcWIzbzM1bzZvT2toeWZkTGdLajlGWUJWaElvaXJPcjZ1dFVySmpDYnZqNW5NSXIycmFQUFRaRmhRUXFfeVFaTW42ckxsOXR6cnlJQWJKODVsTkJrdHVKNk52WVV5RHJUNEFVZjg5bk45dk5BLThwclQ3Z0hmb2w1LUJRV1lxOV9fdnJfbkEyaUZfUk1tRDVuR0lrNi1aN1BGenpHQUlINVNrbzRGN1NTeFdPNm03eEgyRExXSnJOc2tfeDJrQkw4Vno1c2diUWN6Tk94N09lRE1kNGhxWGRVLU9rYVN4V0JuZGxzMW9LeVhaQVF6cmxtY2NBT1U3bUlhSi1oWW4xcDhLWDBzamJVYVdhN2RTbDNZREVHVEtXcFppLVpPSTdSNHVwOGtOS05kTGVrVkdyUm5JNTNhczROcjl1ZVdMX3htNDdzRXZITFJFUVJPNzR5aWlnQ0xsN09GS0VHcmlBc2k2MUJHWG9EUDNqU0NJWlBnaEhOUzk5cVRxNW5STlBldUtJNFhkcVZaVjhycEk3QUFaYlJWTWtGRVFFMGkzV2xLTXhjSDVfN1dsMnpyTlVTZ05EeTVweWh3TjZrcndsYm1Pd1FMV0FGOTFYVU5MNUpqUWhFRlF0R0ZmX1ZDSVhYOGl2dXpSd2lNMkdSdXZSaW1xS1hsSmV1dG8tQkdlRmNSSFZlSlB3bVdLU0RudjZObEFRSGc0ZUtZNnBya3dkdnBnNUNOV3B2c0pmTTVKay1hWmQ5bWw1U00tdDZnZkFQc1VuY1d0WFJhOUwybWxCRzVMdVdVM21fZDg1OXhjSUF4SDVVRnpHRE9vN0Y2M0o5WHZyOWd2Qnp5RDhlS19FM1RtTThvZU5pUzVBWU9iVDBraVpqNWZ2UzhOUW1PR0FqLXNNZjI1X1djWGRFelNnZWUtVHpJWUwwRHQ5bnFTdUpfbEZOaDExcWs2Q3VKVWxxdU9hX2szb1RoRUdMRUczSGlTSG9KMEVHV2lSYnRHZFZ6NktwTEQteVRaVVFZb1lBVTdnaWNlUUZEUEh6SWV3dGduMnlHd1d6RGthYWxYU3NmXzROM193UG1CVDAxSHdMaUgxX3VUTHhpZ0k2b0xEcnQ3eWpfYUdvcFNGU1psUk5WY01pQk9MVmptOEthMHpudXJ5Vjc2QmlFekdDTENOMFVleUJiNmROV3Mxd1gtR1RlMTJ0VkMweDNLVU1idU5rdVVmNkdscldfWVZLOVpQTkNNNEVFVUhlWWoxZW1tVmM0bUJ1Z2VtczR1MjVWcGRLOC1MdnJOSFo2dkQ4NzVJM28xXzJBZmo3ZWt0LXU3MW9sclY1X3EwUWxBcTVKTXpmWHlpdGlxa2Q5VUVZNWJoLVVqWlV0ZWcybVBmREZDb1dBaW02ZTFrUjJsTzlma0hnRGRsb2dQZTFvSURNRXVYTENaamdQeDZ6TF9IM2pCN0d1MjRYSlhma0UyWFAxaE1FVDREajFGWTJMR2w4NnhtYndSRFpxTlo4QWs1NEFtaGc4TW4xUmFNbUhJNlZzSWUyYkJETHFvcHdLeVdNWTlHMXg2cldZdGxlNDFLWS4=', 1359391748, 1359391749, '8.28.16.254', '8.28.16.254'),
(69, 0, 'd86552e894a62a1551fddb0c712b0861', 0, 'MGJfUnhsWjRMbnNJN3dpczBrUHY4alhyV3ZLdUZ4VG42cnRleTBZWmlOLUVaejlkdmpxWUxRNlRrbjQzZGxSOGdKVkdzWldvMFE2dVBKazNjRWNPaEpwalVCVUtpekZCMUVBWkhPSzBOZElnT05FbklYYl9aUWZtWWsxZml6aG96TXI5Qm51Wi1TZ3VycG0yUWs5ZDdsZFBaOC1BeEhvUi05c2lhR2YwUnFxcDhJNFd5QVM3d2c5dXFCVzV1WjVCZl9Hd2xXM3FXX0dTZGc2LUNYR0MzbkhXYVJhN1V0bFc4VF94NWp5V1VzclRwVlhucUVxVUYwcXJEUlBvVW52dFZpUFhJUGRUWHp4WWJMMzJtb3l2Mm1wNnF2SWxLVjBTTzRWemdZdU9XN2tzSUJDTVlWdjdhRnRWYVY3WkJzU2pSdXFCdUdCWm9nNXpkbk1qbGExUHZkXzdFdXdmekZiYlE3WjZLMWpGcWNuU0xvNVFuak5Yem4wOVpsNlpiQXJBZERreTFvN0RGQUdxREJQU2lrbThSeUc1VVdkMlVNZk5UeFllbm1PYUl1dF9TdncxM3JfRm1kOVlGc1J6Z3N3UzkxNFJ3UlM4bmhSOTJBdHhfX21QcVR4Mi1oUUZNN0VGbnRHRHFIaElaallBRk5ESW1qSnpWMnprNGVRUUF1dTZOR2ZLOHVJOFdiQTZ1QXRVV092RGpkbWZoX1hoS1ZmY0NsZXpoNG5IcXZUa2xDbDV3R29HU2dDSTdzQno0YVVXOUNodm5SX3dQV2dEYU9ELW56NU5qdFV6alVzVGlERnNNWjdIX25udkZPTjVvQWJOVWoyR1d0UjUxVjdvdmFZelpONVd1Xy1UMXc2ZzlQc24zSFdqNmhZU1F4N2EzTTJtUnM5NGtKelJKYXRCUGhQZldMSjFSSDNCR0RPc0pKOHJYWlFYdWhqT2ZCbE42NzJ1SU9VTkkydnBQYV92MlNHUWN3dmFOUlFndWNwOE1COGs1Tkd5MkpnQVpBOG14RzhoU01OSHVLTE83Uy1WdU5BWEpNUXZXb2ZMZHpSVW9pcVhnVEx0cUVHVEprTTVhdF9jUzFSeXB2cDM1cnhwbHNSTUtKbHlRTnQxU08xdUVaS0s2U1E0b0lBRlg4UWlnaHBVQjhVSFpLMTM3cWlpc3psR1lJTVFJalFUYjBWUl82RElrT3Y1ZS1ybE9sX1JWTVk0ZnR2bF8tVXhVeGppTzA5Z0ZpeE5uQmRmWHUzeVg4Sy1hWUJxaU5YMmRrOU9ia1V1YTFpNERYMlZyNXBiTXpyOC1uWE5qNzBuZEJOU213Tl9XdVNhYzg2RFlSZXdQclpOSzFEMXhaN3RTMWcwM0VmZ05QUnZsM1dtZHJHT0lQeTFMVkRzd0dTcXNvdHlEVFRINFR0WnFOVm8teEZlbThiczYwVjRUWEhUYnNWMFA0UWhHT3RuTWxiZi1tRGNxd1dTWmFUMTZZZFowbVhRV0NxdC01b2FILTBNZmFsUDFOV0VNYVBYZUdMOVFPTmsyOEtaTWRrd0FoQWpDclZvSHJjOGVmZ29RdUdQVUhLZzVJS0d5LTRjalNYNmNlMnFSbVZELUtuZDZqaWZ6NkZNRkFLX09WQlhFS3RmSTRmdEpUMDFrd0NaaGJ4T0pwREhwNlVSZTR0TV9tcGZrcFNwcmRUYXFLUmtkam1LQnAtNDJtLUtLVmpzZnVsMUUyZkpabzVSMjhtMHh0S0FOQkhKQl9hQjM2cGxPT3FKcFVISjR6eThwUW1lUDNqeVVqSVNuR1B0TFczU2cxTFhYanV0RmhUZnZORk1qUUtoTHUxdGFXTlRuckNoUUI5YlUxQ1BiYkxOd3I1ZHdsVXdOVUVLVmI5TFMxY1lDOWhTWGFQeG5EMHlOeUR6RmhUbGNrZU1YbHZKTFBCTE5iR0JsR1prRDhpelIzWWZENkNPbU5fUktSQTk2ek1iR1ZxS192M0tvT21iVWFBZFNweVpFYjRMdC0tTUhkTl9uSGpTWmpFbko4VVJwRk1hWFQycVlzdkJQejdTXzFKWWtBNGxlNVIzRENmckNWUGd0TzBvNm40WnlIUnRvejVZMWZtSmJaQlFKYnhmcEFxNXRmUzd3X1poWlJUY3RFYmlLX0xwZEc5TkpNQ3R6MUFqUkdpVWtNaC1pUnhJN29yUHRmZGdOTUdGY19McjNKbXhLekx4UUs2YVkyUTluX2E4RnZWY0Y0NGplalo1U2NIN0dxd0dWX2I5Z19nMFZLcVM0MkUtYTJnc3dKclVYd1lCTndxLXN4RFpyYmtmbFdpcm1za1ZBdHNRcFFwbXN2UW1xTWwtT3VGX2dyYi1PRnlLRGZxRDF1Nmx1a3cyUjR4TDMwQm53cks0UFFPalNXcFpRNmlaWDNGeUVHWjNBOGtpVWF2MlN3SWs1bTBUdWJyVlhxd0ZFdTZnSVRIQWgtTWtCbGU4bWt6MVc3WGc=', 1359391774, 1359391774, '8.28.16.254', '8.28.16.254'),
(70, 0, '74efa7922a6a555545539841683fbc0d', 0, 'SVlacUtwa3FaUzZsbm5aeWxVTkl4WU82dHRZWE9DVTJXcWMtZThCaTZCa21BUHI3ckFRUUlQNS1mek4xd3ZWQ1djYURtOERfTnJLaGZMYVNHVEd2Ry1xNGtoa1NZV1NCVkx2UEY2TTlpanY0RFY4VkRidU1ndGtfNFRoQ2xmRi0zTG5rUjBiTTdXUEJrWXhhYjJDTElYTmNrVEVYNmpOV1NMU2ZZV3hPa04yMXpPXzNHcWxWY041VzJrbkVITm84elJiOUNTRENtWHNVS2FQOE9ZUXFGM0dPQ0NFTkZlNElmdDd6clgwcUZ5WW9FRk40cEllYXRmYkZ6VnNGNzlFN3J2R3hrT1dMbTV1QkV1NUQ5NWo5SGdUTVJfRG1UUE5rMkQ0WmlaRFVyOG5DQjFrelIxU0laOUlwUTFoOUpicm96dzNmMVRvZlFxZUhVM2dZTEtLOEgwR2g0aVE0bl9qVEVQSld3cW9aX3FRMTZWeG9kSEVqUmk3bWpTZjd5cTVvc3NRU0wxVjIzQ3RvUHQ2R3p4b0pxcXZyakhydjg1MWxFNXlJRlFBb1ZTb1BHb1dqVGFJUTEwaDRLQll0UDBMMThBWERfLTI3ZTZxaVlLcUUwLTdobHJJbkJmNmo4X3plbzZOckQ1WW5HTkxDMGJOU28ySExjUjZqa3dMQzVrb0tnc29jNXNBc21BNFpaNDNMT1dYdWhzQXFCaDB6N0xzbUVVWFlxY3Biekd2QzJTUkZrWkJLX0FmOC14QUhTSklKOEN4WWd2VVZtbEpkYWFFNXVDTTVPd1hNUkVtWFRGcUhsNHlPZEdHSjVnWHdCTlNhYkZBaU9Ya1RaUDQtTkZJNDFEd09BRzN6bWdRXzFIZWZvb1JtSjlzclhfR0Q2VEJjTWZ4cnIxb05VYVZ0MGxES3k3MnoxWTJVSWlNUE54SExwVjlRN2dob3ZOOG1mTjV1cmkycVh4QW52MUR1NU1fOF9mXzNUZ0pCTzI0X1VOVGkyNk4yVmtNV2pEcmNzZUJWVnZ4QmZuNzNxMFdnN3hLVnhjS191RmtwcHgtZGVmLVBJb08tXzNMVTNHaDhnRmZRbXY2WUF3WmJ2ZXQ4TFdOMjROWUVoaEotR0xyd2RTRkd2cXBXcS1DQVBOTXlXcmV1QjVUOVpKTXpiaTJaXzFfWmxpS0VjTXhKcHBCd0RuVTZJX3ZWbFFXY0tlRW15ZmlGNmFnQ0tNeEtqd0JWNk1VRDJKM0tqanQyRlJvaEZTcnRTS1QwYk5MRjRieWw3UUF5Vkx3djZvU3k5dXFyZ2tFUGlka3pDZ2JSS01WNWhjZGYxX0tjM0pOVE1pNXh0a241U3Q5WjdhV19ha283TWVsVVRKOWlmN0kybjdfT0hQZ3dtaTJNYjJ1dVVGd2tPc1B4VHhOSFFFcEdBMzZwTzVSRmo1SjBPX05kUllmb3FXcXNhdVI0bmRUcGRfNVhrQjZyY2ZlLXJPc3QzSVJoVndONFlwWGNJaVo4RG1TSEJKbTNiVkRPRS14LU9CaG5LeWowOXRtb25SZVk1TGxpWTAwSzBoLVlmY2RxRElaMDNMWERfSUNhQXY3VG5GWUFvZzdNWVNWOGtGNlp2bUdsWXdodGNIa3JNeFlPZ3lqVk5QUEZRSk5UTEFsUm5HWTdZY3RyLTRPWlBqaERMS0RJMEhmclhSWGVzbHNwZW9SRG9uTEVXOGJBd2JIaWVUbmc4MGRYTlBzZVNjTXNpWXZqOXlZek1iQTd0NGxhbTc1X3k3UEIxYi14cVEtZXFXa1puZmpFcHhpRy14ck1fZzZKRDlYS2RHT0tiMGxDSjgtdW5GWjJQS2JvTUJkaWxMMGhCa3BqRFlYSlFPUUpiaW9qWk9QN0I2a3VlSVNBTURMbUVYRDJYbXl6ZVFDbnRnT0x3eFN0WE1hUVo1U3RQcGtrTW8zX1hQRFM4VlNhS0VLSmNpcVFIOFBoSVpoREYzRUFpTjhrVlEtejBET1JRMVFRQ09QaEc1UTJmbmNVTVhKLUhKTkI0VGFNRGtHUWlYU3gtbnUtMXNvbzVRNTgwZF9GQk5ZYUxWb2c4Rm1VQXVMT0VjdWM3RXZvVXFlMC1QV1FEWWk3eXdDTWRVbW1Zdi1wOXh5aVlGcHVKMnlvdmtHNm9UOEpUWjJhd3htSE9iTEtmSHdsNXp4UjlvWWNQYlYzWDBNUGVoVnI4bmZ1WGtzTXBfQkRhTzllRWF3ZEZqOGpQeWp5NmdYM05iTG85R0NGZDZEUTg5Y2pGTmlscFljeHFxSmxGdEQzUWtDSTJmb1RuUmFlRWp2dzNnOWxFYm1oNm43ZkVYdkg5bzBpUV9pZDJFMDhnejA0LTBuZHpGeTZ2R0lmX2NQSkp0c2lxOE8yRGRXdkt1OUdYcFhOa29NSHp1Sk5QYnZmeG8wano5TnlFTHIyV3lra3dSVnpoX0NqeVpUeHZISk93eExGTWs2WmFmejk=', 1359391779, 1359391779, '8.28.16.254', '8.28.16.254'),
(71, 0, '4f98235545d568ac70a5f1943ae22b74', 0, 'RGlyS0RTLUlCOTNabWhuWlJ0QURwSTd3MVZ6eVpBM24wTkwwZXhkamFDU01yOEFzM1VMdHMzZWd1SElWNFlmSjNobVlqMDJBd3dPcEpMbUI5bUF3N3U1eHBadkZuOHRmbTFHQTN0b0h6TWZSQ0RISERCemhSNFhNUk9WMFNNT3U4Ukp3NElmZnZYcm1KMENmTlhvdWdNRzdqdGVXb1BCeHp1bDVhTGhBQlZCSjBRaThUMGh5ZnRIYm82WHNZSkJ2S0pBZFhYV0tUd01fRWkyYzB6aTg1STZUWEQwTUVHSHFTbFRDNGpvaFB5ajgtTUhENzBXclJEY3VwZ1hsRjkyLWtxWmN1LVFxSTlNVEVMNGRTMThsWXdoMm1EY3E1Y0VPZnBvaE9VQWFNUnB0YUpWVkVKNXlsbG0zaWZ2R0RQVEtFZzVPOGVrb0FaODFoSUk4NGFIUzRYSkJrcklwUEMyWDliX2ttTDB1WEo2TGJWYjJTb293bjhjLW4zbndkNnpyVmxkTGdXTThDa3EtZVMybXdpbmdiX052czl0TmRpVlJYajhwc05uajMzSUdaS29Yc3drekRQQWUwTmVEY3FKVnRnQ1JmcUFWVVhxdHVFbWswSXd0UV9XWHF0NVZ3d1gyRFIwcVpJWmVmWEN3YmpHckxUeGNfWERJeUlpY3dDLWF4cExoeXI1OHZuSVNWUDlUWUlwSlNFQjkxcGZkLTdGQjlaZ2pTeXdjeDNrVFJVZ21odll4LVJJZE0tRkY1V2F3dUZyd3BWRjRBWHZnUmFBV1FMazJKMmZSX3hocktCeldvMjh1S1BjVFRxWnZFRXJ1YzdpY0I1WUduREdqMGRfQ2l2NnRTNDJ5cXNQLW1DRzdpLXNjaHZ2d3JXM04tYWVOdFVQblJ0bDFYZGhVRXdaNmxxR3NKN0JhMmhiME1UNTdsRXBnY0Y5cU5hOWE2dVRRTlZtS1NrbkZrMG1RY0Q3N3NFbHpMYzFKTzMtNndDb1VueE9zdWw0Ty1tZk9NS2s3ME04QWxXTHRudDBBMm9LNDhYOWEtTENRZDdvb0N5QW15djVUaFFXajJqWkgxdnhTZjBZYzR0bzhBSlBZVDMtNVpnYzRpdmlpU0N3VVdncGVDbEFRdjFfdlJmbm9uWndQT0JSZ0FiaUVnb181akFRd2lILWZlbHN5RTMwbDNEaDlvY3pDYzY2OG5QRXpEX1IyNndmc2tCYzlYNW0ydV82MlljYUgyNEN3NXI2djFwM0xYbXZFeDBIY05CblZ4TFk2SjdNckxKRmE5Rmw0X3E2VHJzb2dsdmpneUZxM3dVRVlVRTRtNEdVTmtRa01JamZkMllWVjZoeTlONk5aTGRSYW9pSVNJZkVmZFItSkwtR25JWFlMZkM1RTZwMmJwM0FDNEdfRGZ4dk53clVxdk0wN2pCRnVYRlktNUJaVXVpdmpVaVN1T0RnVlR1SmNBZFMtWVR1c0hDTWNIb0JXRnZPMmxHX1hwa1o0eVAtaDZMSmhndHVvXzd6c1A2cmdyVW04YmhiWFVBcE1ncTkyNUJCMkxGWkI2YXlsZGIwRU8ydDJ5aFl1QW1kUWp4anpYTjFVdngyMFRjOXMzUE1heHdiTk5XYm5oX05BbG52MDlPLVJDTV9ZSVFJREkzTVdyR0NnOEp4elZBREVuYVlFS0Nkb0VUZVRYbDNHd19RVTQ0RHFjZEFzSlZMekpzMEU2Zlk5dVhEeFltU3ppWmlQM1MydHJXQTFya1hlNTQ0Z2VSRmgxdnVxZFdGZy1ubl9leUFQOThTZTMtZVo1TEF3VHZFb3FoOUdONWh0UVlKWS1CYm83NmI2bHV1RVoycFlJUDhrc29fLWpDSXVNRnFTTEtDeWdLSVVWZExRSHQ3WjVyc0NReXE4MURqSncxRmREWlpHYmgzZ0ZyckRuOWlYeUJvS0dnUGt1RzJaTkVaeHVld0tKc2hxd2lGNHMzVVlHRTA4eFpiSFZNREdsbTBCT0NIbUp3ZDNDMk1JQTNXYVhDTHFPellvaHNqNnNWRGp1NUhKRF9GNjdqNlhTZFN1SDRuZjhCVjVWaURsOTN5WkJYTnZxUURWX0hjbXpXMGFpZmIwWkl0b3U2czQ0ZXQwejdBWDhjMXItaExwc1h0WUpVZFhzMUFDQ3JQOGd2dGJTa0FlVTk3Y0Y0UFdGM281VGVsaUo2R1E3REJwejc5aHVJdWNONVlEUjJQdFlUSjJLd2x5MTVCX1JWZGxwMV8zYW8zUFBFeE5nVWVtOFRWQnByT0lOS2M0ekgzdjFISmstTDNrZS04OXlURzNQRUdKVFhlSm80VlFjX1NDeDhsdmRzS3owa3I5bFY2NlZ6TS4=', 1359391790, 1359391790, '8.28.16.254', '8.28.16.254'),
(72, 0, 'd39b2f3124906067e9a2ac484cb16795', 0, 'Rmc5d3lBaEQ4eHBOLXBIMFJtUkcwb2VieGV5ZXpYZTRWTFNSTWpqdUFIUDFZbjNvRGs0MWgzT0M5VW1aODhNMkZHX0JfNmFJMWFjYnJfNGhweVUzMXhHbHhIYWllaVBFQXh3VDNVREswbFlNNFVFUFhnS0RMV2pLRWI5RW9OLUN2bjEzREdXejZZOFlnVllQZGZtdEdHOHJSQW5IOGdOUVloUm94alZnMWd2S19lSUFUelo0TWVTa0RjVkhYeHRMZEtVbFQ4YkVKMXRkQTk2aWtLM0cyYi1DMGEyNmtQVm1ic25JbjJyV2FTVVhWejlDUjRrdU9MQ3hoZVl1NkttWWxibHRhSnJoWjNCdEhXSnZtMV85SFRSOFhZaUNPWUh0RUhTd0VYbVdxVFY5bEozbWlXYzB5S2QteGtLNUl6V3RRWVRDeFNDS2xoSkRVaEIwSHNCMWdUMjYyM3BIMGthanI3MjNMT05udUpMSy1tb2ExRmg4cU5INm9MUzFzOFk2NmRydWxSN3lpd0o5djVkcE9YX2U1R0hrb3RWc3YtcXA1SXMtb1Y1VHNOX0ViSGNvcWY5UXZabWdLLWQybWtDVWN4LUtfSmJMTVM3WVB0bVRlMUdrLUJYdWRlR25nYmVxNGpCTER4ZXAzcEE3XzhvNENzZE95ek5uaTBNeU00TW5taUpJZFlULWNRaHdZMTBjOHRTZWdvS3R4bWRZUjQ2VVQ3M2xmM1E3c3l4MjJBRjBaMUhUU0g2QjN1U0FXMlVwczE3dVZpMWVVX3hjaUNjN2Jjd2VPS2pQY2J6STExZ2UxS0hldzJjMTdMU0hUdUp3elhqVjRlRVVocTBRYmRrV0ZWYklUeFZkNzBOMm5TT085TDNjN0prUFJRSjAxbDhDclAza2U2c2xzUWFDRGlobVl2Wk5YN2VLYkxvZnh0c2FVR19mRmhXZ2YzcEo1SmV6QkU3Y2wxUlUxRkx4elR2MFRxMHZTR1podktMbUU1VDg1WWQxZktEUlNWODhtby1mbkhkWjZDU2lWRWxmZ01yaTYtTlplV3NFT0c4UjdrN1FIQmZjSkgyazRoYzhiQklQTkxmX1YxVnJBMHBEeHdOMmlPcUFPX0VDR3lyVDB3bUxla003MVRrRDNIVXZuQTZiZWowYXRIZW1RbWVNbzZPSWVBeW5OajVWck5ZYy1leFVGT29pUFRaaHJ4aVRpZU91TklRVGhWaUJzMXVITVNKaUN0bVFJd0d0QldjM1djT0l4cS0xM1k3ZzB2clQwWDhKOVl4Y1dmYUlZX0Uzb0hsaThmNnBnYkNMR2I0cjMtUm4zTFJwZ2VzSFJESkN5dlNWTVVOT3lPaTRDWlc1ZmptOGlJUDJfOGdnZzlRTVJwWVNhZE9jX25KV0JOaHg1WGE0ajBxYUxYZV9jOFVGNEsyaGRmTE5uazFrOXQxMEhlUGhHVzFzR1IwMEk1am8weGtWQjFXNnBDUXozSVVTTW5INGsySS1oNWVxOGduR3U1RzYtQ3FZdTRFYlFPZ2RqZFZZdERzYko1NnoxMFRTTUhiang4UVpKTUg0SU1ReU9CMC1VT2dNLUFjelZaOUFEWHpmenFacHFqV1Zva3FSQWQ4ejBUWEFPeHVKbS1nSmw3Wkx0ZmxLNmN0VDh4TnNsZXB5ck1mMDlpdERNNFBmLUk4ZXI1Q3dBYlNXcmlxODNIdHVub0h1bmJJeGRkaGlNME1WUzVRZkJEcnBGUTd1ZTNvSVZuYnc5TkMyLUltTGUzVHZRdzdjOG5EdnRyVHRrUnEwVUNvbUl5TDRoclBrRkJ0ZGpya3BlWWl3RUNkMDlPMDl5bjhnc3BicnhwYTcwVXdWbm1lZDFteWVxVjJzWFJ1cC1WM1FkYVBvYmROSkpZNTRCN2FIVUtwckRvN00tYWhCdDFDUXVjRFVsNGVlR2JySm1HT1o0cWlYQzdjS1pSYXhHcmtkSmFkOWs3TTVvMDNOSk5rSG5tSzZtQmZBeFoyMkVWemlJZTNNbndUSnFOVkJ1RHpsUlpPMTZLOUJCYmFxeFlBckhva0RxdWdSR25PLV9ac3Qwd0ZJVVJSYmhiRUlJbDhiQ2VCQ193T0gyNXRhWXVRWDZaeGpxTy0wdXY0SEdodFFlNVhQblpVODBtZ1JjZWVMaTVJTkZHaW9KTmljeHRtR2RXUDlfZlR4emxtWTI2RHRtM0FnUFdJVW10WUJyTThQVzFVRW8tNEhWSmJTSWljUmV3Li4=', 1359391792, 1359391792, '8.28.16.254', '8.28.16.254'),
(73, 0, '2a25badf265ff0ac71b50b262d8724b0', 0, 'ekp6NmJ4YzdyRWhsRml0SGk1di1IRk5pNE9NRHA0MW5DaFVnaHViZ2ppbEw3eElZWDFMdi0tblBjeEpjNnBnLXVXUFZVZ0lfNVd4MU5ZRnRyVlR0djk1N1FnVkRNeGdzUDVsZUxEU2FXODVITG5pQTlGRkIxU3BfR2UwSDJENDNEdVVOdUJiS000aW5UcFBEOUJndjl3VGlLS2pya3RqMTJ1LUs5R1V3N3JLS3c5Q0x2RTU4Uk5iMDlndU1TSFdtbWUxSnA0U3prRlk1Q3AtRDNmcDZSRkFTSW10QTJYWkVJMTBsX3BMMU4tNGFwZHZXaktaa1dGRTU5d3YyV2ozQmcyMUJDcDNhNGFPTU5kYWdCb2c3U1FkaVA4dWJKcjlweWNNRk1DUmlmSWRzbkRuckEyQ1p6WklYS2o1WkJIMmRJZl81OGY4NUZtc2NfZmc0THhjT3NQcHRPb1NndTd6cmZFLTdsblpzemFicHFiV2ViN1hhV0ZzN2JuV1d0Q3A5WXZpUnBoMzlGM2xsZzlNN3lDbmdISzU0RmJ2YnJMaWlvZlVKdzd2Q0ZfLWVYemlGUmQwVXZJc0VSOVJDWXZ5enlIblVrdmRnMFQwdUVhV182UFF2MndFR05uU2J3aXY0QVl4cG9Nc1ZnNE9Jblk0c2lCSjIzRUI1OHlvazVLeGNjN0xiYWRPRzZtbXFsYWN3WkNFdzFweEdKbGJoM18zM09KY2Q3QkJDWGY0TzJuTDFfenpNbV9USG5vQ19teTE2Vlk3WVR6T2xXRzhRakZIbTd4ZEFYaEh2bjRkYnVSSVV5M1E4ZkY2Q3hSenNxZ3cxRGVzRTNSSURWYUd2cGJod29tYnlEYmt2ZjBDdS1ybm9Jd0I2UFc4cnR2SFBNRDBIWDFyWC1ZWU10bXJPdWxtd0FIbmt3YU9pellOcDlOY3JNeHlqYzBiMmh6bkI0ZWRNUjN2NGJuems2NUZZMDlpaktyUjlrS0FqZ3RFLWpvSG9hQzRZWjZfM2MwQmNnanpGRWFsV0paY015UTgzWXg4NnRIVmVNYzl3UUJienNkOWFUT0Q5eGVwVHZuYVdWMEpoakZXdW5RUzRhc0FFcnNKSmNHV3dxbWRLVDlLWlNDM2VzT3RWMlZPOVREQVZTa0RYUUxxTnVLWkF2Nmd4TE55bkxsLWFxaVlWWHRtcm1ZWWZKN2VNV19NalU5SlZ4ZlJWU1RUQmdwRXFtNV9WWDJ5X1dVclRCY1ZfYmdrdTUtSTNBM2NJTWdMWGF6R3FSVXkwcHRkbEtDb2RnTVhYTG9PNlYxM0I4RVo1NWR5cm5aMEw1cWV5TmZBWkJ2cV9WX3BFRFVYZXMzYlVrUjNIOVBZWWlCc29hOTZqNU41ckpYTkFKWVdyd0w2RFdIaWJTNGNaR09zOHFON0g3OTVMWUYteFdFSVktVE1TTUExR2ZzME5EVlZVQXpLMC1QS2x5SnQ1ZWhRb1BPWE1jLW9Sei1pT3RJOGQtZWV6TzVldFVUQVZqQWdhWWJnd0RVMDJxQWFUR3ROS25BcXozNHN4ZWowYnVsbENlUHFOckhzQzFJYXpXam9xeXJNVUxBRnVRd0p6RTBHMUxaNFZoak1fWVk0dE1ta1FEMVp3SzhKbm5hZkdWTktsc1QyNHhveEJhRzB5MXc0ci1LZm5Za3BBU09McEk0ZF82dGdJNXM0S1BsbUtUMkYtbk9EbHRsSWc0SHFscUM4VmFhRXFSUjNoYkJibmVRSnk5YVNfXzI4NExrQ3RTN2xOU0xvaWswS29BakEzaXVVdDBLNGtyaGdQVTh5OGU5bG40YkUzMlhaTU42QjBqQngtTTJKMlc4a293U2xpOU1EaVhRYVRZeVhLVDBiTmxfRnVsNU5oVGlPVjRQWkVreDUwY255N2RfdkF5TER4dlBWcDlZMXVnanNuN0dVTk5KT3BWQWZkX2J3czVzeUluMzJueEk5RVd6cFJ1LVFuUXhJUllrbnBzR3l5dmRMZ3E1NWZta1RoZm5sT3VVdFRQNy1jeFlza2xlWlp3VWJVYU1henBuVzlzYk41UmtDS3NzMEZGX05tVmRta3JBWmZVLVFhM2VNVHNrVkxCR2pwWUdKbHlKQ0hjakFsQUN3Z0hOWmdnbEpQZG5iVWNwQUlHaXllY1dKTWFuVHBPaS1VSkVZYktZeXNzd2ZzZXVmejdTbXc2b3VOZFZBX0RPdy1kY3N4TkJFa0ZxczJXQUU3dVIzWmxJemx3aGpCNTVONk4zNl9RTnlJZEFuakEwbUoyTnVmYTNxbVVaNnJVUlA5Y1VLSmxqUG9yUS1xdHpWYkp0WWFGNkpld0d2LWpVbjlJeGRqbHdXeHYzcGF4d0pDYW1aYW41MXJLMGREdnptS2JUNWp6SWkxaXY5a3YzSG5KYlkybFpBVFpHMGdUc0pqcTBvcEVqci04ODJXdTZuWVNqN28xcGJ1UjEtMXJxWFA4NGx6YnAzbGpVM0NtV1l0VXBIdkprajhEaUVYeFlJcWdMX09SZ2RhT3VHVTJBeXdaZnY4c2phTUx5bGMyQnFZS2pHQ0JxdVdpUTM3RWhkZzJKT21FeGJHTUthLWN0TTN1VlJzUHJLZTNtY2xObEJpM09IRHBndTRSZjNidW51anlfZ25MUl9sbWR6NHZQamExNTUtYlZZcnFJb0pzUXFsMFJmb0YtRlNTcGwxSTJrV1BVdzdnb0U4T2hKRS0wLWdKVVhreWF1SU01cGhoc1k2M3Yyc09RLi4=', 1359391798, 1359391798, '8.28.16.254', '8.28.16.254'),
(74, 0, 'd983508a5acd15d14b23c4bbb16b72e0', 0, 'Nl9FZTBoby1maUc3aGhrLWxTMmxBOUJtQVRJeEZMNTEtSWlNdzRHM1B4S2tyNVlHY0pfVzBUd0V6VDJYdFRxdmEySWI0RlJnRE5PTVlaSHoxeVhTWVFCX2gyVk9nNHJTVTBKUjVqVEkwbmt2OUhzdU5HWlBMWHZLWDBtWHZnSEtmMFlLeFlBOFVkZHJxVlhqSjJXaThPTXpHekZMSE5VLWpFR0RhT2lKalJZa0QybjBJVVlWekc5M1RmMHowbFVsUi1qNXpnSGpDMUpmbXZ1SmxLR1M3YlQ1bUl1bmhLeUJTY3hTdmtQQVFFM1dfX2FUSkZ2MTdrVktnajkxVHAxYjQ4aVNpV1FkdG5rWkpod01SVGF0OVJzczBSSUQ5NFdyYUlGRnN3ZUdiN2g4SkVZc0ZKd3k5LVlPX20xVl83QXpVN1ZrYzFZdUVZOW1NcXpDcnl4TjNTbFg5Yk9icDNZVmotemlIeUthNTRVdGF1dkZPQ3FRUXlBdmxIbmZObUFKQXdqN1dFcW5HbFNxT1liM25vN2gzSDNPNEV6djhYZFNoV2FxS2NwdVFyTWctMzhiS3RIcE91NjlLWjQ3MkFMX0hxLTh3OWl2OUkydXFuWWFvTGdMNGw4Y1pnZjd6bndFNjRiRUJVYlQ3Q3puYXV5aVlNOE1ZSHBvX3ZyOEY4NGFBTEt3am5GMk92RG1EU2o1R2wzVThsSEVFU29vZzlNUDF3NVJ1cTdCUUhlZExXcERHd0ZVSzFBRzZST25ETjQtZFNFWGlPb3RXVjd1SGV3VXdERFl0WWZhM1ExS2FoTTJWdzltWXUxTk5iMGY2LWt2bkhCaWwtNE5RR0pVUzludHJfNGIzb2tGZHRPQkk1UTE3SEJZSXpsSUU2dnJCemIyTEZORjVfSGV1VlQzV1lQay12OW1vNlNsTVF5eWtFc2t6M3JPVmhfMWZkODlfRXd6dGVPREtDVkJ4dHY3ckxvc1hlMFQ4MVplc1Njc1NNMFVISnhXMWdXMG8zTi1SNVZiY2ZSSnZ4aWNiUGsxZGliMGRvMHhMUEtsc3NLZmxfWGJRNVJHX1NROEhWV0xWeFBwYzY0R3kzclg2dzhyTmpFTk9iYUoyM2V1UHJVc0hBR2R3UGxXeWNLOUw3YUFnUV9wR19hT1c0b3ZBLXJnT1lKTDdFLXJ6QVh5WGR1MEQ1RTdTYWVYbWJTT1FuZlBIVmpETFgzclh1Qi1nT0RzN0tOYkZRYkhEMHlCcXAzN3ppYmJlYXRLM2I1NmtpXzVrYjA4T2ZXRTMwalJPcUxvVUZ1bUdsVGl4MU1URS1tQmhzZFRZb0JJWUpXemNZdzh6OEU2THMxSkZQa0pEWnMtSUUwM0ZHVlNpd3BCUFh4LXJ3czE0NGVGMXotMEhBZm1UTXdGTHVwdDJQdFpsblgtaXBUbDg4OEFnQlJrYjRlX25na19aaGV1WEl2bVdVUm9TUFdEZDBCQmk0UktiYkFFbXZmZHAzbEV6UWpjUEtxMXQyM25jWTNzcnZBOS1QQjNhWmozQTRlUFdmMl83WGhkRGZmSUdSQW4xNDFrQnRlYnBEUGR5NWl5ZlNoWUpzczFiNUIxekJMdUFrdkJISnp5N3FjMVV2OHExSnE3Zy04ZmU5MnVTRDV5NlREVWFoQXF4aWJIRXc3bWxWeE5tdUpqM1BEM1BSZHZDYnZnOTU4cFJTQ3g3Y2xZdFI2MkY4RGpQeFRPS2lYUzA0WlBNSDVNM216dXRDUkFpOWJEcUdtelZNenQtSmt0blFVWXk2UF9JamROVmpibDlBdU5BRnI4Y3o2Ynd3eUJNQnRUanB2eFZ1VGtNOU1Va3c5SmVkOGx4OTJoLXJrYU9ETl9qWWwtcDVIUkhCRnh6Z1RCOUdqeWY4WkZTQ3RxcnlfdU9VcEtTRnNZM3RUUTEycEVKcFhmb0VRZWc5c1pjSzNRSHVlQkFycWxaeTdYclhSQnc2RXhuZzg4R09KSzVDS0hHVnVQQjUwMk5rWWNMRE5RWGxTR1otN0c2Y3JuZzlBRVdjZTgxdG1iaG15cTZBdUtiUTMxdzdvRW43Umk2ZzI0ZW9sMGc4ck5VQ2ZwaFpOYTlsYThhU0l3akxWa0VkQWY0UXBfVzdxVC15azYzNWcyTXlEbEdONktkVnJMa2NZVTBKY1BqYnJXdjAwaEtWQm53Z2ZTOVgzZExSMFdROUhFTjhlb081d05MbUZWbWNhNzZmLXBnUWNJNmJmS0w3TmVGT2dRMnhyNUtqbDMzQlVlWndrS0JiblFMeko0ZEZJRDFjVXB4eDFOUUVUbUFDNm1XZmZMY1J3Z2FJeXc1QS4u', 1359391864, 1359391865, '8.28.16.254', '8.28.16.254'),
(75, 0, '498328069fcdadf68603c9665c0f16bf', 0, 'NFNJRlhhclhWeDB2ZEkzMjdVdGotTTJ6TlRoQVN2ODkwSFp0Q01FSGZZUl8zZG91Z0kzN1RjX2JhSnVRbEhHemxxc2J2LVcyWkZ5QXE3ajNoR0dXNi1WN1l2NXlvaElZZ3dvRy10cjdudlhJUE1ObnNLUldGRlZnRjJ2NEdubGFPeE5WOUVxZk56UDJGb2RzX2lYUklqUFpZUUxXZW5fVnhIcXNQMU91emM4QmJuSEVpN3lTMVplZUFWd1RTRXVOUkc3WURIN2FJSlVqNmhGWGNBOFNoSTdGN2tMeEo0c3dIdzhDdy0yVXdoeW1sOTNKY1dLMG1EQmxlVk9SVk1QMGxuZldUb3ZMUmExQkcyTjMybmNMYTBqWmRUMU1Ka3RieThhLWxnS2VMQ2MxSmVSb0JMQjJoZGVVeFhFYlFZb2dzLXBNMHZ2NkwydkcxS2pxWHd0VGVzUUg4TDlxOVVVb0FWRGgyLS1NV21ScHE2cS16OEY1UHgtdlFvbDBFY0tuVThwM3FNdmNFUjVsRTFKXzdhU3JoN29ndi1USVZ4bk1vb3JSeU1iS18zWFhLaU9oa3hjUndWSC1fYS02NG50d1JNanhScXJrVjJndExucS13RDFmc1gwR0FXR3BSRm9YNlFCYVZLTEs0LWNjc21fN2N3bzUwSnNOZlBZWXRSdHpMdkU5ZWd0Zk8yYjhyX05lcjhlMGRONWtnRWFPdW1qai0tTjFBM3B0X0NPTlIwVjFUNi1jWG9IeW1YclBLaENNdzBwQlZxdldLZDJfSEsxZkY5Y0ZEbTU1OHBhZk9Zby1nc3kwQUZJbzFaYzJ4Q1FsZVE4d0RIYnM1UjBZRWJlZkwtUFF4WXdtUUVHOHBuV2lLTDdCczA1VzZPMHl3X3FKbmFVZ0JLZEVwS3BQREtqLWhNd2lzSHVWZXVfZkJCQ1FnVEJKVzdHeEpCQVlzOUt0aHJXSVFVZkQ5LWJSTUVZQkxTVzBsSDJEa0EwWHB3YlNqVVM4bzJNcGJhZWtreEg2UU5xbkR4NDM1TzNzZFRRNDhBdWZIVXVMZC13Mk1HeWw0S2VfUUljM2xwUGctVW1ZNHY2T241WmRJMGJSOHc2b011SzVjMDVQU3MzNUc2ak44NjFidVNYZHh4Sk1yTktHbTdnS3RIMldyckNlbEhMYm5fZ3NSYVdsOF9FZmNlWEdLbVVJcGhoMHozeGk1b0lCNDdldUs2ZXREOXUwRjJxS3V1c1pDWlRTTkFISVYtSmpZdXY1Mkg0OUNWamhFWDUybU84UUpnaEN3TG9vVTI4RDh3ai03cF93LVJvQzhHUS1rb2YyTGRXZ1p5bDNWRVYzQ2pTQlkwbmkzNVAwek5YN0JvTEZJRVRmSTdLUGY1S2hGczRFbUl1Q0dVUjUxQmJnUmwwcDNud1hpa0dBLWNSRkRYY19CZHBlMG1ZaDA4QVdXMDN3b0VNX25lYUJXdzhCT0NwVGhjSG9yUENkSWMxYk42Rno4TWpKSFRzSExWbmtmT2FGdExQSjhVcWtMRTRQeXhYSXUtdlpkMmxpWGpFeFl1dUFqV3Ria2FXcDVYV2F0bmNRZlFFSHdOUmRLS1Jhdi1oTmxnMTJxc3QyQ2trS1M1Q3hJeC0xLVJGdDg2UmM3bFdCS0JBc0lsNXRoUUQ3bmpKQng2SkEwUlJCdE91U1MzcmtiUkNVc0ctaHpIcE90LW1oQ2FGQnF6elp5VnZ0SWhZRWRUSHBZRnlhamVOOThmdUV4b2NKdnFiNVRDM2xKV0ZZLXN2RGd1YWYwVmtsRHNncjNYTkN6RTUxU2RxVjFNak94SHFkRVcySlZiM0lUXzNxTW5PRlQyaVd2dFZVaEVPZUE1ZG5PcFpRVlhxSkNmQmR0am4tbjJtTFFaaUhvY1otb3F6WENJekVQU1ZrYktrZlF3dlYtYmxoV0dSeUd5eUNxLUg4aXdqZjhidU5lUUF2VVR6OWE0Sk9KcnFUMU1ZbGFsYnRmcDN1T1VLZVROVXJ1S29LS0pMUS1LYkgzRTBlLWllQnZuNWpGUUtCLS1SaXdJaGwycXpZNVNxT0plZUtQc3l6ekoxUDRGTU9iV2x4Y3RYR2QteUFBalUxVktEOWlBOHhSNkNfQnIwSWlNcXRKRXRtUWpHN2dtOGFDTERVNThLQTZ1bUYtS1B6NlNSbzJCX2R3TkZqdWlUOTRqeHJoN2JINkpqaU1UaUZ0TXhKa0hteF9FdU42YWlDNWF2UHFoaU55SXEtV3VqMnBLVjBzS1R0VlE3ZjJGbXQ1N0FZSHdDZVZYblI5eFVpWWdXYTZ4OTNwLUR1NHZMSkxzWU0zUS4u', 1359391888, 1359391889, '8.28.16.254', '8.28.16.254'),
(76, 0, 'e8752bae4c314aea7a650551f3e7a0f4', 0, 'ZUlTN0FpYzFyVV9uRVRYMjhMeGN4Xy1DMWtjU29HTlZzTzNoUTROMEZ6WXJRZGg3bVpvcEJ2N1YxTVhRV2hFcUNWTEI4U3JLSTh0R0tHSVBVNU9jdzNjZXRxRC0xdkh0TktTUTBtdG9OX0VjZjJYb3MwbWo4bzFfSTZPTWtqWnVWYTk4dHk2NFF0a293TFFIcWpYZml1aHRoWGVPektWTjdJb2piRWg4WDlmcWpZOHhPdjZsVkdCaHNkRmFiaENiVTBVdTB2LXVuYWZYT2NDV3hNZW4wTzB3TVJIaHUyRjF3R29rQ0NaYUNuamVQLU0wb2M3dXcxeEl4SndmSkpJbjRhdF9EQmFmR2l2eUhDMG9pRWJ4dlAtRFl6YTRWTU14aGxrenpXdWhRYmt4V3lhdXNNbnlEM1pfTjMyd2VPZmNSQmV4OWMwMEZHOW9vSUlQQjFnZHZOSU1sS0hmZjNqaG1OdW82UzlRRkI2clM2YUVLMkJVWFJ4aGhjQ2VSV3h3aVFzVENBUFhrUkVHMnI5LUswZGhoZVZmenljQTNHV2hieVN6dmNPMnhBclRhZmlwcEwyOFU0UTVTTGY2a1NkZTRtMzRZbnAtMUE0VUtUaW9hSlloV1VkdGhFMFdFanZtRk5NdHJyNjJXYmlKNnl5M3h1YWJyQ3FvTGxMUnVVOFk1eFNhQXFxZWlISlgtR21WT1YxTkZ6cl9PdHhqODRvTzI0aGlPaXdYZVZZN0FKOTFYUFN5ZmEwbVBpSFBIM2EtOFBzZ09lcm5iYXhCUnJpZ0xYMXBPbTd5dXZqZXp4VXNEcFdaUmFMRV9ZejlxR3pNUkdmTkpablV0THdzWUQ4Y3hvSUhYY1diVkhRQjk2LUd6Q2pSZ2Jnb2ZMVUF6Q3JUODdjZWlaTXhWTllxdkJwcUplS2h2bTRQS2ptajlqUXFFcVozY1k4d3FXUEdDM0NVNFZobEJ3ZlFPRzdGU2g5NjBUZUk5bm9ieTc5S1JsV1dibk1HTEhYUERCVE1neHVGZXg4dEpFYXdlX3U3c2hUODZZNHRYRFFlWEV6OVdNYWZwT0k5dDBReXhnMHFjeXVUT1RDZmowbWgwVGo2bWUxYUpiaV85SGRuMmV2ZUZEREVjT1FGanpmU2ZzSFloNU03RW9vWHJxOERCT2ctYjd4czRGVFVOQXV5ZnB0NUxoYldtRmNpNmZsSVcySThaTDhfcW9VY3RHR3R6azM1YXZYSVhTUmRaN1Y2T1ljV3ZvdmxGaXQ2RVdKVzd6VFdJWjU0MjFmUWpTQ1U5WkVybXpjdXJhd19ORUFiQjlMVGRnVm95eEdZR1Q5WFZleWprTWg1WmU0aV9IWG1IcWN4a0J2LTI2Rmoyb0lzNm01RVd1ZDJVcjUyY2lxeXlxcFFIS1EwdnVKUkJKcDRMU1dMVHZ4U1RuWlllajVzLUJXNDB1YTQ2OVBqcWZCTGdVYk5QM2FURGY1dkJFREU3cWktNTNLUnBaNXFkcG5SWnRFY3MwZkZLTExEV3AxUFRaR293N2F1LS1ScEJLZXlJLThPc09wZ2xScXQ0Snc1ZlRTXzNLeGFBSUhxQ3VSU3BRa2Z4TEh5S0dlTDZBVEoteUpTcGY3cldNUFk1T19OaW5ZZGJoLV80b0M0cVpLenl0TzBtczRWQzJTbmg3OW1YbGZ3Wm5seHV1em1OXzlhTm55NTdBTlhMUW0wUlcxNGNtdE9GRk5tS0xkLUh1eWFUQU00YXpqcDgxWjZ1WUVnSnRiZXU3S3pLMFBMcHNDNHRreVN0UnBFUEpvNmxPZnE5QWdtVFBndHVWNHRtaTZDbGdQcHZGeFVyWlFrR1FJREtIQ2QyZ0xuOEdFSnRCeHQwZ2d5dDY1OTJTUkV5M29xc1Zzb2RRa05ZYzVIWkNZUGdYTVJIbU52T1MxWERCU3JXZ0xXY0NPbFpSdS1iZHVuWUNrU2psU1ZBOW96OTBBR0NNUWpYa08zRU52YXBjWkNXTFJRRTVGek5UU2N3T2w4UXNGdFVrd3h4Y0FrekktRko5TEd0YlBrTEVGOHZ5UXd5cmN4X01GU3pUVmtUMmc2T0Jjb01zOG8tNEpuOHk2WmRkZFc0V0FwYlZROWdwcElBdTdTbnJuYkJlU3YxTjVGTkdIQjZzUTlkT0hwaDhlVGU1bnZZbjFnRkNuY1VaLWs3WkdaQ2l4UUNiV1gtMEltY1JRVk56Q2VhcElHR0N1NDlieENYLXNXNUxZQS03VFhvWHAwc2dLbndWUWcwNHZrbm9SR1F4bmw0d0NJNUNhN0EtOEhGUHhDUjVSSWJwMmt0ck9SS0prR3hqVjhIZ1VRZ3J2NGM4dnZLTkN0SFBJTkp4dy4=', 1359392061, 1359392062, '8.28.16.254', '8.28.16.254'),
(77, 0, '2fbd7b064d44c325b4f10a05c999191b', 0, 'X2FoNHMxaTFRamp0aEF4cUhobE0yamdaWjVTZ0tXeE85b1RDejJwaGFmNXFrbGdDYkZzblB0cGVHVzgwYzhwWGtNeVRSOVQ3aGk5YmJSbWdhdlIyWC04MGhPcFQ0NHJCRVNtSTMtSzhtdnNWdTVEMDVZRUN5TnlYbU8zT2ZlUElJTDliNkduZXNIZW1XVkVDU2pzUkh5WTIxOUhJZmF1OF9IS2w2UjA4WExlSnZJSU9nb3laQ2VJVC0zUExwd1FFUF8wTnFxblhsU3p4eWR2bS1RZ2hia0RwSXVlVU05eEhmdWtOSWducU1lVDVVNXdJT3E0OHU1dlRMbTE2UV9pN0dUbjZORW9maXY2cUpCbnZCZWdiNFlKUEktdmhtelF6aW9aRk1YNXJHRXREWi1UdFMzWnhfTXVXcHVaSnhyZjQ1NmkxZGZGS2tGNW5rWkJVWV94YjlmSzBxMVJIRkRGamloeXFoM3llaTN5TkNiMVAyQ0hHdTI5RlEtUE5Rc2tSYkVNM0dKWnNPZjgybjZVMEtJRDRXYTV2YXVGa0NLUW5OQlItQWpBTUtrdE5ZbkxNTS1oZUFoUlJGVHVRb25tdEZlTW5wYkNVZnVza2tocEdsakEtZzlQRV9jeG0wS0ZqWlVTODVHSUxXMGJod0pCVy1VNThWUVo1akFEUVdhZnRCSVgtbG1qUG1waGZoZDd5Z3piTFBTdjVJMzdBakU0TUc2N2NSN3BmQl9ZMHhkQkYyS3VLU19MQU5CX3NZUnVHSEpHdU9TcVJpTXByb01Ja041c0VUQmVWSk82ZTN1eEFNdnB2cjNfU1h3NU5fdm1RVWlBYVZzdFhZeWNMM0hYM1NSTjNoR0ZvNlN2bV9LMHJzbmpLYW16RkdpUEQySDJ3ZDFzT1V4eF92dmctaGtDU1FwWVdGcXFURjBMUk1aaDRJOVN6dnlIc1ZtU2p4d1FpblczTW8wdWJCdGFQbEJHSHhtZHJXaFZBanIwam1YakI1bnc4U3VHbHhWcEN2bHZjRnNwYlgxM0NJeW9oS0pPOHlpOUFuNWZ6Ym1EMVlQNWlySjNPWUF1TlVIOEd2bVA5bzN2bXhpMVp4b0w5TWtEa0N3R3JGa3lmenZzS2Q0WUFpcmV4OXdUU2NjS1l6SXpkV1huVjN0ZkxiWmRSZGUtWG5rV29McWw4NHVBcFBiNXJiRlctOTByS0JxemozdUFwQWo5NHFNZ0hMMnpQWTdxSTNSSTBWU2g3RUhVeVo5U0I3YVRCUkEzRWVCWVhVUi1ZR2xEVlhRYnROSHlYRS1xaldCWXNPeXhhRDhvbHo3WDdoSmFuNFVhTFhsOEZ3aXBuS0xPajFqSXZRVVJVTUhabUNQY1FGeFkwc1pDdUw1dThYY3dBbWQzVGxtZE9zUHpUa3pQdEFJVkVXT3lwZEpFR2ZNTWFsN3I3ZFJuNURaWjdfNEhpNURXLTlVZGE3S2p3c01kOHNOcGlYLUZhNl9CSXhpZW55eHFoSXR3d3p5QTlWX0ZZcnNFRXZLa0tVZ3ZiNFNzdmNNSWxRWE9oMmpPVF94QnpObkRCZk1RSGVaLXpWUllxZXA4cEdKay1vdFZTR0N4QXU5OUpSNkl1MnRJNjVKREw5eGNNajlVbXVLUU9JcEJWQUpjODlrZDBFRlptdnNnSjlycHktdFpzUjQtbEJoT3VHV1l0T3lvOV9IcEVoT09XdVZqVXdNRWE5WTJCNWdNbmhPM1l0aGJUS0ZzYnhEbHJORG85bjNIRXFkbTBTajhZc0tFSi1xVTR0SjQxd2xiTUFFbTF6SVB0cHJPRncyZzVJalJMMGZ1Nm5fengxTUk5Qi1YcllrZHVtaHJDS3JscVlyT1h5SG9kenU0V1JmRUktbWdOazBWaWRFYjBWN1hsUWx3dk9UUHdiOFFncXhTYzM1MlpXRmxCc2pTb3JmYjRaYWpnS3RfQ210TXhGWmRjTHBnY3EtQTJIZ2tjMlFpWFhibWZ6T3hwdWxEYnhoT0phVXhjeGdMdTVTbmtvcEd4dXZnUFJkUW5CR3lyb1lBOWRiQThtMktoc3JsNXZ4c0hTQ3JVZzVjdTJXQi1Bb3E5YlJwbk5KbWNYNXo2S1I2WUlfNUdGUWc2MV90T3dPMUpfaF9ITUNrcEdWYlhJWmM0SU9iTjdNZEV6eW5sS0doSjZsNmhtci1WdlZLTnBmNXdqTkN0UTN4Q2FyanlBR2pzeVBqbUhCWGlmN1c0dERyVmVqRXpxanQtdFZ0blVTMFk4c2xXcU1lV1JxWXhveUJyUlJfdDRvUEZpaFUtS3ZfRHhnQ0gzZV9uZnhzX295X3JjQS4u', 1359392069, 1359392069, '8.28.16.254', '8.28.16.254'),
(78, 0, 'e3c09f6baa8d2803613d607356ebb7a4', 0, 'Q05QWXFodXdIZEVNTTBGTE0tQjRCZXpTWlI4eXlKNkVvRzU3aUd2cEF4VVhhQWZiMHVMQUtXS0xjUHd6ZGR4a2JUMUF5Tm12MnRheFFBeEdHNGRyeFNQTG9NUlVMQjJQbTQ1MG82WlRrWXllZkU1LWxjRGhpNnlXbjVtcmlZWE1LR0ZlZzFRSzBZRXJUQVRYVXZnX2lvMGhYalpRWVBvZXk3elUxT1FJa3VSNVlRS1Fubmdyc1VPVkRKbUlXOFVBbHFxLVdEZk1Zdjg2Q0t6Smd0V0w2M1RtN3ZoWEJpUWM0NFFjTm5kY1h2UnF1Ym5xVHFXNW01LTU3X09Hd0NnNVhlVFpNNmpuWEIydm5mRG5PUmprRGRhUmNlbXdCVFhIbUlxTDZWYkVIQk13TGQ4alkySjBlNXR4LUVUUFN0dTJQLUR0QWtHNmlpbFhHQ183WXFDdjFOeTIyazNTajdmbFdVZjBCYVBTRk95dDdvaHEwQk1TSXR3RUsxbkkyYWZ0bWlfSFFrc1ZyQ05OWlJNVEZjQ1M2SlNOaFJRakxlcl83cDRVMVZBRzNfVFJxZ1hrdHlDaVo4aXVZeWotaWxodnN0M1Ftb21fWWtXRDgzdjY2N2lwdWR0dTJraUY3RkEtX04yZHJZbzEyWnBTZDRjMDJIQW1VbXk4SmJQQzhZd2xWU1JpbTNkZTlIQUthVnJTSU5LZExuZE9VU19hUnhpc0FBNU1rdU9Zekp5YWhTUXdBSk1ydkMtVklUZ3Nzbl9IRFFVdk9tOVZOcTdrWEZSR085MWx3TG1sWnRqazF4dGo0TmZibVR0RkN2WDhtWE5fMGVTUTVJZUlpQnZBNlBGNnhHYWJVY25SdnFHM2l0dTl0UmFIVEJ1eUxhM2N6Z1hLdkkwVFpaemg3UkFxTWRaUW1IbzZ3aVFMQXFCazFTZndWOFg0VUl5ckJDSU1FalIxbjdJay11MVZSZEZ5LXc1R1FrMENZbEd3ZVF6RGxTSHJCUDBXaWRILTNwaFBJVzdpZlF6SEp6ajJsQ3lCMkdzZVhINTlEdnVkX1ZibERUbUkyQWJDRkNfemdXckRlZGlyb09HTXA4XzUxZmVsYkZSYVc4ZHhqRUJIRmdxVVBHX1FGXzk4Y2lKbHNqNHpPdE0zSWtMRDlLNFFMdzFjbFpsVnEyenNfZVAwTk9PMDZuY19vZUFOR2dXMjl1UU1saFF6OVRuUEFYWmlsUVhEUnhsQTQ3NjRheDBvUGY1VkpGS2dFcm5ydTVVeE54V2VkNmIxOUczOGZCMW4weDFUbFVoa2lEV2lQYm1iNWEyNnFPVFRGLXN4V3J4eGJwdEdfOUNxWmhUalpFdTUwLXZlc3FNUWJmRWRRVkdTODFKSUlGLWdOdzd1Zi0zWFd3TVduSjN0d3hZZkdPMmxWNFJhejJQdzFmNWdvTVlvbDNoUWkxdjdtY0ZaLVVOVWF5OFpDR3VjcnUtUlJ3eXdKZk1DaThEdkFQQndkeG5EZkdObUpmYXMxVl9rQl9aSHl5bC1BRFBpdmJ1NUExYUk1Z0o5Ny1Gal9yTG9WNmVZQlFUMklMSWtoQWpDeVJjRDB3czJtdUEzZWlwOS1VODRqVDVIaXBGM0VZX0Z6R0I4QnJoQWxzS1p6Rmtycm41UzlFNmt0TFZaVmYzY3F3MXlBUXI5amRjcXdESENUSGFUYWkyR0o3cW1PQkdweUhLQ1VyQ21QNWtiNlowVWpkclBDd2VJa3lLM19HZzh5N003N2pfX0FPdXAtQ0pQdUdWR1NnTFV6dF9QQkNxNF93dE80V0NqRXF0a3h1Z1lMcDBIa243R05rbTlKNG93UW14eFBiYVNycWduU3lPMFotcnp6bm1RQzNhajkwQ0thNm9tazZEal94Q1M2Mk93VWFzMGRzU0ZwM2FXY3cwOUl1VGlsVlRKdEtzVWtlUm1lLTdtSGhPSjVjTUk5SDVONUlZTXJZMGdrNTdUNE92RmN4aXcxVmZjdk9yYWlGR0cyTWZ5ZFJ2cmRVRmJzam9Pa01RVmE1ZFRVU2JtVTNHRzR4YVdFRTJ2eU10TVhBS01BcnBIcHFlcll1dmhuQWx5Q3FpMGlMbXhaVFljYi1nVm1OSnlDOGV3SkYzY1hRak9UeE5wU1pobUU4OVNfVzJscmZ5aWhyZmdGUUZoM3pQM2VsMVBOejdaQ21FZkdIckw4R193cWg1dk1YM2V5Q3BXdkY5OEU4a2MwQVhxNkxGcnhmeV94TFduZEYwLVN4M1ZUa0dTaTNfa1VoakpMSEhPcnlhMXlkTlBnR2dBMzYyWEU3aEIzS1dRQzVYbEpWUE1XUS4u', 1359392082, 1359392083, '8.28.16.254', '8.28.16.254'),
(80, 0, '5b8bee7077c991e6f1e2cea89f913f90', 0, 'c2lmcVZ4TDBfOWVfQ0Nha09HVjI5SXJfb0VIbTF3ekhJdjU2NkxjcnB3UkhOamdUOEFpSE9lQnV1MGVIMmZQVmhGTGxXbzlkU0NFdkl5WGpMcGRuWWhfZG11cXF2RGViZUJMRHpnckhtX0sxdlhQUFBMLUlZRmMteWxVRzQ0dmgzSndyblZ6cnFnWEdTa0picUdrWEtBLi4=', 1359392089, 1359392089, '8.28.16.254', '8.28.16.254');
